74.7.243.130 - - [01/Mar/2026:12:47:01 +0000] "GET /whsy.php?p=%2Fproc%2F32060%2Fnet HTTP/2.0" 200 912 "https://www.shakalar.com.lab2454.com/whsy.php?p=%2Fproc%2F32060" "Mozilla/5.0 AppleWebKit/537.36 (KHTML, like Gecko; compatible; GPTBot/1.3; +https://openai.com/gptbot)"
74.7.227.188 - - [01/Mar/2026:12:47:01 +0000] "GET /whsy.php?e=stack&p=%2Fproc%2F18900 HTTP/2.0" 200 1936 "https://www.shakalar.com/whsy.php?p=%2Fproc%2F18900" "Mozilla/5.0 AppleWebKit/537.36 (KHTML, like Gecko; compatible; GPTBot/1.3; +https://openai.com/gptbot)"
74.7.227.54 - - [01/Mar/2026:12:46:35 +0000] "GET /whsy.php?p=%2Fproc%2F11146%2Ftask%2F11159%2Fns HTTP/2.0" 200 818010 "https://shakalar.com/whsy.php?p=%2Fproc%2F11146%2Ftask%2F11159" "Mozilla/5.0 AppleWebKit/537.36 (KHTML, like Gecko; compatible; GPTBot/1.3; +https://openai.com/gptbot)"
74.7.230.1 - - [01/Mar/2026:12:47:05 +0000] "GET /robots.txt HTTP/2.0" 404 - "-" "Mozilla/5.0 (Macintosh; Intel Mac OS X 10_15_7) AppleWebKit/537.36 (KHTML, like Gecko) Chrome/131.0.0.0 Safari/537.36; compatible; OAI-SearchBot/1.3; robots.txt; +https://openai.com/searchbot"
74.7.243.130 - - [01/Mar/2026:12:47:09 +0000] "GET /whsy.php?p=%2Fproc%2F16295%2Fattr HTTP/2.0" 200 912 "https://www.shakalar.com.lab2454.com/whsy.php?p=%2Fproc%2F16295" "Mozilla/5.0 AppleWebKit/537.36 (KHTML, like Gecko; compatible; GPTBot/1.3; +https://openai.com/gptbot)"
74.7.227.188 - - [01/Mar/2026:12:47:09 +0000] "GET /whsy.php?e=statm&p=%2Fproc%2F18900 HTTP/2.0" 200 2007 "https://www.shakalar.com/whsy.php?p=%2Fproc%2F18900" "Mozilla/5.0 AppleWebKit/537.36 (KHTML, like Gecko; compatible; GPTBot/1.3; +https://openai.com/gptbot)"
74.7.243.130 - - [01/Mar/2026:12:47:15 +0000] "GET /whsy.php?p=%2Fproc%2F31920%2Fnet HTTP/2.0" 200 912 "https://www.shakalar.com.lab2454.com/whsy.php?p=%2Fproc%2F31920" "Mozilla/5.0 AppleWebKit/537.36 (KHTML, like Gecko; compatible; GPTBot/1.3; +https://openai.com/gptbot)"
74.7.227.188 - - [01/Mar/2026:12:47:15 +0000] "GET /whsy.php?e=auxv&p=%2Fproc%2F18900 HTTP/2.0" 200 1936 "https://www.shakalar.com/whsy.php?p=%2Fproc%2F18900" "Mozilla/5.0 AppleWebKit/537.36 (KHTML, like Gecko; compatible; GPTBot/1.3; +https://openai.com/gptbot)"
54.38.147.204 - - [01/Mar/2026:12:47:15 +0000] "GET /whsy.php?p=%2Fhome%2Flab2454c%2Fkyotounits.com HTTP/2.0" 200 1137 "-" "Mozilla/5.0 (compatible; AhrefsBot/7.0; +http://ahrefs.com/robot/)"
74.7.243.130 - - [01/Mar/2026:12:47:22 +0000] "GET /whsy.php?p=%2Fproc%2F11863%2Fattr HTTP/2.0" 200 912 "https://www.shakalar.com.lab2454.com/whsy.php?p=%2Fproc%2F11863" "Mozilla/5.0 AppleWebKit/537.36 (KHTML, like Gecko; compatible; GPTBot/1.3; +https://openai.com/gptbot)"
74.7.227.188 - - [01/Mar/2026:12:47:22 +0000] "GET /whsy.php?e=auxv&p=%2Fproc%2F15072 HTTP/2.0" 200 912 "https://www.shakalar.com/whsy.php?p=%2Fproc%2F15072" "Mozilla/5.0 AppleWebKit/537.36 (KHTML, like Gecko; compatible; GPTBot/1.3; +https://openai.com/gptbot)"
74.7.243.130 - - [01/Mar/2026:12:47:29 +0000] "GET /whsy.php?p=%2Fproc%2F30736%2Fattr HTTP/2.0" 200 912 "https://www.shakalar.com.lab2454.com/whsy.php?p=%2Fproc%2F30736" "Mozilla/5.0 AppleWebKit/537.36 (KHTML, like Gecko; compatible; GPTBot/1.3; +https://openai.com/gptbot)"
74.7.227.188 - - [01/Mar/2026:12:47:29 +0000] "GET /whsy.php?e=pagemap&p=%2Fproc%2F26186 HTTP/2.0" 200 912 "https://www.shakalar.com/whsy.php?p=%2Fproc%2F26186" "Mozilla/5.0 AppleWebKit/537.36 (KHTML, like Gecko; compatible; GPTBot/1.3; +https://openai.com/gptbot)"
74.7.243.130 - - [01/Mar/2026:12:47:36 +0000] "GET /whsy.php?e=exec&p=%2Fproc%2F31023%2Fattr HTTP/2.0" 200 858 "https://www.shakalar.com.lab2454.com/whsy.php?p=%2Fproc%2F31023%2Fattr" "Mozilla/5.0 AppleWebKit/537.36 (KHTML, like Gecko; compatible; GPTBot/1.3; +https://openai.com/gptbot)"
74.7.227.188 - - [01/Mar/2026:12:47:36 +0000] "GET /whsy.php?e=pagemap&p=%2Fproc%2F15126 HTTP/2.0" 200 1935 "https://www.shakalar.com/whsy.php?p=%2Fproc%2F15126" "Mozilla/5.0 AppleWebKit/537.36 (KHTML, like Gecko; compatible; GPTBot/1.3; +https://openai.com/gptbot)"
74.7.243.130 - - [01/Mar/2026:12:47:49 +0000] "GET /whsy.php?p=%2Fproc%2F11742%2Ftask HTTP/2.0" 200 912 "https://www.shakalar.com.lab2454.com/whsy.php?p=%2Fproc%2F11742" "Mozilla/5.0 AppleWebKit/537.36 (KHTML, like Gecko; compatible; GPTBot/1.3; +https://openai.com/gptbot)"
74.7.227.188 - - [01/Mar/2026:12:47:50 +0000] "GET /whsy.php?e=pagemap&p=%2Fproc%2F11932 HTTP/2.0" 200 1936 "https://www.shakalar.com/whsy.php?p=%2Fproc%2F11932" "Mozilla/5.0 AppleWebKit/537.36 (KHTML, like Gecko; compatible; GPTBot/1.3; +https://openai.com/gptbot)"
74.7.227.54 - - [01/Mar/2026:12:47:29 +0000] "GET /whsy.php?p=%2Fproc%2F11146%2Ftask%2F11159%2Ffd HTTP/2.0" 200 843170 "https://shakalar.com/whsy.php?p=%2Fproc%2F11146%2Ftask%2F11159" "Mozilla/5.0 AppleWebKit/537.36 (KHTML, like Gecko; compatible; GPTBot/1.3; +https://openai.com/gptbot)"
74.7.243.130 - - [01/Mar/2026:12:48:04 +0000] "GET /whsy.php?p=%2Fproc%2F19536%2Fattr HTTP/2.0" 200 912 "https://www.shakalar.com.lab2454.com/whsy.php?p=%2Fproc%2F19536" "Mozilla/5.0 AppleWebKit/537.36 (KHTML, like Gecko; compatible; GPTBot/1.3; +https://openai.com/gptbot)"
74.7.227.188 - - [01/Mar/2026:12:48:04 +0000] "GET /whsy.php?e=pagemap&p=%2Fproc%2F10008 HTTP/2.0" 200 1935 "https://www.shakalar.com/whsy.php?p=%2Fproc%2F10008" "Mozilla/5.0 AppleWebKit/537.36 (KHTML, like Gecko; compatible; GPTBot/1.3; +https://openai.com/gptbot)"
74.7.243.130 - - [01/Mar/2026:12:48:13 +0000] "GET /whsy.php?p=%2Fproc%2F28321%2Ftask%2F28321 HTTP/2.0" 200 1794 "https://www.shakalar.com.lab2454.com/whsy.php?p=%2Fproc%2F28321%2Ftask" "Mozilla/5.0 AppleWebKit/537.36 (KHTML, like Gecko; compatible; GPTBot/1.3; +https://openai.com/gptbot)"
74.7.227.188 - - [01/Mar/2026:12:48:13 +0000] "GET /whsy.php?e=auxv&p=%2Fproc%2F13854 HTTP/2.0" 200 1936 "https://www.shakalar.com/whsy.php?p=%2Fproc%2F13854" "Mozilla/5.0 AppleWebKit/537.36 (KHTML, like Gecko; compatible; GPTBot/1.3; +https://openai.com/gptbot)"
74.7.243.130 - - [01/Mar/2026:12:48:20 +0000] "GET /whsy.php?p=%2Fproc%2F28321%2Ftask%2F28341 HTTP/2.0" 200 1799 "https://www.shakalar.com.lab2454.com/whsy.php?p=%2Fproc%2F28321%2Ftask" "Mozilla/5.0 AppleWebKit/537.36 (KHTML, like Gecko; compatible; GPTBot/1.3; +https://openai.com/gptbot)"
74.7.227.188 - - [01/Mar/2026:12:48:20 +0000] "GET /whsy.php?e=exe&p=%2Fproc%2F13854 HTTP/2.0" 200 1936 "https://www.shakalar.com/whsy.php?p=%2Fproc%2F13854" "Mozilla/5.0 AppleWebKit/537.36 (KHTML, like Gecko; compatible; GPTBot/1.3; +https://openai.com/gptbot)"
74.7.243.130 - - [01/Mar/2026:12:48:30 +0000] "GET /whsy.php?p=%2Fproc%2F28321%2Ftask%2F28343 HTTP/2.0" 200 1801 "https://www.shakalar.com.lab2454.com/whsy.php?p=%2Fproc%2F28321%2Ftask" "Mozilla/5.0 AppleWebKit/537.36 (KHTML, like Gecko; compatible; GPTBot/1.3; +https://openai.com/gptbot)"
74.7.227.188 - - [01/Mar/2026:12:48:31 +0000] "GET /whsy.php?e=statm&p=%2Fproc%2F15126 HTTP/2.0" 200 2008 "https://www.shakalar.com/whsy.php?p=%2Fproc%2F15126" "Mozilla/5.0 AppleWebKit/537.36 (KHTML, like Gecko; compatible; GPTBot/1.3; +https://openai.com/gptbot)"
74.7.243.130 - - [01/Mar/2026:12:48:49 +0000] "GET /whsy.php?p=%2Fproc%2F28321%2Ftask%2F28361 HTTP/2.0" 200 1800 "https://www.shakalar.com.lab2454.com/whsy.php?p=%2Fproc%2F28321%2Ftask" "Mozilla/5.0 AppleWebKit/537.36 (KHTML, like Gecko; compatible; GPTBot/1.3; +https://openai.com/gptbot)"
74.7.227.188 - - [01/Mar/2026:12:48:49 +0000] "GET /whsy.php?e=stack&p=%2Fproc%2F15126 HTTP/2.0" 200 1935 "https://www.shakalar.com/whsy.php?p=%2Fproc%2F15126" "Mozilla/5.0 AppleWebKit/537.36 (KHTML, like Gecko; compatible; GPTBot/1.3; +https://openai.com/gptbot)"
74.7.243.130 - - [01/Mar/2026:12:49:00 +0000] "GET /whsy.php?p=%2Fproc%2F28321%2Ftask%2F28319 HTTP/2.0" 200 1802 "https://www.shakalar.com.lab2454.com/whsy.php?p=%2Fproc%2F28321%2Ftask" "Mozilla/5.0 AppleWebKit/537.36 (KHTML, like Gecko; compatible; GPTBot/1.3; +https://openai.com/gptbot)"
74.7.227.188 - - [01/Mar/2026:12:49:00 +0000] "GET /whsy.php?e=sched&p=%2Fproc%2F13854 HTTP/2.0" 200 2481 "https://www.shakalar.com/whsy.php?p=%2Fproc%2F13854" "Mozilla/5.0 AppleWebKit/537.36 (KHTML, like Gecko; compatible; GPTBot/1.3; +https://openai.com/gptbot)"
74.7.227.54 - - [01/Mar/2026:12:48:36 +0000] "GET /whsy.php?p=%2Fproc%2F11146%2Ftask%2F11253%2Fns HTTP/2.0" 200 801095 "https://shakalar.com/whsy.php?p=%2Fproc%2F11146%2Ftask%2F11253" "Mozilla/5.0 AppleWebKit/537.36 (KHTML, like Gecko; compatible; GPTBot/1.3; +https://openai.com/gptbot)"
74.7.243.130 - - [01/Mar/2026:12:49:09 +0000] "GET /whsy.php?p=%2Fproc%2F28321%2Ftask%2F28338 HTTP/2.0" 200 1802 "https://www.shakalar.com.lab2454.com/whsy.php?p=%2Fproc%2F28321%2Ftask" "Mozilla/5.0 AppleWebKit/537.36 (KHTML, like Gecko; compatible; GPTBot/1.3; +https://openai.com/gptbot)"
74.7.227.188 - - [01/Mar/2026:12:49:09 +0000] "GET /whsy.php?e=statm&p=%2Fproc%2F26186 HTTP/2.0" 200 912 "https://www.shakalar.com/whsy.php?p=%2Fproc%2F26186" "Mozilla/5.0 AppleWebKit/537.36 (KHTML, like Gecko; compatible; GPTBot/1.3; +https://openai.com/gptbot)"
74.7.243.130 - - [01/Mar/2026:12:49:19 +0000] "GET /whsy.php?p=%2Fproc%2F28321%2Ftask%2F28317 HTTP/2.0" 200 1802 "https://www.shakalar.com.lab2454.com/whsy.php?p=%2Fproc%2F28321%2Ftask" "Mozilla/5.0 AppleWebKit/537.36 (KHTML, like Gecko; compatible; GPTBot/1.3; +https://openai.com/gptbot)"
74.7.227.188 - - [01/Mar/2026:12:49:19 +0000] "GET /whsy.php?e=statm&p=%2Fproc%2F11932 HTTP/2.0" 200 2008 "https://www.shakalar.com/whsy.php?p=%2Fproc%2F11932" "Mozilla/5.0 AppleWebKit/537.36 (KHTML, like Gecko; compatible; GPTBot/1.3; +https://openai.com/gptbot)"
74.7.243.130 - - [01/Mar/2026:12:49:27 +0000] "GET /whsy.php?p=%2Fproc%2F28321%2Ftask%2F28363 HTTP/2.0" 200 1802 "https://www.shakalar.com.lab2454.com/whsy.php?p=%2Fproc%2F28321%2Ftask" "Mozilla/5.0 AppleWebKit/537.36 (KHTML, like Gecko; compatible; GPTBot/1.3; +https://openai.com/gptbot)"
74.7.227.188 - - [01/Mar/2026:12:49:27 +0000] "GET /whsy.php?e=wchan&p=%2Fproc%2F18900 HTTP/2.0" 200 912 "https://www.shakalar.com/whsy.php?p=%2Fproc%2F18900" "Mozilla/5.0 AppleWebKit/537.36 (KHTML, like Gecko; compatible; GPTBot/1.3; +https://openai.com/gptbot)"
74.7.243.130 - - [01/Mar/2026:12:49:34 +0000] "GET /whsy.php?p=%2Fproc%2F28321%2Ftask%2F28330 HTTP/2.0" 200 1802 "https://www.shakalar.com.lab2454.com/whsy.php?p=%2Fproc%2F28321%2Ftask" "Mozilla/5.0 AppleWebKit/537.36 (KHTML, like Gecko; compatible; GPTBot/1.3; +https://openai.com/gptbot)"
74.7.227.188 - - [01/Mar/2026:12:49:34 +0000] "GET /whsy.php?e=stack&p=%2Fproc%2F11932 HTTP/2.0" 200 1936 "https://www.shakalar.com/whsy.php?p=%2Fproc%2F11932" "Mozilla/5.0 AppleWebKit/537.36 (KHTML, like Gecko; compatible; GPTBot/1.3; +https://openai.com/gptbot)"
74.7.227.54 - - [01/Mar/2026:12:49:35 +0000] "GET /whsy.php?e=raw6&p=%2Fproc%2F11146%2Ftask%2F11235%2Fnet HTTP/2.0" 200 2607 "https://shakalar.com/whsy.php?p=%2Fproc%2F11146%2Ftask%2F11235%2Fnet" "Mozilla/5.0 AppleWebKit/537.36 (KHTML, like Gecko; compatible; GPTBot/1.3; +https://openai.com/gptbot)"
74.7.243.130 - - [01/Mar/2026:12:49:40 +0000] "GET /whsy.php?p=%2Fproc%2F28321%2Ftask%2F28358 HTTP/2.0" 200 1802 "https://www.shakalar.com.lab2454.com/whsy.php?p=%2Fproc%2F28321%2Ftask" "Mozilla/5.0 AppleWebKit/537.36 (KHTML, like Gecko; compatible; GPTBot/1.3; +https://openai.com/gptbot)"
74.7.227.188 - - [01/Mar/2026:12:49:40 +0000] "GET /whsy.php?e=stack&p=%2Fproc%2F26186 HTTP/2.0" 200 912 "https://www.shakalar.com/whsy.php?p=%2Fproc%2F26186" "Mozilla/5.0 AppleWebKit/537.36 (KHTML, like Gecko; compatible; GPTBot/1.3; +https://openai.com/gptbot)"
74.7.243.130 - - [01/Mar/2026:12:49:45 +0000] "GET /whsy.php?p=%2Fproc%2F28321%2Ftask%2F28362 HTTP/2.0" 200 1802 "https://www.shakalar.com.lab2454.com/whsy.php?p=%2Fproc%2F28321%2Ftask" "Mozilla/5.0 AppleWebKit/537.36 (KHTML, like Gecko; compatible; GPTBot/1.3; +https://openai.com/gptbot)"
74.7.227.188 - - [01/Mar/2026:12:49:45 +0000] "GET /whsy.php?e=autogroup&p=%2Fproc%2F11932 HTTP/2.0" 200 2003 "https://www.shakalar.com/whsy.php?p=%2Fproc%2F11932" "Mozilla/5.0 AppleWebKit/537.36 (KHTML, like Gecko; compatible; GPTBot/1.3; +https://openai.com/gptbot)"
74.7.243.130 - - [01/Mar/2026:12:49:49 +0000] "GET /whsy.php?e=syscall&p=%2Fproc%2F28321%2Ftask%2F28321 HTTP/2.0" 200 1794 "https://www.shakalar.com.lab2454.com/whsy.php?p=%2Fproc%2F28321%2Ftask%2F28321" "Mozilla/5.0 AppleWebKit/537.36 (KHTML, like Gecko; compatible; GPTBot/1.3; +https://openai.com/gptbot)"
74.7.227.188 - - [01/Mar/2026:12:49:50 +0000] "GET /whsy.php?e=sessionid&p=%2Fproc%2F15072 HTTP/2.0" 200 912 "https://www.shakalar.com/whsy.php?p=%2Fproc%2F15072" "Mozilla/5.0 AppleWebKit/537.36 (KHTML, like Gecko; compatible; GPTBot/1.3; +https://openai.com/gptbot)"
74.7.243.130 - - [01/Mar/2026:12:49:54 +0000] "GET /whsy.php?e=pagemap&p=%2Fproc%2F28321%2Ftask%2F28321 HTTP/2.0" 200 1794 "https://www.shakalar.com.lab2454.com/whsy.php?p=%2Fproc%2F28321%2Ftask%2F28321" "Mozilla/5.0 AppleWebKit/537.36 (KHTML, like Gecko; compatible; GPTBot/1.3; +https://openai.com/gptbot)"
74.7.227.188 - - [01/Mar/2026:12:49:54 +0000] "GET /whsy.php?e=autogroup&p=%2Fproc%2F15126 HTTP/2.0" 200 912 "https://www.shakalar.com/whsy.php?p=%2Fproc%2F15126" "Mozilla/5.0 AppleWebKit/537.36 (KHTML, like Gecko; compatible; GPTBot/1.3; +https://openai.com/gptbot)"
74.7.243.130 - - [01/Mar/2026:12:49:58 +0000] "GET /whsy.php?e=oom_score&p=%2Fproc%2F28321%2Ftask%2F28343 HTTP/2.0" 200 1870 "https://www.shakalar.com.lab2454.com/whsy.php?p=%2Fproc%2F28321%2Ftask%2F28343" "Mozilla/5.0 AppleWebKit/537.36 (KHTML, like Gecko; compatible; GPTBot/1.3; +https://openai.com/gptbot)"
74.7.227.188 - - [01/Mar/2026:12:49:59 +0000] "GET /whsy.php?e=autogroup&p=%2Fproc%2F26186 HTTP/2.0" 200 912 "https://www.shakalar.com/whsy.php?p=%2Fproc%2F26186" "Mozilla/5.0 AppleWebKit/537.36 (KHTML, like Gecko; compatible; GPTBot/1.3; +https://openai.com/gptbot)"
74.7.243.130 - - [01/Mar/2026:12:50:03 +0000] "GET /whsy.php?e=cwd&p=%2Fproc%2F28321%2Ftask%2F28321 HTTP/2.0" 200 1794 "https://www.shakalar.com.lab2454.com/whsy.php?p=%2Fproc%2F28321%2Ftask%2F28321" "Mozilla/5.0 AppleWebKit/537.36 (KHTML, like Gecko; compatible; GPTBot/1.3; +https://openai.com/gptbot)"
74.7.227.188 - - [01/Mar/2026:12:50:03 +0000] "GET /whsy.php?e=setgroups&p=%2Fproc%2F15072 HTTP/2.0" 200 912 "https://www.shakalar.com/whsy.php?p=%2Fproc%2F15072" "Mozilla/5.0 AppleWebKit/537.36 (KHTML, like Gecko; compatible; GPTBot/1.3; +https://openai.com/gptbot)"
74.7.243.130 - - [01/Mar/2026:12:50:07 +0000] "GET /whsy.php?e=mem&p=%2Fproc%2F28321%2Ftask%2F28321 HTTP/2.0" 200 1794 "https://www.shakalar.com.lab2454.com/whsy.php?p=%2Fproc%2F28321%2Ftask%2F28321" "Mozilla/5.0 AppleWebKit/537.36 (KHTML, like Gecko; compatible; GPTBot/1.3; +https://openai.com/gptbot)"
74.7.227.188 - - [01/Mar/2026:12:50:07 +0000] "GET /whsy.php?e=autogroup&p=%2Fproc%2F10008 HTTP/2.0" 200 2002 "https://www.shakalar.com/whsy.php?p=%2Fproc%2F10008" "Mozilla/5.0 AppleWebKit/537.36 (KHTML, like Gecko; compatible; GPTBot/1.3; +https://openai.com/gptbot)"
74.7.243.130 - - [01/Mar/2026:12:50:11 +0000] "GET /whsy.php?e=arch_status&p=%2Fproc%2F28321%2Ftask%2F28338 HTTP/2.0" 200 1870 "https://www.shakalar.com.lab2454.com/whsy.php?p=%2Fproc%2F28321%2Ftask%2F28338" "Mozilla/5.0 AppleWebKit/537.36 (KHTML, like Gecko; compatible; GPTBot/1.3; +https://openai.com/gptbot)"
74.7.227.188 - - [01/Mar/2026:12:50:11 +0000] "GET /whsy.php?e=timerslack_ns&p=%2Fproc%2F15072 HTTP/2.0" 200 912 "https://www.shakalar.com/whsy.php?p=%2Fproc%2F15072" "Mozilla/5.0 AppleWebKit/537.36 (KHTML, like Gecko; compatible; GPTBot/1.3; +https://openai.com/gptbot)"
74.7.244.52 - - [01/Mar/2026:12:50:12 +0000] "GET /robots.txt HTTP/2.0" 404 - "-" "Mozilla/5.0 (Macintosh; Intel Mac OS X 10_15_7) AppleWebKit/537.36 (KHTML, like Gecko) Chrome/131.0.0.0 Safari/537.36; compatible; OAI-SearchBot/1.3; robots.txt; +https://openai.com/searchbot"
74.7.243.130 - - [01/Mar/2026:12:50:15 +0000] "GET /whsy.php?e=exe&p=%2Fproc%2F28321%2Ftask%2F28321 HTTP/2.0" 200 1794 "https://www.shakalar.com.lab2454.com/whsy.php?p=%2Fproc%2F28321%2Ftask%2F28321" "Mozilla/5.0 AppleWebKit/537.36 (KHTML, like Gecko; compatible; GPTBot/1.3; +https://openai.com/gptbot)"
74.7.227.188 - - [01/Mar/2026:12:50:16 +0000] "GET /whsy.php?e=timerslack_ns&p=%2Fproc%2F11932 HTTP/2.0" 200 912 "https://www.shakalar.com/whsy.php?p=%2Fproc%2F11932" "Mozilla/5.0 AppleWebKit/537.36 (KHTML, like Gecko; compatible; GPTBot/1.3; +https://openai.com/gptbot)"
74.7.243.130 - - [01/Mar/2026:12:50:20 +0000] "GET /whsy.php?e=oom_score&p=%2Fproc%2F28321%2Ftask%2F28363 HTTP/2.0" 200 1870 "https://www.shakalar.com.lab2454.com/whsy.php?p=%2Fproc%2F28321%2Ftask%2F28363" "Mozilla/5.0 AppleWebKit/537.36 (KHTML, like Gecko; compatible; GPTBot/1.3; +https://openai.com/gptbot)"
74.7.227.188 - - [01/Mar/2026:12:50:20 +0000] "GET /whsy.php?e=timerslack_ns&p=%2Fproc%2F15126 HTTP/2.0" 200 912 "https://www.shakalar.com/whsy.php?p=%2Fproc%2F15126" "Mozilla/5.0 AppleWebKit/537.36 (KHTML, like Gecko; compatible; GPTBot/1.3; +https://openai.com/gptbot)"
74.7.243.130 - - [01/Mar/2026:12:50:31 +0000] "GET /whsy.php?e=oom_score&p=%2Fproc%2F28321%2Ftask%2F28330 HTTP/2.0" 200 1870 "https://www.shakalar.com.lab2454.com/whsy.php?p=%2Fproc%2F28321%2Ftask%2F28330" "Mozilla/5.0 AppleWebKit/537.36 (KHTML, like Gecko; compatible; GPTBot/1.3; +https://openai.com/gptbot)"
74.7.227.188 - - [01/Mar/2026:12:50:39 +0000] "GET /whsy.php?e=timens_offsets&p=%2Fproc%2F13854 HTTP/2.0" 200 2024 "https://www.shakalar.com/whsy.php?p=%2Fproc%2F13854" "Mozilla/5.0 AppleWebKit/537.36 (KHTML, like Gecko; compatible; GPTBot/1.3; +https://openai.com/gptbot)"
74.7.243.130 - - [01/Mar/2026:12:50:51 +0000] "GET /whsy.php?e=oom_score&p=%2Fproc%2F28321%2Ftask%2F28358 HTTP/2.0" 200 1871 "https://www.shakalar.com.lab2454.com/whsy.php?p=%2Fproc%2F28321%2Ftask%2F28358" "Mozilla/5.0 AppleWebKit/537.36 (KHTML, like Gecko; compatible; GPTBot/1.3; +https://openai.com/gptbot)"
74.7.227.54 - - [01/Mar/2026:12:50:52 +0000] "GET /whsy.php?p=%2Fproc%2F11146%2Ftask%2F11235%2Fnet%2Fnfsfs HTTP/2.0" 200 720 "https://shakalar.com/whsy.php?p=%2Fproc%2F11146%2Ftask%2F11235%2Fnet" "Mozilla/5.0 AppleWebKit/537.36 (KHTML, like Gecko; compatible; GPTBot/1.3; +https://openai.com/gptbot)"
74.7.227.188 - - [01/Mar/2026:12:50:52 +0000] "GET /whsy.php?e=timerslack_ns&p=%2Fproc%2F26186 HTTP/2.0" 200 912 "https://www.shakalar.com/whsy.php?p=%2Fproc%2F26186" "Mozilla/5.0 AppleWebKit/537.36 (KHTML, like Gecko; compatible; GPTBot/1.3; +https://openai.com/gptbot)"
74.7.243.130 - - [01/Mar/2026:12:51:01 +0000] "GET /whsy.php?e=arch_status&p=%2Fproc%2F28321%2Ftask%2F28362 HTTP/2.0" 200 1869 "https://www.shakalar.com.lab2454.com/whsy.php?p=%2Fproc%2F28321%2Ftask%2F28362" "Mozilla/5.0 AppleWebKit/537.36 (KHTML, like Gecko; compatible; GPTBot/1.3; +https://openai.com/gptbot)"
74.7.227.188 - - [01/Mar/2026:12:51:01 +0000] "GET /whsy.php?e=setgroups&p=%2Fproc%2F18900 HTTP/2.0" 200 912 "https://www.shakalar.com/whsy.php?p=%2Fproc%2F18900" "Mozilla/5.0 AppleWebKit/537.36 (KHTML, like Gecko; compatible; GPTBot/1.3; +https://openai.com/gptbot)"
74.7.243.130 - - [01/Mar/2026:12:51:13 +0000] "GET /whsy.php?p=%2Fproc%2F28321%2Ftask%2F28353 HTTP/2.0" 200 1802 "https://www.shakalar.com.lab2454.com/whsy.php?p=%2Fproc%2F28321%2Ftask" "Mozilla/5.0 AppleWebKit/537.36 (KHTML, like Gecko; compatible; GPTBot/1.3; +https://openai.com/gptbot)"
74.7.227.188 - - [01/Mar/2026:12:51:14 +0000] "GET /whsy.php?e=autogroup&p=%2Fproc%2F18900 HTTP/2.0" 200 912 "https://www.shakalar.com/whsy.php?p=%2Fproc%2F18900" "Mozilla/5.0 AppleWebKit/537.36 (KHTML, like Gecko; compatible; GPTBot/1.3; +https://openai.com/gptbot)"
74.7.243.130 - - [01/Mar/2026:12:51:24 +0000] "GET /whsy.php?p=%2Fproc%2F28321%2Ftask%2F28337 HTTP/2.0" 200 1802 "https://www.shakalar.com.lab2454.com/whsy.php?p=%2Fproc%2F28321%2Ftask" "Mozilla/5.0 AppleWebKit/537.36 (KHTML, like Gecko; compatible; GPTBot/1.3; +https://openai.com/gptbot)"
74.7.227.188 - - [01/Mar/2026:12:51:25 +0000] "GET /whsy.php?e=autogroup&p=%2Fproc%2F15072 HTTP/2.0" 200 912 "https://www.shakalar.com/whsy.php?p=%2Fproc%2F15072" "Mozilla/5.0 AppleWebKit/537.36 (KHTML, like Gecko; compatible; GPTBot/1.3; +https://openai.com/gptbot)"
74.7.243.130 - - [01/Mar/2026:12:51:31 +0000] "GET /whsy.php?p=%2Fproc%2F28321%2Ftask%2F28392 HTTP/2.0" 200 1802 "https://www.shakalar.com.lab2454.com/whsy.php?p=%2Fproc%2F28321%2Ftask" "Mozilla/5.0 AppleWebKit/537.36 (KHTML, like Gecko; compatible; GPTBot/1.3; +https://openai.com/gptbot)"
74.7.227.188 - - [01/Mar/2026:12:51:31 +0000] "GET /whsy.php?e=sessionid&p=%2Fproc%2F13854 HTTP/2.0" 200 2017 "https://www.shakalar.com/whsy.php?p=%2Fproc%2F13854" "Mozilla/5.0 AppleWebKit/537.36 (KHTML, like Gecko; compatible; GPTBot/1.3; +https://openai.com/gptbot)"
74.7.243.130 - - [01/Mar/2026:12:51:44 +0000] "GET /whsy.php?p=%2Fproc%2F28321%2Ftask%2F28727 HTTP/2.0" 200 1802 "https://www.shakalar.com.lab2454.com/whsy.php?p=%2Fproc%2F28321%2Ftask" "Mozilla/5.0 AppleWebKit/537.36 (KHTML, like Gecko; compatible; GPTBot/1.3; +https://openai.com/gptbot)"
74.7.227.188 - - [01/Mar/2026:12:51:45 +0000] "GET /whsy.php?e=schedstat&p=%2Fproc%2F15072 HTTP/2.0" 200 912 "https://www.shakalar.com/whsy.php?p=%2Fproc%2F15072" "Mozilla/5.0 AppleWebKit/537.36 (KHTML, like Gecko; compatible; GPTBot/1.3; +https://openai.com/gptbot)"
74.7.230.54 - - [01/Mar/2026:12:51:45 +0000] "GET /robots.txt HTTP/2.0" 404 - "-" "Mozilla/5.0 (Macintosh; Intel Mac OS X 10_15_7) AppleWebKit/537.36 (KHTML, like Gecko) Chrome/131.0.0.0 Safari/537.36; compatible; OAI-SearchBot/1.3; robots.txt; +https://openai.com/searchbot"
74.7.243.130 - - [01/Mar/2026:12:52:02 +0000] "GET /whsy.php?p=%2Fproc%2F28321%2Ftask%2F28351 HTTP/2.0" 200 1801 "https://www.shakalar.com.lab2454.com/whsy.php?p=%2Fproc%2F28321%2Ftask" "Mozilla/5.0 AppleWebKit/537.36 (KHTML, like Gecko; compatible; GPTBot/1.3; +https://openai.com/gptbot)"
74.7.227.188 - - [01/Mar/2026:12:52:03 +0000] "GET /whsy.php?e=setgroups&p=%2Fproc%2F13854 HTTP/2.0" 200 2008 "https://www.shakalar.com/whsy.php?p=%2Fproc%2F13854" "Mozilla/5.0 AppleWebKit/537.36 (KHTML, like Gecko; compatible; GPTBot/1.3; +https://openai.com/gptbot)"
74.7.243.130 - - [01/Mar/2026:12:52:11 +0000] "GET /whsy.php?p=%2Fproc%2F28321%2Ftask%2F28344 HTTP/2.0" 200 1801 "https://www.shakalar.com.lab2454.com/whsy.php?p=%2Fproc%2F28321%2Ftask" "Mozilla/5.0 AppleWebKit/537.36 (KHTML, like Gecko; compatible; GPTBot/1.3; +https://openai.com/gptbot)"
74.7.227.188 - - [01/Mar/2026:12:52:11 +0000] "GET /whsy.php?e=sessionid&p=%2Fproc%2F18900 HTTP/2.0" 200 912 "https://www.shakalar.com/whsy.php?p=%2Fproc%2F18900" "Mozilla/5.0 AppleWebKit/537.36 (KHTML, like Gecko; compatible; GPTBot/1.3; +https://openai.com/gptbot)"
74.7.227.54 - - [01/Mar/2026:12:51:45 +0000] "GET /whsy.php?p=%2Fproc%2F11146%2Ftask%2F11238%2Fns HTTP/2.0" 200 822430 "https://shakalar.com/whsy.php?p=%2Fproc%2F11146%2Ftask%2F11238" "Mozilla/5.0 AppleWebKit/537.36 (KHTML, like Gecko; compatible; GPTBot/1.3; +https://openai.com/gptbot)"
74.7.230.1 - - [01/Mar/2026:12:52:16 +0000] "GET /robots.txt HTTP/2.0" 404 - "-" "Mozilla/5.0 (Macintosh; Intel Mac OS X 10_15_7) AppleWebKit/537.36 (KHTML, like Gecko) Chrome/131.0.0.0 Safari/537.36; compatible; OAI-SearchBot/1.3; robots.txt; +https://openai.com/searchbot"
74.7.243.130 - - [01/Mar/2026:12:52:20 +0000] "GET /whsy.php?p=%2Fproc%2F28321%2Ftask%2F28334 HTTP/2.0" 200 1801 "https://www.shakalar.com.lab2454.com/whsy.php?p=%2Fproc%2F28321%2Ftask" "Mozilla/5.0 AppleWebKit/537.36 (KHTML, like Gecko; compatible; GPTBot/1.3; +https://openai.com/gptbot)"
74.7.227.188 - - [01/Mar/2026:12:52:20 +0000] "GET /whsy.php?e=schedstat&p=%2Fproc%2F18900 HTTP/2.0" 200 912 "https://www.shakalar.com/whsy.php?p=%2Fproc%2F18900" "Mozilla/5.0 AppleWebKit/537.36 (KHTML, like Gecko; compatible; GPTBot/1.3; +https://openai.com/gptbot)"
74.7.243.130 - - [01/Mar/2026:12:52:29 +0000] "GET /whsy.php?p=%2Fproc%2F28321%2Ftask%2F28331 HTTP/2.0" 200 1799 "https://www.shakalar.com.lab2454.com/whsy.php?p=%2Fproc%2F28321%2Ftask" "Mozilla/5.0 AppleWebKit/537.36 (KHTML, like Gecko; compatible; GPTBot/1.3; +https://openai.com/gptbot)"
74.7.227.188 - - [01/Mar/2026:12:52:29 +0000] "GET /whsy.php?e=wchan&p=%2Fproc%2F15072 HTTP/2.0" 200 912 "https://www.shakalar.com/whsy.php?p=%2Fproc%2F15072" "Mozilla/5.0 AppleWebKit/537.36 (KHTML, like Gecko; compatible; GPTBot/1.3; +https://openai.com/gptbot)"
74.7.243.130 - - [01/Mar/2026:12:52:46 +0000] "GET /whsy.php?p=%2Fproc%2F28321%2Ftask%2F28332 HTTP/2.0" 200 1801 "https://www.shakalar.com.lab2454.com/whsy.php?p=%2Fproc%2F28321%2Ftask" "Mozilla/5.0 AppleWebKit/537.36 (KHTML, like Gecko; compatible; GPTBot/1.3; +https://openai.com/gptbot)"
74.7.227.188 - - [01/Mar/2026:12:52:47 +0000] "GET /whsy.php?e=gid_map&p=%2Fproc%2F26186 HTTP/2.0" 200 912 "https://www.shakalar.com/whsy.php?p=%2Fproc%2F26186" "Mozilla/5.0 AppleWebKit/537.36 (KHTML, like Gecko; compatible; GPTBot/1.3; +https://openai.com/gptbot)"
74.7.227.54 - - [01/Mar/2026:12:52:30 +0000] "GET /whsy.php?p=%2Fproc%2F11146%2Ftask%2F11238%2Ffd HTTP/2.0" 200 831355 "https://shakalar.com/whsy.php?p=%2Fproc%2F11146%2Ftask%2F11238" "Mozilla/5.0 AppleWebKit/537.36 (KHTML, like Gecko; compatible; GPTBot/1.3; +https://openai.com/gptbot)"
74.7.243.130 - - [01/Mar/2026:12:53:00 +0000] "GET /whsy.php?p=%2Fproc%2F28321%2Ftask%2F28318 HTTP/2.0" 200 1802 "https://www.shakalar.com.lab2454.com/whsy.php?p=%2Fproc%2F28321%2Ftask" "Mozilla/5.0 AppleWebKit/537.36 (KHTML, like Gecko; compatible; GPTBot/1.3; +https://openai.com/gptbot)"
74.7.227.188 - - [01/Mar/2026:12:53:00 +0000] "GET /whsy.php?e=uid_map&p=%2Fproc%2F11932 HTTP/2.0" 200 912 "https://www.shakalar.com/whsy.php?p=%2Fproc%2F11932" "Mozilla/5.0 AppleWebKit/537.36 (KHTML, like Gecko; compatible; GPTBot/1.3; +https://openai.com/gptbot)"
74.7.243.130 - - [01/Mar/2026:12:53:08 +0000] "GET /whsy.php?p=%2Fproc%2F28321%2Ftask%2F28339 HTTP/2.0" 200 1802 "https://www.shakalar.com.lab2454.com/whsy.php?p=%2Fproc%2F28321%2Ftask" "Mozilla/5.0 AppleWebKit/537.36 (KHTML, like Gecko; compatible; GPTBot/1.3; +https://openai.com/gptbot)"
74.7.227.188 - - [01/Mar/2026:12:53:08 +0000] "GET /whsy.php?e=gid_map&p=%2Fproc%2F11932 HTTP/2.0" 200 912 "https://www.shakalar.com/whsy.php?p=%2Fproc%2F11932" "Mozilla/5.0 AppleWebKit/537.36 (KHTML, like Gecko; compatible; GPTBot/1.3; +https://openai.com/gptbot)"
74.7.243.130 - - [01/Mar/2026:12:53:13 +0000] "GET /whsy.php?e=oom_score&p=%2Fproc%2F28321%2Ftask%2F28353 HTTP/2.0" 200 1870 "https://www.shakalar.com.lab2454.com/whsy.php?p=%2Fproc%2F28321%2Ftask%2F28353" "Mozilla/5.0 AppleWebKit/537.36 (KHTML, like Gecko; compatible; GPTBot/1.3; +https://openai.com/gptbot)"
74.7.227.188 - - [01/Mar/2026:12:53:13 +0000] "GET /whsy.php?e=uid_map&p=%2Fproc%2F26186 HTTP/2.0" 200 912 "https://www.shakalar.com/whsy.php?p=%2Fproc%2F26186" "Mozilla/5.0 AppleWebKit/537.36 (KHTML, like Gecko; compatible; GPTBot/1.3; +https://openai.com/gptbot)"
74.7.243.130 - - [01/Mar/2026:12:53:18 +0000] "GET /whsy.php?e=oom_score&p=%2Fproc%2F28321%2Ftask%2F28337 HTTP/2.0" 200 1870 "https://www.shakalar.com.lab2454.com/whsy.php?p=%2Fproc%2F28321%2Ftask%2F28337" "Mozilla/5.0 AppleWebKit/537.36 (KHTML, like Gecko; compatible; GPTBot/1.3; +https://openai.com/gptbot)"
74.7.227.188 - - [01/Mar/2026:12:53:18 +0000] "GET /whsy.php?e=uid_map&p=%2Fproc%2F15126 HTTP/2.0" 200 912 "https://www.shakalar.com/whsy.php?p=%2Fproc%2F15126" "Mozilla/5.0 AppleWebKit/537.36 (KHTML, like Gecko; compatible; GPTBot/1.3; +https://openai.com/gptbot)"
74.7.243.130 - - [01/Mar/2026:12:53:23 +0000] "GET /whsy.php?e=arch_status&p=%2Fproc%2F28321%2Ftask%2F28392 HTTP/2.0" 200 1869 "https://www.shakalar.com.lab2454.com/whsy.php?p=%2Fproc%2F28321%2Ftask%2F28392" "Mozilla/5.0 AppleWebKit/537.36 (KHTML, like Gecko; compatible; GPTBot/1.3; +https://openai.com/gptbot)"
74.7.227.188 - - [01/Mar/2026:12:53:23 +0000] "GET /whsy.php?e=gid_map&p=%2Fproc%2F15126 HTTP/2.0" 200 912 "https://www.shakalar.com/whsy.php?p=%2Fproc%2F15126" "Mozilla/5.0 AppleWebKit/537.36 (KHTML, like Gecko; compatible; GPTBot/1.3; +https://openai.com/gptbot)"
74.7.243.130 - - [01/Mar/2026:12:53:28 +0000] "GET /whsy.php?p=%2Fproc%2F28321%2Ftask%2F28727%2Fattr HTTP/2.0" 200 818 "https://www.shakalar.com.lab2454.com/whsy.php?p=%2Fproc%2F28321%2Ftask%2F28727" "Mozilla/5.0 AppleWebKit/537.36 (KHTML, like Gecko; compatible; GPTBot/1.3; +https://openai.com/gptbot)"
74.7.227.188 - - [01/Mar/2026:12:53:28 +0000] "GET /whsy.php?e=uid_map&p=%2Fproc%2F2925 HTTP/2.0" 200 2019 "https://www.shakalar.com/whsy.php?p=%2Fproc%2F2925" "Mozilla/5.0 AppleWebKit/537.36 (KHTML, like Gecko; compatible; GPTBot/1.3; +https://openai.com/gptbot)"
74.7.227.54 - - [01/Mar/2026:12:53:28 +0000] "GET /whsy.php?p=%2Fproc%2F31666%2Ftask%2F31696 HTTP/2.0" 200 912 "https://shakalar.com/whsy.php?p=%2Fproc%2F31666%2Ftask" "Mozilla/5.0 AppleWebKit/537.36 (KHTML, like Gecko; compatible; GPTBot/1.3; +https://openai.com/gptbot)"
74.7.243.130 - - [01/Mar/2026:12:53:32 +0000] "GET /whsy.php?e=arch_status&p=%2Fproc%2F28321%2Ftask%2F28727 HTTP/2.0" 200 1870 "https://www.shakalar.com.lab2454.com/whsy.php?p=%2Fproc%2F28321%2Ftask%2F28727" "Mozilla/5.0 AppleWebKit/537.36 (KHTML, like Gecko; compatible; GPTBot/1.3; +https://openai.com/gptbot)"
74.7.227.188 - - [01/Mar/2026:12:53:32 +0000] "GET /whsy.php?e=gid_map&p=%2Fproc%2F2925 HTTP/2.0" 200 2022 "https://www.shakalar.com/whsy.php?p=%2Fproc%2F2925" "Mozilla/5.0 AppleWebKit/537.36 (KHTML, like Gecko; compatible; GPTBot/1.3; +https://openai.com/gptbot)"
74.7.227.188 - - [01/Mar/2026:12:53:37 +0000] "GET /whsy.php?e=comm&p=%2Fproc%2F13854 HTTP/2.0" 200 2016 "https://www.shakalar.com/whsy.php?p=%2Fproc%2F13854" "Mozilla/5.0 AppleWebKit/537.36 (KHTML, like Gecko; compatible; GPTBot/1.3; +https://openai.com/gptbot)"
74.7.243.130 - - [01/Mar/2026:12:53:37 +0000] "GET /whsy.php?p=%2Fproc%2F28321%2Ftask%2F28336 HTTP/2.0" 200 1802 "https://www.shakalar.com.lab2454.com/whsy.php?p=%2Fproc%2F28321%2Ftask" "Mozilla/5.0 AppleWebKit/537.36 (KHTML, like Gecko; compatible; GPTBot/1.3; +https://openai.com/gptbot)"
74.7.227.188 - - [01/Mar/2026:12:53:45 +0000] "GET /whsy.php?e=maps&p=%2Fproc%2F13854 HTTP/2.0" 200 2118 "https://www.shakalar.com/whsy.php?p=%2Fproc%2F13854" "Mozilla/5.0 AppleWebKit/537.36 (KHTML, like Gecko; compatible; GPTBot/1.3; +https://openai.com/gptbot)"
74.7.243.130 - - [01/Mar/2026:12:53:45 +0000] "GET /whsy.php?e=oom_score&p=%2Fproc%2F28321%2Ftask%2F28334 HTTP/2.0" 200 1870 "https://www.shakalar.com.lab2454.com/whsy.php?p=%2Fproc%2F28321%2Ftask%2F28334" "Mozilla/5.0 AppleWebKit/537.36 (KHTML, like Gecko; compatible; GPTBot/1.3; +https://openai.com/gptbot)"
74.7.227.188 - - [01/Mar/2026:12:53:53 +0000] "GET /whsy.php?e=stat&p=%2Fproc%2F18900 HTTP/2.0" 200 912 "https://www.shakalar.com/whsy.php?p=%2Fproc%2F18900" "Mozilla/5.0 AppleWebKit/537.36 (KHTML, like Gecko; compatible; GPTBot/1.3; +https://openai.com/gptbot)"
74.7.243.130 - - [01/Mar/2026:12:53:53 +0000] "GET /whsy.php?e=arch_status&p=%2Fproc%2F28321%2Ftask%2F28331 HTTP/2.0" 200 1867 "https://www.shakalar.com.lab2454.com/whsy.php?p=%2Fproc%2F28321%2Ftask%2F28331" "Mozilla/5.0 AppleWebKit/537.36 (KHTML, like Gecko; compatible; GPTBot/1.3; +https://openai.com/gptbot)"
74.7.227.188 - - [01/Mar/2026:12:54:02 +0000] "GET /whsy.php?e=schedstat&p=%2Fproc%2F26186 HTTP/2.0" 200 912 "https://www.shakalar.com/whsy.php?p=%2Fproc%2F26186" "Mozilla/5.0 AppleWebKit/537.36 (KHTML, like Gecko; compatible; GPTBot/1.3; +https://openai.com/gptbot)"
74.7.243.130 - - [01/Mar/2026:12:54:02 +0000] "GET /whsy.php?e=clear_refs&p=%2Fproc%2F28321%2Ftask%2F28332 HTTP/2.0" 200 1801 "https://www.shakalar.com.lab2454.com/whsy.php?p=%2Fproc%2F28321%2Ftask%2F28332" "Mozilla/5.0 AppleWebKit/537.36 (KHTML, like Gecko; compatible; GPTBot/1.3; +https://openai.com/gptbot)"
74.7.227.188 - - [01/Mar/2026:12:54:10 +0000] "GET /whsy.php?e=schedstat&p=%2Fproc%2F11932 HTTP/2.0" 200 912 "https://www.shakalar.com/whsy.php?p=%2Fproc%2F11932" "Mozilla/5.0 AppleWebKit/537.36 (KHTML, like Gecko; compatible; GPTBot/1.3; +https://openai.com/gptbot)"
74.7.243.130 - - [01/Mar/2026:12:54:10 +0000] "GET /whsy.php?e=numa_maps&p=%2Fproc%2F28321%2Ftask%2F28332 HTTP/2.0" 200 1991 "https://www.shakalar.com.lab2454.com/whsy.php?p=%2Fproc%2F28321%2Ftask%2F28332" "Mozilla/5.0 AppleWebKit/537.36 (KHTML, like Gecko; compatible; GPTBot/1.3; +https://openai.com/gptbot)"
74.7.227.188 - - [01/Mar/2026:12:54:19 +0000] "GET /whsy.php?e=schedstat&p=%2Fproc%2F15126 HTTP/2.0" 200 912 "https://www.shakalar.com/whsy.php?p=%2Fproc%2F15126" "Mozilla/5.0 AppleWebKit/537.36 (KHTML, like Gecko; compatible; GPTBot/1.3; +https://openai.com/gptbot)"
74.7.243.130 - - [01/Mar/2026:12:54:20 +0000] "GET /whsy.php?e=oom_score&p=%2Fproc%2F28321%2Ftask%2F28339 HTTP/2.0" 200 1870 "https://www.shakalar.com.lab2454.com/whsy.php?p=%2Fproc%2F28321%2Ftask%2F28339" "Mozilla/5.0 AppleWebKit/537.36 (KHTML, like Gecko; compatible; GPTBot/1.3; +https://openai.com/gptbot)"
74.7.227.188 - - [01/Mar/2026:12:54:26 +0000] "GET /whsy.php?e=schedstat&p=%2Fproc%2F10008 HTTP/2.0" 200 2031 "https://www.shakalar.com/whsy.php?p=%2Fproc%2F10008" "Mozilla/5.0 AppleWebKit/537.36 (KHTML, like Gecko; compatible; GPTBot/1.3; +https://openai.com/gptbot)"
74.7.243.130 - - [01/Mar/2026:12:54:26 +0000] "GET /whsy.php?e=arch_status&p=%2Fproc%2F28321%2Ftask%2F28318 HTTP/2.0" 200 1869 "https://www.shakalar.com.lab2454.com/whsy.php?p=%2Fproc%2F28321%2Ftask%2F28318" "Mozilla/5.0 AppleWebKit/537.36 (KHTML, like Gecko; compatible; GPTBot/1.3; +https://openai.com/gptbot)"
74.7.227.54 - - [01/Mar/2026:12:54:31 +0000] "GET /whsy.php?p=%2Fproc%2F31666%2Ftask%2F31686 HTTP/2.0" 200 912 "https://shakalar.com/whsy.php?p=%2Fproc%2F31666%2Ftask" "Mozilla/5.0 AppleWebKit/537.36 (KHTML, like Gecko; compatible; GPTBot/1.3; +https://openai.com/gptbot)"
74.7.227.188 - - [01/Mar/2026:12:54:36 +0000] "GET /whsy.php?e=uid_map&p=%2Fproc%2F18900 HTTP/2.0" 200 912 "https://www.shakalar.com/whsy.php?p=%2Fproc%2F18900" "Mozilla/5.0 AppleWebKit/537.36 (KHTML, like Gecko; compatible; GPTBot/1.3; +https://openai.com/gptbot)"
74.7.243.130 - - [01/Mar/2026:12:54:36 +0000] "GET /whsy.php?p=%2Fproc%2F28321%2Ftask%2F28355 HTTP/2.0" 200 1802 "https://www.shakalar.com.lab2454.com/whsy.php?p=%2Fproc%2F28321%2Ftask" "Mozilla/5.0 AppleWebKit/537.36 (KHTML, like Gecko; compatible; GPTBot/1.3; +https://openai.com/gptbot)"
74.7.243.130 - - [01/Mar/2026:12:54:42 +0000] "GET /whsy.php?e=fscreate&p=%2Fproc%2F28321%2Ftask%2F28727%2Fattr HTTP/2.0" 200 883 "https://www.shakalar.com.lab2454.com/whsy.php?p=%2Fproc%2F28321%2Ftask%2F28727%2Fattr" "Mozilla/5.0 AppleWebKit/537.36 (KHTML, like Gecko; compatible; GPTBot/1.3; +https://openai.com/gptbot)"
74.7.227.188 - - [01/Mar/2026:12:54:42 +0000] "GET /whsy.php?e=gid_map&p=%2Fproc%2F13854 HTTP/2.0" 200 2026 "https://www.shakalar.com/whsy.php?p=%2Fproc%2F13854" "Mozilla/5.0 AppleWebKit/537.36 (KHTML, like Gecko; compatible; GPTBot/1.3; +https://openai.com/gptbot)"
74.7.243.130 - - [01/Mar/2026:12:55:06 +0000] "GET /whsy.php?p=%2Fproc%2F28321%2Ftask%2F28335 HTTP/2.0" 200 1802 "https://www.shakalar.com.lab2454.com/whsy.php?p=%2Fproc%2F28321%2Ftask" "Mozilla/5.0 AppleWebKit/537.36 (KHTML, like Gecko; compatible; GPTBot/1.3; +https://openai.com/gptbot)"
74.7.227.188 - - [01/Mar/2026:12:55:06 +0000] "GET /whsy.php?e=gid_map&p=%2Fproc%2F18900 HTTP/2.0" 200 912 "https://www.shakalar.com/whsy.php?p=%2Fproc%2F18900" "Mozilla/5.0 AppleWebKit/537.36 (KHTML, like Gecko; compatible; GPTBot/1.3; +https://openai.com/gptbot)"
74.7.243.130 - - [01/Mar/2026:12:55:16 +0000] "GET /whsy.php?e=oom_score&p=%2Fproc%2F28321%2Ftask%2F28336 HTTP/2.0" 200 1870 "https://www.shakalar.com.lab2454.com/whsy.php?p=%2Fproc%2F28321%2Ftask%2F28336" "Mozilla/5.0 AppleWebKit/537.36 (KHTML, like Gecko; compatible; GPTBot/1.3; +https://openai.com/gptbot)"
74.7.227.188 - - [01/Mar/2026:12:55:16 +0000] "GET /whsy.php?e=uid_map&p=%2Fproc%2F13854 HTTP/2.0" 200 2023 "https://www.shakalar.com/whsy.php?p=%2Fproc%2F13854" "Mozilla/5.0 AppleWebKit/537.36 (KHTML, like Gecko; compatible; GPTBot/1.3; +https://openai.com/gptbot)"
74.7.244.52 - - [01/Mar/2026:12:55:17 +0000] "GET /robots.txt HTTP/2.0" 404 - "-" "Mozilla/5.0 (Macintosh; Intel Mac OS X 10_15_7) AppleWebKit/537.36 (KHTML, like Gecko) Chrome/131.0.0.0 Safari/537.36; compatible; OAI-SearchBot/1.3; robots.txt; +https://openai.com/searchbot"
74.7.243.130 - - [01/Mar/2026:12:55:25 +0000] "GET /whsy.php?p=%2Fproc%2F28321%2Ftask%2F28316 HTTP/2.0" 200 1802 "https://www.shakalar.com.lab2454.com/whsy.php?p=%2Fproc%2F28321%2Ftask" "Mozilla/5.0 AppleWebKit/537.36 (KHTML, like Gecko; compatible; GPTBot/1.3; +https://openai.com/gptbot)"
74.7.227.188 - - [01/Mar/2026:12:55:25 +0000] "GET /whsy.php?e=root&p=%2Fproc%2F2925 HTTP/2.0" 200 1935 "https://www.shakalar.com/whsy.php?p=%2Fproc%2F2925" "Mozilla/5.0 AppleWebKit/537.36 (KHTML, like Gecko; compatible; GPTBot/1.3; +https://openai.com/gptbot)"
74.7.227.54 - - [01/Mar/2026:12:55:32 +0000] "GET /whsy.php?p=%2Fproc%2F31666%2Ftask%2F31672 HTTP/2.0" 200 912 "https://shakalar.com/whsy.php?p=%2Fproc%2F31666%2Ftask" "Mozilla/5.0 AppleWebKit/537.36 (KHTML, like Gecko; compatible; GPTBot/1.3; +https://openai.com/gptbot)"
74.7.243.130 - - [01/Mar/2026:12:55:36 +0000] "GET /whsy.php?p=%2Fproc%2F28321%2Ftask%2F28352 HTTP/2.0" 200 1802 "https://www.shakalar.com.lab2454.com/whsy.php?p=%2Fproc%2F28321%2Ftask" "Mozilla/5.0 AppleWebKit/537.36 (KHTML, like Gecko; compatible; GPTBot/1.3; +https://openai.com/gptbot)"
74.7.227.188 - - [01/Mar/2026:12:55:36 +0000] "GET /whsy.php?e=smaps&p=%2Fproc%2F15126 HTTP/2.0" 200 912 "https://www.shakalar.com/whsy.php?p=%2Fproc%2F15126" "Mozilla/5.0 AppleWebKit/537.36 (KHTML, like Gecko; compatible; GPTBot/1.3; +https://openai.com/gptbot)"
74.7.243.130 - - [01/Mar/2026:12:55:48 +0000] "GET /whsy.php?e=cwd&p=%2Fproc%2F28321%2Ftask%2F28727 HTTP/2.0" 200 1802 "https://www.shakalar.com.lab2454.com/whsy.php?p=%2Fproc%2F28321%2Ftask%2F28727" "Mozilla/5.0 AppleWebKit/537.36 (KHTML, like Gecko; compatible; GPTBot/1.3; +https://openai.com/gptbot)"
74.7.227.188 - - [01/Mar/2026:12:55:48 +0000] "GET /whsy.php?e=sched&p=%2Fproc%2F11932 HTTP/2.0" 200 912 "https://www.shakalar.com/whsy.php?p=%2Fproc%2F11932" "Mozilla/5.0 AppleWebKit/537.36 (KHTML, like Gecko; compatible; GPTBot/1.3; +https://openai.com/gptbot)"
74.7.243.130 - - [01/Mar/2026:12:56:00 +0000] "GET /whsy.php?e=mem&p=%2Fproc%2F28321%2Ftask%2F28727 HTTP/2.0" 200 1802 "https://www.shakalar.com.lab2454.com/whsy.php?p=%2Fproc%2F28321%2Ftask%2F28727" "Mozilla/5.0 AppleWebKit/537.36 (KHTML, like Gecko; compatible; GPTBot/1.3; +https://openai.com/gptbot)"
74.7.227.188 - - [01/Mar/2026:12:56:01 +0000] "GET /whsy.php?e=sched&p=%2Fproc%2F15126 HTTP/2.0" 200 912 "https://www.shakalar.com/whsy.php?p=%2Fproc%2F15126" "Mozilla/5.0 AppleWebKit/537.36 (KHTML, like Gecko; compatible; GPTBot/1.3; +https://openai.com/gptbot)"
74.7.243.130 - - [01/Mar/2026:12:56:10 +0000] "GET /whsy.php?e=cmdline&p=%2Fproc%2F28321%2Ftask%2F28321 HTTP/2.0" 200 1879 "https://www.shakalar.com.lab2454.com/whsy.php?p=%2Fproc%2F28321%2Ftask%2F28321" "Mozilla/5.0 AppleWebKit/537.36 (KHTML, like Gecko; compatible; GPTBot/1.3; +https://openai.com/gptbot)"
74.7.227.188 - - [01/Mar/2026:12:56:11 +0000] "GET /whsy.php?e=smaps&p=%2Fproc%2F11932 HTTP/2.0" 200 912 "https://www.shakalar.com/whsy.php?p=%2Fproc%2F11932" "Mozilla/5.0 AppleWebKit/537.36 (KHTML, like Gecko; compatible; GPTBot/1.3; +https://openai.com/gptbot)"
74.7.243.130 - - [01/Mar/2026:12:56:19 +0000] "GET /whsy.php?e=sockcreate&p=%2Fproc%2F28321%2Ftask%2F28727%2Fattr HTTP/2.0" 200 887 "https://www.shakalar.com.lab2454.com/whsy.php?p=%2Fproc%2F28321%2Ftask%2F28727%2Fattr" "Mozilla/5.0 AppleWebKit/537.36 (KHTML, like Gecko; compatible; GPTBot/1.3; +https://openai.com/gptbot)"
74.7.227.188 - - [01/Mar/2026:12:56:19 +0000] "GET /whsy.php?e=sched&p=%2Fproc%2F26186 HTTP/2.0" 200 912 "https://www.shakalar.com/whsy.php?p=%2Fproc%2F26186" "Mozilla/5.0 AppleWebKit/537.36 (KHTML, like Gecko; compatible; GPTBot/1.3; +https://openai.com/gptbot)"
74.7.227.54 - - [01/Mar/2026:12:56:21 +0000] "GET /whsy.php?p=%2Fproc%2F31666%2Ftask%2F31711 HTTP/2.0" 200 912 "https://shakalar.com/whsy.php?p=%2Fproc%2F31666%2Ftask" "Mozilla/5.0 AppleWebKit/537.36 (KHTML, like Gecko; compatible; GPTBot/1.3; +https://openai.com/gptbot)"
74.7.243.130 - - [01/Mar/2026:12:56:30 +0000] "GET /whsy.php?p=%2Fproc%2F28321%2Ftask%2F28356 HTTP/2.0" 200 1802 "https://www.shakalar.com.lab2454.com/whsy.php?p=%2Fproc%2F28321%2Ftask" "Mozilla/5.0 AppleWebKit/537.36 (KHTML, like Gecko; compatible; GPTBot/1.3; +https://openai.com/gptbot)"
74.7.227.188 - - [01/Mar/2026:12:56:30 +0000] "GET /whsy.php?e=smaps&p=%2Fproc%2F26186 HTTP/2.0" 200 912 "https://www.shakalar.com/whsy.php?p=%2Fproc%2F26186" "Mozilla/5.0 AppleWebKit/537.36 (KHTML, like Gecko; compatible; GPTBot/1.3; +https://openai.com/gptbot)"
74.7.243.130 - - [01/Mar/2026:12:56:39 +0000] "GET /whsy.php?p=%2Fproc%2F28321%2Ftask%2F28360 HTTP/2.0" 200 1801 "https://www.shakalar.com.lab2454.com/whsy.php?p=%2Fproc%2F28321%2Ftask" "Mozilla/5.0 AppleWebKit/537.36 (KHTML, like Gecko; compatible; GPTBot/1.3; +https://openai.com/gptbot)"
74.7.227.188 - - [01/Mar/2026:12:56:40 +0000] "GET /whsy.php?e=smaps&p=%2Fproc%2F18900 HTTP/2.0" 200 912 "https://www.shakalar.com/whsy.php?p=%2Fproc%2F18900" "Mozilla/5.0 AppleWebKit/537.36 (KHTML, like Gecko; compatible; GPTBot/1.3; +https://openai.com/gptbot)"
74.7.243.130 - - [01/Mar/2026:12:56:46 +0000] "GET /whsy.php?p=%2Fproc%2F28321%2Ftask%2F28345 HTTP/2.0" 200 1802 "https://www.shakalar.com.lab2454.com/whsy.php?p=%2Fproc%2F28321%2Ftask" "Mozilla/5.0 AppleWebKit/537.36 (KHTML, like Gecko; compatible; GPTBot/1.3; +https://openai.com/gptbot)"
74.7.227.188 - - [01/Mar/2026:12:56:46 +0000] "GET /whsy.php?e=oom_adj&p=%2Fproc%2F15072 HTTP/2.0" 200 912 "https://www.shakalar.com/whsy.php?p=%2Fproc%2F15072" "Mozilla/5.0 AppleWebKit/537.36 (KHTML, like Gecko; compatible; GPTBot/1.3; +https://openai.com/gptbot)"
74.7.230.54 - - [01/Mar/2026:12:56:47 +0000] "GET /robots.txt HTTP/2.0" 404 - "-" "Mozilla/5.0 (Macintosh; Intel Mac OS X 10_15_7) AppleWebKit/537.36 (KHTML, like Gecko) Chrome/131.0.0.0 Safari/537.36; compatible; OAI-SearchBot/1.3; robots.txt; +https://openai.com/searchbot"
74.7.243.130 - - [01/Mar/2026:12:56:56 +0000] "GET /whsy.php?e=oom_score&p=%2Fproc%2F28321%2Ftask%2F28335 HTTP/2.0" 200 1870 "https://www.shakalar.com.lab2454.com/whsy.php?p=%2Fproc%2F28321%2Ftask%2F28335" "Mozilla/5.0 AppleWebKit/537.36 (KHTML, like Gecko; compatible; GPTBot/1.3; +https://openai.com/gptbot)"
74.7.227.188 - - [01/Mar/2026:12:56:56 +0000] "GET /whsy.php?e=gid_map&p=%2Fproc%2F15072 HTTP/2.0" 200 912 "https://www.shakalar.com/whsy.php?p=%2Fproc%2F15072" "Mozilla/5.0 AppleWebKit/537.36 (KHTML, like Gecko; compatible; GPTBot/1.3; +https://openai.com/gptbot)"
74.7.243.130 - - [01/Mar/2026:12:57:23 +0000] "GET /whsy.php?p=%2Fproc%2F28321%2Ftask%2F28340 HTTP/2.0" 200 1801 "https://www.shakalar.com.lab2454.com/whsy.php?p=%2Fproc%2F28321%2Ftask" "Mozilla/5.0 AppleWebKit/537.36 (KHTML, like Gecko; compatible; GPTBot/1.3; +https://openai.com/gptbot)"
74.7.227.188 - - [01/Mar/2026:12:57:23 +0000] "GET /whsy.php?e=uid_map&p=%2Fproc%2F15072 HTTP/2.0" 200 912 "https://www.shakalar.com/whsy.php?p=%2Fproc%2F15072" "Mozilla/5.0 AppleWebKit/537.36 (KHTML, like Gecko; compatible; GPTBot/1.3; +https://openai.com/gptbot)"
74.7.227.54 - - [01/Mar/2026:12:57:24 +0000] "GET /whsy.php?p=%2Fproc%2F31666%2Ftask%2F31681 HTTP/2.0" 200 912 "https://shakalar.com/whsy.php?p=%2Fproc%2F31666%2Ftask" "Mozilla/5.0 AppleWebKit/537.36 (KHTML, like Gecko; compatible; GPTBot/1.3; +https://openai.com/gptbot)"
74.7.230.1 - - [01/Mar/2026:12:57:25 +0000] "GET /robots.txt HTTP/2.0" 404 - "-" "Mozilla/5.0 (Macintosh; Intel Mac OS X 10_15_7) AppleWebKit/537.36 (KHTML, like Gecko) Chrome/131.0.0.0 Safari/537.36; compatible; OAI-SearchBot/1.3; robots.txt; +https://openai.com/searchbot"
74.7.243.130 - - [01/Mar/2026:12:57:31 +0000] "GET /whsy.php?p=%2Fproc%2F28321%2Ftask%2F28365 HTTP/2.0" 200 1802 "https://www.shakalar.com.lab2454.com/whsy.php?p=%2Fproc%2F28321%2Ftask" "Mozilla/5.0 AppleWebKit/537.36 (KHTML, like Gecko; compatible; GPTBot/1.3; +https://openai.com/gptbot)"
74.7.227.188 - - [01/Mar/2026:12:57:32 +0000] "GET /whsy.php?e=oom_adj&p=%2Fproc%2F18900 HTTP/2.0" 200 912 "https://www.shakalar.com/whsy.php?p=%2Fproc%2F18900" "Mozilla/5.0 AppleWebKit/537.36 (KHTML, like Gecko; compatible; GPTBot/1.3; +https://openai.com/gptbot)"
74.7.243.130 - - [01/Mar/2026:12:57:40 +0000] "GET /whsy.php?e=arch_status&p=%2Fproc%2F28321%2Ftask%2F28352 HTTP/2.0" 200 1869 "https://www.shakalar.com.lab2454.com/whsy.php?p=%2Fproc%2F28321%2Ftask%2F28352" "Mozilla/5.0 AppleWebKit/537.36 (KHTML, like Gecko; compatible; GPTBot/1.3; +https://openai.com/gptbot)"
74.7.227.188 - - [01/Mar/2026:12:57:40 +0000] "GET /whsy.php?e=stack&p=%2Fproc%2F10008 HTTP/2.0" 200 1935 "https://www.shakalar.com/whsy.php?p=%2Fproc%2F10008" "Mozilla/5.0 AppleWebKit/537.36 (KHTML, like Gecko; compatible; GPTBot/1.3; +https://openai.com/gptbot)"
74.7.227.54 - - [01/Mar/2026:12:57:50 +0000] "GET /whsy.php?p=%2Fproc%2F31666%2Ftask%2F31677 HTTP/2.0" 200 912 "https://shakalar.com/whsy.php?p=%2Fproc%2F31666%2Ftask" "Mozilla/5.0 AppleWebKit/537.36 (KHTML, like Gecko; compatible; GPTBot/1.3; +https://openai.com/gptbot)"
74.7.243.130 - - [01/Mar/2026:12:57:52 +0000] "GET /whsy.php?p=%2Fproc%2F28321%2Ftask%2F28357 HTTP/2.0" 200 1801 "https://www.shakalar.com.lab2454.com/whsy.php?p=%2Fproc%2F28321%2Ftask" "Mozilla/5.0 AppleWebKit/537.36 (KHTML, like Gecko; compatible; GPTBot/1.3; +https://openai.com/gptbot)"
74.7.227.188 - - [01/Mar/2026:12:57:53 +0000] "GET /whsy.php?e=statm&p=%2Fproc%2F10008 HTTP/2.0" 200 2007 "https://www.shakalar.com/whsy.php?p=%2Fproc%2F10008" "Mozilla/5.0 AppleWebKit/537.36 (KHTML, like Gecko; compatible; GPTBot/1.3; +https://openai.com/gptbot)"
74.7.243.130 - - [01/Mar/2026:12:58:05 +0000] "GET /whsy.php?p=%2Fproc%2F28321%2Ftask%2F28350 HTTP/2.0" 200 1802 "https://www.shakalar.com.lab2454.com/whsy.php?p=%2Fproc%2F28321%2Ftask" "Mozilla/5.0 AppleWebKit/537.36 (KHTML, like Gecko; compatible; GPTBot/1.3; +https://openai.com/gptbot)"
74.7.227.188 - - [01/Mar/2026:12:58:06 +0000] "GET /whsy.php?e=stat&p=%2Fproc%2F13854 HTTP/2.0" 200 2119 "https://www.shakalar.com/whsy.php?p=%2Fproc%2F13854" "Mozilla/5.0 AppleWebKit/537.36 (KHTML, like Gecko; compatible; GPTBot/1.3; +https://openai.com/gptbot)"
74.7.243.130 - - [01/Mar/2026:12:58:14 +0000] "GET /whsy.php?p=%2Fproc%2F28321%2Ftask%2F28347 HTTP/2.0" 200 1802 "https://www.shakalar.com.lab2454.com/whsy.php?p=%2Fproc%2F28321%2Ftask" "Mozilla/5.0 AppleWebKit/537.36 (KHTML, like Gecko; compatible; GPTBot/1.3; +https://openai.com/gptbot)"
74.7.227.188 - - [01/Mar/2026:12:58:14 +0000] "GET /whsy.php?e=auxv&p=%2Fproc%2F11932 HTTP/2.0" 200 912 "https://www.shakalar.com/whsy.php?p=%2Fproc%2F11932" "Mozilla/5.0 AppleWebKit/537.36 (KHTML, like Gecko; compatible; GPTBot/1.3; +https://openai.com/gptbot)"
74.7.227.54 - - [01/Mar/2026:12:58:26 +0000] "GET /whsy.php?p=%2Fproc%2F31666%2Ftask%2F31716 HTTP/2.0" 200 912 "https://shakalar.com/whsy.php?p=%2Fproc%2F31666%2Ftask" "Mozilla/5.0 AppleWebKit/537.36 (KHTML, like Gecko; compatible; GPTBot/1.3; +https://openai.com/gptbot)"
74.7.243.130 - - [01/Mar/2026:12:58:27 +0000] "GET /whsy.php?p=%2Fproc%2F28321%2Ftask%2F28346 HTTP/2.0" 200 1801 "https://www.shakalar.com.lab2454.com/whsy.php?p=%2Fproc%2F28321%2Ftask" "Mozilla/5.0 AppleWebKit/537.36 (KHTML, like Gecko; compatible; GPTBot/1.3; +https://openai.com/gptbot)"
74.7.227.188 - - [01/Mar/2026:12:58:27 +0000] "GET /whsy.php?e=auxv&p=%2Fproc%2F15126 HTTP/2.0" 200 912 "https://www.shakalar.com/whsy.php?p=%2Fproc%2F15126" "Mozilla/5.0 AppleWebKit/537.36 (KHTML, like Gecko; compatible; GPTBot/1.3; +https://openai.com/gptbot)"
74.7.243.130 - - [01/Mar/2026:12:58:35 +0000] "GET /whsy.php?p=%2Fproc%2F28321%2Ftask%2F28359 HTTP/2.0" 200 1802 "https://www.shakalar.com.lab2454.com/whsy.php?p=%2Fproc%2F28321%2Ftask" "Mozilla/5.0 AppleWebKit/537.36 (KHTML, like Gecko; compatible; GPTBot/1.3; +https://openai.com/gptbot)"
74.7.227.188 - - [01/Mar/2026:12:58:35 +0000] "GET /whsy.php?e=auxv&p=%2Fproc%2F26186 HTTP/2.0" 200 912 "https://www.shakalar.com/whsy.php?p=%2Fproc%2F26186" "Mozilla/5.0 AppleWebKit/537.36 (KHTML, like Gecko; compatible; GPTBot/1.3; +https://openai.com/gptbot)"
74.7.243.130 - - [01/Mar/2026:12:58:45 +0000] "GET /whsy.php?p=%2Fproc%2F28321%2Ftask%2F28354 HTTP/2.0" 200 1802 "https://www.shakalar.com.lab2454.com/whsy.php?p=%2Fproc%2F28321%2Ftask" "Mozilla/5.0 AppleWebKit/537.36 (KHTML, like Gecko; compatible; GPTBot/1.3; +https://openai.com/gptbot)"
74.7.227.188 - - [01/Mar/2026:12:58:45 +0000] "GET /whsy.php?e=uid_map&p=%2Fproc%2F10008 HTTP/2.0" 200 2021 "https://www.shakalar.com/whsy.php?p=%2Fproc%2F10008" "Mozilla/5.0 AppleWebKit/537.36 (KHTML, like Gecko; compatible; GPTBot/1.3; +https://openai.com/gptbot)"
74.7.243.130 - - [01/Mar/2026:12:58:52 +0000] "GET /whsy.php?p=%2Fproc%2F28321%2Ftask%2F28364 HTTP/2.0" 200 1801 "https://www.shakalar.com.lab2454.com/whsy.php?p=%2Fproc%2F28321%2Ftask" "Mozilla/5.0 AppleWebKit/537.36 (KHTML, like Gecko; compatible; GPTBot/1.3; +https://openai.com/gptbot)"
74.7.227.188 - - [01/Mar/2026:12:58:52 +0000] "GET /whsy.php?e=gid_map&p=%2Fproc%2F10008 HTTP/2.0" 200 2024 "https://www.shakalar.com/whsy.php?p=%2Fproc%2F10008" "Mozilla/5.0 AppleWebKit/537.36 (KHTML, like Gecko; compatible; GPTBot/1.3; +https://openai.com/gptbot)"
74.7.227.54 - - [01/Mar/2026:12:58:53 +0000] "GET /whsy.php?p=%2Fproc%2F11146%2Ftask%2F11153 HTTP/2.0" 200 1801 "https://shakalar.com/whsy.php?p=%2Fproc%2F11146%2Ftask" "Mozilla/5.0 AppleWebKit/537.36 (KHTML, like Gecko; compatible; GPTBot/1.3; +https://openai.com/gptbot)"
