74.7.227.188 - - [01/Mar/2026:14:02:46 +0000] "GET /whsy.php?e=netstat&p=%2Fproc%2F8142%2Fnet HTTP/2.0" 200 4241 "https://www.shakalar.com/whsy.php?p=%2Fproc%2F8142%2Fnet" "Mozilla/5.0 AppleWebKit/537.36 (KHTML, like Gecko; compatible; GPTBot/1.3; +https://openai.com/gptbot)"
74.7.227.54 - - [01/Mar/2026:14:03:00 +0000] "GET /whsy.php?e=ip_vs_stats&p=%2Fproc%2F26917%2Fnet HTTP/2.0" 200 2590 "https://shakalar.com/whsy.php?p=%2Fproc%2F26917%2Fnet" "Mozilla/5.0 AppleWebKit/537.36 (KHTML, like Gecko; compatible; GPTBot/1.3; +https://openai.com/gptbot)"
74.7.227.188 - - [01/Mar/2026:14:03:19 +0000] "GET /whsy.php?e=protocols&p=%2Fproc%2F8142%2Fnet HTTP/2.0" 200 2958 "https://www.shakalar.com/whsy.php?p=%2Fproc%2F8142%2Fnet" "Mozilla/5.0 AppleWebKit/537.36 (KHTML, like Gecko; compatible; GPTBot/1.3; +https://openai.com/gptbot)"
74.7.227.54 - - [01/Mar/2026:14:03:25 +0000] "GET /whsy.php?e=ip_mr_cache&p=%2Fproc%2F14334%2Fnet HTTP/2.0" 200 912 "https://shakalar.com/whsy.php?p=%2Fproc%2F14334%2Fnet" "Mozilla/5.0 AppleWebKit/537.36 (KHTML, like Gecko; compatible; GPTBot/1.3; +https://openai.com/gptbot)"
74.7.243.130 - - [01/Mar/2026:14:03:11 +0000] "GET /whsy.php?p=%2Fproc%2F31296%2Ftask%2F31289%2Ffd HTTP/2.0" 200 644271 "https://www.shakalar.com.lab2454.com/whsy.php?p=%2Fproc%2F31296%2Ftask%2F31289" "Mozilla/5.0 AppleWebKit/537.36 (KHTML, like Gecko; compatible; GPTBot/1.3; +https://openai.com/gptbot)"
74.7.227.188 - - [01/Mar/2026:14:03:52 +0000] "GET /whsy.php?e=anycast6&p=%2Fproc%2F31279%2Fnet HTTP/2.0" 200 2506 "https://www.shakalar.com/whsy.php?p=%2Fproc%2F31279%2Fnet" "Mozilla/5.0 AppleWebKit/537.36 (KHTML, like Gecko; compatible; GPTBot/1.3; +https://openai.com/gptbot)"
74.7.230.54 - - [01/Mar/2026:14:03:53 +0000] "GET /robots.txt HTTP/2.0" 404 - "-" "Mozilla/5.0 (Macintosh; Intel Mac OS X 10_15_7) AppleWebKit/537.36 (KHTML, like Gecko) Chrome/131.0.0.0 Safari/537.36; compatible; OAI-SearchBot/1.3; robots.txt; +https://openai.com/searchbot"
74.7.227.54 - - [01/Mar/2026:14:03:56 +0000] "GET /whsy.php?e=ip_vs_stats&p=%2Fproc%2F15824%2Fnet HTTP/2.0" 200 912 "https://shakalar.com/whsy.php?p=%2Fproc%2F15824%2Fnet" "Mozilla/5.0 AppleWebKit/537.36 (KHTML, like Gecko; compatible; GPTBot/1.3; +https://openai.com/gptbot)"
74.7.227.188 - - [01/Mar/2026:14:04:24 +0000] "GET /whsy.php?p=%2Fproc%2F12473%2Ffdinfo HTTP/2.0" 200 912 "https://www.shakalar.com/whsy.php?p=%2Fproc%2F12473" "Mozilla/5.0 AppleWebKit/537.36 (KHTML, like Gecko; compatible; GPTBot/1.3; +https://openai.com/gptbot)"
74.7.243.130 - - [01/Mar/2026:14:03:58 +0000] "GET /whsy.php?p=%2Fproc%2F31296%2Ftask%2F31315%2Ffd HTTP/2.0" 200 624211 "https://www.shakalar.com.lab2454.com/whsy.php?p=%2Fproc%2F31296%2Ftask%2F31315" "Mozilla/5.0 AppleWebKit/537.36 (KHTML, like Gecko; compatible; GPTBot/1.3; +https://openai.com/gptbot)"
74.7.227.54 - - [01/Mar/2026:14:04:30 +0000] "GET /whsy.php?e=ip_vs_stats&p=%2Fproc%2F25364%2Fnet HTTP/2.0" 200 2590 "https://shakalar.com/whsy.php?p=%2Fproc%2F25364%2Fnet" "Mozilla/5.0 AppleWebKit/537.36 (KHTML, like Gecko; compatible; GPTBot/1.3; +https://openai.com/gptbot)"
74.7.230.1 - - [01/Mar/2026:14:04:30 +0000] "GET /robots.txt HTTP/2.0" 404 - "-" "Mozilla/5.0 (Macintosh; Intel Mac OS X 10_15_7) AppleWebKit/537.36 (KHTML, like Gecko) Chrome/131.0.0.0 Safari/537.36; compatible; OAI-SearchBot/1.3; robots.txt; +https://openai.com/searchbot"
74.7.227.54 - - [01/Mar/2026:14:05:05 +0000] "GET /whsy.php?e=ip_vs_stats&p=%2Fproc%2F12654%2Fnet HTTP/2.0" 200 912 "https://shakalar.com/whsy.php?p=%2Fproc%2F12654%2Fnet" "Mozilla/5.0 AppleWebKit/537.36 (KHTML, like Gecko; compatible; GPTBot/1.3; +https://openai.com/gptbot)"
74.7.227.188 - - [01/Mar/2026:14:04:43 +0000] "GET /whsy.php?p=%2Fproc%2F31279%2Ffdinfo HTTP/2.0" 200 549730 "https://www.shakalar.com/whsy.php?p=%2Fproc%2F31279" "Mozilla/5.0 AppleWebKit/537.36 (KHTML, like Gecko; compatible; GPTBot/1.3; +https://openai.com/gptbot)"
74.7.243.130 - - [01/Mar/2026:14:05:02 +0000] "GET /whsy.php?p=%2Fproc%2F31296%2Ftask%2F31317%2Ffd HTTP/2.0" 200 554000 "https://www.shakalar.com.lab2454.com/whsy.php?p=%2Fproc%2F31296%2Ftask%2F31317" "Mozilla/5.0 AppleWebKit/537.36 (KHTML, like Gecko; compatible; GPTBot/1.3; +https://openai.com/gptbot)"
74.7.227.54 - - [01/Mar/2026:14:05:32 +0000] "GET /whsy.php?e=ip_vs_stats&p=%2Fproc%2F26918%2Fnet HTTP/2.0" 200 2589 "https://shakalar.com/whsy.php?p=%2Fproc%2F26918%2Fnet" "Mozilla/5.0 AppleWebKit/537.36 (KHTML, like Gecko; compatible; GPTBot/1.3; +https://openai.com/gptbot)"
74.7.227.188 - - [01/Mar/2026:14:05:39 +0000] "GET /whsy.php?p=%2Fproc%2F15072%2Ffdinfo HTTP/2.0" 200 912 "https://www.shakalar.com/whsy.php?p=%2Fproc%2F15072" "Mozilla/5.0 AppleWebKit/537.36 (KHTML, like Gecko; compatible; GPTBot/1.3; +https://openai.com/gptbot)"
74.7.227.54 - - [01/Mar/2026:14:05:47 +0000] "GET /whsy.php?e=ip_vs_stats&p=%2Fproc%2F20784%2Fnet HTTP/2.0" 200 912 "https://shakalar.com/whsy.php?p=%2Fproc%2F20784%2Fnet" "Mozilla/5.0 AppleWebKit/537.36 (KHTML, like Gecko; compatible; GPTBot/1.3; +https://openai.com/gptbot)"
74.7.227.188 - - [01/Mar/2026:14:06:01 +0000] "GET /whsy.php?e=arp&p=%2Fproc%2F8142%2Fnet HTTP/2.0" 200 2578 "https://www.shakalar.com/whsy.php?p=%2Fproc%2F8142%2Fnet" "Mozilla/5.0 AppleWebKit/537.36 (KHTML, like Gecko; compatible; GPTBot/1.3; +https://openai.com/gptbot)"
74.7.227.54 - - [01/Mar/2026:14:06:14 +0000] "GET /whsy.php?e=coredump_filter&p=%2Fproc%2F21250 HTTP/2.0" 200 912 "https://shakalar.com/whsy.php?p=%2Fproc%2F21250" "Mozilla/5.0 AppleWebKit/537.36 (KHTML, like Gecko; compatible; GPTBot/1.3; +https://openai.com/gptbot)"
74.7.243.130 - - [01/Mar/2026:14:05:44 +0000] "GET /whsy.php?p=%2Fproc%2F31296%2Ftask%2F31286%2Ffd HTTP/2.0" 200 675636 "https://www.shakalar.com.lab2454.com/whsy.php?p=%2Fproc%2F31296%2Ftask%2F31286" "Mozilla/5.0 AppleWebKit/537.36 (KHTML, like Gecko; compatible; GPTBot/1.3; +https://openai.com/gptbot)"
74.7.227.188 - - [01/Mar/2026:14:06:17 +0000] "GET /whsy.php?e=tcp&p=%2Fproc%2F8142%2Fnet HTTP/2.0" 200 11451 "https://www.shakalar.com/whsy.php?p=%2Fproc%2F8142%2Fnet" "Mozilla/5.0 AppleWebKit/537.36 (KHTML, like Gecko; compatible; GPTBot/1.3; +https://openai.com/gptbot)"
74.7.227.54 - - [01/Mar/2026:14:06:30 +0000] "GET /whsy.php?e=coredump_filter&p=%2Fproc%2F26271 HTTP/2.0" 200 912 "https://shakalar.com/whsy.php?p=%2Fproc%2F26271" "Mozilla/5.0 AppleWebKit/537.36 (KHTML, like Gecko; compatible; GPTBot/1.3; +https://openai.com/gptbot)"
74.7.227.188 - - [01/Mar/2026:14:06:48 +0000] "GET /whsy.php?e=if_inet6&p=%2Fproc%2F31279%2Fnet HTTP/2.0" 200 2570 "https://www.shakalar.com/whsy.php?p=%2Fproc%2F31279%2Fnet" "Mozilla/5.0 AppleWebKit/537.36 (KHTML, like Gecko; compatible; GPTBot/1.3; +https://openai.com/gptbot)"
74.7.227.54 - - [01/Mar/2026:14:06:51 +0000] "GET /whsy.php?e=coredump_filter&p=%2Fproc%2F21024 HTTP/2.0" 200 912 "https://shakalar.com/whsy.php?p=%2Fproc%2F21024" "Mozilla/5.0 AppleWebKit/537.36 (KHTML, like Gecko; compatible; GPTBot/1.3; +https://openai.com/gptbot)"
74.7.243.130 - - [01/Mar/2026:14:06:31 +0000] "GET /whsy.php?p=%2Fproc%2F31296%2Ftask%2F31301%2Ffd HTTP/2.0" 200 719410 "https://www.shakalar.com.lab2454.com/whsy.php?p=%2Fproc%2F31296%2Ftask%2F31301" "Mozilla/5.0 AppleWebKit/537.36 (KHTML, like Gecko; compatible; GPTBot/1.3; +https://openai.com/gptbot)"
74.7.227.188 - - [01/Mar/2026:14:07:05 +0000] "GET /whsy.php?e=udplite6&p=%2Fproc%2F31279%2Fnet HTTP/2.0" 200 2585 "https://www.shakalar.com/whsy.php?p=%2Fproc%2F31279%2Fnet" "Mozilla/5.0 AppleWebKit/537.36 (KHTML, like Gecko; compatible; GPTBot/1.3; +https://openai.com/gptbot)"
74.7.227.54 - - [01/Mar/2026:14:07:11 +0000] "GET /whsy.php?e=coredump_filter&p=%2Fproc%2F22318 HTTP/2.0" 200 912 "https://shakalar.com/whsy.php?p=%2Fproc%2F22318" "Mozilla/5.0 AppleWebKit/537.36 (KHTML, like Gecko; compatible; GPTBot/1.3; +https://openai.com/gptbot)"
74.7.227.188 - - [01/Mar/2026:14:07:24 +0000] "GET /whsy.php?e=snmp&p=%2Fproc%2F31279%2Fnet HTTP/2.0" 200 3234 "https://www.shakalar.com/whsy.php?p=%2Fproc%2F31279%2Fnet" "Mozilla/5.0 AppleWebKit/537.36 (KHTML, like Gecko; compatible; GPTBot/1.3; +https://openai.com/gptbot)"
74.7.227.54 - - [01/Mar/2026:14:07:27 +0000] "GET /whsy.php?e=nf_conntrack_expect&p=%2Fproc%2F11146%2Ftask%2F11155%2Fnet HTTP/2.0" 200 2467 "https://shakalar.com/whsy.php?p=%2Fproc%2F11146%2Ftask%2F11155%2Fnet" "Mozilla/5.0 AppleWebKit/537.36 (KHTML, like Gecko; compatible; GPTBot/1.3; +https://openai.com/gptbot)"
74.7.227.188 - - [01/Mar/2026:14:07:38 +0000] "GET /whsy.php?e=snmp6&p=%2Fproc%2F8142%2Fnet HTTP/2.0" 200 3360 "https://www.shakalar.com/whsy.php?p=%2Fproc%2F8142%2Fnet" "Mozilla/5.0 AppleWebKit/537.36 (KHTML, like Gecko; compatible; GPTBot/1.3; +https://openai.com/gptbot)"
74.7.227.54 - - [01/Mar/2026:14:07:43 +0000] "GET /whsy.php?e=nf_conntrack_expect&p=%2Fproc%2F11146%2Ftask%2F11233%2Fnet HTTP/2.0" 200 2466 "https://shakalar.com/whsy.php?p=%2Fproc%2F11146%2Ftask%2F11233%2Fnet" "Mozilla/5.0 AppleWebKit/537.36 (KHTML, like Gecko; compatible; GPTBot/1.3; +https://openai.com/gptbot)"
74.7.227.188 - - [01/Mar/2026:14:07:49 +0000] "GET /whsy.php?p=%2Fproc%2F31279%2Fnet%2Fnetfilter HTTP/2.0" 200 732 "https://www.shakalar.com/whsy.php?p=%2Fproc%2F31279%2Fnet" "Mozilla/5.0 AppleWebKit/537.36 (KHTML, like Gecko; compatible; GPTBot/1.3; +https://openai.com/gptbot)"
74.7.227.54 - - [01/Mar/2026:14:07:57 +0000] "GET /whsy.php?e=nf_conntrack_expect&p=%2Fproc%2F11146%2Ftask%2F11159%2Fnet HTTP/2.0" 200 2467 "https://shakalar.com/whsy.php?p=%2Fproc%2F11146%2Ftask%2F11159%2Fnet" "Mozilla/5.0 AppleWebKit/537.36 (KHTML, like Gecko; compatible; GPTBot/1.3; +https://openai.com/gptbot)"
74.7.243.130 - - [01/Mar/2026:14:07:29 +0000] "GET /whsy.php?p=%2Fproc%2F31296%2Ftask%2F31303%2Ffd HTTP/2.0" 200 711931 "https://www.shakalar.com.lab2454.com/whsy.php?p=%2Fproc%2F31296%2Ftask%2F31303" "Mozilla/5.0 AppleWebKit/537.36 (KHTML, like Gecko; compatible; GPTBot/1.3; +https://openai.com/gptbot)"
74.7.227.188 - - [01/Mar/2026:14:08:03 +0000] "GET /whsy.php?e=rt_acct&p=%2Fproc%2F31279%2Fnet HTTP/2.0" 200 2529 "https://www.shakalar.com/whsy.php?p=%2Fproc%2F31279%2Fnet" "Mozilla/5.0 AppleWebKit/537.36 (KHTML, like Gecko; compatible; GPTBot/1.3; +https://openai.com/gptbot)"
74.7.227.54 - - [01/Mar/2026:14:08:09 +0000] "GET /whsy.php?e=nf_conntrack_expect&p=%2Fproc%2F11146%2Ftask%2F11157%2Fnet HTTP/2.0" 200 2468 "https://shakalar.com/whsy.php?p=%2Fproc%2F11146%2Ftask%2F11157%2Fnet" "Mozilla/5.0 AppleWebKit/537.36 (KHTML, like Gecko; compatible; GPTBot/1.3; +https://openai.com/gptbot)"
74.7.227.188 - - [01/Mar/2026:14:08:20 +0000] "GET /whsy.php?p=%2Fproc%2F8142%2Fnet%2Frpc%2Fnfs4.nametoid HTTP/2.0" 200 742 "https://www.shakalar.com/whsy.php?p=%2Fproc%2F8142%2Fnet%2Frpc" "Mozilla/5.0 AppleWebKit/537.36 (KHTML, like Gecko; compatible; GPTBot/1.3; +https://openai.com/gptbot)"
74.7.227.54 - - [01/Mar/2026:14:08:27 +0000] "GET /whsy.php?e=nf_conntrack_expect&p=%2Fproc%2F11146%2Ftask%2F11236%2Fnet HTTP/2.0" 200 2465 "https://shakalar.com/whsy.php?p=%2Fproc%2F11146%2Ftask%2F11236%2Fnet" "Mozilla/5.0 AppleWebKit/537.36 (KHTML, like Gecko; compatible; GPTBot/1.3; +https://openai.com/gptbot)"
74.7.227.188 - - [01/Mar/2026:14:08:33 +0000] "GET /whsy.php?p=%2Fproc%2F8142%2Fnet%2Frpc%2Fnfs4.idtoname HTTP/2.0" 200 742 "https://www.shakalar.com/whsy.php?p=%2Fproc%2F8142%2Fnet%2Frpc" "Mozilla/5.0 AppleWebKit/537.36 (KHTML, like Gecko; compatible; GPTBot/1.3; +https://openai.com/gptbot)"
74.7.227.54 - - [01/Mar/2026:14:08:39 +0000] "GET /whsy.php?e=nf_conntrack_expect&p=%2Fproc%2F11146%2Ftask%2F11154%2Fnet HTTP/2.0" 200 2467 "https://shakalar.com/whsy.php?p=%2Fproc%2F11146%2Ftask%2F11154%2Fnet" "Mozilla/5.0 AppleWebKit/537.36 (KHTML, like Gecko; compatible; GPTBot/1.3; +https://openai.com/gptbot)"
74.7.227.188 - - [01/Mar/2026:14:08:46 +0000] "GET /whsy.php?p=%2Fproc%2F26186%2Fmap_files HTTP/2.0" 200 912 "https://www.shakalar.com/whsy.php?p=%2Fproc%2F26186" "Mozilla/5.0 AppleWebKit/537.36 (KHTML, like Gecko; compatible; GPTBot/1.3; +https://openai.com/gptbot)"
74.7.227.54 - - [01/Mar/2026:14:08:50 +0000] "GET /whsy.php?e=nf_conntrack_expect&p=%2Fproc%2F11146%2Ftask%2F11247%2Fnet HTTP/2.0" 200 2467 "https://shakalar.com/whsy.php?p=%2Fproc%2F11146%2Ftask%2F11247%2Fnet" "Mozilla/5.0 AppleWebKit/537.36 (KHTML, like Gecko; compatible; GPTBot/1.3; +https://openai.com/gptbot)"
74.7.227.188 - - [01/Mar/2026:14:08:56 +0000] "GET /whsy.php?p=%2Fproc%2F11932%2Fmap_files HTTP/2.0" 200 912 "https://www.shakalar.com/whsy.php?p=%2Fproc%2F11932" "Mozilla/5.0 AppleWebKit/537.36 (KHTML, like Gecko; compatible; GPTBot/1.3; +https://openai.com/gptbot)"
74.7.230.54 - - [01/Mar/2026:14:08:56 +0000] "GET /robots.txt HTTP/2.0" 404 - "-" "Mozilla/5.0 (Macintosh; Intel Mac OS X 10_15_7) AppleWebKit/537.36 (KHTML, like Gecko) Chrome/131.0.0.0 Safari/537.36; compatible; OAI-SearchBot/1.3; robots.txt; +https://openai.com/searchbot"
74.7.227.54 - - [01/Mar/2026:14:09:01 +0000] "GET /whsy.php?e=nf_conntrack_expect&p=%2Fproc%2F11146%2Ftask%2F11160%2Fnet HTTP/2.0" 200 2466 "https://shakalar.com/whsy.php?p=%2Fproc%2F11146%2Ftask%2F11160%2Fnet" "Mozilla/5.0 AppleWebKit/537.36 (KHTML, like Gecko; compatible; GPTBot/1.3; +https://openai.com/gptbot)"
74.7.243.130 - - [01/Mar/2026:14:08:33 +0000] "GET /whsy.php?p=%2Fproc%2F31296%2Ftask%2F31318%2Ffd HTTP/2.0" 200 803731 "https://www.shakalar.com.lab2454.com/whsy.php?p=%2Fproc%2F31296%2Ftask%2F31318" "Mozilla/5.0 AppleWebKit/537.36 (KHTML, like Gecko; compatible; GPTBot/1.3; +https://openai.com/gptbot)"
74.7.227.188 - - [01/Mar/2026:14:09:07 +0000] "GET /whsy.php?p=%2Fproc%2F15126%2Fmap_files HTTP/2.0" 200 912 "https://www.shakalar.com/whsy.php?p=%2Fproc%2F15126" "Mozilla/5.0 AppleWebKit/537.36 (KHTML, like Gecko; compatible; GPTBot/1.3; +https://openai.com/gptbot)"
74.7.227.54 - - [01/Mar/2026:14:09:13 +0000] "GET /whsy.php?e=nf_conntrack_expect&p=%2Fproc%2F11146%2Ftask%2F11234%2Fnet HTTP/2.0" 200 2466 "https://shakalar.com/whsy.php?p=%2Fproc%2F11146%2Ftask%2F11234%2Fnet" "Mozilla/5.0 AppleWebKit/537.36 (KHTML, like Gecko; compatible; GPTBot/1.3; +https://openai.com/gptbot)"
74.7.227.188 - - [01/Mar/2026:14:09:24 +0000] "GET /whsy.php?e=coredump_filter&p=%2Fproc%2F13854 HTTP/2.0" 200 912 "https://www.shakalar.com/whsy.php?p=%2Fproc%2F13854" "Mozilla/5.0 AppleWebKit/537.36 (KHTML, like Gecko; compatible; GPTBot/1.3; +https://openai.com/gptbot)"
74.7.227.54 - - [01/Mar/2026:14:09:28 +0000] "GET /whsy.php?e=nf_conntrack_expect&p=%2Fproc%2F11146%2Ftask%2F11253%2Fnet HTTP/2.0" 200 2466 "https://shakalar.com/whsy.php?p=%2Fproc%2F11146%2Ftask%2F11253%2Fnet" "Mozilla/5.0 AppleWebKit/537.36 (KHTML, like Gecko; compatible; GPTBot/1.3; +https://openai.com/gptbot)"
74.7.227.188 - - [01/Mar/2026:14:09:36 +0000] "GET /whsy.php?p=%2Fproc%2F10008%2Fmap_files HTTP/2.0" 200 912 "https://www.shakalar.com/whsy.php?p=%2Fproc%2F10008" "Mozilla/5.0 AppleWebKit/537.36 (KHTML, like Gecko; compatible; GPTBot/1.3; +https://openai.com/gptbot)"
74.7.227.54 - - [01/Mar/2026:14:09:41 +0000] "GET /whsy.php?e=nf_conntrack_expect&p=%2Fproc%2F11146%2Ftask%2F11238%2Fnet HTTP/2.0" 200 2466 "https://shakalar.com/whsy.php?p=%2Fproc%2F11146%2Ftask%2F11238%2Fnet" "Mozilla/5.0 AppleWebKit/537.36 (KHTML, like Gecko; compatible; GPTBot/1.3; +https://openai.com/gptbot)"
74.7.230.1 - - [01/Mar/2026:14:09:41 +0000] "GET /robots.txt HTTP/2.0" 404 - "-" "Mozilla/5.0 (Macintosh; Intel Mac OS X 10_15_7) AppleWebKit/537.36 (KHTML, like Gecko) Chrome/131.0.0.0 Safari/537.36; compatible; OAI-SearchBot/1.3; robots.txt; +https://openai.com/searchbot"
74.7.227.188 - - [01/Mar/2026:14:09:47 +0000] "GET /whsy.php?e=projid_map&p=%2Fproc%2F13854 HTTP/2.0" 200 912 "https://www.shakalar.com/whsy.php?p=%2Fproc%2F13854" "Mozilla/5.0 AppleWebKit/537.36 (KHTML, like Gecko; compatible; GPTBot/1.3; +https://openai.com/gptbot)"
74.7.227.54 - - [01/Mar/2026:14:09:52 +0000] "GET /whsy.php?e=nf_conntrack_expect&p=%2Fproc%2F11146%2Ftask%2F11156%2Fnet HTTP/2.0" 200 2467 "https://shakalar.com/whsy.php?p=%2Fproc%2F11146%2Ftask%2F11156%2Fnet" "Mozilla/5.0 AppleWebKit/537.36 (KHTML, like Gecko; compatible; GPTBot/1.3; +https://openai.com/gptbot)"
74.7.227.188 - - [01/Mar/2026:14:09:57 +0000] "GET /whsy.php?p=%2Fproc%2F8142%2Fnet%2Fxt_recent HTTP/2.0" 200 496 "https://www.shakalar.com/whsy.php?p=%2Fproc%2F8142%2Fnet" "Mozilla/5.0 AppleWebKit/537.36 (KHTML, like Gecko; compatible; GPTBot/1.3; +https://openai.com/gptbot)"
74.7.227.54 - - [01/Mar/2026:14:10:02 +0000] "GET /whsy.php?e=nf_conntrack_expect&p=%2Fproc%2F11146%2Ftask%2F11248%2Fnet HTTP/2.0" 200 2467 "https://shakalar.com/whsy.php?p=%2Fproc%2F11146%2Ftask%2F11248%2Fnet" "Mozilla/5.0 AppleWebKit/537.36 (KHTML, like Gecko; compatible; GPTBot/1.3; +https://openai.com/gptbot)"
74.7.243.130 - - [01/Mar/2026:14:09:36 +0000] "GET /whsy.php?p=%2Fproc%2F31296%2Ftask%2F31310%2Ffd HTTP/2.0" 200 736580 "https://www.shakalar.com.lab2454.com/whsy.php?p=%2Fproc%2F31296%2Ftask%2F31310" "Mozilla/5.0 AppleWebKit/537.36 (KHTML, like Gecko; compatible; GPTBot/1.3; +https://openai.com/gptbot)"
74.7.227.188 - - [01/Mar/2026:14:10:06 +0000] "GET /whsy.php?e=projid_map&p=%2Fproc%2F18900 HTTP/2.0" 200 912 "https://www.shakalar.com/whsy.php?p=%2Fproc%2F18900" "Mozilla/5.0 AppleWebKit/537.36 (KHTML, like Gecko; compatible; GPTBot/1.3; +https://openai.com/gptbot)"
74.7.227.54 - - [01/Mar/2026:14:10:11 +0000] "GET /whsy.php?e=nf_conntrack_expect&p=%2Fproc%2F11146%2Ftask%2F11235%2Fnet HTTP/2.0" 200 2466 "https://shakalar.com/whsy.php?p=%2Fproc%2F11146%2Ftask%2F11235%2Fnet" "Mozilla/5.0 AppleWebKit/537.36 (KHTML, like Gecko; compatible; GPTBot/1.3; +https://openai.com/gptbot)"
74.7.227.188 - - [01/Mar/2026:14:10:16 +0000] "GET /whsy.php?e=projid_map&p=%2Fproc%2F15072 HTTP/2.0" 200 912 "https://www.shakalar.com/whsy.php?p=%2Fproc%2F15072" "Mozilla/5.0 AppleWebKit/537.36 (KHTML, like Gecko; compatible; GPTBot/1.3; +https://openai.com/gptbot)"
74.7.227.54 - - [01/Mar/2026:14:10:23 +0000] "GET /whsy.php?e=nf_conntrack_expect&p=%2Fproc%2F11146%2Ftask%2F11158%2Fnet HTTP/2.0" 200 2468 "https://shakalar.com/whsy.php?p=%2Fproc%2F11146%2Ftask%2F11158%2Fnet" "Mozilla/5.0 AppleWebKit/537.36 (KHTML, like Gecko; compatible; GPTBot/1.3; +https://openai.com/gptbot)"
74.7.227.188 - - [01/Mar/2026:14:10:30 +0000] "GET /whsy.php?e=projid_map&p=%2Fproc%2F12473 HTTP/2.0" 200 912 "https://www.shakalar.com/whsy.php?p=%2Fproc%2F12473" "Mozilla/5.0 AppleWebKit/537.36 (KHTML, like Gecko; compatible; GPTBot/1.3; +https://openai.com/gptbot)"
74.7.227.54 - - [01/Mar/2026:14:10:34 +0000] "GET /whsy.php?e=nf_conntrack_expect&p=%2Fproc%2F11146%2Ftask%2F11245%2Fnet HTTP/2.0" 200 2467 "https://shakalar.com/whsy.php?p=%2Fproc%2F11146%2Ftask%2F11245%2Fnet" "Mozilla/5.0 AppleWebKit/537.36 (KHTML, like Gecko; compatible; GPTBot/1.3; +https://openai.com/gptbot)"
74.7.227.188 - - [01/Mar/2026:14:10:39 +0000] "GET /whsy.php?e=projid_map&p=%2Fproc%2F31279 HTTP/2.0" 200 2028 "https://www.shakalar.com/whsy.php?p=%2Fproc%2F31279" "Mozilla/5.0 AppleWebKit/537.36 (KHTML, like Gecko; compatible; GPTBot/1.3; +https://openai.com/gptbot)"
74.7.227.54 - - [01/Mar/2026:14:10:43 +0000] "GET /whsy.php?e=nf_conntrack_expect&p=%2Fproc%2F11146%2Ftask%2F11153%2Fnet HTTP/2.0" 200 2467 "https://shakalar.com/whsy.php?p=%2Fproc%2F11146%2Ftask%2F11153%2Fnet" "Mozilla/5.0 AppleWebKit/537.36 (KHTML, like Gecko; compatible; GPTBot/1.3; +https://openai.com/gptbot)"
74.7.227.188 - - [01/Mar/2026:14:10:47 +0000] "GET /whsy.php?e=arp&p=%2Fproc%2F31279%2Fnet HTTP/2.0" 200 2580 "https://www.shakalar.com/whsy.php?p=%2Fproc%2F31279%2Fnet" "Mozilla/5.0 AppleWebKit/537.36 (KHTML, like Gecko; compatible; GPTBot/1.3; +https://openai.com/gptbot)"
74.7.227.54 - - [01/Mar/2026:14:10:52 +0000] "GET /whsy.php?e=nf_conntrack_expect&p=%2Fproc%2F11146%2Ftask%2F11615%2Fnet HTTP/2.0" 200 912 "https://shakalar.com/whsy.php?p=%2Fproc%2F11146%2Ftask%2F11615%2Fnet" "Mozilla/5.0 AppleWebKit/537.36 (KHTML, like Gecko; compatible; GPTBot/1.3; +https://openai.com/gptbot)"
74.7.227.188 - - [01/Mar/2026:14:10:56 +0000] "GET /whsy.php?p=%2Fproc%2F18900%2Fmap_files HTTP/2.0" 200 912 "https://www.shakalar.com/whsy.php?p=%2Fproc%2F18900" "Mozilla/5.0 AppleWebKit/537.36 (KHTML, like Gecko; compatible; GPTBot/1.3; +https://openai.com/gptbot)"
74.7.227.54 - - [01/Mar/2026:14:11:01 +0000] "GET /whsy.php?e=nf_conntrack_expect&p=%2Fproc%2F11146%2Ftask%2F11472%2Fnet HTTP/2.0" 200 2467 "https://shakalar.com/whsy.php?p=%2Fproc%2F11146%2Ftask%2F11472%2Fnet" "Mozilla/5.0 AppleWebKit/537.36 (KHTML, like Gecko; compatible; GPTBot/1.3; +https://openai.com/gptbot)"
74.7.227.188 - - [01/Mar/2026:14:11:05 +0000] "GET /whsy.php?p=%2Fproc%2F8142%2Fnet%2Frpc%2Fauth.rpcsec.context HTTP/2.0" 200 717 "https://www.shakalar.com/whsy.php?p=%2Fproc%2F8142%2Fnet%2Frpc" "Mozilla/5.0 AppleWebKit/537.36 (KHTML, like Gecko; compatible; GPTBot/1.3; +https://openai.com/gptbot)"
74.7.243.130 - - [01/Mar/2026:14:10:36 +0000] "GET /whsy.php?p=%2Fproc%2F31296%2Ftask%2F31330%2Ffd HTTP/2.0" 200 795486 "https://www.shakalar.com.lab2454.com/whsy.php?p=%2Fproc%2F31296%2Ftask%2F31330" "Mozilla/5.0 AppleWebKit/537.36 (KHTML, like Gecko; compatible; GPTBot/1.3; +https://openai.com/gptbot)"
74.7.227.54 - - [01/Mar/2026:14:11:10 +0000] "GET /whsy.php?e=arp_tables_names&p=%2Fproc%2F13796%2Fnet HTTP/2.0" 200 912 "https://shakalar.com/whsy.php?p=%2Fproc%2F13796%2Fnet" "Mozilla/5.0 AppleWebKit/537.36 (KHTML, like Gecko; compatible; GPTBot/1.3; +https://openai.com/gptbot)"
74.7.227.188 - - [01/Mar/2026:14:11:18 +0000] "GET /whsy.php?p=%2Fproc%2F10008%2Ffdinfo HTTP/2.0" 200 912 "https://www.shakalar.com/whsy.php?p=%2Fproc%2F10008" "Mozilla/5.0 AppleWebKit/537.36 (KHTML, like Gecko; compatible; GPTBot/1.3; +https://openai.com/gptbot)"
74.7.227.54 - - [01/Mar/2026:14:11:22 +0000] "GET /whsy.php?e=time_for_children&p=%2Fproc%2F26675%2Fns HTTP/2.0" 200 1082 "https://shakalar.com/whsy.php?p=%2Fproc%2F26675%2Fns" "Mozilla/5.0 AppleWebKit/537.36 (KHTML, like Gecko; compatible; GPTBot/1.3; +https://openai.com/gptbot)"
74.7.227.188 - - [01/Mar/2026:14:11:29 +0000] "GET /whsy.php?p=%2Fproc%2F13854%2Ffdinfo HTTP/2.0" 200 912 "https://www.shakalar.com/whsy.php?p=%2Fproc%2F13854" "Mozilla/5.0 AppleWebKit/537.36 (KHTML, like Gecko; compatible; GPTBot/1.3; +https://openai.com/gptbot)"
74.7.227.54 - - [01/Mar/2026:14:11:37 +0000] "GET /whsy.php?e=arp_tables_names&p=%2Fproc%2F18907%2Fnet HTTP/2.0" 200 2442 "https://shakalar.com/whsy.php?p=%2Fproc%2F18907%2Fnet" "Mozilla/5.0 AppleWebKit/537.36 (KHTML, like Gecko; compatible; GPTBot/1.3; +https://openai.com/gptbot)"
74.7.227.188 - - [01/Mar/2026:14:11:42 +0000] "GET /whsy.php?e=snmp&p=%2Fproc%2F8142%2Fnet HTTP/2.0" 200 3231 "https://www.shakalar.com/whsy.php?p=%2Fproc%2F8142%2Fnet" "Mozilla/5.0 AppleWebKit/537.36 (KHTML, like Gecko; compatible; GPTBot/1.3; +https://openai.com/gptbot)"
74.7.243.130 - - [01/Mar/2026:14:11:43 +0000] "GET /whsy.php?p=%2Fproc%2F31296%2Ftask%2F31329%2Fattr HTTP/2.0" 200 818 "https://www.shakalar.com.lab2454.com/whsy.php?p=%2Fproc%2F31296%2Ftask%2F31329" "Mozilla/5.0 AppleWebKit/537.36 (KHTML, like Gecko; compatible; GPTBot/1.3; +https://openai.com/gptbot)"
74.7.227.54 - - [01/Mar/2026:14:11:47 +0000] "GET /whsy.php?e=io&p=%2Fproc%2F11146%2Ftask%2F11154 HTTP/2.0" 200 1801 "https://shakalar.com/whsy.php?p=%2Fproc%2F11146%2Ftask%2F11154" "Mozilla/5.0 AppleWebKit/537.36 (KHTML, like Gecko; compatible; GPTBot/1.3; +https://openai.com/gptbot)"
74.7.227.188 - - [01/Mar/2026:14:11:53 +0000] "GET /whsy.php?e=sockcreate&p=%2Fproc%2F31279%2Fattr HTTP/2.0" 200 863 "https://www.shakalar.com/whsy.php?p=%2Fproc%2F31279%2Fattr" "Mozilla/5.0 AppleWebKit/537.36 (KHTML, like Gecko; compatible; GPTBot/1.3; +https://openai.com/gptbot)"
74.7.227.54 - - [01/Mar/2026:14:11:59 +0000] "GET /whsy.php?e=io&p=%2Fproc%2F11146%2Ftask%2F11155 HTTP/2.0" 200 1801 "https://shakalar.com/whsy.php?p=%2Fproc%2F11146%2Ftask%2F11155" "Mozilla/5.0 AppleWebKit/537.36 (KHTML, like Gecko; compatible; GPTBot/1.3; +https://openai.com/gptbot)"
74.7.227.188 - - [01/Mar/2026:14:12:06 +0000] "GET /whsy.php?p=%2Fproc%2F13854%2Fmap_files HTTP/2.0" 200 912 "https://www.shakalar.com/whsy.php?p=%2Fproc%2F13854" "Mozilla/5.0 AppleWebKit/537.36 (KHTML, like Gecko; compatible; GPTBot/1.3; +https://openai.com/gptbot)"
74.7.227.54 - - [01/Mar/2026:14:12:10 +0000] "GET /whsy.php?e=io&p=%2Fproc%2F11146%2Ftask%2F11156 HTTP/2.0" 200 1800 "https://shakalar.com/whsy.php?p=%2Fproc%2F11146%2Ftask%2F11156" "Mozilla/5.0 AppleWebKit/537.36 (KHTML, like Gecko; compatible; GPTBot/1.3; +https://openai.com/gptbot)"
74.7.227.188 - - [01/Mar/2026:14:12:22 +0000] "GET /whsy.php?p=%2Fproc%2F18900%2Ffdinfo HTTP/2.0" 200 912 "https://www.shakalar.com/whsy.php?p=%2Fproc%2F18900" "Mozilla/5.0 AppleWebKit/537.36 (KHTML, like Gecko; compatible; GPTBot/1.3; +https://openai.com/gptbot)"
74.7.227.54 - - [01/Mar/2026:14:12:27 +0000] "GET /whsy.php?p=%2Fproc%2F12654%2Fnet%2Fvlan HTTP/2.0" 200 912 "https://shakalar.com/whsy.php?p=%2Fproc%2F12654%2Fnet" "Mozilla/5.0 AppleWebKit/537.36 (KHTML, like Gecko; compatible; GPTBot/1.3; +https://openai.com/gptbot)"
74.7.227.188 - - [01/Mar/2026:14:12:32 +0000] "GET /whsy.php?e=projid_map&p=%2Fproc%2F11932 HTTP/2.0" 200 912 "https://www.shakalar.com/whsy.php?p=%2Fproc%2F11932" "Mozilla/5.0 AppleWebKit/537.36 (KHTML, like Gecko; compatible; GPTBot/1.3; +https://openai.com/gptbot)"
74.7.227.54 - - [01/Mar/2026:14:12:35 +0000] "GET /whsy.php?p=%2Fproc%2F25364%2Fnet%2Fvlan HTTP/2.0" 200 662 "https://shakalar.com/whsy.php?p=%2Fproc%2F25364%2Fnet" "Mozilla/5.0 AppleWebKit/537.36 (KHTML, like Gecko; compatible; GPTBot/1.3; +https://openai.com/gptbot)"
74.7.227.188 - - [01/Mar/2026:14:12:40 +0000] "GET /whsy.php?e=projid_map&p=%2Fproc%2F15126 HTTP/2.0" 200 912 "https://www.shakalar.com/whsy.php?p=%2Fproc%2F15126" "Mozilla/5.0 AppleWebKit/537.36 (KHTML, like Gecko; compatible; GPTBot/1.3; +https://openai.com/gptbot)"
74.7.243.130 - - [01/Mar/2026:14:12:40 +0000] "GET /whsy.php?e=pagemap&p=%2Fproc%2F31296%2Ftask%2F31329 HTTP/2.0" 200 1801 "https://www.shakalar.com.lab2454.com/whsy.php?p=%2Fproc%2F31296%2Ftask%2F31329" "Mozilla/5.0 AppleWebKit/537.36 (KHTML, like Gecko; compatible; GPTBot/1.3; +https://openai.com/gptbot)"
74.7.227.54 - - [01/Mar/2026:14:12:43 +0000] "GET /whsy.php?p=%2Fproc%2F15824%2Fnet%2Fvlan HTTP/2.0" 200 912 "https://shakalar.com/whsy.php?p=%2Fproc%2F15824%2Fnet" "Mozilla/5.0 AppleWebKit/537.36 (KHTML, like Gecko; compatible; GPTBot/1.3; +https://openai.com/gptbot)"
74.7.227.188 - - [01/Mar/2026:14:12:46 +0000] "GET /whsy.php?e=projid_map&p=%2Fproc%2F26186 HTTP/2.0" 200 912 "https://www.shakalar.com/whsy.php?p=%2Fproc%2F26186" "Mozilla/5.0 AppleWebKit/537.36 (KHTML, like Gecko; compatible; GPTBot/1.3; +https://openai.com/gptbot)"
74.7.227.54 - - [01/Mar/2026:14:12:49 +0000] "GET /whsy.php?p=%2Fproc%2F20784%2Fnet%2Fvlan HTTP/2.0" 200 912 "https://shakalar.com/whsy.php?p=%2Fproc%2F20784%2Fnet" "Mozilla/5.0 AppleWebKit/537.36 (KHTML, like Gecko; compatible; GPTBot/1.3; +https://openai.com/gptbot)"
74.7.227.188 - - [01/Mar/2026:14:12:54 +0000] "GET /whsy.php?e=arch_status&p=%2Fproc%2F2925 HTTP/2.0" 200 912 "https://www.shakalar.com/whsy.php?p=%2Fproc%2F2925" "Mozilla/5.0 AppleWebKit/537.36 (KHTML, like Gecko; compatible; GPTBot/1.3; +https://openai.com/gptbot)"
74.7.227.54 - - [01/Mar/2026:14:13:01 +0000] "GET /whsy.php?p=%2Fproc%2F14334%2Fnet%2Fvlan HTTP/2.0" 200 912 "https://shakalar.com/whsy.php?p=%2Fproc%2F14334%2Fnet" "Mozilla/5.0 AppleWebKit/537.36 (KHTML, like Gecko; compatible; GPTBot/1.3; +https://openai.com/gptbot)"
74.7.227.188 - - [01/Mar/2026:14:13:09 +0000] "GET /whsy.php?p=%2Fproc%2F8142%2Fnet%2Frpc%2Fauth.rpcsec.context%2F.. HTTP/2.0" 200 859 "https://www.shakalar.com/whsy.php?p=%2Fproc%2F8142%2Fnet%2Frpc%2Fauth.rpcsec.context" "Mozilla/5.0 AppleWebKit/537.36 (KHTML, like Gecko; compatible; GPTBot/1.3; +https://openai.com/gptbot)"
74.7.227.54 - - [01/Mar/2026:14:13:14 +0000] "GET /whsy.php?p=%2Fproc%2F26918%2Fnet%2Fvlan HTTP/2.0" 200 661 "https://shakalar.com/whsy.php?p=%2Fproc%2F26918%2Fnet" "Mozilla/5.0 AppleWebKit/537.36 (KHTML, like Gecko; compatible; GPTBot/1.3; +https://openai.com/gptbot)"
74.7.227.188 - - [01/Mar/2026:14:13:20 +0000] "GET /whsy.php?e=ksm_merging_pages&p=%2Fproc%2F13854 HTTP/2.0" 200 912 "https://www.shakalar.com/whsy.php?p=%2Fproc%2F13854" "Mozilla/5.0 AppleWebKit/537.36 (KHTML, like Gecko; compatible; GPTBot/1.3; +https://openai.com/gptbot)"
74.7.227.54 - - [01/Mar/2026:14:13:24 +0000] "GET /whsy.php?p=%2Fproc%2F26917%2Fnet%2Fvlan HTTP/2.0" 200 662 "https://shakalar.com/whsy.php?p=%2Fproc%2F26917%2Fnet" "Mozilla/5.0 AppleWebKit/537.36 (KHTML, like Gecko; compatible; GPTBot/1.3; +https://openai.com/gptbot)"
74.7.227.188 - - [01/Mar/2026:14:13:28 +0000] "GET /whsy.php?e=projid_map&p=%2Fproc%2F10008 HTTP/2.0" 200 912 "https://www.shakalar.com/whsy.php?p=%2Fproc%2F10008" "Mozilla/5.0 AppleWebKit/537.36 (KHTML, like Gecko; compatible; GPTBot/1.3; +https://openai.com/gptbot)"
74.7.227.54 - - [01/Mar/2026:14:13:31 +0000] "GET /whsy.php?e=fscreate&p=%2Fproc%2F12654%2Fattr HTTP/2.0" 200 912 "https://shakalar.com/whsy.php?p=%2Fproc%2F12654%2Fattr" "Mozilla/5.0 AppleWebKit/537.36 (KHTML, like Gecko; compatible; GPTBot/1.3; +https://openai.com/gptbot)"
74.7.243.130 - - [01/Mar/2026:14:13:34 +0000] "GET /whsy.php?e=syscall&p=%2Fproc%2F31296%2Ftask%2F31329 HTTP/2.0" 200 1801 "https://www.shakalar.com.lab2454.com/whsy.php?p=%2Fproc%2F31296%2Ftask%2F31329" "Mozilla/5.0 AppleWebKit/537.36 (KHTML, like Gecko; compatible; GPTBot/1.3; +https://openai.com/gptbot)"
74.7.227.188 - - [01/Mar/2026:14:13:36 +0000] "GET /whsy.php?p=%2Fproc%2F8142%2Fnet%2Frpc%2Fnfsd.export HTTP/2.0" 200 741 "https://www.shakalar.com/whsy.php?p=%2Fproc%2F8142%2Fnet%2Frpc" "Mozilla/5.0 AppleWebKit/537.36 (KHTML, like Gecko; compatible; GPTBot/1.3; +https://openai.com/gptbot)"
74.7.227.54 - - [01/Mar/2026:14:13:43 +0000] "GET /whsy.php?e=fscreate&p=%2Fproc%2F26918%2Fattr HTTP/2.0" 200 857 "https://shakalar.com/whsy.php?p=%2Fproc%2F26918%2Fattr" "Mozilla/5.0 AppleWebKit/537.36 (KHTML, like Gecko; compatible; GPTBot/1.3; +https://openai.com/gptbot)"
74.7.227.188 - - [01/Mar/2026:14:13:49 +0000] "GET /whsy.php?p=%2Fproc%2F15072%2Fmap_files HTTP/2.0" 200 912 "https://www.shakalar.com/whsy.php?p=%2Fproc%2F15072" "Mozilla/5.0 AppleWebKit/537.36 (KHTML, like Gecko; compatible; GPTBot/1.3; +https://openai.com/gptbot)"
74.7.227.54 - - [01/Mar/2026:14:13:53 +0000] "GET /whsy.php?e=fscreate&p=%2Fproc%2F26917%2Fattr HTTP/2.0" 200 858 "https://shakalar.com/whsy.php?p=%2Fproc%2F26917%2Fattr" "Mozilla/5.0 AppleWebKit/537.36 (KHTML, like Gecko; compatible; GPTBot/1.3; +https://openai.com/gptbot)"
74.7.227.188 - - [01/Mar/2026:14:13:58 +0000] "GET /whsy.php?p=%2Fproc%2F12473%2Fmap_files HTTP/2.0" 200 912 "https://www.shakalar.com/whsy.php?p=%2Fproc%2F12473" "Mozilla/5.0 AppleWebKit/537.36 (KHTML, like Gecko; compatible; GPTBot/1.3; +https://openai.com/gptbot)"
74.7.227.54 - - [01/Mar/2026:14:14:02 +0000] "GET /whsy.php?e=protocols&p=%2Fproc%2F30447%2Fnet HTTP/2.0" 200 912 "https://shakalar.com/whsy.php?p=%2Fproc%2F30447%2Fnet" "Mozilla/5.0 AppleWebKit/537.36 (KHTML, like Gecko; compatible; GPTBot/1.3; +https://openai.com/gptbot)"
74.7.227.54 - - [01/Mar/2026:14:14:09 +0000] "GET /whsy.php?e=fscreate&p=%2Fproc%2F20784%2Fattr HTTP/2.0" 200 912 "https://shakalar.com/whsy.php?p=%2Fproc%2F20784%2Fattr" "Mozilla/5.0 AppleWebKit/537.36 (KHTML, like Gecko; compatible; GPTBot/1.3; +https://openai.com/gptbot)"
74.7.227.54 - - [01/Mar/2026:14:14:26 +0000] "GET /whsy.php?e=protocols&p=%2Fproc%2F16769%2Fnet HTTP/2.0" 200 2960 "https://shakalar.com/whsy.php?p=%2Fproc%2F16769%2Fnet" "Mozilla/5.0 AppleWebKit/537.36 (KHTML, like Gecko; compatible; GPTBot/1.3; +https://openai.com/gptbot)"
74.7.227.188 - - [01/Mar/2026:14:14:05 +0000] "GET /whsy.php?p=%2Fproc%2F31279%2Fmap_files HTTP/2.0" 200 751778 "https://www.shakalar.com/whsy.php?p=%2Fproc%2F31279" "Mozilla/5.0 AppleWebKit/537.36 (KHTML, like Gecko; compatible; GPTBot/1.3; +https://openai.com/gptbot)"
74.7.227.54 - - [01/Mar/2026:14:14:37 +0000] "GET /whsy.php?e=fscreate&p=%2Fproc%2F15824%2Fattr HTTP/2.0" 200 912 "https://shakalar.com/whsy.php?p=%2Fproc%2F15824%2Fattr" "Mozilla/5.0 AppleWebKit/537.36 (KHTML, like Gecko; compatible; GPTBot/1.3; +https://openai.com/gptbot)"
74.7.227.188 - - [01/Mar/2026:14:14:45 +0000] "GET /whsy.php?p=%2Fproc%2F8142%2Fnet%2Frpc%2Fauth.unix.ip HTTP/2.0" 200 743 "https://www.shakalar.com/whsy.php?p=%2Fproc%2F8142%2Fnet%2Frpc" "Mozilla/5.0 AppleWebKit/537.36 (KHTML, like Gecko; compatible; GPTBot/1.3; +https://openai.com/gptbot)"
74.7.227.54 - - [01/Mar/2026:14:14:48 +0000] "GET /whsy.php?e=connector&p=%2Fproc%2F13796%2Fnet HTTP/2.0" 200 912 "https://shakalar.com/whsy.php?p=%2Fproc%2F13796%2Fnet" "Mozilla/5.0 AppleWebKit/537.36 (KHTML, like Gecko; compatible; GPTBot/1.3; +https://openai.com/gptbot)"
74.7.230.1 - - [01/Mar/2026:14:14:49 +0000] "GET /robots.txt HTTP/2.0" 404 - "-" "Mozilla/5.0 (Macintosh; Intel Mac OS X 10_15_7) AppleWebKit/537.36 (KHTML, like Gecko) Chrome/131.0.0.0 Safari/537.36; compatible; OAI-SearchBot/1.3; robots.txt; +https://openai.com/searchbot"
74.7.227.188 - - [01/Mar/2026:14:14:55 +0000] "GET /whsy.php?e=coredump_filter&p=%2Fproc%2F31279 HTTP/2.0" 200 2008 "https://www.shakalar.com/whsy.php?p=%2Fproc%2F31279" "Mozilla/5.0 AppleWebKit/537.36 (KHTML, like Gecko; compatible; GPTBot/1.3; +https://openai.com/gptbot)"
74.7.227.54 - - [01/Mar/2026:14:15:00 +0000] "GET /whsy.php?e=fscreate&p=%2Fproc%2F25364%2Fattr HTTP/2.0" 200 858 "https://shakalar.com/whsy.php?p=%2Fproc%2F25364%2Fattr" "Mozilla/5.0 AppleWebKit/537.36 (KHTML, like Gecko; compatible; GPTBot/1.3; +https://openai.com/gptbot)"
74.7.243.130 - - [01/Mar/2026:14:14:33 +0000] "GET /whsy.php?p=%2Fproc%2F31296%2Ftask%2F31279%2Ffd HTTP/2.0" 200 806621 "https://www.shakalar.com.lab2454.com/whsy.php?p=%2Fproc%2F31296%2Ftask%2F31279" "Mozilla/5.0 AppleWebKit/537.36 (KHTML, like Gecko; compatible; GPTBot/1.3; +https://openai.com/gptbot)"
74.7.227.188 - - [01/Mar/2026:14:15:08 +0000] "GET /whsy.php?e=coredump_filter&p=%2Fproc%2F12473 HTTP/2.0" 200 912 "https://www.shakalar.com/whsy.php?p=%2Fproc%2F12473" "Mozilla/5.0 AppleWebKit/537.36 (KHTML, like Gecko; compatible; GPTBot/1.3; +https://openai.com/gptbot)"
74.7.227.54 - - [01/Mar/2026:14:15:12 +0000] "GET /whsy.php?e=connector&p=%2Fproc%2F18907%2Fnet HTTP/2.0" 200 2522 "https://shakalar.com/whsy.php?p=%2Fproc%2F18907%2Fnet" "Mozilla/5.0 AppleWebKit/537.36 (KHTML, like Gecko; compatible; GPTBot/1.3; +https://openai.com/gptbot)"
74.7.227.188 - - [01/Mar/2026:14:15:19 +0000] "GET /whsy.php?e=coredump_filter&p=%2Fproc%2F15072 HTTP/2.0" 200 912 "https://www.shakalar.com/whsy.php?p=%2Fproc%2F15072" "Mozilla/5.0 AppleWebKit/537.36 (KHTML, like Gecko; compatible; GPTBot/1.3; +https://openai.com/gptbot)"
74.7.227.54 - - [01/Mar/2026:14:15:39 +0000] "GET /whsy.php?e=io&p=%2Fproc%2F11146%2Ftask%2F11238 HTTP/2.0" 200 1802 "https://shakalar.com/whsy.php?p=%2Fproc%2F11146%2Ftask%2F11238" "Mozilla/5.0 AppleWebKit/537.36 (KHTML, like Gecko; compatible; GPTBot/1.3; +https://openai.com/gptbot)"
74.7.243.130 - - [01/Mar/2026:14:15:14 +0000] "GET /whsy.php?p=%2Fproc%2F31296%2Ftask%2F31314%2Ffd HTTP/2.0" 200 661270 "https://www.shakalar.com.lab2454.com/whsy.php?p=%2Fproc%2F31296%2Ftask%2F31314" "Mozilla/5.0 AppleWebKit/537.36 (KHTML, like Gecko; compatible; GPTBot/1.3; +https://openai.com/gptbot)"
74.7.227.188 - - [01/Mar/2026:14:15:47 +0000] "GET /whsy.php?e=coredump_filter&p=%2Fproc%2F18900 HTTP/2.0" 200 912 "https://www.shakalar.com/whsy.php?p=%2Fproc%2F18900" "Mozilla/5.0 AppleWebKit/537.36 (KHTML, like Gecko; compatible; GPTBot/1.3; +https://openai.com/gptbot)"
74.7.227.54 - - [01/Mar/2026:14:15:52 +0000] "GET /whsy.php?e=io&p=%2Fproc%2F11146%2Ftask%2F11253 HTTP/2.0" 200 1802 "https://shakalar.com/whsy.php?p=%2Fproc%2F11146%2Ftask%2F11253" "Mozilla/5.0 AppleWebKit/537.36 (KHTML, like Gecko; compatible; GPTBot/1.3; +https://openai.com/gptbot)"
74.7.227.188 - - [01/Mar/2026:14:15:59 +0000] "GET /whsy.php?e=cmdline&p=%2Fproc%2F2925 HTTP/2.0" 200 912 "https://www.shakalar.com/whsy.php?p=%2Fproc%2F2925" "Mozilla/5.0 AppleWebKit/537.36 (KHTML, like Gecko; compatible; GPTBot/1.3; +https://openai.com/gptbot)"
74.7.227.54 - - [01/Mar/2026:14:16:02 +0000] "GET /whsy.php?e=io&p=%2Fproc%2F11146%2Ftask%2F11235 HTTP/2.0" 200 1802 "https://shakalar.com/whsy.php?p=%2Fproc%2F11146%2Ftask%2F11235" "Mozilla/5.0 AppleWebKit/537.36 (KHTML, like Gecko; compatible; GPTBot/1.3; +https://openai.com/gptbot)"
74.7.227.188 - - [01/Mar/2026:14:16:08 +0000] "GET /whsy.php?e=packet&p=%2Fproc%2F8142%2Fnet HTTP/2.0" 200 2572 "https://www.shakalar.com/whsy.php?p=%2Fproc%2F8142%2Fnet" "Mozilla/5.0 AppleWebKit/537.36 (KHTML, like Gecko; compatible; GPTBot/1.3; +https://openai.com/gptbot)"
74.7.227.54 - - [01/Mar/2026:14:16:12 +0000] "GET /whsy.php?e=nf_conntrack_expect&p=%2Fproc%2F11146%2Ftask%2F11252%2Fnet HTTP/2.0" 200 2466 "https://shakalar.com/whsy.php?p=%2Fproc%2F11146%2Ftask%2F11252%2Fnet" "Mozilla/5.0 AppleWebKit/537.36 (KHTML, like Gecko; compatible; GPTBot/1.3; +https://openai.com/gptbot)"
74.7.243.130 - - [01/Mar/2026:14:16:17 +0000] "GET /whsy.php?e=mem&p=%2Fproc%2F31296%2Ftask%2F31326 HTTP/2.0" 200 912 "https://www.shakalar.com.lab2454.com/whsy.php?p=%2Fproc%2F31296%2Ftask%2F31326" "Mozilla/5.0 AppleWebKit/537.36 (KHTML, like Gecko; compatible; GPTBot/1.3; +https://openai.com/gptbot)"
74.7.227.188 - - [01/Mar/2026:14:16:18 +0000] "GET /whsy.php?p=%2Fproc%2F8142%2Fnet%2Frpc%2Fnfsd.export%2F.. HTTP/2.0" 200 859 "https://www.shakalar.com/whsy.php?p=%2Fproc%2F8142%2Fnet%2Frpc%2Fnfsd.export" "Mozilla/5.0 AppleWebKit/537.36 (KHTML, like Gecko; compatible; GPTBot/1.3; +https://openai.com/gptbot)"
74.7.227.54 - - [01/Mar/2026:14:16:20 +0000] "GET /whsy.php?e=nf_conntrack_expect&p=%2Fproc%2F11146%2Ftask%2F11231%2Fnet HTTP/2.0" 200 2466 "https://shakalar.com/whsy.php?p=%2Fproc%2F11146%2Ftask%2F11231%2Fnet" "Mozilla/5.0 AppleWebKit/537.36 (KHTML, like Gecko; compatible; GPTBot/1.3; +https://openai.com/gptbot)"
74.7.227.188 - - [01/Mar/2026:14:16:27 +0000] "GET /whsy.php?p=%2Fproc%2F8142%2Fnet%2Frpc%2Fnfsd.fh HTTP/2.0" 200 738 "https://www.shakalar.com/whsy.php?p=%2Fproc%2F8142%2Fnet%2Frpc" "Mozilla/5.0 AppleWebKit/537.36 (KHTML, like Gecko; compatible; GPTBot/1.3; +https://openai.com/gptbot)"
74.7.227.54 - - [01/Mar/2026:14:16:30 +0000] "GET /whsy.php?e=nf_conntrack_expect&p=%2Fproc%2F11146%2Ftask%2F11151%2Fnet HTTP/2.0" 200 2467 "https://shakalar.com/whsy.php?p=%2Fproc%2F11146%2Ftask%2F11151%2Fnet" "Mozilla/5.0 AppleWebKit/537.36 (KHTML, like Gecko; compatible; GPTBot/1.3; +https://openai.com/gptbot)"
74.7.227.188 - - [01/Mar/2026:14:16:35 +0000] "GET /whsy.php?p=%2Fproc%2F8142%2Fnet%2Fnfsfs HTTP/2.0" 200 700 "https://www.shakalar.com/whsy.php?p=%2Fproc%2F8142%2Fnet" "Mozilla/5.0 AppleWebKit/537.36 (KHTML, like Gecko; compatible; GPTBot/1.3; +https://openai.com/gptbot)"
74.7.227.54 - - [01/Mar/2026:14:16:37 +0000] "GET /whsy.php?e=nf_conntrack_expect&p=%2Fproc%2F11146%2Ftask%2F11161%2Fnet HTTP/2.0" 200 2465 "https://shakalar.com/whsy.php?p=%2Fproc%2F11146%2Ftask%2F11161%2Fnet" "Mozilla/5.0 AppleWebKit/537.36 (KHTML, like Gecko; compatible; GPTBot/1.3; +https://openai.com/gptbot)"
74.7.227.188 - - [01/Mar/2026:14:16:43 +0000] "GET /whsy.php?p=%2Fproc%2F8142%2Fnet%2Fstat HTTP/2.0" 200 819 "https://www.shakalar.com/whsy.php?p=%2Fproc%2F8142%2Fnet" "Mozilla/5.0 AppleWebKit/537.36 (KHTML, like Gecko; compatible; GPTBot/1.3; +https://openai.com/gptbot)"
74.7.227.54 - - [01/Mar/2026:14:16:45 +0000] "GET /whsy.php?e=nf_conntrack_expect&p=%2Fproc%2F11146%2Ftask%2F11152%2Fnet HTTP/2.0" 200 2467 "https://shakalar.com/whsy.php?p=%2Fproc%2F11146%2Ftask%2F11152%2Fnet" "Mozilla/5.0 AppleWebKit/537.36 (KHTML, like Gecko; compatible; GPTBot/1.3; +https://openai.com/gptbot)"
74.7.227.188 - - [01/Mar/2026:14:16:53 +0000] "GET /whsy.php?p=%2Fproc%2F8142%2Fnet%2Fsctp HTTP/2.0" 200 751 "https://www.shakalar.com/whsy.php?p=%2Fproc%2F8142%2Fnet" "Mozilla/5.0 AppleWebKit/537.36 (KHTML, like Gecko; compatible; GPTBot/1.3; +https://openai.com/gptbot)"
74.7.227.54 - - [01/Mar/2026:14:16:55 +0000] "GET /whsy.php?e=nf_conntrack_expect&p=%2Fproc%2F11146%2Ftask%2F11232%2Fnet HTTP/2.0" 200 2466 "https://shakalar.com/whsy.php?p=%2Fproc%2F11146%2Ftask%2F11232%2Fnet" "Mozilla/5.0 AppleWebKit/537.36 (KHTML, like Gecko; compatible; GPTBot/1.3; +https://openai.com/gptbot)"
74.7.227.188 - - [01/Mar/2026:14:17:10 +0000] "GET /whsy.php?p=%2Fproc%2F8142%2Fnet%2Fdev_snmp6 HTTP/2.0" 200 980 "https://www.shakalar.com/whsy.php?p=%2Fproc%2F8142%2Fnet" "Mozilla/5.0 AppleWebKit/537.36 (KHTML, like Gecko; compatible; GPTBot/1.3; +https://openai.com/gptbot)"
74.7.227.54 - - [01/Mar/2026:14:17:17 +0000] "GET /whsy.php?e=nf_conntrack_expect&p=%2Fproc%2F11146%2Ftask%2F11246%2Fnet HTTP/2.0" 200 2466 "https://shakalar.com/whsy.php?p=%2Fproc%2F11146%2Ftask%2F11246%2Fnet" "Mozilla/5.0 AppleWebKit/537.36 (KHTML, like Gecko; compatible; GPTBot/1.3; +https://openai.com/gptbot)"
74.7.227.188 - - [01/Mar/2026:14:17:27 +0000] "GET /whsy.php?p=%2Fproc%2F8142%2Fnet%2Fvlan HTTP/2.0" 200 661 "https://www.shakalar.com/whsy.php?p=%2Fproc%2F8142%2Fnet" "Mozilla/5.0 AppleWebKit/537.36 (KHTML, like Gecko; compatible; GPTBot/1.3; +https://openai.com/gptbot)"
74.7.243.130 - - [01/Mar/2026:14:17:28 +0000] "GET /whsy.php?e=cwd&p=%2Fproc%2F31296%2Ftask%2F31331 HTTP/2.0" 200 912 "https://www.shakalar.com.lab2454.com/whsy.php?p=%2Fproc%2F31296%2Ftask%2F31331" "Mozilla/5.0 AppleWebKit/537.36 (KHTML, like Gecko; compatible; GPTBot/1.3; +https://openai.com/gptbot)"
74.7.227.54 - - [01/Mar/2026:14:17:32 +0000] "GET /whsy.php?e=nf_conntrack_expect&p=%2Fproc%2F11146%2Ftask%2F11162%2Fnet HTTP/2.0" 200 2465 "https://shakalar.com/whsy.php?p=%2Fproc%2F11146%2Ftask%2F11162%2Fnet" "Mozilla/5.0 AppleWebKit/537.36 (KHTML, like Gecko; compatible; GPTBot/1.3; +https://openai.com/gptbot)"
74.7.227.188 - - [01/Mar/2026:14:17:45 +0000] "GET /whsy.php?p=%2Fproc%2F10008%2Ffd HTTP/2.0" 200 912 "https://www.shakalar.com/whsy.php?p=%2Fproc%2F10008" "Mozilla/5.0 AppleWebKit/537.36 (KHTML, like Gecko; compatible; GPTBot/1.3; +https://openai.com/gptbot)"
74.7.227.54 - - [01/Mar/2026:14:17:46 +0000] "GET /whsy.php?e=pppoe&p=%2Fproc%2F11146%2Ftask%2F11158%2Fnet HTTP/2.0" 200 2548 "https://shakalar.com/whsy.php?p=%2Fproc%2F11146%2Ftask%2F11158%2Fnet" "Mozilla/5.0 AppleWebKit/537.36 (KHTML, like Gecko; compatible; GPTBot/1.3; +https://openai.com/gptbot)"
74.7.227.188 - - [01/Mar/2026:14:17:57 +0000] "GET /whsy.php?p=%2Fproc%2F10008%2Fns HTTP/2.0" 200 912 "https://www.shakalar.com/whsy.php?p=%2Fproc%2F10008" "Mozilla/5.0 AppleWebKit/537.36 (KHTML, like Gecko; compatible; GPTBot/1.3; +https://openai.com/gptbot)"
74.7.227.54 - - [01/Mar/2026:14:17:59 +0000] "GET /whsy.php?e=pppoe&p=%2Fproc%2F11146%2Ftask%2F11153%2Fnet HTTP/2.0" 200 2548 "https://shakalar.com/whsy.php?p=%2Fproc%2F11146%2Ftask%2F11153%2Fnet" "Mozilla/5.0 AppleWebKit/537.36 (KHTML, like Gecko; compatible; GPTBot/1.3; +https://openai.com/gptbot)"
74.7.227.188 - - [01/Mar/2026:14:18:05 +0000] "GET /whsy.php?p=%2Fproc%2F31279%2Ftask%2F31328%2Fattr HTTP/2.0" 200 912 "https://www.shakalar.com/whsy.php?p=%2Fproc%2F31279%2Ftask%2F31328" "Mozilla/5.0 AppleWebKit/537.36 (KHTML, like Gecko; compatible; GPTBot/1.3; +https://openai.com/gptbot)"
74.7.227.54 - - [01/Mar/2026:14:18:06 +0000] "GET /whsy.php?e=pppoe&p=%2Fproc%2F11146%2Ftask%2F11159%2Fnet HTTP/2.0" 200 2548 "https://shakalar.com/whsy.php?p=%2Fproc%2F11146%2Ftask%2F11159%2Fnet" "Mozilla/5.0 AppleWebKit/537.36 (KHTML, like Gecko; compatible; GPTBot/1.3; +https://openai.com/gptbot)"
74.7.227.188 - - [01/Mar/2026:14:18:17 +0000] "GET /whsy.php?e=autogroup&p=%2Fproc%2F2925 HTTP/2.0" 200 912 "https://www.shakalar.com/whsy.php?p=%2Fproc%2F2925" "Mozilla/5.0 AppleWebKit/537.36 (KHTML, like Gecko; compatible; GPTBot/1.3; +https://openai.com/gptbot)"
74.7.243.130 - - [01/Mar/2026:14:18:19 +0000] "GET /whsy.php?e=mem&p=%2Fproc%2F31296%2Ftask%2F31331 HTTP/2.0" 200 912 "https://www.shakalar.com.lab2454.com/whsy.php?p=%2Fproc%2F31296%2Ftask%2F31331" "Mozilla/5.0 AppleWebKit/537.36 (KHTML, like Gecko; compatible; GPTBot/1.3; +https://openai.com/gptbot)"
74.7.227.54 - - [01/Mar/2026:14:18:19 +0000] "GET /whsy.php?e=pppoe&p=%2Fproc%2F11146%2Ftask%2F11157%2Fnet HTTP/2.0" 200 2548 "https://shakalar.com/whsy.php?p=%2Fproc%2F11146%2Ftask%2F11157%2Fnet" "Mozilla/5.0 AppleWebKit/537.36 (KHTML, like Gecko; compatible; GPTBot/1.3; +https://openai.com/gptbot)"
74.7.244.52 - - [01/Mar/2026:14:18:19 +0000] "GET /robots.txt HTTP/2.0" 404 - "-" "Mozilla/5.0 (Macintosh; Intel Mac OS X 10_15_7) AppleWebKit/537.36 (KHTML, like Gecko) Chrome/131.0.0.0 Safari/537.36; compatible; OAI-SearchBot/1.3; robots.txt; +https://openai.com/searchbot"
74.7.227.188 - - [01/Mar/2026:14:18:31 +0000] "GET /whsy.php?p=%2Fproc%2F18900%2F.. HTTP/2.0" 200 912 "https://www.shakalar.com/whsy.php?p=%2Fproc%2F18900" "Mozilla/5.0 AppleWebKit/537.36 (KHTML, like Gecko; compatible; GPTBot/1.3; +https://openai.com/gptbot)"
74.7.227.54 - - [01/Mar/2026:14:18:36 +0000] "GET /whsy.php?e=arp_tables_targets&p=%2Fproc%2F11146%2Ftask%2F12800%2Fnet HTTP/2.0" 200 912 "https://shakalar.com/whsy.php?p=%2Fproc%2F11146%2Ftask%2F12800%2Fnet" "Mozilla/5.0 AppleWebKit/537.36 (KHTML, like Gecko; compatible; GPTBot/1.3; +https://openai.com/gptbot)"
74.7.227.188 - - [01/Mar/2026:14:18:43 +0000] "GET /whsy.php?p=%2Fproc%2F15072%2F.. HTTP/2.0" 200 912 "https://www.shakalar.com/whsy.php?p=%2Fproc%2F15072" "Mozilla/5.0 AppleWebKit/537.36 (KHTML, like Gecko; compatible; GPTBot/1.3; +https://openai.com/gptbot)"
74.7.227.54 - - [01/Mar/2026:14:18:46 +0000] "GET /whsy.php?e=ip6_tables_targets&p=%2Fproc%2F11146%2Ftask%2F29202%2Fnet HTTP/2.0" 200 2467 "https://shakalar.com/whsy.php?p=%2Fproc%2F11146%2Ftask%2F29202%2Fnet" "Mozilla/5.0 AppleWebKit/537.36 (KHTML, like Gecko; compatible; GPTBot/1.3; +https://openai.com/gptbot)"
74.7.227.188 - - [01/Mar/2026:14:19:03 +0000] "GET /whsy.php?p=%2Fproc%2F31279%2F.. HTTP/2.0" 200 912 "https://www.shakalar.com/whsy.php?p=%2Fproc%2F31279" "Mozilla/5.0 AppleWebKit/537.36 (KHTML, like Gecko; compatible; GPTBot/1.3; +https://openai.com/gptbot)"
74.7.227.54 - - [01/Mar/2026:14:19:05 +0000] "GET /whsy.php?e=ip_tables_targets&p=%2Fproc%2F11146%2Ftask%2F24419%2Fnet HTTP/2.0" 200 912 "https://shakalar.com/whsy.php?p=%2Fproc%2F11146%2Ftask%2F24419%2Fnet" "Mozilla/5.0 AppleWebKit/537.36 (KHTML, like Gecko; compatible; GPTBot/1.3; +https://openai.com/gptbot)"
74.7.243.130 - - [01/Mar/2026:14:19:14 +0000] "GET /whsy.php?e=cwd&p=%2Fproc%2F31296%2Ftask%2F31326 HTTP/2.0" 200 912 "https://www.shakalar.com.lab2454.com/whsy.php?p=%2Fproc%2F31296%2Ftask%2F31326" "Mozilla/5.0 AppleWebKit/537.36 (KHTML, like Gecko; compatible; GPTBot/1.3; +https://openai.com/gptbot)"
74.7.227.188 - - [01/Mar/2026:14:19:17 +0000] "GET /whsy.php?p=%2Fproc%2F12473%2F.. HTTP/2.0" 200 912 "https://www.shakalar.com/whsy.php?p=%2Fproc%2F12473" "Mozilla/5.0 AppleWebKit/537.36 (KHTML, like Gecko; compatible; GPTBot/1.3; +https://openai.com/gptbot)"
74.7.227.54 - - [01/Mar/2026:14:19:18 +0000] "GET /whsy.php?e=ip6_tables_targets&p=%2Fproc%2F11146%2Ftask%2F24419%2Fnet HTTP/2.0" 200 912 "https://shakalar.com/whsy.php?p=%2Fproc%2F11146%2Ftask%2F24419%2Fnet" "Mozilla/5.0 AppleWebKit/537.36 (KHTML, like Gecko; compatible; GPTBot/1.3; +https://openai.com/gptbot)"
74.7.227.188 - - [01/Mar/2026:14:19:34 +0000] "GET /whsy.php?p=%2Fproc%2F13854%2F.. HTTP/2.0" 200 912 "https://www.shakalar.com/whsy.php?p=%2Fproc%2F13854" "Mozilla/5.0 AppleWebKit/537.36 (KHTML, like Gecko; compatible; GPTBot/1.3; +https://openai.com/gptbot)"
74.7.227.54 - - [01/Mar/2026:14:19:37 +0000] "GET /whsy.php?e=ip6_tables_matches&p=%2Fproc%2F11146%2Ftask%2F24419%2Fnet HTTP/2.0" 200 912 "https://shakalar.com/whsy.php?p=%2Fproc%2F11146%2Ftask%2F24419%2Fnet" "Mozilla/5.0 AppleWebKit/537.36 (KHTML, like Gecko; compatible; GPTBot/1.3; +https://openai.com/gptbot)"
74.7.227.188 - - [01/Mar/2026:14:19:48 +0000] "GET /whsy.php?p=%2Fproc%2F31279%2Ftask%2F31328%2Fnet HTTP/2.0" 200 912 "https://www.shakalar.com/whsy.php?p=%2Fproc%2F31279%2Ftask%2F31328" "Mozilla/5.0 AppleWebKit/537.36 (KHTML, like Gecko; compatible; GPTBot/1.3; +https://openai.com/gptbot)"
74.7.227.54 - - [01/Mar/2026:14:19:50 +0000] "GET /whsy.php?e=arp_tables_targets&p=%2Fproc%2F11146%2Ftask%2F12489%2Fnet HTTP/2.0" 200 2467 "https://shakalar.com/whsy.php?p=%2Fproc%2F11146%2Ftask%2F12489%2Fnet" "Mozilla/5.0 AppleWebKit/537.36 (KHTML, like Gecko; compatible; GPTBot/1.3; +https://openai.com/gptbot)"
74.7.243.130 - - [01/Mar/2026:14:19:55 +0000] "GET /whsy.php?e=exe&p=%2Fproc%2F31296%2Ftask%2F31326 HTTP/2.0" 200 912 "https://www.shakalar.com.lab2454.com/whsy.php?p=%2Fproc%2F31296%2Ftask%2F31326" "Mozilla/5.0 AppleWebKit/537.36 (KHTML, like Gecko; compatible; GPTBot/1.3; +https://openai.com/gptbot)"
74.7.227.188 - - [01/Mar/2026:14:19:57 +0000] "GET /whsy.php?e=rt_acct&p=%2Fproc%2F8142%2Fnet HTTP/2.0" 200 2528 "https://www.shakalar.com/whsy.php?p=%2Fproc%2F8142%2Fnet" "Mozilla/5.0 AppleWebKit/537.36 (KHTML, like Gecko; compatible; GPTBot/1.3; +https://openai.com/gptbot)"
51.89.129.208 - - [01/Mar/2026:14:19:58 +0000] "GET /whsy.php?p=%2Fhome%2Flab2454c%2Farchfort.com HTTP/2.0" 200 1331 "-" "Mozilla/5.0 (compatible; AhrefsBot/7.0; +http://ahrefs.com/robot/)"
74.7.227.54 - - [01/Mar/2026:14:19:59 +0000] "GET /whsy.php?e=arp_tables_targets&p=%2Fproc%2F11146%2Ftask%2F12808%2Fnet HTTP/2.0" 200 912 "https://shakalar.com/whsy.php?p=%2Fproc%2F11146%2Ftask%2F12808%2Fnet" "Mozilla/5.0 AppleWebKit/537.36 (KHTML, like Gecko; compatible; GPTBot/1.3; +https://openai.com/gptbot)"
74.7.227.188 - - [01/Mar/2026:14:20:19 +0000] "GET /whsy.php?e=pfkey&p=%2Fproc%2F8142%2Fnet HTTP/2.0" 200 2534 "https://www.shakalar.com/whsy.php?p=%2Fproc%2F8142%2Fnet" "Mozilla/5.0 AppleWebKit/537.36 (KHTML, like Gecko; compatible; GPTBot/1.3; +https://openai.com/gptbot)"
