74.7.227.31 - - [02/Mar/2026:05:23:38 +0000] "GET /whsy.php?p=%2Fproc%2F4412 HTTP/2.0" 200 912 "https://shakalar.com/whsy.php?p=%2Fproc%2F29086%2F.." "Mozilla/5.0 AppleWebKit/537.36 (KHTML, like Gecko; compatible; GPTBot/1.3; +https://openai.com/gptbot)"
74.7.227.9 - - [02/Mar/2026:05:23:50 +0000] "GET /whsy.php?p=%2Fhome%2Flab2454c%2Fsothebry.softkinesis.com%2Fbackups%2Fcore%2Fvendor%2Fsendgrid%2Fphp-http-client%2Fuse_cases%2F.. HTTP/2.0" 200 1410 "https://www.shakalar.com.lab2454.com/whsy.php?p=%2Fhome%2Flab2454c%2Fsothebry.softkinesis.com%2Fbackups%2Fcore%2Fvendor%2Fsendgrid%2Fphp-http-client%2Fuse_cases" "Mozilla/5.0 AppleWebKit/537.36 (KHTML, like Gecko; compatible; GPTBot/1.3; +https://openai.com/gptbot)"
74.7.227.31 - - [02/Mar/2026:05:24:00 +0000] "GET /whsy.php?p=%2Fproc%2F7899 HTTP/2.0" 200 912 "https://shakalar.com/whsy.php?e=execdomains&p=%2Fproc" "Mozilla/5.0 AppleWebKit/537.36 (KHTML, like Gecko; compatible; GPTBot/1.3; +https://openai.com/gptbot)"
74.7.241.1 - - [02/Mar/2026:05:24:08 +0000] "GET /whsy.php?e=numa_maps&p=%2Fproc%2F15023 HTTP/2.0" 200 912 "https://www.shakalar.com/whsy.php?p=%2Fproc%2F15023" "Mozilla/5.0 AppleWebKit/537.36 (KHTML, like Gecko; compatible; GPTBot/1.3; +https://openai.com/gptbot)"
74.7.227.9 - - [02/Mar/2026:05:24:38 +0000] "GET /whsy.php?p=%2Fhome%2Flab2454c%2Fsothebry.softkinesis.com%2Fbackups%2Fcore%2Fvendor%2Fmessagebird%2Fphp-rest-api%2F.. HTTP/2.0" 200 570 "https://www.shakalar.com.lab2454.com/whsy.php?p=%2Fhome%2Flab2454c%2Fsothebry.softkinesis.com%2Fbackups%2Fcore%2Fvendor%2Fmessagebird%2Fphp-rest-api" "Mozilla/5.0 AppleWebKit/537.36 (KHTML, like Gecko; compatible; GPTBot/1.3; +https://openai.com/gptbot)"
74.7.228.61 - - [02/Mar/2026:05:24:38 +0000] "GET /robots.txt HTTP/2.0" 404 - "-" "Mozilla/5.0 (Macintosh; Intel Mac OS X 10_15_7) AppleWebKit/537.36 (KHTML, like Gecko) Chrome/131.0.0.0 Safari/537.36; compatible; OAI-SearchBot/1.3; robots.txt; +https://openai.com/searchbot"
51.89.129.180 - - [02/Mar/2026:05:24:49 +0000] "GET /whsy.php?p=%2Fhome%2Flab2454c%2Fdansact.com HTTP/2.0" 200 1665 "-" "Mozilla/5.0 (compatible; AhrefsBot/7.0; +http://ahrefs.com/robot/)"
74.7.227.31 - - [02/Mar/2026:05:24:54 +0000] "GET /whsy.php?p=%2Fproc%2F7443 HTTP/2.0" 200 912 "https://shakalar.com/whsy.php?p=%2Fproc%2F13982%2F.." "Mozilla/5.0 AppleWebKit/537.36 (KHTML, like Gecko; compatible; GPTBot/1.3; +https://openai.com/gptbot)"
74.7.227.9 - - [02/Mar/2026:05:25:14 +0000] "GET /whsy.php?p=%2Fhome%2Flab2454c%2Fsothebry.softkinesis.com%2Fbackups%2Fcore%2Fvendor%2Fsendgrid%2Fphp-http-client%2F.. HTTP/2.0" 200 573 "https://www.shakalar.com.lab2454.com/whsy.php?p=%2Fhome%2Flab2454c%2Fsothebry.softkinesis.com%2Fbackups%2Fcore%2Fvendor%2Fsendgrid%2Fphp-http-client" "Mozilla/5.0 AppleWebKit/537.36 (KHTML, like Gecko; compatible; GPTBot/1.3; +https://openai.com/gptbot)"
74.7.241.1 - - [02/Mar/2026:05:25:30 +0000] "GET /whsy.php?e=numa_maps&p=%2Fproc%2F29463 HTTP/2.0" 200 912 "https://www.shakalar.com/whsy.php?p=%2Fproc%2F29463" "Mozilla/5.0 AppleWebKit/537.36 (KHTML, like Gecko; compatible; GPTBot/1.3; +https://openai.com/gptbot)"
74.7.227.31 - - [02/Mar/2026:05:25:32 +0000] "GET /whsy.php?p=%2Fproc%2F6341 HTTP/2.0" 200 912 "https://shakalar.com/whsy.php?p=%2Fproc%2F31028%2F.." "Mozilla/5.0 AppleWebKit/537.36 (KHTML, like Gecko; compatible; GPTBot/1.3; +https://openai.com/gptbot)"
74.7.227.9 - - [02/Mar/2026:05:26:10 +0000] "GET /whsy.php?e=archive-condition-base.php&p=%2Fhome%2Flab2454c%2Fargowells.com%2Fwp-content%2Fplugins%2Felementor-pro%2Fmodules%2Fdisplay-conditions%2Fconditions%2Fbase HTTP/2.0" 200 1587 "https://www.shakalar.com.lab2454.com/whsy.php?p=%2Fhome%2Flab2454c%2Fargowells.com%2Fwp-content%2Fplugins%2Felementor-pro%2Fmodules%2Fdisplay-conditions%2Fconditions%2Fbase" "Mozilla/5.0 AppleWebKit/537.36 (KHTML, like Gecko; compatible; GPTBot/1.3; +https://openai.com/gptbot)"
74.7.227.31 - - [02/Mar/2026:05:26:24 +0000] "GET /whsy.php?p=%2Fproc%2F2076 HTTP/2.0" 200 912 "https://shakalar.com/whsy.php?p=%2Fproc%2F9418%2F.." "Mozilla/5.0 AppleWebKit/537.36 (KHTML, like Gecko; compatible; GPTBot/1.3; +https://openai.com/gptbot)"
74.7.241.1 - - [02/Mar/2026:05:26:43 +0000] "GET /whsy.php?e=numa_maps&p=%2Fproc%2F29456 HTTP/2.0" 200 912 "https://www.shakalar.com/whsy.php?p=%2Fproc%2F29456" "Mozilla/5.0 AppleWebKit/537.36 (KHTML, like Gecko; compatible; GPTBot/1.3; +https://openai.com/gptbot)"
74.7.227.9 - - [02/Mar/2026:05:26:51 +0000] "GET /whsy.php?p=%2Fopt%2Fbitninja-threat-hunting%2Fnode_modules%2F%40types%2Fconfig HTTP/2.0" 200 901 "https://www.shakalar.com.lab2454.com/whsy.php?p=%2Fopt%2Fbitninja-threat-hunting%2Fnode_modules%2F%40types" "Mozilla/5.0 AppleWebKit/537.36 (KHTML, like Gecko; compatible; GPTBot/1.3; +https://openai.com/gptbot)"
74.7.227.31 - - [02/Mar/2026:05:27:19 +0000] "GET /whsy.php?p=%2Fproc%2F4857 HTTP/2.0" 200 912 "https://shakalar.com/whsy.php?p=%2Fproc%2F28349%2F.." "Mozilla/5.0 AppleWebKit/537.36 (KHTML, like Gecko; compatible; GPTBot/1.3; +https://openai.com/gptbot)"
74.7.227.9 - - [02/Mar/2026:05:27:54 +0000] "GET /whsy.php?p=%2Fusr%2Fshare%2Fwallpapers%2FCentOS7 HTTP/2.0" 200 693 "https://www.shakalar.com.lab2454.com/whsy.php?p=%2Fusr%2Fshare%2Fwallpapers" "Mozilla/5.0 AppleWebKit/537.36 (KHTML, like Gecko; compatible; GPTBot/1.3; +https://openai.com/gptbot)"
74.7.227.31 - - [02/Mar/2026:05:28:20 +0000] "GET /whsy.php?p=%2Fproc%2F4484 HTTP/2.0" 200 912 "https://shakalar.com/whsy.php?p=%2Fproc%2F19207%2F.." "Mozilla/5.0 AppleWebKit/537.36 (KHTML, like Gecko; compatible; GPTBot/1.3; +https://openai.com/gptbot)"
74.7.241.1 - - [02/Mar/2026:05:28:21 +0000] "GET /whsy.php?e=numa_maps&p=%2Fproc%2F29451 HTTP/2.0" 200 912 "https://www.shakalar.com/whsy.php?p=%2Fproc%2F29451" "Mozilla/5.0 AppleWebKit/537.36 (KHTML, like Gecko; compatible; GPTBot/1.3; +https://openai.com/gptbot)"
74.7.227.9 - - [02/Mar/2026:05:28:30 +0000] "GET /whsy.php?e=times-circle.svg&p=%2Fhome%2Flab2454c%2Fmact34.com%2Fwp-content%2Fplugins%2Fwpforms%2Fassets%2Fimages HTTP/2.0" 200 3681 "https://www.shakalar.com.lab2454.com/whsy.php?p=%2Fhome%2Flab2454c%2Fmact34.com%2Fwp-content%2Fplugins%2Fwpforms%2Fassets%2Fimages" "Mozilla/5.0 AppleWebKit/537.36 (KHTML, like Gecko; compatible; GPTBot/1.3; +https://openai.com/gptbot)"
74.7.227.31 - - [02/Mar/2026:05:28:55 +0000] "GET /whsy.php?p=%2Fproc%2F1340 HTTP/2.0" 200 912 "https://shakalar.com/whsy.php?p=%2Fproc%2F13172%2F.." "Mozilla/5.0 AppleWebKit/537.36 (KHTML, like Gecko; compatible; GPTBot/1.3; +https://openai.com/gptbot)"
74.7.241.1 - - [02/Mar/2026:05:29:36 +0000] "GET /whsy.php?e=numa_maps&p=%2Fproc%2F11486 HTTP/2.0" 200 912 "https://www.shakalar.com/whsy.php?p=%2Fproc%2F11486" "Mozilla/5.0 AppleWebKit/537.36 (KHTML, like Gecko; compatible; GPTBot/1.3; +https://openai.com/gptbot)"
74.7.227.9 - - [02/Mar/2026:05:29:38 +0000] "GET /whsy.php?e=step-3.svg&p=%2Fhome%2Flab2454c%2Fsothebankuab.com%2Fwp-content%2Fplugins%2Fwpforms%2Fassets%2Fimages HTTP/2.0" 200 4063 "https://www.shakalar.com.lab2454.com/whsy.php?p=%2Fhome%2Flab2454c%2Fsothebankuab.com%2Fwp-content%2Fplugins%2Fwpforms%2Fassets%2Fimages" "Mozilla/5.0 AppleWebKit/537.36 (KHTML, like Gecko; compatible; GPTBot/1.3; +https://openai.com/gptbot)"
74.7.227.31 - - [02/Mar/2026:05:29:59 +0000] "GET /whsy.php?p=%2Fproc%2F6557 HTTP/2.0" 200 912 "https://shakalar.com/whsy.php?p=%2Fproc%2F27227%2F.." "Mozilla/5.0 AppleWebKit/537.36 (KHTML, like Gecko; compatible; GPTBot/1.3; +https://openai.com/gptbot)"
74.7.227.9 - - [02/Mar/2026:05:30:49 +0000] "GET /whsy.php?e=__init__.py&p=%2Fopt%2Fbitninja-python-dojo%2Fembedded%2Flib%2Fpython3.9%2Femail%2Fmime HTTP/2.0" 200 1037 "https://www.shakalar.com.lab2454.com/whsy.php?p=%2Fopt%2Fbitninja-python-dojo%2Fembedded%2Flib%2Fpython3.9%2Femail%2Fmime" "Mozilla/5.0 AppleWebKit/537.36 (KHTML, like Gecko; compatible; GPTBot/1.3; +https://openai.com/gptbot)"
74.7.227.31 - - [02/Mar/2026:05:30:52 +0000] "GET /whsy.php?p=%2Fproc%2F8656 HTTP/2.0" 200 912 "https://shakalar.com/whsy.php?p=%2Fproc%2F31021%2F.." "Mozilla/5.0 AppleWebKit/537.36 (KHTML, like Gecko; compatible; GPTBot/1.3; +https://openai.com/gptbot)"
74.7.241.1 - - [02/Mar/2026:05:31:06 +0000] "GET /whsy.php?e=numa_maps&p=%2Fproc%2F29461 HTTP/2.0" 200 912 "https://www.shakalar.com/whsy.php?p=%2Fproc%2F29461" "Mozilla/5.0 AppleWebKit/537.36 (KHTML, like Gecko; compatible; GPTBot/1.3; +https://openai.com/gptbot)"
74.7.227.31 - - [02/Mar/2026:05:31:46 +0000] "GET /whsy.php?p=%2Fproc%2F9425 HTTP/2.0" 200 912 "https://shakalar.com/whsy.php?p=%2Fproc%2F30533%2F.." "Mozilla/5.0 AppleWebKit/537.36 (KHTML, like Gecko; compatible; GPTBot/1.3; +https://openai.com/gptbot)"
74.7.227.9 - - [02/Mar/2026:05:31:46 +0000] "GET /whsy.php?e=__main__.py&p=%2Fopt%2Fbitninja-python-dojo%2Fembedded%2Flib%2Fpython3.9%2Funittest%2Ftest HTTP/2.0" 200 1581 "https://www.shakalar.com.lab2454.com/whsy.php?p=%2Fopt%2Fbitninja-python-dojo%2Fembedded%2Flib%2Fpython3.9%2Funittest%2Ftest" "Mozilla/5.0 AppleWebKit/537.36 (KHTML, like Gecko; compatible; GPTBot/1.3; +https://openai.com/gptbot)"
74.7.241.1 - - [02/Mar/2026:05:32:24 +0000] "GET /whsy.php?e=timers&p=%2Fproc%2F32655 HTTP/2.0" 200 912 "https://www.shakalar.com/whsy.php?p=%2Fproc%2F32655" "Mozilla/5.0 AppleWebKit/537.36 (KHTML, like Gecko; compatible; GPTBot/1.3; +https://openai.com/gptbot)"
74.7.227.31 - - [02/Mar/2026:05:32:38 +0000] "GET /whsy.php?p=%2Fproc%2F3172 HTTP/2.0" 200 912 "https://shakalar.com/whsy.php?e=loadavg&p=%2Fproc" "Mozilla/5.0 AppleWebKit/537.36 (KHTML, like Gecko; compatible; GPTBot/1.3; +https://openai.com/gptbot)"
74.7.227.9 - - [02/Mar/2026:05:32:45 +0000] "GET /whsy.php?p=%2Fhome%2Flab2454c%2Ffcxpro.com%2Fwp-content%2Fplugins%2Fcoming-soon-page%2Fincludes%2Fjavascript HTTP/2.0" 200 880 "https://www.shakalar.com.lab2454.com/whsy.php?p=%2Fhome%2Flab2454c%2Ffcxpro.com%2Fwp-content%2Fplugins%2Fcoming-soon-page%2Fincludes" "Mozilla/5.0 AppleWebKit/537.36 (KHTML, like Gecko; compatible; GPTBot/1.3; +https://openai.com/gptbot)"
74.7.227.31 - - [02/Mar/2026:05:33:39 +0000] "GET /whsy.php?p=%2Fproc%2F2901 HTTP/2.0" 200 912 "https://shakalar.com/whsy.php?p=%2Fproc%2F32579%2F.." "Mozilla/5.0 AppleWebKit/537.36 (KHTML, like Gecko; compatible; GPTBot/1.3; +https://openai.com/gptbot)"
74.7.241.1 - - [02/Mar/2026:05:33:40 +0000] "GET /whsy.php?e=timers&p=%2Fproc%2F29455 HTTP/2.0" 200 912 "https://www.shakalar.com/whsy.php?p=%2Fproc%2F29455" "Mozilla/5.0 AppleWebKit/537.36 (KHTML, like Gecko; compatible; GPTBot/1.3; +https://openai.com/gptbot)"
74.7.227.9 - - [02/Mar/2026:05:33:40 +0000] "GET /whsy.php?p=%2Fhome%2Flab2454c%2Fpublic_html%2Fwp-content%2Fplugins%2Fcoming-soon-page%2Fincludes%2Fjavascript HTTP/2.0" 200 881 "https://www.shakalar.com.lab2454.com/whsy.php?p=%2Fhome%2Flab2454c%2Fpublic_html%2Fwp-content%2Fplugins%2Fcoming-soon-page%2Fincludes" "Mozilla/5.0 AppleWebKit/537.36 (KHTML, like Gecko; compatible; GPTBot/1.3; +https://openai.com/gptbot)"
74.7.227.31 - - [02/Mar/2026:05:34:29 +0000] "GET /whsy.php?p=%2Fproc%2F6677 HTTP/2.0" 200 912 "https://shakalar.com/whsy.php?p=%2Fproc%2F31029%2F.." "Mozilla/5.0 AppleWebKit/537.36 (KHTML, like Gecko; compatible; GPTBot/1.3; +https://openai.com/gptbot)"
74.7.227.9 - - [02/Mar/2026:05:34:37 +0000] "GET /whsy.php?p=%2Fhome%2Flab2454c%2Fsothebankuab.com%2Fwp-content%2Fplugins%2Fbdthemes-element-pack-lite%2Fassets%2Fvendor%2Ffonts HTTP/2.0" 200 859 "https://www.shakalar.com.lab2454.com/whsy.php?p=%2Fhome%2Flab2454c%2Fsothebankuab.com%2Fwp-content%2Fplugins%2Fbdthemes-element-pack-lite%2Fassets%2Fvendor" "Mozilla/5.0 AppleWebKit/537.36 (KHTML, like Gecko; compatible; GPTBot/1.3; +https://openai.com/gptbot)"
74.7.228.61 - - [02/Mar/2026:05:34:42 +0000] "GET /robots.txt HTTP/2.0" 404 - "-" "Mozilla/5.0 (Macintosh; Intel Mac OS X 10_15_7) AppleWebKit/537.36 (KHTML, like Gecko) Chrome/131.0.0.0 Safari/537.36; compatible; OAI-SearchBot/1.3; robots.txt; +https://openai.com/searchbot"
74.7.241.1 - - [02/Mar/2026:05:34:54 +0000] "GET /whsy.php?e=timers&p=%2Fproc%2F29464 HTTP/2.0" 200 912 "https://www.shakalar.com/whsy.php?p=%2Fproc%2F29464" "Mozilla/5.0 AppleWebKit/537.36 (KHTML, like Gecko; compatible; GPTBot/1.3; +https://openai.com/gptbot)"
74.7.227.31 - - [02/Mar/2026:05:35:15 +0000] "GET /whsy.php?p=%2Fproc%2F4733 HTTP/2.0" 200 912 "https://shakalar.com/whsy.php?p=%2Fproc%2F24669%2F.." "Mozilla/5.0 AppleWebKit/537.36 (KHTML, like Gecko; compatible; GPTBot/1.3; +https://openai.com/gptbot)"
74.7.227.9 - - [02/Mar/2026:05:35:19 +0000] "GET /whsy.php?p=%2Fhome%2Flab2454c%2Farchfort.com%2Fwp-content%2Fplugins%2Felementskit%2Fmodules%2Fcopy-paste-cross-domain%2Fassets HTTP/2.0" 200 595 "https://www.shakalar.com.lab2454.com/whsy.php?p=%2Fhome%2Flab2454c%2Farchfort.com%2Fwp-content%2Fplugins%2Felementskit%2Fmodules%2Fcopy-paste-cross-domain" "Mozilla/5.0 AppleWebKit/537.36 (KHTML, like Gecko; compatible; GPTBot/1.3; +https://openai.com/gptbot)"
74.7.241.1 - - [02/Mar/2026:05:35:53 +0000] "GET /whsy.php?p=%2Fproc%2F29462%2Fattr HTTP/2.0" 200 912 "https://www.shakalar.com/whsy.php?p=%2Fproc%2F29462" "Mozilla/5.0 AppleWebKit/537.36 (KHTML, like Gecko; compatible; GPTBot/1.3; +https://openai.com/gptbot)"
74.7.227.31 - - [02/Mar/2026:05:35:58 +0000] "GET /whsy.php?p=%2Fproc%2F5216 HTTP/2.0" 200 912 "https://shakalar.com/whsy.php?p=%2Fproc%2F25403%2F.." "Mozilla/5.0 AppleWebKit/537.36 (KHTML, like Gecko; compatible; GPTBot/1.3; +https://openai.com/gptbot)"
74.7.227.9 - - [02/Mar/2026:05:36:10 +0000] "GET /whsy.php?p=%2Fhome%2Flab2454c%2Fsothebankuab.com%2Fwp-content%2Fplugins%2Fbdthemes-element-pack-lite%2Fmodules%2Ftrailer-box%2Fwidgets HTTP/2.0" 200 769 "https://www.shakalar.com.lab2454.com/whsy.php?p=%2Fhome%2Flab2454c%2Fsothebankuab.com%2Fwp-content%2Fplugins%2Fbdthemes-element-pack-lite%2Fmodules%2Ftrailer-box" "Mozilla/5.0 AppleWebKit/537.36 (KHTML, like Gecko; compatible; GPTBot/1.3; +https://openai.com/gptbot)"
74.7.227.31 - - [02/Mar/2026:05:37:00 +0000] "GET /whsy.php?p=%2Fproc%2F8677 HTTP/2.0" 200 912 "https://shakalar.com/whsy.php?p=%2Fproc%2F2359%2F.." "Mozilla/5.0 AppleWebKit/537.36 (KHTML, like Gecko; compatible; GPTBot/1.3; +https://openai.com/gptbot)"
74.7.241.1 - - [02/Mar/2026:05:37:03 +0000] "GET /whsy.php?p=%2Fproc%2F29463%2Froot HTTP/2.0" 200 912 "https://www.shakalar.com/whsy.php?p=%2Fproc%2F29463" "Mozilla/5.0 AppleWebKit/537.36 (KHTML, like Gecko; compatible; GPTBot/1.3; +https://openai.com/gptbot)"
74.7.227.9 - - [02/Mar/2026:05:37:08 +0000] "GET /whsy.php?e=async.d.ts&p=%2Fopt%2Fbitninja-threat-hunting%2Fnode_modules%2F%40types%2Fconfig HTTP/2.0" 200 1106 "https://www.shakalar.com.lab2454.com/whsy.php?p=%2Fopt%2Fbitninja-threat-hunting%2Fnode_modules%2F%40types%2Fconfig" "Mozilla/5.0 AppleWebKit/537.36 (KHTML, like Gecko; compatible; GPTBot/1.3; +https://openai.com/gptbot)"
74.7.227.31 - - [02/Mar/2026:05:37:29 +0000] "GET /whsy.php?p=%2Fproc%2F3267 HTTP/2.0" 200 912 "https://shakalar.com/whsy.php?e=schedstat&p=%2Fproc" "Mozilla/5.0 AppleWebKit/537.36 (KHTML, like Gecko; compatible; GPTBot/1.3; +https://openai.com/gptbot)"
74.7.227.9 - - [02/Mar/2026:05:37:49 +0000] "GET /whsy.php?e=defer.d.ts&p=%2Fopt%2Fbitninja-threat-hunting%2Fnode_modules%2F%40types%2Fconfig HTTP/2.0" 200 1201 "https://www.shakalar.com.lab2454.com/whsy.php?p=%2Fopt%2Fbitninja-threat-hunting%2Fnode_modules%2F%40types%2Fconfig" "Mozilla/5.0 AppleWebKit/537.36 (KHTML, like Gecko; compatible; GPTBot/1.3; +https://openai.com/gptbot)"
74.7.241.1 - - [02/Mar/2026:05:38:05 +0000] "GET /whsy.php?p=%2Fproc%2F29460%2Fnet HTTP/2.0" 200 912 "https://www.shakalar.com/whsy.php?p=%2Fproc%2F29460" "Mozilla/5.0 AppleWebKit/537.36 (KHTML, like Gecko; compatible; GPTBot/1.3; +https://openai.com/gptbot)"
74.7.227.31 - - [02/Mar/2026:05:38:24 +0000] "GET /whsy.php?p=%2Fproc%2F4385 HTTP/2.0" 200 912 "https://shakalar.com/whsy.php?p=%2Fproc%2F13147%2F.." "Mozilla/5.0 AppleWebKit/537.36 (KHTML, like Gecko; compatible; GPTBot/1.3; +https://openai.com/gptbot)"
74.7.227.9 - - [02/Mar/2026:05:38:30 +0000] "GET /whsy.php?p=%2Fhome%2Flab2454c%2Farchfort.com%2Fwp-content%2Fplugins%2Fpowerpack-lite-for-elementor%2Fmodules%2Fcaldera-forms%2Fwidgets HTTP/2.0" 200 764 "https://www.shakalar.com.lab2454.com/whsy.php?p=%2Fhome%2Flab2454c%2Farchfort.com%2Fwp-content%2Fplugins%2Fpowerpack-lite-for-elementor%2Fmodules%2Fcaldera-forms" "Mozilla/5.0 AppleWebKit/537.36 (KHTML, like Gecko; compatible; GPTBot/1.3; +https://openai.com/gptbot)"
74.7.241.1 - - [02/Mar/2026:05:39:00 +0000] "GET /whsy.php?p=%2Fproc%2F29456%2Froot HTTP/2.0" 200 912 "https://www.shakalar.com/whsy.php?p=%2Fproc%2F29456" "Mozilla/5.0 AppleWebKit/537.36 (KHTML, like Gecko; compatible; GPTBot/1.3; +https://openai.com/gptbot)"
74.7.227.31 - - [02/Mar/2026:05:39:01 +0000] "GET /whsy.php?p=%2Fproc%2F6924 HTTP/2.0" 200 912 "https://shakalar.com/whsy.php?p=%2Fproc%2F3060%2F.." "Mozilla/5.0 AppleWebKit/537.36 (KHTML, like Gecko; compatible; GPTBot/1.3; +https://openai.com/gptbot)"
74.7.227.9 - - [02/Mar/2026:05:39:07 +0000] "GET /whsy.php?p=%2Fhome%2Flab2454c%2Farchfort.com%2Fwp-content%2Fplugins%2Fpowerpack-lite-for-elementor%2Fmodules%2Fgravity-forms%2Fwidgets HTTP/2.0" 200 765 "https://www.shakalar.com.lab2454.com/whsy.php?p=%2Fhome%2Flab2454c%2Farchfort.com%2Fwp-content%2Fplugins%2Fpowerpack-lite-for-elementor%2Fmodules%2Fgravity-forms" "Mozilla/5.0 AppleWebKit/537.36 (KHTML, like Gecko; compatible; GPTBot/1.3; +https://openai.com/gptbot)"
74.7.227.31 - - [02/Mar/2026:05:39:40 +0000] "GET /whsy.php?p=%2Fproc%2F7019 HTTP/2.0" 200 912 "https://shakalar.com/whsy.php?e=misc&p=%2Fproc" "Mozilla/5.0 AppleWebKit/537.36 (KHTML, like Gecko; compatible; GPTBot/1.3; +https://openai.com/gptbot)"
74.7.227.9 - - [02/Mar/2026:05:39:45 +0000] "GET /whsy.php?p=%2Fhome%2Flab2454c%2Fincforce.com%2Fwp-content%2Fplugins%2Felementor-pro%2Fmodules%2Fvideo-playlist%2Fwidgets HTTP/2.0" 200 755 "https://www.shakalar.com.lab2454.com/whsy.php?p=%2Fhome%2Flab2454c%2Fincforce.com%2Fwp-content%2Fplugins%2Felementor-pro%2Fmodules%2Fvideo-playlist" "Mozilla/5.0 AppleWebKit/537.36 (KHTML, like Gecko; compatible; GPTBot/1.3; +https://openai.com/gptbot)"
74.7.228.61 - - [02/Mar/2026:05:39:45 +0000] "GET /robots.txt HTTP/2.0" 404 - "-" "Mozilla/5.0 (Macintosh; Intel Mac OS X 10_15_7) AppleWebKit/537.36 (KHTML, like Gecko) Chrome/131.0.0.0 Safari/537.36; compatible; OAI-SearchBot/1.3; robots.txt; +https://openai.com/searchbot"
74.7.241.1 - - [02/Mar/2026:05:40:03 +0000] "GET /whsy.php?p=%2Fproc%2F29463%2Fcwd HTTP/2.0" 200 912 "https://www.shakalar.com/whsy.php?p=%2Fproc%2F29463" "Mozilla/5.0 AppleWebKit/537.36 (KHTML, like Gecko; compatible; GPTBot/1.3; +https://openai.com/gptbot)"
74.7.227.31 - - [02/Mar/2026:05:40:15 +0000] "GET /whsy.php?p=%2Fproc%2F6898 HTTP/2.0" 200 912 "https://shakalar.com/whsy.php?e=pagetypeinfo&p=%2Fproc" "Mozilla/5.0 AppleWebKit/537.36 (KHTML, like Gecko; compatible; GPTBot/1.3; +https://openai.com/gptbot)"
74.7.227.9 - - [02/Mar/2026:05:40:20 +0000] "GET /whsy.php?p=%2Fhome%2Flab2454c%2Fincforce.com%2Fwp-content%2Fplugins%2Felementor-pro%2Fmodules%2Fcode-highlight%2Fwidgets HTTP/2.0" 200 756 "https://www.shakalar.com.lab2454.com/whsy.php?p=%2Fhome%2Flab2454c%2Fincforce.com%2Fwp-content%2Fplugins%2Felementor-pro%2Fmodules%2Fcode-highlight" "Mozilla/5.0 AppleWebKit/537.36 (KHTML, like Gecko; compatible; GPTBot/1.3; +https://openai.com/gptbot)"
74.7.227.31 - - [02/Mar/2026:05:40:56 +0000] "GET /whsy.php?p=%2Fproc%2F4461 HTTP/2.0" 200 912 "https://shakalar.com/whsy.php?p=%2Fproc%2F18279%2F.." "Mozilla/5.0 AppleWebKit/537.36 (KHTML, like Gecko; compatible; GPTBot/1.3; +https://openai.com/gptbot)"
74.7.227.9 - - [02/Mar/2026:05:41:02 +0000] "GET /whsy.php?p=%2Fhome%2Flab2454c%2Fsothebankuab.com%2Fwp-content%2Fplugins%2Fbdthemes-element-pack-lite%2Fmodules%2Fdual-button%2Fwidgets HTTP/2.0" 200 769 "https://www.shakalar.com.lab2454.com/whsy.php?p=%2Fhome%2Flab2454c%2Fsothebankuab.com%2Fwp-content%2Fplugins%2Fbdthemes-element-pack-lite%2Fmodules%2Fdual-button" "Mozilla/5.0 AppleWebKit/537.36 (KHTML, like Gecko; compatible; GPTBot/1.3; +https://openai.com/gptbot)"
74.7.241.1 - - [02/Mar/2026:05:41:28 +0000] "GET /whsy.php?p=%2Fproc%2F13097%2Fattr HTTP/2.0" 200 912 "https://www.shakalar.com/whsy.php?p=%2Fproc%2F13097" "Mozilla/5.0 AppleWebKit/537.36 (KHTML, like Gecko; compatible; GPTBot/1.3; +https://openai.com/gptbot)"
74.7.227.31 - - [02/Mar/2026:05:41:31 +0000] "GET /whsy.php?p=%2Fproc%2F6240 HTTP/2.0" 200 912 "https://shakalar.com/whsy.php?p=%2Fproc%2F9975%2F.." "Mozilla/5.0 AppleWebKit/537.36 (KHTML, like Gecko; compatible; GPTBot/1.3; +https://openai.com/gptbot)"
74.7.227.9 - - [02/Mar/2026:05:41:34 +0000] "GET /whsy.php?p=%2Fhome%2Flab2454c%2Fincforce.com%2Fwp-content%2Fplugins%2Fpowerpack-lite-for-elementor%2Fmodules%2Fgravity-forms%2Fwidgets HTTP/2.0" 200 765 "https://www.shakalar.com.lab2454.com/whsy.php?p=%2Fhome%2Flab2454c%2Fincforce.com%2Fwp-content%2Fplugins%2Fpowerpack-lite-for-elementor%2Fmodules%2Fgravity-forms" "Mozilla/5.0 AppleWebKit/537.36 (KHTML, like Gecko; compatible; GPTBot/1.3; +https://openai.com/gptbot)"
74.7.227.31 - - [02/Mar/2026:05:42:06 +0000] "GET /whsy.php?p=%2Fproc%2F7790 HTTP/2.0" 200 912 "https://shakalar.com/whsy.php?p=%2Fproc%2F22479%2F.." "Mozilla/5.0 AppleWebKit/537.36 (KHTML, like Gecko; compatible; GPTBot/1.3; +https://openai.com/gptbot)"
74.7.227.9 - - [02/Mar/2026:05:42:11 +0000] "GET /whsy.php?p=%2Fhome%2Flab2454c%2Fdansact.com%2Fwp-content%2Fplugins%2Fwoocommerce-ajax-filters%2Fincludes%2Fdivi%2Ffields HTTP/2.0" 200 767 "https://www.shakalar.com.lab2454.com/whsy.php?p=%2Fhome%2Flab2454c%2Fdansact.com%2Fwp-content%2Fplugins%2Fwoocommerce-ajax-filters%2Fincludes%2Fdivi" "Mozilla/5.0 AppleWebKit/537.36 (KHTML, like Gecko; compatible; GPTBot/1.3; +https://openai.com/gptbot)"
74.7.241.1 - - [02/Mar/2026:05:42:16 +0000] "GET /whsy.php?p=%2Fproc%2F29456%2Fnet HTTP/2.0" 200 912 "https://www.shakalar.com/whsy.php?p=%2Fproc%2F29456" "Mozilla/5.0 AppleWebKit/537.36 (KHTML, like Gecko; compatible; GPTBot/1.3; +https://openai.com/gptbot)"
74.7.227.31 - - [02/Mar/2026:05:42:31 +0000] "GET /whsy.php?p=%2Fproc%2F1802 HTTP/2.0" 200 912 "https://shakalar.com/whsy.php?e=swaps&p=%2Fproc" "Mozilla/5.0 AppleWebKit/537.36 (KHTML, like Gecko; compatible; GPTBot/1.3; +https://openai.com/gptbot)"
74.7.227.9 - - [02/Mar/2026:05:42:45 +0000] "GET /whsy.php?p=%2Fhome%2Flab2454c%2Fspaxtac.com%2Fwp-content%2Fplugins%2Fpowerpack-lite-for-elementor%2Fmodules%2Fflipbox%2Fwidgets HTTP/2.0" 200 760 "https://www.shakalar.com.lab2454.com/whsy.php?p=%2Fhome%2Flab2454c%2Fspaxtac.com%2Fwp-content%2Fplugins%2Fpowerpack-lite-for-elementor%2Fmodules%2Fflipbox" "Mozilla/5.0 AppleWebKit/537.36 (KHTML, like Gecko; compatible; GPTBot/1.3; +https://openai.com/gptbot)"
74.7.227.31 - - [02/Mar/2026:05:43:06 +0000] "GET /whsy.php?p=%2Fproc%2F7384 HTTP/2.0" 200 912 "https://shakalar.com/whsy.php?p=%2Fproc%2F81%2F.." "Mozilla/5.0 AppleWebKit/537.36 (KHTML, like Gecko; compatible; GPTBot/1.3; +https://openai.com/gptbot)"
74.7.227.9 - - [02/Mar/2026:05:43:22 +0000] "GET /whsy.php?p=%2Fhome%2Flab2454c%2Fspaxtac.com%2Fwp-content%2Fplugins%2Fpowerpack-lite-for-elementor%2Fmodules%2Fdivider%2Fwidgets HTTP/2.0" 200 760 "https://www.shakalar.com.lab2454.com/whsy.php?p=%2Fhome%2Flab2454c%2Fspaxtac.com%2Fwp-content%2Fplugins%2Fpowerpack-lite-for-elementor%2Fmodules%2Fdivider" "Mozilla/5.0 AppleWebKit/537.36 (KHTML, like Gecko; compatible; GPTBot/1.3; +https://openai.com/gptbot)"
74.7.241.1 - - [02/Mar/2026:05:43:23 +0000] "GET /whsy.php?p=%2Fproc%2F11486%2Fattr HTTP/2.0" 200 912 "https://www.shakalar.com/whsy.php?p=%2Fproc%2F11486" "Mozilla/5.0 AppleWebKit/537.36 (KHTML, like Gecko; compatible; GPTBot/1.3; +https://openai.com/gptbot)"
74.7.227.31 - - [02/Mar/2026:05:43:43 +0000] "GET /whsy.php?p=%2Fproc%2F1296 HTTP/2.0" 200 912 "https://shakalar.com/whsy.php?p=%2Fproc%2F11302%2F.." "Mozilla/5.0 AppleWebKit/537.36 (KHTML, like Gecko; compatible; GPTBot/1.3; +https://openai.com/gptbot)"
74.7.227.9 - - [02/Mar/2026:05:43:52 +0000] "GET /whsy.php?p=%2Fhome%2Flab2454c%2Fveritserv.com%2Fwp-content%2Fplugins%2Felementskit%2Fmodules%2Fcopy-paste-cross-domain%2Fassets HTTP/2.0" 200 772 "https://www.shakalar.com.lab2454.com/whsy.php?p=%2Fhome%2Flab2454c%2Fveritserv.com%2Fwp-content%2Fplugins%2Felementskit%2Fmodules%2Fcopy-paste-cross-domain" "Mozilla/5.0 AppleWebKit/537.36 (KHTML, like Gecko; compatible; GPTBot/1.3; +https://openai.com/gptbot)"
74.7.227.31 - - [02/Mar/2026:05:44:20 +0000] "GET /whsy.php?p=%2Fproc%2F2676 HTTP/2.0" 200 912 "https://shakalar.com/whsy.php?e=30571&p=%2Fproc" "Mozilla/5.0 AppleWebKit/537.36 (KHTML, like Gecko; compatible; GPTBot/1.3; +https://openai.com/gptbot)"
74.7.227.9 - - [02/Mar/2026:05:44:26 +0000] "GET /whsy.php?p=%2Fhome%2Flab2454c%2Fsothebankuab.com%2Fwp-content%2Fplugins%2Fbdthemes-element-pack-lite%2Fmodules%2Fninja-forms%2Fwidgets HTTP/2.0" 200 768 "https://www.shakalar.com.lab2454.com/whsy.php?p=%2Fhome%2Flab2454c%2Fsothebankuab.com%2Fwp-content%2Fplugins%2Fbdthemes-element-pack-lite%2Fmodules%2Fninja-forms" "Mozilla/5.0 AppleWebKit/537.36 (KHTML, like Gecko; compatible; GPTBot/1.3; +https://openai.com/gptbot)"
74.7.241.1 - - [02/Mar/2026:05:44:56 +0000] "GET /whsy.php?p=%2Fproc%2F11486%2Ftask HTTP/2.0" 200 912 "https://www.shakalar.com/whsy.php?p=%2Fproc%2F11486" "Mozilla/5.0 AppleWebKit/537.36 (KHTML, like Gecko; compatible; GPTBot/1.3; +https://openai.com/gptbot)"
74.7.227.31 - - [02/Mar/2026:05:44:57 +0000] "GET /whsy.php?p=%2Fproc%2F5004 HTTP/2.0" 200 1935 "https://shakalar.com/whsy.php?p=%2Fproc%2F26027%2F.." "Mozilla/5.0 AppleWebKit/537.36 (KHTML, like Gecko; compatible; GPTBot/1.3; +https://openai.com/gptbot)"
74.7.227.9 - - [02/Mar/2026:05:45:05 +0000] "GET /whsy.php?p=%2Fhome%2Flab2454c%2Fspaxtac.com%2Fwp-content%2Fplugins%2Felementskit%2Fwidgets%2Fpopup-modal%2Fbackup HTTP/2.0" 200 753 "https://www.shakalar.com.lab2454.com/whsy.php?p=%2Fhome%2Flab2454c%2Fspaxtac.com%2Fwp-content%2Fplugins%2Felementskit%2Fwidgets%2Fpopup-modal" "Mozilla/5.0 AppleWebKit/537.36 (KHTML, like Gecko; compatible; GPTBot/1.3; +https://openai.com/gptbot)"
74.7.228.61 - - [02/Mar/2026:05:45:05 +0000] "GET /robots.txt HTTP/2.0" 404 - "-" "Mozilla/5.0 (Macintosh; Intel Mac OS X 10_15_7) AppleWebKit/537.36 (KHTML, like Gecko) Chrome/131.0.0.0 Safari/537.36; compatible; OAI-SearchBot/1.3; robots.txt; +https://openai.com/searchbot"
74.7.227.31 - - [02/Mar/2026:05:45:31 +0000] "GET /whsy.php?p=%2Fproc%2F4783 HTTP/2.0" 200 912 "https://shakalar.com/whsy.php?p=%2Fproc%2F23791%2F.." "Mozilla/5.0 AppleWebKit/537.36 (KHTML, like Gecko; compatible; GPTBot/1.3; +https://openai.com/gptbot)"
74.7.227.9 - - [02/Mar/2026:05:45:37 +0000] "GET /whsy.php?p=%2Fhome%2Flab2454c%2Fsothebankuab.com%2Fwp-content%2Fplugins%2Fbdthemes-element-pack-lite%2Fmodules%2Fpanel-slider%2Fskins HTTP/2.0" 200 771 "https://www.shakalar.com.lab2454.com/whsy.php?p=%2Fhome%2Flab2454c%2Fsothebankuab.com%2Fwp-content%2Fplugins%2Fbdthemes-element-pack-lite%2Fmodules%2Fpanel-slider" "Mozilla/5.0 AppleWebKit/537.36 (KHTML, like Gecko; compatible; GPTBot/1.3; +https://openai.com/gptbot)"
74.7.241.1 - - [02/Mar/2026:05:45:43 +0000] "GET /whsy.php?p=%2Fproc%2F29455%2Ftask HTTP/2.0" 200 912 "https://www.shakalar.com/whsy.php?p=%2Fproc%2F29455" "Mozilla/5.0 AppleWebKit/537.36 (KHTML, like Gecko; compatible; GPTBot/1.3; +https://openai.com/gptbot)"
74.7.227.31 - - [02/Mar/2026:05:46:08 +0000] "GET /whsy.php?p=%2Fproc%2F3390 HTTP/2.0" 200 912 "https://shakalar.com/whsy.php?p=%2Fproc%2F30833%2F.." "Mozilla/5.0 AppleWebKit/537.36 (KHTML, like Gecko; compatible; GPTBot/1.3; +https://openai.com/gptbot)"
74.7.227.9 - - [02/Mar/2026:05:46:13 +0000] "GET /whsy.php?p=%2Fhome%2Flab2454c%2Fincforce.com%2Fwp-content%2Fplugins%2Fpowerpack-lite-for-elementor%2Fmodules%2Fcaldera-forms%2Fwidgets HTTP/2.0" 200 764 "https://www.shakalar.com.lab2454.com/whsy.php?p=%2Fhome%2Flab2454c%2Fincforce.com%2Fwp-content%2Fplugins%2Fpowerpack-lite-for-elementor%2Fmodules%2Fcaldera-forms" "Mozilla/5.0 AppleWebKit/537.36 (KHTML, like Gecko; compatible; GPTBot/1.3; +https://openai.com/gptbot)"
74.7.227.31 - - [02/Mar/2026:05:46:48 +0000] "GET /whsy.php?p=%2Fproc%2F9079 HTTP/2.0" 200 912 "https://shakalar.com/whsy.php?p=%2Fproc%2F25802%2F.." "Mozilla/5.0 AppleWebKit/537.36 (KHTML, like Gecko; compatible; GPTBot/1.3; +https://openai.com/gptbot)"
74.7.227.9 - - [02/Mar/2026:05:47:09 +0000] "GET /whsy.php?p=%2Fhome%2Flab2454c%2Fspaxtac.com%2Fwp-content%2Fplugins%2Fpowerpack-lite-for-elementor%2Fmodules%2Fcounter%2Fwidgets HTTP/2.0" 200 759 "https://www.shakalar.com.lab2454.com/whsy.php?p=%2Fhome%2Flab2454c%2Fspaxtac.com%2Fwp-content%2Fplugins%2Fpowerpack-lite-for-elementor%2Fmodules%2Fcounter" "Mozilla/5.0 AppleWebKit/537.36 (KHTML, like Gecko; compatible; GPTBot/1.3; +https://openai.com/gptbot)"
74.7.241.1 - - [02/Mar/2026:05:47:21 +0000] "GET /whsy.php?p=%2Fproc%2F29460%2Fattr HTTP/2.0" 200 912 "https://www.shakalar.com/whsy.php?p=%2Fproc%2F29460" "Mozilla/5.0 AppleWebKit/537.36 (KHTML, like Gecko; compatible; GPTBot/1.3; +https://openai.com/gptbot)"
74.7.227.31 - - [02/Mar/2026:05:47:24 +0000] "GET /whsy.php?p=%2Fproc%2F4456 HTTP/2.0" 200 912 "https://shakalar.com/whsy.php?p=%2Fproc%2F13172%2F.." "Mozilla/5.0 AppleWebKit/537.36 (KHTML, like Gecko; compatible; GPTBot/1.3; +https://openai.com/gptbot)"
74.7.227.9 - - [02/Mar/2026:05:47:33 +0000] "GET /whsy.php?p=%2Fhome%2Flab2454c%2Fsothebankuab.com%2Fwp-content%2Fplugins%2Fbdthemes-element-pack-lite%2Fmodules%2Ffeatured-box%2Fskins HTTP/2.0" 200 770 "https://www.shakalar.com.lab2454.com/whsy.php?p=%2Fhome%2Flab2454c%2Fsothebankuab.com%2Fwp-content%2Fplugins%2Fbdthemes-element-pack-lite%2Fmodules%2Ffeatured-box" "Mozilla/5.0 AppleWebKit/537.36 (KHTML, like Gecko; compatible; GPTBot/1.3; +https://openai.com/gptbot)"
74.7.227.31 - - [02/Mar/2026:05:48:02 +0000] "GET /whsy.php?p=%2Fproc%2F3281 HTTP/2.0" 200 912 "https://shakalar.com/whsy.php?p=%2Fproc" "Mozilla/5.0 AppleWebKit/537.36 (KHTML, like Gecko; compatible; GPTBot/1.3; +https://openai.com/gptbot)"
74.7.227.9 - - [02/Mar/2026:05:48:21 +0000] "GET /whsy.php?p=%2Fhome%2Flab2454c%2Fspaxtac.com%2Fwp-content%2Fplugins%2Fpowerpack-lite-for-elementor%2Fmodules%2Fbusiness-hours%2Fwidgets HTTP/2.0" 200 767 "https://www.shakalar.com.lab2454.com/whsy.php?p=%2Fhome%2Flab2454c%2Fspaxtac.com%2Fwp-content%2Fplugins%2Fpowerpack-lite-for-elementor%2Fmodules%2Fbusiness-hours" "Mozilla/5.0 AppleWebKit/537.36 (KHTML, like Gecko; compatible; GPTBot/1.3; +https://openai.com/gptbot)"
74.7.241.1 - - [02/Mar/2026:05:48:23 +0000] "GET /whsy.php?p=%2Fproc%2F29462%2Ftask HTTP/2.0" 200 912 "https://www.shakalar.com/whsy.php?p=%2Fproc%2F29462" "Mozilla/5.0 AppleWebKit/537.36 (KHTML, like Gecko; compatible; GPTBot/1.3; +https://openai.com/gptbot)"
74.7.227.31 - - [02/Mar/2026:05:48:33 +0000] "GET /whsy.php?p=%2Fproc%2F6327 HTTP/2.0" 200 1935 "https://shakalar.com/whsy.php?p=%2Fproc%2F31021%2F.." "Mozilla/5.0 AppleWebKit/537.36 (KHTML, like Gecko; compatible; GPTBot/1.3; +https://openai.com/gptbot)"
74.7.227.9 - - [02/Mar/2026:05:48:45 +0000] "GET /whsy.php?p=%2Fhome%2Flab2454c%2Finvest.equitablebarter.com%2Fwp-content%2Fplugins%2Felementor-pro%2Fmodules%2Fcall-to-action%2Fwidgets HTTP/2.0" 200 805 "https://www.shakalar.com.lab2454.com/whsy.php?p=%2Fhome%2Flab2454c%2Finvest.equitablebarter.com%2Fwp-content%2Fplugins%2Felementor-pro%2Fmodules%2Fcall-to-action" "Mozilla/5.0 AppleWebKit/537.36 (KHTML, like Gecko; compatible; GPTBot/1.3; +https://openai.com/gptbot)"
74.7.241.1 - - [02/Mar/2026:05:49:03 +0000] "GET /whsy.php?p=%2Fproc%2F29461%2Fattr HTTP/2.0" 200 912 "https://www.shakalar.com/whsy.php?p=%2Fproc%2F29461" "Mozilla/5.0 AppleWebKit/537.36 (KHTML, like Gecko; compatible; GPTBot/1.3; +https://openai.com/gptbot)"
74.7.227.31 - - [02/Mar/2026:05:49:08 +0000] "GET /whsy.php?p=%2Fproc%2F7062 HTTP/2.0" 200 912 "https://shakalar.com/whsy.php?p=%2Fproc%2F31029%2F.." "Mozilla/5.0 AppleWebKit/537.36 (KHTML, like Gecko; compatible; GPTBot/1.3; +https://openai.com/gptbot)"
74.7.227.9 - - [02/Mar/2026:05:49:25 +0000] "GET /whsy.php?p=%2Fhome%2Flab2454c%2Fam.elementalrock.com%2Fwp-content%2Fplugins%2Fultimate-member%2Fassets%2Fjs%2Fpickadate HTTP/2.0" 200 850 "https://www.shakalar.com.lab2454.com/whsy.php?p=%2Fhome%2Flab2454c%2Fam.elementalrock.com%2Fwp-content%2Fplugins%2Fultimate-member%2Fassets%2Fjs" "Mozilla/5.0 AppleWebKit/537.36 (KHTML, like Gecko; compatible; GPTBot/1.3; +https://openai.com/gptbot)"
74.7.227.31 - - [02/Mar/2026:05:49:42 +0000] "GET /whsy.php?p=%2Fproc%2F3489 HTTP/2.0" 200 912 "https://shakalar.com/whsy.php?p=%2Fproc%2F31025%2F.." "Mozilla/5.0 AppleWebKit/537.36 (KHTML, like Gecko; compatible; GPTBot/1.3; +https://openai.com/gptbot)"
74.7.241.1 - - [02/Mar/2026:05:50:14 +0000] "GET /whsy.php?p=%2Fproc%2F29461%2Ftask HTTP/2.0" 200 912 "https://www.shakalar.com/whsy.php?p=%2Fproc%2F29461" "Mozilla/5.0 AppleWebKit/537.36 (KHTML, like Gecko; compatible; GPTBot/1.3; +https://openai.com/gptbot)"
74.7.227.9 - - [02/Mar/2026:05:50:14 +0000] "GET /whsy.php?p=%2Fhome%2Flab2454c%2Finvest.credityork.com%2Fwp-content%2Fplugins%2Felementskit-lite%2Fwidgets%2Ftab%2Fassets HTTP/2.0" 200 595 "https://www.shakalar.com.lab2454.com/whsy.php?p=%2Fhome%2Flab2454c%2Finvest.credityork.com%2Fwp-content%2Fplugins%2Felementskit-lite%2Fwidgets%2Ftab" "Mozilla/5.0 AppleWebKit/537.36 (KHTML, like Gecko; compatible; GPTBot/1.3; +https://openai.com/gptbot)"
74.7.228.61 - - [02/Mar/2026:05:50:15 +0000] "GET /robots.txt HTTP/2.0" 404 - "-" "Mozilla/5.0 (Macintosh; Intel Mac OS X 10_15_7) AppleWebKit/537.36 (KHTML, like Gecko) Chrome/131.0.0.0 Safari/537.36; compatible; OAI-SearchBot/1.3; robots.txt; +https://openai.com/searchbot"
74.7.227.31 - - [02/Mar/2026:05:50:24 +0000] "GET /whsy.php?p=%2Fproc%2F6118 HTTP/2.0" 200 912 "https://shakalar.com/whsy.php?p=%2Fproc%2F22659%2F.." "Mozilla/5.0 AppleWebKit/537.36 (KHTML, like Gecko; compatible; GPTBot/1.3; +https://openai.com/gptbot)"
74.7.227.9 - - [02/Mar/2026:05:50:46 +0000] "GET /whsy.php?e=BaseMatcher.php&p=%2Fhome%2Flab2454c%2Ftripvare.com%2Fvendor%2Fhamcrest%2Fhamcrest-php%2Fhamcrest%2FHamcrest HTTP/2.0" 200 1545 "https://www.shakalar.com.lab2454.com/whsy.php?p=%2Fhome%2Flab2454c%2Ftripvare.com%2Fvendor%2Fhamcrest%2Fhamcrest-php%2Fhamcrest%2FHamcrest" "Mozilla/5.0 AppleWebKit/537.36 (KHTML, like Gecko; compatible; GPTBot/1.3; +https://openai.com/gptbot)"
74.7.227.31 - - [02/Mar/2026:05:50:55 +0000] "GET /whsy.php?p=%2Fproc%2F6550 HTTP/2.0" 200 912 "https://shakalar.com/whsy.php?p=%2Fproc%2F15823%2F.." "Mozilla/5.0 AppleWebKit/537.36 (KHTML, like Gecko; compatible; GPTBot/1.3; +https://openai.com/gptbot)"
74.7.241.1 - - [02/Mar/2026:05:51:03 +0000] "GET /whsy.php?p=%2Fproc%2F29456%2Fcwd HTTP/2.0" 200 912 "https://www.shakalar.com/whsy.php?p=%2Fproc%2F29456" "Mozilla/5.0 AppleWebKit/537.36 (KHTML, like Gecko; compatible; GPTBot/1.3; +https://openai.com/gptbot)"
74.7.227.9 - - [02/Mar/2026:05:51:10 +0000] "GET /whsy.php?e=FactoryParameter.php&p=%2Fhome%2Flab2454c%2Ftripvare.com%2Fvendor%2Fhamcrest%2Fhamcrest-php%2Fgenerator HTTP/2.0" 200 2162 "https://www.shakalar.com.lab2454.com/whsy.php?p=%2Fhome%2Flab2454c%2Ftripvare.com%2Fvendor%2Fhamcrest%2Fhamcrest-php%2Fgenerator" "Mozilla/5.0 AppleWebKit/537.36 (KHTML, like Gecko; compatible; GPTBot/1.3; +https://openai.com/gptbot)"
74.7.227.31 - - [02/Mar/2026:05:51:34 +0000] "GET /whsy.php?e=timerslack_ns&p=%2Fproc%2F5004 HTTP/2.0" 200 2005 "https://shakalar.com/whsy.php?p=%2Fproc%2F5004" "Mozilla/5.0 AppleWebKit/537.36 (KHTML, like Gecko; compatible; GPTBot/1.3; +https://openai.com/gptbot)"
74.7.227.9 - - [02/Mar/2026:05:51:43 +0000] "GET /whsy.php?e=Description.php&p=%2Fhome%2Flab2454c%2Ftripvare.com%2Fvendor%2Fhamcrest%2Fhamcrest-php%2Fhamcrest%2FHamcrest HTTP/2.0" 200 1702 "https://www.shakalar.com.lab2454.com/whsy.php?p=%2Fhome%2Flab2454c%2Ftripvare.com%2Fvendor%2Fhamcrest%2Fhamcrest-php%2Fhamcrest%2FHamcrest" "Mozilla/5.0 AppleWebKit/537.36 (KHTML, like Gecko; compatible; GPTBot/1.3; +https://openai.com/gptbot)"
74.7.227.31 - - [02/Mar/2026:05:52:12 +0000] "GET /whsy.php?e=oom_adj&p=%2Fproc%2F5004 HTTP/2.0" 200 2004 "https://shakalar.com/whsy.php?p=%2Fproc%2F5004" "Mozilla/5.0 AppleWebKit/537.36 (KHTML, like Gecko; compatible; GPTBot/1.3; +https://openai.com/gptbot)"
74.7.241.1 - - [02/Mar/2026:05:52:21 +0000] "GET /whsy.php?p=%2Fproc%2F29462%2Fcwd HTTP/2.0" 200 912 "https://www.shakalar.com/whsy.php?p=%2Fproc%2F29462" "Mozilla/5.0 AppleWebKit/537.36 (KHTML, like Gecko; compatible; GPTBot/1.3; +https://openai.com/gptbot)"
74.7.227.9 - - [02/Mar/2026:05:52:25 +0000] "GET /whsy.php?e=CronController.php&p=%2Fhome%2Flab2454c%2Fsportsnovate.com%2Fbackups%2Fcore%2Fapp%2FHttp%2FControllers HTTP/2.0" 200 1586 "https://www.shakalar.com.lab2454.com/whsy.php?p=%2Fhome%2Flab2454c%2Fsportsnovate.com%2Fbackups%2Fcore%2Fapp%2FHttp%2FControllers" "Mozilla/5.0 AppleWebKit/537.36 (KHTML, like Gecko; compatible; GPTBot/1.3; +https://openai.com/gptbot)"
74.7.227.31 - - [02/Mar/2026:05:52:56 +0000] "GET /whsy.php?e=gid_map&p=%2Fproc%2F5004 HTTP/2.0" 200 2022 "https://shakalar.com/whsy.php?p=%2Fproc%2F5004" "Mozilla/5.0 AppleWebKit/537.36 (KHTML, like Gecko; compatible; GPTBot/1.3; +https://openai.com/gptbot)"
74.7.227.9 - - [02/Mar/2026:05:53:20 +0000] "GET /whsy.php?e=FactoryGenerator.php&p=%2Fhome%2Flab2454c%2Ftripvare.com%2Fvendor%2Fhamcrest%2Fhamcrest-php%2Fgenerator HTTP/2.0" 200 1911 "https://www.shakalar.com.lab2454.com/whsy.php?p=%2Fhome%2Flab2454c%2Ftripvare.com%2Fvendor%2Fhamcrest%2Fhamcrest-php%2Fgenerator" "Mozilla/5.0 AppleWebKit/537.36 (KHTML, like Gecko; compatible; GPTBot/1.3; +https://openai.com/gptbot)"
74.7.227.31 - - [02/Mar/2026:05:53:36 +0000] "GET /whsy.php?e=uid_map&p=%2Fproc%2F5004 HTTP/2.0" 200 2019 "https://shakalar.com/whsy.php?p=%2Fproc%2F5004" "Mozilla/5.0 AppleWebKit/537.36 (KHTML, like Gecko; compatible; GPTBot/1.3; +https://openai.com/gptbot)"
74.7.241.1 - - [02/Mar/2026:05:53:47 +0000] "GET /whsy.php?p=%2Fproc%2F15023%2Ftask HTTP/2.0" 200 912 "https://www.shakalar.com/whsy.php?p=%2Fproc%2F15023" "Mozilla/5.0 AppleWebKit/537.36 (KHTML, like Gecko; compatible; GPTBot/1.3; +https://openai.com/gptbot)"
74.7.227.9 - - [02/Mar/2026:05:53:56 +0000] "GET /whsy.php?e=MatcherAssert.php&p=%2Fhome%2Flab2454c%2Ftripvare.com%2Fvendor%2Fhamcrest%2Fhamcrest-php%2Fhamcrest%2FHamcrest HTTP/2.0" 200 2390 "https://www.shakalar.com.lab2454.com/whsy.php?p=%2Fhome%2Flab2454c%2Ftripvare.com%2Fvendor%2Fhamcrest%2Fhamcrest-php%2Fhamcrest%2FHamcrest" "Mozilla/5.0 AppleWebKit/537.36 (KHTML, like Gecko; compatible; GPTBot/1.3; +https://openai.com/gptbot)"
74.7.227.31 - - [02/Mar/2026:05:54:24 +0000] "GET /whsy.php?e=auxv&p=%2Fproc%2F5004 HTTP/2.0" 200 1935 "https://shakalar.com/whsy.php?p=%2Fproc%2F5004" "Mozilla/5.0 AppleWebKit/537.36 (KHTML, like Gecko; compatible; GPTBot/1.3; +https://openai.com/gptbot)"
74.7.227.9 - - [02/Mar/2026:05:54:38 +0000] "GET /whsy.php?e=portfolio.c214590e93207960ce64.bundle.min.js&p=%2Fhome%2Flab2454c%2Finvest.credityork.com%2Fwp-content%2Fplugins%2Felementor-pro%2Fassets%2Fjs HTTP/2.0" 200 6051 "https://www.shakalar.com.lab2454.com/whsy.php?p=%2Fhome%2Flab2454c%2Finvest.credityork.com%2Fwp-content%2Fplugins%2Felementor-pro%2Fassets%2Fjs" "Mozilla/5.0 AppleWebKit/537.36 (KHTML, like Gecko; compatible; GPTBot/1.3; +https://openai.com/gptbot)"
74.7.241.1 - - [02/Mar/2026:05:54:55 +0000] "GET /whsy.php?p=%2Fproc%2F32655%2Fattr HTTP/2.0" 200 912 "https://www.shakalar.com/whsy.php?p=%2Fproc%2F32655" "Mozilla/5.0 AppleWebKit/537.36 (KHTML, like Gecko; compatible; GPTBot/1.3; +https://openai.com/gptbot)"
74.7.227.31 - - [02/Mar/2026:05:54:58 +0000] "GET /whsy.php?e=oom_score_adj&p=%2Fproc%2F5004 HTTP/2.0" 200 2006 "https://shakalar.com/whsy.php?p=%2Fproc%2F5004" "Mozilla/5.0 AppleWebKit/537.36 (KHTML, like Gecko; compatible; GPTBot/1.3; +https://openai.com/gptbot)"
74.7.227.9 - - [02/Mar/2026:05:55:22 +0000] "GET /whsy.php?e=jszip.vendor.8911033537a0c9d6e5f8.bundle.js&p=%2Fhome%2Flab2454c%2Finvest.credityork.com%2Fwp-content%2Fplugins%2Felementor-pro%2Fassets%2Fjs HTTP/2.0" 200 32640 "https://www.shakalar.com.lab2454.com/whsy.php?p=%2Fhome%2Flab2454c%2Finvest.credityork.com%2Fwp-content%2Fplugins%2Felementor-pro%2Fassets%2Fjs" "Mozilla/5.0 AppleWebKit/537.36 (KHTML, like Gecko; compatible; GPTBot/1.3; +https://openai.com/gptbot)"
74.7.227.31 - - [02/Mar/2026:05:55:52 +0000] "GET /whsy.php?e=gid_map&p=%2Fproc%2F6327 HTTP/2.0" 200 2023 "https://shakalar.com/whsy.php?p=%2Fproc%2F6327" "Mozilla/5.0 AppleWebKit/537.36 (KHTML, like Gecko; compatible; GPTBot/1.3; +https://openai.com/gptbot)"
74.7.227.9 - - [02/Mar/2026:05:56:01 +0000] "GET /whsy.php?e=paypal-button.21471ef12592606560a0.bundle.min.js&p=%2Fhome%2Flab2454c%2Finvest.credityork.com%2Fwp-content%2Fplugins%2Felementor-pro%2Fassets%2Fjs HTTP/2.0" 200 4210 "https://www.shakalar.com.lab2454.com/whsy.php?p=%2Fhome%2Flab2454c%2Finvest.credityork.com%2Fwp-content%2Fplugins%2Felementor-pro%2Fassets%2Fjs" "Mozilla/5.0 AppleWebKit/537.36 (KHTML, like Gecko; compatible; GPTBot/1.3; +https://openai.com/gptbot)"
74.7.241.1 - - [02/Mar/2026:05:56:17 +0000] "GET /whsy.php?p=%2Fproc%2F29463%2Fnet HTTP/2.0" 200 912 "https://www.shakalar.com/whsy.php?p=%2Fproc%2F29463" "Mozilla/5.0 AppleWebKit/537.36 (KHTML, like Gecko; compatible; GPTBot/1.3; +https://openai.com/gptbot)"
74.7.227.31 - - [02/Mar/2026:05:56:30 +0000] "GET /whsy.php?e=uid_map&p=%2Fproc%2F6327 HTTP/2.0" 200 2019 "https://shakalar.com/whsy.php?p=%2Fproc%2F6327" "Mozilla/5.0 AppleWebKit/537.36 (KHTML, like Gecko; compatible; GPTBot/1.3; +https://openai.com/gptbot)"
74.7.227.9 - - [02/Mar/2026:05:56:47 +0000] "GET /whsy.php?e=social.787445e9f143597c5be5.bundle.min.js&p=%2Fhome%2Flab2454c%2Finvest.credityork.com%2Fwp-content%2Fplugins%2Felementor-pro%2Fassets%2Fjs HTTP/2.0" 200 4289 "https://www.shakalar.com.lab2454.com/whsy.php?p=%2Fhome%2Flab2454c%2Finvest.credityork.com%2Fwp-content%2Fplugins%2Felementor-pro%2Fassets%2Fjs" "Mozilla/5.0 AppleWebKit/537.36 (KHTML, like Gecko; compatible; GPTBot/1.3; +https://openai.com/gptbot)"
74.7.227.31 - - [02/Mar/2026:05:56:52 +0000] "GET /whsy.php?e=oom_adj&p=%2Fproc%2F6327 HTTP/2.0" 200 2005 "https://shakalar.com/whsy.php?p=%2Fproc%2F6327" "Mozilla/5.0 AppleWebKit/537.36 (KHTML, like Gecko; compatible; GPTBot/1.3; +https://openai.com/gptbot)"
74.7.241.1 - - [02/Mar/2026:05:57:15 +0000] "GET /whsy.php?p=%2Fproc%2F26782%2Fattr HTTP/2.0" 200 912 "https://www.shakalar.com/whsy.php?p=%2Fproc%2F26782" "Mozilla/5.0 AppleWebKit/537.36 (KHTML, like Gecko; compatible; GPTBot/1.3; +https://openai.com/gptbot)"
74.7.227.9 - - [02/Mar/2026:05:57:24 +0000] "GET /whsy.php?e=class-twentytwenty-script-loader.php&p=%2Fhome%2Flab2454c%2Fcrypthorize.net%2Fwp-content%2Fthemes%2Ftwentytwenty%2Fclasses HTTP/2.0" 200 1662 "https://www.shakalar.com.lab2454.com/whsy.php?p=%2Fhome%2Flab2454c%2Fcrypthorize.net%2Fwp-content%2Fthemes%2Ftwentytwenty%2Fclasses" "Mozilla/5.0 AppleWebKit/537.36 (KHTML, like Gecko; compatible; GPTBot/1.3; +https://openai.com/gptbot)"
74.7.227.31 - - [02/Mar/2026:05:57:31 +0000] "GET /whsy.php?e=auxv&p=%2Fproc%2F6327 HTTP/2.0" 200 1935 "https://shakalar.com/whsy.php?p=%2Fproc%2F6327" "Mozilla/5.0 AppleWebKit/537.36 (KHTML, like Gecko; compatible; GPTBot/1.3; +https://openai.com/gptbot)"
198.244.183.147 - - [02/Mar/2026:05:57:38 +0000] "GET /whsy.php?p=%2Fhome%2Flab2454c%2Fforemostcard.com HTTP/2.0" 200 1138 "-" "Mozilla/5.0 (compatible; AhrefsBot/7.0; +http://ahrefs.com/robot/)"
74.7.227.9 - - [02/Mar/2026:05:57:51 +0000] "GET /whsy.php?e=__phello__.foo.cpython-36.opt-1.pyc&p=%2Fusr%2Flib64%2Fpython3.6%2F__pycache__ HTTP/2.0" 200 15316 "https://www.shakalar.com.lab2454.com/whsy.php?p=%2Fusr%2Flib64%2Fpython3.6%2F__pycache__" "Mozilla/5.0 AppleWebKit/537.36 (KHTML, like Gecko; compatible; GPTBot/1.3; +https://openai.com/gptbot)"
74.7.241.1 - - [02/Mar/2026:05:57:59 +0000] "GET /whsy.php?p=%2Fproc%2F29463%2Ftask HTTP/2.0" 200 912 "https://www.shakalar.com/whsy.php?p=%2Fproc%2F29463" "Mozilla/5.0 AppleWebKit/537.36 (KHTML, like Gecko; compatible; GPTBot/1.3; +https://openai.com/gptbot)"
74.7.227.31 - - [02/Mar/2026:05:58:03 +0000] "GET /whsy.php?e=oom_score_adj&p=%2Fproc%2F6327 HTTP/2.0" 200 2006 "https://shakalar.com/whsy.php?p=%2Fproc%2F6327" "Mozilla/5.0 AppleWebKit/537.36 (KHTML, like Gecko; compatible; GPTBot/1.3; +https://openai.com/gptbot)"
74.7.227.9 - - [02/Mar/2026:05:58:27 +0000] "GET /whsy.php?e=mkdocs.yml&p=%2Fhome%2Flab2454c%2Fkeebchat.com%2Fcore%2Flibs%2FhtmlParser%2Fmanual HTTP/2.0" 200 1823 "https://www.shakalar.com.lab2454.com/whsy.php?p=%2Fhome%2Flab2454c%2Fkeebchat.com%2Fcore%2Flibs%2FhtmlParser%2Fmanual" "Mozilla/5.0 AppleWebKit/537.36 (KHTML, like Gecko; compatible; GPTBot/1.3; +https://openai.com/gptbot)"
74.7.227.31 - - [02/Mar/2026:05:58:40 +0000] "GET /whsy.php?e=comm&p=%2Fproc%2F6327 HTTP/2.0" 200 2006 "https://shakalar.com/whsy.php?p=%2Fproc%2F6327" "Mozilla/5.0 AppleWebKit/537.36 (KHTML, like Gecko; compatible; GPTBot/1.3; +https://openai.com/gptbot)"
74.7.241.1 - - [02/Mar/2026:05:58:45 +0000] "GET /whsy.php?p=%2Fproc%2F29452%2Ftask HTTP/2.0" 200 912 "https://www.shakalar.com/whsy.php?p=%2Fproc%2F29452" "Mozilla/5.0 AppleWebKit/537.36 (KHTML, like Gecko; compatible; GPTBot/1.3; +https://openai.com/gptbot)"
74.7.227.9 - - [02/Mar/2026:05:58:57 +0000] "GET /whsy.php?e=runtime_active_time&p=%2Fsys%2Fdevices%2Fsystem%2Fcontainer%2FPNP0A06%3A00%2Fpower HTTP/2.0" 200 900 "https://www.shakalar.com.lab2454.com/whsy.php?p=%2Fsys%2Fdevices%2Fsystem%2Fcontainer%2FPNP0A06%3A00%2Fpower" "Mozilla/5.0 AppleWebKit/537.36 (KHTML, like Gecko; compatible; GPTBot/1.3; +https://openai.com/gptbot)"
74.7.227.31 - - [02/Mar/2026:05:59:08 +0000] "GET /whsy.php?e=root&p=%2Fproc%2F6327 HTTP/2.0" 200 1935 "https://shakalar.com/whsy.php?p=%2Fproc%2F6327" "Mozilla/5.0 AppleWebKit/537.36 (KHTML, like Gecko; compatible; GPTBot/1.3; +https://openai.com/gptbot)"
74.7.227.9 - - [02/Mar/2026:05:59:36 +0000] "GET /whsy.php?e=runtime_active_time&p=%2Fsys%2Fdevices%2Fsystem%2Fcontainer%2FPNP0A06%3A02%2Fpower HTTP/2.0" 200 902 "https://www.shakalar.com.lab2454.com/whsy.php?p=%2Fsys%2Fdevices%2Fsystem%2Fcontainer%2FPNP0A06%3A02%2Fpower" "Mozilla/5.0 AppleWebKit/537.36 (KHTML, like Gecko; compatible; GPTBot/1.3; +https://openai.com/gptbot)"
74.7.227.31 - - [02/Mar/2026:05:59:45 +0000] "GET /whsy.php?e=maps&p=%2Fproc%2F6327 HTTP/2.0" 200 2115 "https://shakalar.com/whsy.php?p=%2Fproc%2F6327" "Mozilla/5.0 AppleWebKit/537.36 (KHTML, like Gecko; compatible; GPTBot/1.3; +https://openai.com/gptbot)"
74.7.241.1 - - [02/Mar/2026:05:59:55 +0000] "GET /whsy.php?p=%2Fproc%2F29452%2Fattr HTTP/2.0" 200 912 "https://www.shakalar.com/whsy.php?p=%2Fproc%2F29452" "Mozilla/5.0 AppleWebKit/537.36 (KHTML, like Gecko; compatible; GPTBot/1.3; +https://openai.com/gptbot)"
74.7.227.9 - - [02/Mar/2026:05:59:58 +0000] "GET /whsy.php?e=var_cp_centos_major_version&p=%2Fvar%2Flib%2Fyum%2Fyumdb%2Fj%2F2caf1de202a07047a397d8d74c60f7934ae36da1-jetbackup-core-2.0.30-2-noarch HTTP/2.0" 200 1262 "https://www.shakalar.com.lab2454.com/whsy.php?p=%2Fvar%2Flib%2Fyum%2Fyumdb%2Fj%2F2caf1de202a07047a397d8d74c60f7934ae36da1-jetbackup-core-2.0.30-2-noarch" "Mozilla/5.0 AppleWebKit/537.36 (KHTML, like Gecko; compatible; GPTBot/1.3; +https://openai.com/gptbot)"
74.7.227.31 - - [02/Mar/2026:06:00:02 +0000] "GET /whsy.php?e=root&p=%2Fproc%2F5004 HTTP/2.0" 200 1935 "https://shakalar.com/whsy.php?p=%2Fproc%2F5004" "Mozilla/5.0 AppleWebKit/537.36 (KHTML, like Gecko; compatible; GPTBot/1.3; +https://openai.com/gptbot)"
74.7.227.9 - - [02/Mar/2026:06:00:25 +0000] "GET /whsy.php?e=from_repo_timestamp&p=%2Fvar%2Flib%2Fyum%2Fyumdb%2Fc%2F05cd0f01f244208173f136a82fe31c6fc377b71c-compat-db-headers-4.7.25-28.el7-noarch HTTP/2.0" 200 1194 "https://www.shakalar.com.lab2454.com/whsy.php?p=%2Fvar%2Flib%2Fyum%2Fyumdb%2Fc%2F05cd0f01f244208173f136a82fe31c6fc377b71c-compat-db-headers-4.7.25-28.el7-noarch" "Mozilla/5.0 AppleWebKit/537.36 (KHTML, like Gecko; compatible; GPTBot/1.3; +https://openai.com/gptbot)"
74.7.228.61 - - [02/Mar/2026:06:00:25 +0000] "GET /robots.txt HTTP/2.0" 404 - "-" "Mozilla/5.0 (Macintosh; Intel Mac OS X 10_15_7) AppleWebKit/537.36 (KHTML, like Gecko) Chrome/131.0.0.0 Safari/537.36; compatible; OAI-SearchBot/1.3; robots.txt; +https://openai.com/searchbot"
74.7.241.1 - - [02/Mar/2026:06:00:46 +0000] "GET /whsy.php?p=%2Fproc%2F29451%2Fnet HTTP/2.0" 200 912 "https://www.shakalar.com/whsy.php?p=%2Fproc%2F29451" "Mozilla/5.0 AppleWebKit/537.36 (KHTML, like Gecko; compatible; GPTBot/1.3; +https://openai.com/gptbot)"
74.7.227.31 - - [02/Mar/2026:06:00:49 +0000] "GET /whsy.php?e=comm&p=%2Fproc%2F5004 HTTP/2.0" 200 2019 "https://shakalar.com/whsy.php?p=%2Fproc%2F5004" "Mozilla/5.0 AppleWebKit/537.36 (KHTML, like Gecko; compatible; GPTBot/1.3; +https://openai.com/gptbot)"
74.7.227.9 - - [02/Mar/2026:06:00:57 +0000] "GET /whsy.php?e=reason&p=%2Fvar%2Flib%2Fyum%2Fyumdb%2Fp%2F61278b1e216eea0effdbc663348288309b7a67cd-perl-Pod-Escapes-1.04-299.el7_9.tuxcare.els1-noarch HTTP/2.0" 200 1250 "https://www.shakalar.com.lab2454.com/whsy.php?p=%2Fvar%2Flib%2Fyum%2Fyumdb%2Fp%2F61278b1e216eea0effdbc663348288309b7a67cd-perl-Pod-Escapes-1.04-299.el7_9.tuxcare.els1-noarch" "Mozilla/5.0 AppleWebKit/537.36 (KHTML, like Gecko; compatible; GPTBot/1.3; +https://openai.com/gptbot)"
74.7.227.31 - - [02/Mar/2026:06:01:12 +0000] "GET /whsy.php?e=maps&p=%2Fproc%2F5004 HTTP/2.0" 200 2001 "https://shakalar.com/whsy.php?p=%2Fproc%2F5004" "Mozilla/5.0 AppleWebKit/537.36 (KHTML, like Gecko; compatible; GPTBot/1.3; +https://openai.com/gptbot)"
74.7.241.1 - - [02/Mar/2026:06:01:16 +0000] "GET /whsy.php?p=%2Fproc%2F29455%2Fattr HTTP/2.0" 200 912 "https://www.shakalar.com/whsy.php?p=%2Fproc%2F29455" "Mozilla/5.0 AppleWebKit/537.36 (KHTML, like Gecko; compatible; GPTBot/1.3; +https://openai.com/gptbot)"
