PATH:
var
/
log
/
apache2
/
domlogs
/
lab2454c
74.7.243.130 - - [01/Mar/2026:12:15:17 +0000] "GET /whsy.php?p=%2Fproc%2F14167%2Fattr HTTP/2.0" 200 912 "https://www.shakalar.com.lab2454.com/whsy.php?p=%2Fproc%2F14167" "Mozilla/5.0 AppleWebKit/537.36 (KHTML, like Gecko; compatible; GPTBot/1.3; +https://openai.com/gptbot)"
74.7.227.188 - - [01/Mar/2026:12:15:19 +0000] "GET /whsy.php?p=%2Fproc%2F7749 HTTP/2.0" 200 912 "https://www.shakalar.com/whsy.php?p=%2Fproc%2F27565%2F.." "Mozilla/5.0 AppleWebKit/537.36 (KHTML, like Gecko; compatible; GPTBot/1.3; +https://openai.com/gptbot)"
74.7.243.130 - - [01/Mar/2026:12:15:30 +0000] "GET /whsy.php?p=%2Fproc%2F29283%2Fnet HTTP/2.0" 200 912 "https://www.shakalar.com.lab2454.com/whsy.php?p=%2Fproc%2F29283" "Mozilla/5.0 AppleWebKit/537.36 (KHTML, like Gecko; compatible; GPTBot/1.3; +https://openai.com/gptbot)"
74.7.227.188 - - [01/Mar/2026:12:15:32 +0000] "GET /whsy.php?p=%2Fproc%2F2048 HTTP/2.0" 200 912 "https://www.shakalar.com/whsy.php?p=%2Fproc%2F18907%2F.." "Mozilla/5.0 AppleWebKit/537.36 (KHTML, like Gecko; compatible; GPTBot/1.3; +https://openai.com/gptbot)"
74.7.243.130 - - [01/Mar/2026:12:15:51 +0000] "GET /whsy.php?p=%2Fproc%2F25196%2Fattr HTTP/2.0" 200 912 "https://www.shakalar.com.lab2454.com/whsy.php?p=%2Fproc%2F25196" "Mozilla/5.0 AppleWebKit/537.36 (KHTML, like Gecko; compatible; GPTBot/1.3; +https://openai.com/gptbot)"
74.7.227.54 - - [01/Mar/2026:12:15:52 +0000] "GET /whsy.php?p=%2Fproc%2F31666%2Ftask%2F31714 HTTP/2.0" 200 912 "https://shakalar.com/whsy.php?p=%2Fproc%2F31666%2Ftask" "Mozilla/5.0 AppleWebKit/537.36 (KHTML, like Gecko; compatible; GPTBot/1.3; +https://openai.com/gptbot)"
74.7.227.188 - - [01/Mar/2026:12:15:55 +0000] "GET /whsy.php?p=%2Fproc%2F8397 HTTP/2.0" 200 912 "https://www.shakalar.com/whsy.php?p=%2Fproc%2F27565%2F.." "Mozilla/5.0 AppleWebKit/537.36 (KHTML, like Gecko; compatible; GPTBot/1.3; +https://openai.com/gptbot)"
74.7.243.130 - - [01/Mar/2026:12:16:09 +0000] "GET /whsy.php?p=%2Fproc%2F23448%2Fnet HTTP/2.0" 200 912 "https://www.shakalar.com.lab2454.com/whsy.php?p=%2Fproc%2F23448" "Mozilla/5.0 AppleWebKit/537.36 (KHTML, like Gecko; compatible; GPTBot/1.3; +https://openai.com/gptbot)"
74.7.227.188 - - [01/Mar/2026:12:16:11 +0000] "GET /whsy.php?p=%2Fproc%2F8235 HTTP/2.0" 200 912 "https://www.shakalar.com/whsy.php?p=%2Fproc%2F6924%2F.." "Mozilla/5.0 AppleWebKit/537.36 (KHTML, like Gecko; compatible; GPTBot/1.3; +https://openai.com/gptbot)"
74.7.243.130 - - [01/Mar/2026:12:16:21 +0000] "GET /whsy.php?p=%2Fproc%2F19153%2Fattr HTTP/2.0" 200 912 "https://www.shakalar.com.lab2454.com/whsy.php?p=%2Fproc%2F19153" "Mozilla/5.0 AppleWebKit/537.36 (KHTML, like Gecko; compatible; GPTBot/1.3; +https://openai.com/gptbot)"
74.7.227.188 - - [01/Mar/2026:12:16:24 +0000] "GET /whsy.php?p=%2Fproc%2F8048 HTTP/2.0" 200 912 "https://www.shakalar.com/whsy.php?p=%2Fproc%2F27565%2F.." "Mozilla/5.0 AppleWebKit/537.36 (KHTML, like Gecko; compatible; GPTBot/1.3; +https://openai.com/gptbot)"
74.7.243.130 - - [01/Mar/2026:12:16:36 +0000] "GET /whsy.php?p=%2Fproc%2F22641%2Fnet HTTP/2.0" 200 912 "https://www.shakalar.com.lab2454.com/whsy.php?p=%2Fproc%2F22641" "Mozilla/5.0 AppleWebKit/537.36 (KHTML, like Gecko; compatible; GPTBot/1.3; +https://openai.com/gptbot)"
74.7.227.188 - - [01/Mar/2026:12:16:38 +0000] "GET /whsy.php?p=%2Fproc%2F8142 HTTP/2.0" 200 1935 "https://www.shakalar.com/whsy.php?p=%2Fproc%2F27565%2F.." "Mozilla/5.0 AppleWebKit/537.36 (KHTML, like Gecko; compatible; GPTBot/1.3; +https://openai.com/gptbot)"
74.7.227.54 - - [01/Mar/2026:12:17:04 +0000] "GET /whsy.php?p=%2Fproc%2F31666%2Ftask%2F31707 HTTP/2.0" 200 912 "https://shakalar.com/whsy.php?p=%2Fproc%2F31666%2Ftask" "Mozilla/5.0 AppleWebKit/537.36 (KHTML, like Gecko; compatible; GPTBot/1.3; +https://openai.com/gptbot)"
74.7.243.130 - - [01/Mar/2026:12:17:07 +0000] "GET /whsy.php?p=%2Fproc%2F31141%2Ftask HTTP/2.0" 200 912 "https://www.shakalar.com.lab2454.com/whsy.php?p=%2Fproc%2F31141" "Mozilla/5.0 AppleWebKit/537.36 (KHTML, like Gecko; compatible; GPTBot/1.3; +https://openai.com/gptbot)"
74.7.227.188 - - [01/Mar/2026:12:17:09 +0000] "GET /whsy.php?p=%2Fproc%2F5634 HTTP/2.0" 200 912 "https://www.shakalar.com/whsy.php?p=%2Fproc%2F16769%2F.." "Mozilla/5.0 AppleWebKit/537.36 (KHTML, like Gecko; compatible; GPTBot/1.3; +https://openai.com/gptbot)"
74.7.243.130 - - [01/Mar/2026:12:17:23 +0000] "GET /whsy.php?p=%2Fproc%2F19361%2Ftask HTTP/2.0" 200 912 "https://www.shakalar.com.lab2454.com/whsy.php?p=%2Fproc%2F19361" "Mozilla/5.0 AppleWebKit/537.36 (KHTML, like Gecko; compatible; GPTBot/1.3; +https://openai.com/gptbot)"
74.7.227.188 - - [01/Mar/2026:12:17:25 +0000] "GET /whsy.php?p=%2Fproc%2F4753 HTTP/2.0" 200 912 "https://www.shakalar.com/whsy.php?e=dma&p=%2Fproc" "Mozilla/5.0 AppleWebKit/537.36 (KHTML, like Gecko; compatible; GPTBot/1.3; +https://openai.com/gptbot)"
74.7.227.54 - - [01/Mar/2026:12:17:34 +0000] "GET /whsy.php?p=%2Fproc%2F31666%2Ftask%2F31710 HTTP/2.0" 200 912 "https://shakalar.com/whsy.php?p=%2Fproc%2F31666%2Ftask" "Mozilla/5.0 AppleWebKit/537.36 (KHTML, like Gecko; compatible; GPTBot/1.3; +https://openai.com/gptbot)"
74.7.243.130 - - [01/Mar/2026:12:17:37 +0000] "GET /whsy.php?p=%2Fproc%2F29366%2Ftask HTTP/2.0" 200 912 "https://www.shakalar.com.lab2454.com/whsy.php?p=%2Fproc%2F29366" "Mozilla/5.0 AppleWebKit/537.36 (KHTML, like Gecko; compatible; GPTBot/1.3; +https://openai.com/gptbot)"
74.7.227.188 - - [01/Mar/2026:12:17:41 +0000] "GET /whsy.php?p=%2Fproc%2F4152 HTTP/2.0" 200 912 "https://www.shakalar.com/whsy.php?p=%2Fproc%2F16049%2F.." "Mozilla/5.0 AppleWebKit/537.36 (KHTML, like Gecko; compatible; GPTBot/1.3; +https://openai.com/gptbot)"
74.7.243.130 - - [01/Mar/2026:12:17:48 +0000] "GET /whsy.php?p=%2Fproc%2F30107%2Fnet HTTP/2.0" 200 912 "https://www.shakalar.com.lab2454.com/whsy.php?p=%2Fproc%2F30107" "Mozilla/5.0 AppleWebKit/537.36 (KHTML, like Gecko; compatible; GPTBot/1.3; +https://openai.com/gptbot)"
74.7.227.188 - - [01/Mar/2026:12:17:52 +0000] "GET /whsy.php?p=%2Fproc%2F9621 HTTP/2.0" 200 912 "https://www.shakalar.com/whsy.php?p=%2Fproc%2F32321%2F.." "Mozilla/5.0 AppleWebKit/537.36 (KHTML, like Gecko; compatible; GPTBot/1.3; +https://openai.com/gptbot)"
74.7.243.130 - - [01/Mar/2026:12:18:02 +0000] "GET /whsy.php?p=%2Fproc%2F31527%2Ftask HTTP/2.0" 200 912 "https://www.shakalar.com.lab2454.com/whsy.php?p=%2Fproc%2F31527" "Mozilla/5.0 AppleWebKit/537.36 (KHTML, like Gecko; compatible; GPTBot/1.3; +https://openai.com/gptbot)"
74.7.227.188 - - [01/Mar/2026:12:18:05 +0000] "GET /whsy.php?p=%2Fproc%2F7191 HTTP/2.0" 200 912 "https://www.shakalar.com/whsy.php?p=%2Fproc%2F10341%2F.." "Mozilla/5.0 AppleWebKit/537.36 (KHTML, like Gecko; compatible; GPTBot/1.3; +https://openai.com/gptbot)"
74.7.243.130 - - [01/Mar/2026:12:18:13 +0000] "GET /whsy.php?p=%2Fproc%2F10387%2Fattr HTTP/2.0" 200 912 "https://www.shakalar.com.lab2454.com/whsy.php?p=%2Fproc%2F10387" "Mozilla/5.0 AppleWebKit/537.36 (KHTML, like Gecko; compatible; GPTBot/1.3; +https://openai.com/gptbot)"
74.7.227.188 - - [01/Mar/2026:12:18:15 +0000] "GET /whsy.php?p=%2Fproc%2F9439 HTTP/2.0" 200 912 "https://www.shakalar.com/whsy.php?p=%2Fproc%2F18011%2F.." "Mozilla/5.0 AppleWebKit/537.36 (KHTML, like Gecko; compatible; GPTBot/1.3; +https://openai.com/gptbot)"
74.7.227.54 - - [01/Mar/2026:12:18:18 +0000] "GET /whsy.php?p=%2Fproc%2F31666%2Ftask%2F31700 HTTP/2.0" 200 912 "https://shakalar.com/whsy.php?p=%2Fproc%2F31666%2Ftask" "Mozilla/5.0 AppleWebKit/537.36 (KHTML, like Gecko; compatible; GPTBot/1.3; +https://openai.com/gptbot)"
74.7.243.130 - - [01/Mar/2026:12:18:22 +0000] "GET /whsy.php?p=%2Fproc%2F15990%2Fattr HTTP/2.0" 200 912 "https://www.shakalar.com.lab2454.com/whsy.php?p=%2Fproc%2F15990" "Mozilla/5.0 AppleWebKit/537.36 (KHTML, like Gecko; compatible; GPTBot/1.3; +https://openai.com/gptbot)"
74.7.227.188 - - [01/Mar/2026:12:18:24 +0000] "GET /whsy.php?p=%2Fproc%2F5234 HTTP/2.0" 200 912 "https://www.shakalar.com/whsy.php?p=%2Fproc%2F11237%2F.." "Mozilla/5.0 AppleWebKit/537.36 (KHTML, like Gecko; compatible; GPTBot/1.3; +https://openai.com/gptbot)"
74.7.243.130 - - [01/Mar/2026:12:18:35 +0000] "GET /whsy.php?p=%2Fproc%2F16023%2Fattr HTTP/2.0" 200 912 "https://www.shakalar.com.lab2454.com/whsy.php?p=%2Fproc%2F16023" "Mozilla/5.0 AppleWebKit/537.36 (KHTML, like Gecko; compatible; GPTBot/1.3; +https://openai.com/gptbot)"
74.7.227.188 - - [01/Mar/2026:12:18:36 +0000] "GET /whsy.php?p=%2Fproc%2F7145 HTTP/2.0" 200 912 "https://www.shakalar.com/whsy.php?p=%2Fproc%2F32579%2F.." "Mozilla/5.0 AppleWebKit/537.36 (KHTML, like Gecko; compatible; GPTBot/1.3; +https://openai.com/gptbot)"
74.7.243.130 - - [01/Mar/2026:12:18:49 +0000] "GET /whsy.php?p=%2Fproc%2F26164%2Fnet HTTP/2.0" 200 912 "https://www.shakalar.com.lab2454.com/whsy.php?p=%2Fproc%2F26164" "Mozilla/5.0 AppleWebKit/537.36 (KHTML, like Gecko; compatible; GPTBot/1.3; +https://openai.com/gptbot)"
74.7.227.188 - - [01/Mar/2026:12:18:52 +0000] "GET /whsy.php?p=%2Fproc%2F6854 HTTP/2.0" 200 912 "https://www.shakalar.com/whsy.php?p=%2Fproc%2F12067%2F.." "Mozilla/5.0 AppleWebKit/537.36 (KHTML, like Gecko; compatible; GPTBot/1.3; +https://openai.com/gptbot)"
74.7.227.54 - - [01/Mar/2026:12:19:03 +0000] "GET /whsy.php?p=%2Fproc%2F31666%2Ftask%2F31718 HTTP/2.0" 200 912 "https://shakalar.com/whsy.php?p=%2Fproc%2F31666%2Ftask" "Mozilla/5.0 AppleWebKit/537.36 (KHTML, like Gecko; compatible; GPTBot/1.3; +https://openai.com/gptbot)"
74.7.243.130 - - [01/Mar/2026:12:19:04 +0000] "GET /whsy.php?p=%2Fproc%2F15799%2Fattr HTTP/2.0" 200 912 "https://www.shakalar.com.lab2454.com/whsy.php?p=%2Fproc%2F15799" "Mozilla/5.0 AppleWebKit/537.36 (KHTML, like Gecko; compatible; GPTBot/1.3; +https://openai.com/gptbot)"
74.7.227.188 - - [01/Mar/2026:12:19:08 +0000] "GET /whsy.php?p=%2Fproc%2F3841 HTTP/2.0" 200 912 "https://www.shakalar.com/whsy.php?p=%2Fproc%2F27966%2F.." "Mozilla/5.0 AppleWebKit/537.36 (KHTML, like Gecko; compatible; GPTBot/1.3; +https://openai.com/gptbot)"
74.7.243.130 - - [01/Mar/2026:12:19:21 +0000] "GET /whsy.php?p=%2Fproc%2F25239%2Fattr HTTP/2.0" 200 912 "https://www.shakalar.com.lab2454.com/whsy.php?p=%2Fproc%2F25239" "Mozilla/5.0 AppleWebKit/537.36 (KHTML, like Gecko; compatible; GPTBot/1.3; +https://openai.com/gptbot)"
74.7.244.52 - - [01/Mar/2026:12:19:22 +0000] "GET /robots.txt HTTP/2.0" 404 - "-" "Mozilla/5.0 (Macintosh; Intel Mac OS X 10_15_7) AppleWebKit/537.36 (KHTML, like Gecko) Chrome/131.0.0.0 Safari/537.36; compatible; OAI-SearchBot/1.3; robots.txt; +https://openai.com/searchbot"
74.7.227.188 - - [01/Mar/2026:12:19:23 +0000] "GET /whsy.php?e=numa_maps&p=%2Fproc%2F8142 HTTP/2.0" 200 2120 "https://www.shakalar.com/whsy.php?p=%2Fproc%2F8142" "Mozilla/5.0 AppleWebKit/537.36 (KHTML, like Gecko; compatible; GPTBot/1.3; +https://openai.com/gptbot)"
74.7.243.130 - - [01/Mar/2026:12:19:35 +0000] "GET /whsy.php?p=%2Fproc%2F30297%2Fnet HTTP/2.0" 200 912 "https://www.shakalar.com.lab2454.com/whsy.php?p=%2Fproc%2F30297" "Mozilla/5.0 AppleWebKit/537.36 (KHTML, like Gecko; compatible; GPTBot/1.3; +https://openai.com/gptbot)"
74.7.227.188 - - [01/Mar/2026:12:19:37 +0000] "GET /whsy.php?e=mountinfo&p=%2Fproc%2F8142 HTTP/2.0" 200 2987 "https://www.shakalar.com/whsy.php?p=%2Fproc%2F8142" "Mozilla/5.0 AppleWebKit/537.36 (KHTML, like Gecko; compatible; GPTBot/1.3; +https://openai.com/gptbot)"
74.7.227.54 - - [01/Mar/2026:12:19:41 +0000] "GET /whsy.php?p=%2Fproc%2F31666%2Ftask%2F31703 HTTP/2.0" 200 912 "https://shakalar.com/whsy.php?p=%2Fproc%2F31666%2Ftask" "Mozilla/5.0 AppleWebKit/537.36 (KHTML, like Gecko; compatible; GPTBot/1.3; +https://openai.com/gptbot)"
74.7.243.130 - - [01/Mar/2026:12:19:49 +0000] "GET /whsy.php?p=%2Fproc%2F22647%2Ftask HTTP/2.0" 200 912 "https://www.shakalar.com.lab2454.com/whsy.php?p=%2Fproc%2F22647" "Mozilla/5.0 AppleWebKit/537.36 (KHTML, like Gecko; compatible; GPTBot/1.3; +https://openai.com/gptbot)"
74.7.227.188 - - [01/Mar/2026:12:19:53 +0000] "GET /whsy.php?e=gid_map&p=%2Fproc%2F8142 HTTP/2.0" 200 2022 "https://www.shakalar.com/whsy.php?p=%2Fproc%2F8142" "Mozilla/5.0 AppleWebKit/537.36 (KHTML, like Gecko; compatible; GPTBot/1.3; +https://openai.com/gptbot)"
74.7.243.130 - - [01/Mar/2026:12:20:06 +0000] "GET /whsy.php?p=%2Fproc%2F24380%2Ftask HTTP/2.0" 200 912 "https://www.shakalar.com.lab2454.com/whsy.php?p=%2Fproc%2F24380" "Mozilla/5.0 AppleWebKit/537.36 (KHTML, like Gecko; compatible; GPTBot/1.3; +https://openai.com/gptbot)"
74.7.227.188 - - [01/Mar/2026:12:20:09 +0000] "GET /whsy.php?e=uid_map&p=%2Fproc%2F8142 HTTP/2.0" 200 2019 "https://www.shakalar.com/whsy.php?p=%2Fproc%2F8142" "Mozilla/5.0 AppleWebKit/537.36 (KHTML, like Gecko; compatible; GPTBot/1.3; +https://openai.com/gptbot)"
74.7.227.54 - - [01/Mar/2026:12:20:13 +0000] "GET /whsy.php?p=%2Fproc%2F31666%2Ftask%2F31715 HTTP/2.0" 200 912 "https://shakalar.com/whsy.php?p=%2Fproc%2F31666%2Ftask" "Mozilla/5.0 AppleWebKit/537.36 (KHTML, like Gecko; compatible; GPTBot/1.3; +https://openai.com/gptbot)"
74.7.243.130 - - [01/Mar/2026:12:20:21 +0000] "GET /whsy.php?p=%2Fproc%2F15712%2Fnet HTTP/2.0" 200 912 "https://www.shakalar.com.lab2454.com/whsy.php?p=%2Fproc%2F15712" "Mozilla/5.0 AppleWebKit/537.36 (KHTML, like Gecko; compatible; GPTBot/1.3; +https://openai.com/gptbot)"
74.7.227.188 - - [01/Mar/2026:12:20:23 +0000] "GET /whsy.php?e=oom_adj&p=%2Fproc%2F8142 HTTP/2.0" 200 2004 "https://www.shakalar.com/whsy.php?p=%2Fproc%2F8142" "Mozilla/5.0 AppleWebKit/537.36 (KHTML, like Gecko; compatible; GPTBot/1.3; +https://openai.com/gptbot)"
74.7.230.54 - - [01/Mar/2026:12:20:24 +0000] "GET /robots.txt HTTP/2.0" 404 - "-" "Mozilla/5.0 (Macintosh; Intel Mac OS X 10_15_7) AppleWebKit/537.36 (KHTML, like Gecko) Chrome/131.0.0.0 Safari/537.36; compatible; OAI-SearchBot/1.3; robots.txt; +https://openai.com/searchbot"
74.7.243.130 - - [01/Mar/2026:12:20:34 +0000] "GET /whsy.php?p=%2Fproc%2F24072%2Ftask HTTP/2.0" 200 912 "https://www.shakalar.com.lab2454.com/whsy.php?p=%2Fproc%2F24072" "Mozilla/5.0 AppleWebKit/537.36 (KHTML, like Gecko; compatible; GPTBot/1.3; +https://openai.com/gptbot)"
74.7.227.188 - - [01/Mar/2026:12:20:38 +0000] "GET /whsy.php?e=auxv&p=%2Fproc%2F8142 HTTP/2.0" 200 1935 "https://www.shakalar.com/whsy.php?p=%2Fproc%2F8142" "Mozilla/5.0 AppleWebKit/537.36 (KHTML, like Gecko; compatible; GPTBot/1.3; +https://openai.com/gptbot)"
74.7.227.54 - - [01/Mar/2026:12:20:43 +0000] "GET /whsy.php?p=%2Fproc%2F31666%2Ftask%2F31719 HTTP/2.0" 200 912 "https://shakalar.com/whsy.php?p=%2Fproc%2F31666%2Ftask" "Mozilla/5.0 AppleWebKit/537.36 (KHTML, like Gecko; compatible; GPTBot/1.3; +https://openai.com/gptbot)"
51.195.215.129 - - [01/Mar/2026:12:20:45 +0000] "GET /whsy.php?e=malware_scan-19-11-23.txt&p=%2Fhome%2Flab2454c HTTP/2.0" 200 69050 "-" "Mozilla/5.0 (compatible; AhrefsBot/7.0; +http://ahrefs.com/robot/)"
74.7.243.130 - - [01/Mar/2026:12:20:49 +0000] "GET /whsy.php?p=%2Fproc%2F11718%2Fattr HTTP/2.0" 200 912 "https://www.shakalar.com.lab2454.com/whsy.php?p=%2Fproc%2F11718" "Mozilla/5.0 AppleWebKit/537.36 (KHTML, like Gecko; compatible; GPTBot/1.3; +https://openai.com/gptbot)"
74.7.227.188 - - [01/Mar/2026:12:20:54 +0000] "GET /whsy.php?e=oom_score_adj&p=%2Fproc%2F8142 HTTP/2.0" 200 2006 "https://www.shakalar.com/whsy.php?p=%2Fproc%2F8142" "Mozilla/5.0 AppleWebKit/537.36 (KHTML, like Gecko; compatible; GPTBot/1.3; +https://openai.com/gptbot)"
74.7.243.130 - - [01/Mar/2026:12:21:24 +0000] "GET /whsy.php?p=%2Fproc%2F24959%2Fattr HTTP/2.0" 200 912 "https://www.shakalar.com.lab2454.com/whsy.php?p=%2Fproc%2F24959" "Mozilla/5.0 AppleWebKit/537.36 (KHTML, like Gecko; compatible; GPTBot/1.3; +https://openai.com/gptbot)"
74.7.227.188 - - [01/Mar/2026:12:21:26 +0000] "GET /whsy.php?e=comm&p=%2Fproc%2F8142 HTTP/2.0" 200 2005 "https://www.shakalar.com/whsy.php?p=%2Fproc%2F8142" "Mozilla/5.0 AppleWebKit/537.36 (KHTML, like Gecko; compatible; GPTBot/1.3; +https://openai.com/gptbot)"
74.7.227.54 - - [01/Mar/2026:12:21:27 +0000] "GET /whsy.php?p=%2Fproc%2F25364%2Fnet%2Fxt_recent HTTP/2.0" 200 497 "https://shakalar.com/whsy.php?p=%2Fproc%2F25364%2Fnet" "Mozilla/5.0 AppleWebKit/537.36 (KHTML, like Gecko; compatible; GPTBot/1.3; +https://openai.com/gptbot)"
74.7.243.130 - - [01/Mar/2026:12:21:59 +0000] "GET /whsy.php?p=%2Fproc%2F32059%2Fnet HTTP/2.0" 200 912 "https://www.shakalar.com.lab2454.com/whsy.php?p=%2Fproc%2F32059" "Mozilla/5.0 AppleWebKit/537.36 (KHTML, like Gecko; compatible; GPTBot/1.3; +https://openai.com/gptbot)"
74.7.227.188 - - [01/Mar/2026:12:22:01 +0000] "GET /whsy.php?e=root&p=%2Fproc%2F8142 HTTP/2.0" 200 1935 "https://www.shakalar.com/whsy.php?p=%2Fproc%2F8142" "Mozilla/5.0 AppleWebKit/537.36 (KHTML, like Gecko; compatible; GPTBot/1.3; +https://openai.com/gptbot)"
74.7.227.54 - - [01/Mar/2026:12:22:01 +0000] "GET /whsy.php?p=%2Fproc%2F26918%2Fnet%2Fxt_recent HTTP/2.0" 200 497 "https://shakalar.com/whsy.php?p=%2Fproc%2F26918%2Fnet" "Mozilla/5.0 AppleWebKit/537.36 (KHTML, like Gecko; compatible; GPTBot/1.3; +https://openai.com/gptbot)"
74.7.243.130 - - [01/Mar/2026:12:22:36 +0000] "GET /whsy.php?p=%2Fproc%2F23086%2Fattr HTTP/2.0" 200 799 "https://www.shakalar.com.lab2454.com/whsy.php?p=%2Fproc%2F23086" "Mozilla/5.0 AppleWebKit/537.36 (KHTML, like Gecko; compatible; GPTBot/1.3; +https://openai.com/gptbot)"
74.7.227.188 - - [01/Mar/2026:12:22:38 +0000] "GET /whsy.php?e=maps&p=%2Fproc%2F8142 HTTP/2.0" 200 2115 "https://www.shakalar.com/whsy.php?p=%2Fproc%2F8142" "Mozilla/5.0 AppleWebKit/537.36 (KHTML, like Gecko; compatible; GPTBot/1.3; +https://openai.com/gptbot)"
74.7.227.54 - - [01/Mar/2026:12:22:38 +0000] "GET /whsy.php?p=%2Fproc%2F26917%2Fnet%2Fxt_recent HTTP/2.0" 200 497 "https://shakalar.com/whsy.php?p=%2Fproc%2F26917%2Fnet" "Mozilla/5.0 AppleWebKit/537.36 (KHTML, like Gecko; compatible; GPTBot/1.3; +https://openai.com/gptbot)"
74.7.243.130 - - [01/Mar/2026:12:23:12 +0000] "GET /whsy.php?p=%2Fproc%2F25706%2Fattr HTTP/2.0" 200 912 "https://www.shakalar.com.lab2454.com/whsy.php?p=%2Fproc%2F25706" "Mozilla/5.0 AppleWebKit/537.36 (KHTML, like Gecko; compatible; GPTBot/1.3; +https://openai.com/gptbot)"
74.7.227.188 - - [01/Mar/2026:12:23:13 +0000] "GET /whsy.php?e=io&p=%2Fproc%2F8142 HTTP/2.0" 200 1935 "https://www.shakalar.com/whsy.php?p=%2Fproc%2F8142" "Mozilla/5.0 AppleWebKit/537.36 (KHTML, like Gecko; compatible; GPTBot/1.3; +https://openai.com/gptbot)"
74.7.227.54 - - [01/Mar/2026:12:23:13 +0000] "GET /whsy.php?p=%2Fproc%2F15824%2Fnet%2Fxt_recent HTTP/2.0" 200 912 "https://shakalar.com/whsy.php?p=%2Fproc%2F15824%2Fnet" "Mozilla/5.0 AppleWebKit/537.36 (KHTML, like Gecko; compatible; GPTBot/1.3; +https://openai.com/gptbot)"
74.7.243.130 - - [01/Mar/2026:12:23:47 +0000] "GET /whsy.php?p=%2Fproc%2F28994%2Fnet HTTP/2.0" 200 912 "https://www.shakalar.com.lab2454.com/whsy.php?p=%2Fproc%2F28994" "Mozilla/5.0 AppleWebKit/537.36 (KHTML, like Gecko; compatible; GPTBot/1.3; +https://openai.com/gptbot)"
74.7.227.188 - - [01/Mar/2026:12:23:49 +0000] "GET /whsy.php?e=oom_score&p=%2Fproc%2F8142 HTTP/2.0" 200 2005 "https://www.shakalar.com/whsy.php?p=%2Fproc%2F8142" "Mozilla/5.0 AppleWebKit/537.36 (KHTML, like Gecko; compatible; GPTBot/1.3; +https://openai.com/gptbot)"
74.7.227.54 - - [01/Mar/2026:12:23:49 +0000] "GET /whsy.php?p=%2Fproc%2F14334%2Fnet%2Fxt_recent HTTP/2.0" 200 912 "https://shakalar.com/whsy.php?p=%2Fproc%2F14334%2Fnet" "Mozilla/5.0 AppleWebKit/537.36 (KHTML, like Gecko; compatible; GPTBot/1.3; +https://openai.com/gptbot)"
74.7.243.130 - - [01/Mar/2026:12:24:16 +0000] "GET /whsy.php?p=%2Fproc%2F26039%2Fattr HTTP/2.0" 200 912 "https://www.shakalar.com.lab2454.com/whsy.php?p=%2Fproc%2F26039" "Mozilla/5.0 AppleWebKit/537.36 (KHTML, like Gecko; compatible; GPTBot/1.3; +https://openai.com/gptbot)"
74.7.227.188 - - [01/Mar/2026:12:24:18 +0000] "GET /whsy.php?e=mem&p=%2Fproc%2F8142 HTTP/2.0" 200 1935 "https://www.shakalar.com/whsy.php?p=%2Fproc%2F8142" "Mozilla/5.0 AppleWebKit/537.36 (KHTML, like Gecko; compatible; GPTBot/1.3; +https://openai.com/gptbot)"
74.7.227.54 - - [01/Mar/2026:12:24:18 +0000] "GET /whsy.php?p=%2Fproc%2F20784%2Fnet%2Fxt_recent HTTP/2.0" 200 912 "https://shakalar.com/whsy.php?p=%2Fproc%2F20784%2Fnet" "Mozilla/5.0 AppleWebKit/537.36 (KHTML, like Gecko; compatible; GPTBot/1.3; +https://openai.com/gptbot)"
74.7.243.130 - - [01/Mar/2026:12:24:31 +0000] "GET /whsy.php?p=%2Fproc%2F14253%2Fattr HTTP/2.0" 200 912 "https://www.shakalar.com.lab2454.com/whsy.php?p=%2Fproc%2F14253" "Mozilla/5.0 AppleWebKit/537.36 (KHTML, like Gecko; compatible; GPTBot/1.3; +https://openai.com/gptbot)"
74.7.244.52 - - [01/Mar/2026:12:24:32 +0000] "GET /robots.txt HTTP/2.0" 404 - "-" "Mozilla/5.0 (Macintosh; Intel Mac OS X 10_15_7) AppleWebKit/537.36 (KHTML, like Gecko) Chrome/131.0.0.0 Safari/537.36; compatible; OAI-SearchBot/1.3; robots.txt; +https://openai.com/searchbot"
74.7.227.188 - - [01/Mar/2026:12:24:34 +0000] "GET /whsy.php?e=cwd&p=%2Fproc%2F8142 HTTP/2.0" 200 1935 "https://www.shakalar.com/whsy.php?p=%2Fproc%2F8142" "Mozilla/5.0 AppleWebKit/537.36 (KHTML, like Gecko; compatible; GPTBot/1.3; +https://openai.com/gptbot)"
74.7.227.54 - - [01/Mar/2026:12:24:34 +0000] "GET /whsy.php?p=%2Fproc%2F25929%2Fnet%2Fdev_snmp6 HTTP/2.0" 200 912 "https://shakalar.com/whsy.php?p=%2Fproc%2F25929%2Fnet" "Mozilla/5.0 AppleWebKit/537.36 (KHTML, like Gecko; compatible; GPTBot/1.3; +https://openai.com/gptbot)"
74.7.243.130 - - [01/Mar/2026:12:24:53 +0000] "GET /whsy.php?p=%2Fproc%2F28589%2Fnet HTTP/2.0" 200 912 "https://www.shakalar.com.lab2454.com/whsy.php?p=%2Fproc%2F28589" "Mozilla/5.0 AppleWebKit/537.36 (KHTML, like Gecko; compatible; GPTBot/1.3; +https://openai.com/gptbot)"
74.7.227.188 - - [01/Mar/2026:12:24:54 +0000] "GET /whsy.php?e=exe&p=%2Fproc%2F8142 HTTP/2.0" 200 1935 "https://www.shakalar.com/whsy.php?p=%2Fproc%2F8142" "Mozilla/5.0 AppleWebKit/537.36 (KHTML, like Gecko; compatible; GPTBot/1.3; +https://openai.com/gptbot)"
74.7.227.54 - - [01/Mar/2026:12:24:54 +0000] "GET /whsy.php?p=%2Fproc%2F12654%2Fnet%2Fxt_recent HTTP/2.0" 200 912 "https://shakalar.com/whsy.php?p=%2Fproc%2F12654%2Fnet" "Mozilla/5.0 AppleWebKit/537.36 (KHTML, like Gecko; compatible; GPTBot/1.3; +https://openai.com/gptbot)"
74.7.243.130 - - [01/Mar/2026:12:25:19 +0000] "GET /whsy.php?p=%2Fproc%2F30397%2Fattr HTTP/2.0" 200 912 "https://www.shakalar.com.lab2454.com/whsy.php?p=%2Fproc%2F30397" "Mozilla/5.0 AppleWebKit/537.36 (KHTML, like Gecko; compatible; GPTBot/1.3; +https://openai.com/gptbot)"
74.7.227.188 - - [01/Mar/2026:12:25:22 +0000] "GET /whsy.php?e=timerslack_ns&p=%2Fproc%2F8142 HTTP/2.0" 200 2005 "https://www.shakalar.com/whsy.php?p=%2Fproc%2F8142" "Mozilla/5.0 AppleWebKit/537.36 (KHTML, like Gecko; compatible; GPTBot/1.3; +https://openai.com/gptbot)"
74.7.227.54 - - [01/Mar/2026:12:25:22 +0000] "GET /whsy.php?p=%2Fproc%2F11146%2Ftask%2F24419%2Fnet%2Fdev_snmp6 HTTP/2.0" 200 1003 "https://shakalar.com/whsy.php?p=%2Fproc%2F11146%2Ftask%2F24419%2Fnet" "Mozilla/5.0 AppleWebKit/537.36 (KHTML, like Gecko; compatible; GPTBot/1.3; +https://openai.com/gptbot)"
74.7.243.130 - - [01/Mar/2026:12:25:30 +0000] "GET /whsy.php?p=%2Fproc%2F32254%2Ftask HTTP/2.0" 200 912 "https://www.shakalar.com.lab2454.com/whsy.php?p=%2Fproc%2F32254" "Mozilla/5.0 AppleWebKit/537.36 (KHTML, like Gecko; compatible; GPTBot/1.3; +https://openai.com/gptbot)"
74.7.227.188 - - [01/Mar/2026:12:25:32 +0000] "GET /whsy.php?e=timers&p=%2Fproc%2F8142 HTTP/2.0" 200 2003 "https://www.shakalar.com/whsy.php?p=%2Fproc%2F8142" "Mozilla/5.0 AppleWebKit/537.36 (KHTML, like Gecko; compatible; GPTBot/1.3; +https://openai.com/gptbot)"
74.7.230.54 - - [01/Mar/2026:12:25:32 +0000] "GET /robots.txt HTTP/2.0" 404 - "-" "Mozilla/5.0 (Macintosh; Intel Mac OS X 10_15_7) AppleWebKit/537.36 (KHTML, like Gecko) Chrome/131.0.0.0 Safari/537.36; compatible; OAI-SearchBot/1.3; robots.txt; +https://openai.com/searchbot"
74.7.227.54 - - [01/Mar/2026:12:25:32 +0000] "GET /whsy.php?e=nf_log&p=%2Fproc%2F18907%2Fnet%2Fnetfilter HTTP/2.0" 200 886 "https://shakalar.com/whsy.php?p=%2Fproc%2F18907%2Fnet%2Fnetfilter" "Mozilla/5.0 AppleWebKit/537.36 (KHTML, like Gecko; compatible; GPTBot/1.3; +https://openai.com/gptbot)"
74.7.243.130 - - [01/Mar/2026:12:25:44 +0000] "GET /whsy.php?p=%2Fproc%2F25183%2Ftask HTTP/2.0" 200 912 "https://www.shakalar.com.lab2454.com/whsy.php?p=%2Fproc%2F25183" "Mozilla/5.0 AppleWebKit/537.36 (KHTML, like Gecko; compatible; GPTBot/1.3; +https://openai.com/gptbot)"
74.7.227.188 - - [01/Mar/2026:12:25:45 +0000] "GET /whsy.php?e=limits&p=%2Fproc%2F8142 HTTP/2.0" 200 2273 "https://www.shakalar.com/whsy.php?p=%2Fproc%2F8142" "Mozilla/5.0 AppleWebKit/537.36 (KHTML, like Gecko; compatible; GPTBot/1.3; +https://openai.com/gptbot)"
74.7.227.54 - - [01/Mar/2026:12:25:45 +0000] "GET /whsy.php?e=ksm_merging_pages&p=%2Fproc%2F19998 HTTP/2.0" 200 912 "https://shakalar.com/whsy.php?p=%2Fproc%2F19998" "Mozilla/5.0 AppleWebKit/537.36 (KHTML, like Gecko; compatible; GPTBot/1.3; +https://openai.com/gptbot)"
74.7.243.130 - - [01/Mar/2026:12:25:56 +0000] "GET /whsy.php?p=%2Fproc%2F24113%2Ftask HTTP/2.0" 200 912 "https://www.shakalar.com.lab2454.com/whsy.php?p=%2Fproc%2F24113" "Mozilla/5.0 AppleWebKit/537.36 (KHTML, like Gecko; compatible; GPTBot/1.3; +https://openai.com/gptbot)"
74.7.227.188 - - [01/Mar/2026:12:25:59 +0000] "GET /whsy.php?e=mounts&p=%2Fproc%2F8142 HTTP/2.0" 200 2675 "https://www.shakalar.com/whsy.php?p=%2Fproc%2F8142" "Mozilla/5.0 AppleWebKit/537.36 (KHTML, like Gecko; compatible; GPTBot/1.3; +https://openai.com/gptbot)"
74.7.227.54 - - [01/Mar/2026:12:25:59 +0000] "GET /whsy.php?e=ksm_merging_pages&p=%2Fproc%2F31666 HTTP/2.0" 200 912 "https://shakalar.com/whsy.php?p=%2Fproc%2F31666" "Mozilla/5.0 AppleWebKit/537.36 (KHTML, like Gecko; compatible; GPTBot/1.3; +https://openai.com/gptbot)"
74.7.243.130 - - [01/Mar/2026:12:26:07 +0000] "GET /whsy.php?p=%2Fproc%2F20415%2Fnet HTTP/2.0" 200 912 "https://www.shakalar.com.lab2454.com/whsy.php?p=%2Fproc%2F20415" "Mozilla/5.0 AppleWebKit/537.36 (KHTML, like Gecko; compatible; GPTBot/1.3; +https://openai.com/gptbot)"
74.7.227.188 - - [01/Mar/2026:12:26:10 +0000] "GET /whsy.php?e=status&p=%2Fproc%2F8142 HTTP/2.0" 200 2527 "https://www.shakalar.com/whsy.php?p=%2Fproc%2F8142" "Mozilla/5.0 AppleWebKit/537.36 (KHTML, like Gecko; compatible; GPTBot/1.3; +https://openai.com/gptbot)"
74.7.227.54 - - [01/Mar/2026:12:26:11 +0000] "GET /whsy.php?e=ksm_merging_pages&p=%2Fproc%2F11146 HTTP/2.0" 200 1935 "https://shakalar.com/whsy.php?p=%2Fproc%2F11146" "Mozilla/5.0 AppleWebKit/537.36 (KHTML, like Gecko; compatible; GPTBot/1.3; +https://openai.com/gptbot)"
74.7.243.130 - - [01/Mar/2026:12:26:25 +0000] "GET /whsy.php?e=prev&p=%2Fproc%2F23086%2Fattr HTTP/2.0" 200 859 "https://www.shakalar.com.lab2454.com/whsy.php?p=%2Fproc%2F23086%2Fattr" "Mozilla/5.0 AppleWebKit/537.36 (KHTML, like Gecko; compatible; GPTBot/1.3; +https://openai.com/gptbot)"
74.7.227.188 - - [01/Mar/2026:12:26:27 +0000] "GET /whsy.php?p=%2Fproc%2F8142%2Fattr HTTP/2.0" 200 799 "https://www.shakalar.com/whsy.php?p=%2Fproc%2F8142" "Mozilla/5.0 AppleWebKit/537.36 (KHTML, like Gecko; compatible; GPTBot/1.3; +https://openai.com/gptbot)"
74.7.227.54 - - [01/Mar/2026:12:26:27 +0000] "GET /whsy.php?e=ip_vs_stats_percpu&p=%2Fproc%2F11146%2Ftask%2F11155%2Fnet HTTP/2.0" 200 2659 "https://shakalar.com/whsy.php?p=%2Fproc%2F11146%2Ftask%2F11155%2Fnet" "Mozilla/5.0 AppleWebKit/537.36 (KHTML, like Gecko; compatible; GPTBot/1.3; +https://openai.com/gptbot)"
74.7.230.1 - - [01/Mar/2026:12:26:28 +0000] "GET /robots.txt HTTP/2.0" 404 - "-" "Mozilla/5.0 (Macintosh; Intel Mac OS X 10_15_7) AppleWebKit/537.36 (KHTML, like Gecko) Chrome/131.0.0.0 Safari/537.36; compatible; OAI-SearchBot/1.3; robots.txt; +https://openai.com/searchbot"
74.7.243.130 - - [01/Mar/2026:12:26:37 +0000] "GET /whsy.php?e=keycreate&p=%2Fproc%2F23086%2Fattr HTTP/2.0" 200 863 "https://www.shakalar.com.lab2454.com/whsy.php?p=%2Fproc%2F23086%2Fattr" "Mozilla/5.0 AppleWebKit/537.36 (KHTML, like Gecko; compatible; GPTBot/1.3; +https://openai.com/gptbot)"
74.7.227.188 - - [01/Mar/2026:12:26:38 +0000] "GET /whsy.php?p=%2Fproc%2F8142%2Ftask HTTP/2.0" 200 489 "https://www.shakalar.com/whsy.php?p=%2Fproc%2F8142" "Mozilla/5.0 AppleWebKit/537.36 (KHTML, like Gecko; compatible; GPTBot/1.3; +https://openai.com/gptbot)"
74.7.227.54 - - [01/Mar/2026:12:26:38 +0000] "GET /whsy.php?e=ip_vs_stats_percpu&p=%2Fproc%2F11146%2Ftask%2F11152%2Fnet HTTP/2.0" 200 2658 "https://shakalar.com/whsy.php?p=%2Fproc%2F11146%2Ftask%2F11152%2Fnet" "Mozilla/5.0 AppleWebKit/537.36 (KHTML, like Gecko; compatible; GPTBot/1.3; +https://openai.com/gptbot)"
74.7.243.130 - - [01/Mar/2026:12:26:47 +0000] "GET /whsy.php?p=%2Fproc%2F21052%2Fattr HTTP/2.0" 200 912 "https://www.shakalar.com.lab2454.com/whsy.php?p=%2Fproc%2F21052" "Mozilla/5.0 AppleWebKit/537.36 (KHTML, like Gecko; compatible; GPTBot/1.3; +https://openai.com/gptbot)"
74.7.227.188 - - [01/Mar/2026:12:26:53 +0000] "GET /whsy.php?e=coredump_filter&p=%2Fproc%2F8142 HTTP/2.0" 200 2006 "https://www.shakalar.com/whsy.php?p=%2Fproc%2F8142" "Mozilla/5.0 AppleWebKit/537.36 (KHTML, like Gecko; compatible; GPTBot/1.3; +https://openai.com/gptbot)"
74.7.227.54 - - [01/Mar/2026:12:26:54 +0000] "GET /whsy.php?e=ip_vs_stats_percpu&p=%2Fproc%2F11146%2Ftask%2F11246%2Fnet HTTP/2.0" 200 2658 "https://shakalar.com/whsy.php?p=%2Fproc%2F11146%2Ftask%2F11246%2Fnet" "Mozilla/5.0 AppleWebKit/537.36 (KHTML, like Gecko; compatible; GPTBot/1.3; +https://openai.com/gptbot)"
74.7.243.130 - - [01/Mar/2026:12:27:08 +0000] "GET /whsy.php?p=%2Fproc%2F29283%2Ftask HTTP/2.0" 200 912 "https://www.shakalar.com.lab2454.com/whsy.php?p=%2Fproc%2F29283" "Mozilla/5.0 AppleWebKit/537.36 (KHTML, like Gecko; compatible; GPTBot/1.3; +https://openai.com/gptbot)"
74.7.227.188 - - [01/Mar/2026:12:27:11 +0000] "GET /whsy.php?e=cgroup&p=%2Fproc%2F8142 HTTP/2.0" 200 2145 "https://www.shakalar.com/whsy.php?p=%2Fproc%2F8142" "Mozilla/5.0 AppleWebKit/537.36 (KHTML, like Gecko; compatible; GPTBot/1.3; +https://openai.com/gptbot)"
74.7.227.54 - - [01/Mar/2026:12:27:12 +0000] "GET /whsy.php?e=ip_vs_stats_percpu&p=%2Fproc%2F11146%2Ftask%2F11160%2Fnet HTTP/2.0" 200 2657 "https://shakalar.com/whsy.php?p=%2Fproc%2F11146%2Ftask%2F11160%2Fnet" "Mozilla/5.0 AppleWebKit/537.36 (KHTML, like Gecko; compatible; GPTBot/1.3; +https://openai.com/gptbot)"
74.7.243.130 - - [01/Mar/2026:12:27:16 +0000] "GET /whsy.php?p=%2Fproc%2F19393%2Fnet HTTP/2.0" 200 912 "https://www.shakalar.com.lab2454.com/whsy.php?p=%2Fproc%2F19393" "Mozilla/5.0 AppleWebKit/537.36 (KHTML, like Gecko; compatible; GPTBot/1.3; +https://openai.com/gptbot)"
74.7.227.188 - - [01/Mar/2026:12:27:18 +0000] "GET /whsy.php?e=cpuset&p=%2Fproc%2F8142 HTTP/2.0" 200 2004 "https://www.shakalar.com/whsy.php?p=%2Fproc%2F8142" "Mozilla/5.0 AppleWebKit/537.36 (KHTML, like Gecko; compatible; GPTBot/1.3; +https://openai.com/gptbot)"
74.7.227.54 - - [01/Mar/2026:12:27:18 +0000] "GET /whsy.php?e=ip_vs_stats_percpu&p=%2Fproc%2F11146%2Ftask%2F11472%2Fnet HTTP/2.0" 200 2658 "https://shakalar.com/whsy.php?p=%2Fproc%2F11146%2Ftask%2F11472%2Fnet" "Mozilla/5.0 AppleWebKit/537.36 (KHTML, like Gecko; compatible; GPTBot/1.3; +https://openai.com/gptbot)"
74.7.243.130 - - [01/Mar/2026:12:27:27 +0000] "GET /whsy.php?p=%2Fproc%2F23411%2Fattr HTTP/2.0" 200 912 "https://www.shakalar.com.lab2454.com/whsy.php?p=%2Fproc%2F23411" "Mozilla/5.0 AppleWebKit/537.36 (KHTML, like Gecko; compatible; GPTBot/1.3; +https://openai.com/gptbot)"
74.7.227.188 - - [01/Mar/2026:12:27:29 +0000] "GET /whsy.php?e=ksm_stat&p=%2Fproc%2F8142 HTTP/2.0" 200 1935 "https://www.shakalar.com/whsy.php?p=%2Fproc%2F8142" "Mozilla/5.0 AppleWebKit/537.36 (KHTML, like Gecko; compatible; GPTBot/1.3; +https://openai.com/gptbot)"
74.7.227.54 - - [01/Mar/2026:12:27:30 +0000] "GET /whsy.php?e=ip_vs_stats_percpu&p=%2Fproc%2F11146%2Ftask%2F11247%2Fnet HTTP/2.0" 200 2658 "https://shakalar.com/whsy.php?p=%2Fproc%2F11146%2Ftask%2F11247%2Fnet" "Mozilla/5.0 AppleWebKit/537.36 (KHTML, like Gecko; compatible; GPTBot/1.3; +https://openai.com/gptbot)"
74.7.243.130 - - [01/Mar/2026:12:27:37 +0000] "GET /whsy.php?p=%2Fproc%2F27066%2Fnet HTTP/2.0" 200 912 "https://www.shakalar.com.lab2454.com/whsy.php?p=%2Fproc%2F27066" "Mozilla/5.0 AppleWebKit/537.36 (KHTML, like Gecko; compatible; GPTBot/1.3; +https://openai.com/gptbot)"
74.7.227.188 - - [01/Mar/2026:12:27:39 +0000] "GET /whsy.php?e=timens_offsets&p=%2Fproc%2F8142 HTTP/2.0" 200 2022 "https://www.shakalar.com/whsy.php?p=%2Fproc%2F8142" "Mozilla/5.0 AppleWebKit/537.36 (KHTML, like Gecko; compatible; GPTBot/1.3; +https://openai.com/gptbot)"
74.7.227.54 - - [01/Mar/2026:12:27:40 +0000] "GET /whsy.php?e=ip_vs_stats_percpu&p=%2Fproc%2F11146%2Ftask%2F11615%2Fnet HTTP/2.0" 200 2658 "https://shakalar.com/whsy.php?p=%2Fproc%2F11146%2Ftask%2F11615%2Fnet" "Mozilla/5.0 AppleWebKit/537.36 (KHTML, like Gecko; compatible; GPTBot/1.3; +https://openai.com/gptbot)"
74.7.243.130 - - [01/Mar/2026:12:27:47 +0000] "GET /whsy.php?p=%2Fproc%2F16728%2Fnet HTTP/2.0" 200 912 "https://www.shakalar.com.lab2454.com/whsy.php?p=%2Fproc%2F16728" "Mozilla/5.0 AppleWebKit/537.36 (KHTML, like Gecko; compatible; GPTBot/1.3; +https://openai.com/gptbot)"
74.7.227.188 - - [01/Mar/2026:12:27:48 +0000] "GET /whsy.php?e=statm&p=%2Fproc%2F8142 HTTP/2.0" 200 2024 "https://www.shakalar.com/whsy.php?p=%2Fproc%2F8142" "Mozilla/5.0 AppleWebKit/537.36 (KHTML, like Gecko; compatible; GPTBot/1.3; +https://openai.com/gptbot)"
74.7.227.54 - - [01/Mar/2026:12:27:48 +0000] "GET /whsy.php?e=ip_vs_stats_percpu&p=%2Fproc%2F11146%2Ftask%2F11231%2Fnet HTTP/2.0" 200 2658 "https://shakalar.com/whsy.php?p=%2Fproc%2F11146%2Ftask%2F11231%2Fnet" "Mozilla/5.0 AppleWebKit/537.36 (KHTML, like Gecko; compatible; GPTBot/1.3; +https://openai.com/gptbot)"
74.7.243.130 - - [01/Mar/2026:12:27:53 +0000] "GET /whsy.php?p=%2Fproc%2F11289%2Fattr HTTP/2.0" 200 912 "https://www.shakalar.com.lab2454.com/whsy.php?p=%2Fproc%2F11289" "Mozilla/5.0 AppleWebKit/537.36 (KHTML, like Gecko; compatible; GPTBot/1.3; +https://openai.com/gptbot)"
74.7.227.188 - - [01/Mar/2026:12:27:55 +0000] "GET /whsy.php?e=stack&p=%2Fproc%2F8142 HTTP/2.0" 200 1935 "https://www.shakalar.com/whsy.php?p=%2Fproc%2F8142" "Mozilla/5.0 AppleWebKit/537.36 (KHTML, like Gecko; compatible; GPTBot/1.3; +https://openai.com/gptbot)"
74.7.227.54 - - [01/Mar/2026:12:27:55 +0000] "GET /whsy.php?e=ip_vs_stats_percpu&p=%2Fproc%2F11146%2Ftask%2F11245%2Fnet HTTP/2.0" 200 2658 "https://shakalar.com/whsy.php?p=%2Fproc%2F11146%2Ftask%2F11245%2Fnet" "Mozilla/5.0 AppleWebKit/537.36 (KHTML, like Gecko; compatible; GPTBot/1.3; +https://openai.com/gptbot)"
74.7.243.130 - - [01/Mar/2026:12:28:01 +0000] "GET /whsy.php?p=%2Fproc%2F24765%2Ftask HTTP/2.0" 200 912 "https://www.shakalar.com.lab2454.com/whsy.php?p=%2Fproc%2F24765" "Mozilla/5.0 AppleWebKit/537.36 (KHTML, like Gecko; compatible; GPTBot/1.3; +https://openai.com/gptbot)"
74.7.227.188 - - [01/Mar/2026:12:28:02 +0000] "GET /whsy.php?e=loginuid&p=%2Fproc%2F8142 HTTP/2.0" 200 2002 "https://www.shakalar.com/whsy.php?p=%2Fproc%2F8142" "Mozilla/5.0 AppleWebKit/537.36 (KHTML, like Gecko; compatible; GPTBot/1.3; +https://openai.com/gptbot)"
74.7.227.54 - - [01/Mar/2026:12:28:03 +0000] "GET /whsy.php?e=ip_vs_stats_percpu&p=%2Fproc%2F11146%2Ftask%2F11236%2Fnet HTTP/2.0" 200 2657 "https://shakalar.com/whsy.php?p=%2Fproc%2F11146%2Ftask%2F11236%2Fnet" "Mozilla/5.0 AppleWebKit/537.36 (KHTML, like Gecko; compatible; GPTBot/1.3; +https://openai.com/gptbot)"
74.7.243.130 - - [01/Mar/2026:12:28:08 +0000] "GET /whsy.php?p=%2Fproc%2F10572%2Ftask HTTP/2.0" 200 912 "https://www.shakalar.com.lab2454.com/whsy.php?p=%2Fproc%2F10572" "Mozilla/5.0 AppleWebKit/537.36 (KHTML, like Gecko; compatible; GPTBot/1.3; +https://openai.com/gptbot)"
74.7.227.188 - - [01/Mar/2026:12:28:09 +0000] "GET /whsy.php?e=wchan&p=%2Fproc%2F8142 HTTP/2.0" 200 2002 "https://www.shakalar.com/whsy.php?p=%2Fproc%2F8142" "Mozilla/5.0 AppleWebKit/537.36 (KHTML, like Gecko; compatible; GPTBot/1.3; +https://openai.com/gptbot)"
74.7.243.130 - - [01/Mar/2026:12:28:17 +0000] "GET /whsy.php?p=%2Fproc%2F30370%2Fnet HTTP/2.0" 200 2442 "https://www.shakalar.com.lab2454.com/whsy.php?p=%2Fproc%2F30370" "Mozilla/5.0 AppleWebKit/537.36 (KHTML, like Gecko; compatible; GPTBot/1.3; +https://openai.com/gptbot)"
74.7.227.188 - - [01/Mar/2026:12:28:19 +0000] "GET /whsy.php?e=current&p=%2Fproc%2F8142%2Fattr HTTP/2.0" 200 847 "https://www.shakalar.com/whsy.php?p=%2Fproc%2F8142%2Fattr" "Mozilla/5.0 AppleWebKit/537.36 (KHTML, like Gecko; compatible; GPTBot/1.3; +https://openai.com/gptbot)"
74.7.243.130 - - [01/Mar/2026:12:28:25 +0000] "GET /whsy.php?p=%2Fproc%2F32073%2Ftask HTTP/2.0" 200 912 "https://www.shakalar.com.lab2454.com/whsy.php?p=%2Fproc%2F32073" "Mozilla/5.0 AppleWebKit/537.36 (KHTML, like Gecko; compatible; GPTBot/1.3; +https://openai.com/gptbot)"
74.7.227.188 - - [01/Mar/2026:12:28:25 +0000] "GET /whsy.php?e=smaps&p=%2Fproc%2F8142 HTTP/2.0" 200 2118 "https://www.shakalar.com/whsy.php?p=%2Fproc%2F8142" "Mozilla/5.0 AppleWebKit/537.36 (KHTML, like Gecko; compatible; GPTBot/1.3; +https://openai.com/gptbot)"
74.7.243.130 - - [01/Mar/2026:12:28:32 +0000] "GET /whsy.php?p=%2Fproc%2F32499%2Fattr HTTP/2.0" 200 912 "https://www.shakalar.com.lab2454.com/whsy.php?p=%2Fproc%2F32499" "Mozilla/5.0 AppleWebKit/537.36 (KHTML, like Gecko; compatible; GPTBot/1.3; +https://openai.com/gptbot)"
74.7.227.188 - - [01/Mar/2026:12:28:33 +0000] "GET /whsy.php?e=sched&p=%2Fproc%2F8142 HTTP/2.0" 200 2471 "https://www.shakalar.com/whsy.php?p=%2Fproc%2F8142" "Mozilla/5.0 AppleWebKit/537.36 (KHTML, like Gecko; compatible; GPTBot/1.3; +https://openai.com/gptbot)"
74.7.243.130 - - [01/Mar/2026:12:28:39 +0000] "GET /whsy.php?p=%2Fproc%2F25057%2Fattr HTTP/2.0" 200 912 "https://www.shakalar.com.lab2454.com/whsy.php?p=%2Fproc%2F25057" "Mozilla/5.0 AppleWebKit/537.36 (KHTML, like Gecko; compatible; GPTBot/1.3; +https://openai.com/gptbot)"
74.7.227.54 - - [01/Mar/2026:12:28:09 +0000] "GET /whsy.php?p=%2Fproc%2F11146%2Ffdinfo HTTP/2.0" 200 725934 "https://shakalar.com/whsy.php?e=ksm_merging_pages&p=%2Fproc%2F11146" "Mozilla/5.0 AppleWebKit/537.36 (KHTML, like Gecko; compatible; GPTBot/1.3; +https://openai.com/gptbot)"
74.7.227.188 - - [01/Mar/2026:12:28:40 +0000] "GET /whsy.php?e=stat&p=%2Fproc%2F8142 HTTP/2.0" 200 2104 "https://www.shakalar.com/whsy.php?p=%2Fproc%2F8142" "Mozilla/5.0 AppleWebKit/537.36 (KHTML, like Gecko; compatible; GPTBot/1.3; +https://openai.com/gptbot)"
74.7.243.130 - - [01/Mar/2026:12:28:45 +0000] "GET /whsy.php?p=%2Fproc%2F26561%2Fattr HTTP/2.0" 200 912 "https://www.shakalar.com.lab2454.com/whsy.php?p=%2Fproc%2F26561" "Mozilla/5.0 AppleWebKit/537.36 (KHTML, like Gecko; compatible; GPTBot/1.3; +https://openai.com/gptbot)"
74.7.227.54 - - [01/Mar/2026:12:28:45 +0000] "GET /whsy.php?e=ip_vs_stats_percpu&p=%2Fproc%2F11146%2Ftask%2F11234%2Fnet HTTP/2.0" 200 2658 "https://shakalar.com/whsy.php?p=%2Fproc%2F11146%2Ftask%2F11234%2Fnet" "Mozilla/5.0 AppleWebKit/537.36 (KHTML, like Gecko; compatible; GPTBot/1.3; +https://openai.com/gptbot)"
74.7.243.130 - - [01/Mar/2026:12:28:52 +0000] "GET /whsy.php?p=%2Fproc%2F25134%2Fnet HTTP/2.0" 200 912 "https://www.shakalar.com.lab2454.com/whsy.php?p=%2Fproc%2F25134" "Mozilla/5.0 AppleWebKit/537.36 (KHTML, like Gecko; compatible; GPTBot/1.3; +https://openai.com/gptbot)"
74.7.227.54 - - [01/Mar/2026:12:28:53 +0000] "GET /whsy.php?e=ip_vs_stats_percpu&p=%2Fproc%2F11146%2Ftask%2F11154%2Fnet HTTP/2.0" 200 2658 "https://shakalar.com/whsy.php?p=%2Fproc%2F11146%2Ftask%2F11154%2Fnet" "Mozilla/5.0 AppleWebKit/537.36 (KHTML, like Gecko; compatible; GPTBot/1.3; +https://openai.com/gptbot)"
74.7.243.130 - - [01/Mar/2026:12:29:00 +0000] "GET /whsy.php?p=%2Fproc%2F16260%2Ftask HTTP/2.0" 200 912 "https://www.shakalar.com.lab2454.com/whsy.php?p=%2Fproc%2F16260" "Mozilla/5.0 AppleWebKit/537.36 (KHTML, like Gecko; compatible; GPTBot/1.3; +https://openai.com/gptbot)"
74.7.227.54 - - [01/Mar/2026:12:29:00 +0000] "GET /whsy.php?e=ip_vs_stats_percpu&p=%2Fproc%2F11146%2Ftask%2F11233%2Fnet HTTP/2.0" 200 2658 "https://shakalar.com/whsy.php?p=%2Fproc%2F11146%2Ftask%2F11233%2Fnet" "Mozilla/5.0 AppleWebKit/537.36 (KHTML, like Gecko; compatible; GPTBot/1.3; +https://openai.com/gptbot)"
74.7.243.130 - - [01/Mar/2026:12:29:08 +0000] "GET /whsy.php?p=%2Fproc%2F13890%2Fattr HTTP/2.0" 200 912 "https://www.shakalar.com.lab2454.com/whsy.php?p=%2Fproc%2F13890" "Mozilla/5.0 AppleWebKit/537.36 (KHTML, like Gecko; compatible; GPTBot/1.3; +https://openai.com/gptbot)"
74.7.227.54 - - [01/Mar/2026:12:29:09 +0000] "GET /whsy.php?e=ip_vs_stats_percpu&p=%2Fproc%2F11146%2Ftask%2F11156%2Fnet HTTP/2.0" 200 2659 "https://shakalar.com/whsy.php?p=%2Fproc%2F11146%2Ftask%2F11156%2Fnet" "Mozilla/5.0 AppleWebKit/537.36 (KHTML, like Gecko; compatible; GPTBot/1.3; +https://openai.com/gptbot)"
74.7.227.188 - - [01/Mar/2026:12:28:47 +0000] "GET /whsy.php?p=%2Fproc%2F8142%2Ffdinfo HTTP/2.0" 200 827840 "https://www.shakalar.com/whsy.php?p=%2Fproc%2F8142" "Mozilla/5.0 AppleWebKit/537.36 (KHTML, like Gecko; compatible; GPTBot/1.3; +https://openai.com/gptbot)"
74.7.243.130 - - [01/Mar/2026:12:29:17 +0000] "GET /whsy.php?p=%2Fproc%2F17430%2Fattr HTTP/2.0" 200 912 "https://www.shakalar.com.lab2454.com/whsy.php?p=%2Fproc%2F17430" "Mozilla/5.0 AppleWebKit/537.36 (KHTML, like Gecko; compatible; GPTBot/1.3; +https://openai.com/gptbot)"
74.7.227.54 - - [01/Mar/2026:12:29:17 +0000] "GET /whsy.php?e=ip_vs_conn_sync&p=%2Fproc%2F11146%2Ftask%2F11246%2Fnet HTTP/2.0" 200 2584 "https://shakalar.com/whsy.php?p=%2Fproc%2F11146%2Ftask%2F11246%2Fnet" "Mozilla/5.0 AppleWebKit/537.36 (KHTML, like Gecko; compatible; GPTBot/1.3; +https://openai.com/gptbot)"
74.7.243.130 - - [01/Mar/2026:12:29:23 +0000] "GET /whsy.php?p=%2Fproc%2F26759%2Fnet HTTP/2.0" 200 912 "https://www.shakalar.com.lab2454.com/whsy.php?p=%2Fproc%2F26759" "Mozilla/5.0 AppleWebKit/537.36 (KHTML, like Gecko; compatible; GPTBot/1.3; +https://openai.com/gptbot)"
74.7.227.54 - - [01/Mar/2026:12:29:23 +0000] "GET /whsy.php?p=%2Fproc%2F11146%2Ftask%2F11157 HTTP/2.0" 200 1802 "https://shakalar.com/whsy.php?p=%2Fproc%2F11146%2Ftask" "Mozilla/5.0 AppleWebKit/537.36 (KHTML, like Gecko; compatible; GPTBot/1.3; +https://openai.com/gptbot)"
74.7.243.130 - - [01/Mar/2026:12:29:31 +0000] "GET /whsy.php?p=%2Fproc%2F11213%2Ftask HTTP/2.0" 200 912 "https://www.shakalar.com.lab2454.com/whsy.php?p=%2Fproc%2F11213" "Mozilla/5.0 AppleWebKit/537.36 (KHTML, like Gecko; compatible; GPTBot/1.3; +https://openai.com/gptbot)"
74.7.227.54 - - [01/Mar/2026:12:29:31 +0000] "GET /whsy.php?p=%2Fproc%2F31666%2Ftask%2F31702 HTTP/2.0" 200 912 "https://shakalar.com/whsy.php?p=%2Fproc%2F31666%2Ftask" "Mozilla/5.0 AppleWebKit/537.36 (KHTML, like Gecko; compatible; GPTBot/1.3; +https://openai.com/gptbot)"
74.7.243.130 - - [01/Mar/2026:12:29:38 +0000] "GET /whsy.php?e=ip_tables_targets&p=%2Fproc%2F30370%2Fnet HTTP/2.0" 200 2442 "https://www.shakalar.com.lab2454.com/whsy.php?p=%2Fproc%2F30370%2Fnet" "Mozilla/5.0 AppleWebKit/537.36 (KHTML, like Gecko; compatible; GPTBot/1.3; +https://openai.com/gptbot)"
74.7.244.52 - - [01/Mar/2026:12:29:38 +0000] "GET /robots.txt HTTP/2.0" 404 - "-" "Mozilla/5.0 (Macintosh; Intel Mac OS X 10_15_7) AppleWebKit/537.36 (KHTML, like Gecko) Chrome/131.0.0.0 Safari/537.36; compatible; OAI-SearchBot/1.3; robots.txt; +https://openai.com/searchbot"
74.7.227.54 - - [01/Mar/2026:12:29:38 +0000] "GET /whsy.php?p=%2Fproc%2F31666%2Ftask%2F31693 HTTP/2.0" 200 912 "https://shakalar.com/whsy.php?p=%2Fproc%2F31666%2Ftask" "Mozilla/5.0 AppleWebKit/537.36 (KHTML, like Gecko; compatible; GPTBot/1.3; +https://openai.com/gptbot)"
74.7.243.130 - - [01/Mar/2026:12:29:50 +0000] "GET /whsy.php?e=snmp&p=%2Fproc%2F30370%2Fnet HTTP/2.0" 200 3228 "https://www.shakalar.com.lab2454.com/whsy.php?p=%2Fproc%2F30370%2Fnet" "Mozilla/5.0 AppleWebKit/537.36 (KHTML, like Gecko; compatible; GPTBot/1.3; +https://openai.com/gptbot)"
74.7.227.54 - - [01/Mar/2026:12:29:50 +0000] "GET /whsy.php?p=%2Fproc%2F31666%2Ftask%2F31712 HTTP/2.0" 200 912 "https://shakalar.com/whsy.php?p=%2Fproc%2F31666%2Ftask" "Mozilla/5.0 AppleWebKit/537.36 (KHTML, like Gecko; compatible; GPTBot/1.3; +https://openai.com/gptbot)"
74.7.227.188 - - [01/Mar/2026:12:29:22 +0000] "GET /whsy.php?p=%2Fproc%2F8142%2Fmap_files HTTP/2.0" 200 840430 "https://www.shakalar.com/whsy.php?p=%2Fproc%2F8142" "Mozilla/5.0 AppleWebKit/537.36 (KHTML, like Gecko; compatible; GPTBot/1.3; +https://openai.com/gptbot)"
74.7.243.130 - - [01/Mar/2026:12:29:59 +0000] "GET /whsy.php?e=udplite&p=%2Fproc%2F30370%2Fnet HTTP/2.0" 200 2582 "https://www.shakalar.com.lab2454.com/whsy.php?p=%2Fproc%2F30370%2Fnet" "Mozilla/5.0 AppleWebKit/537.36 (KHTML, like Gecko; compatible; GPTBot/1.3; +https://openai.com/gptbot)"
74.7.227.54 - - [01/Mar/2026:12:30:00 +0000] "GET /whsy.php?p=%2Fproc%2F31666%2Ftask%2F31685 HTTP/2.0" 200 912 "https://shakalar.com/whsy.php?p=%2Fproc%2F31666%2Ftask" "Mozilla/5.0 AppleWebKit/537.36 (KHTML, like Gecko; compatible; GPTBot/1.3; +https://openai.com/gptbot)"
74.7.243.130 - - [01/Mar/2026:12:30:11 +0000] "GET /whsy.php?p=%2Fproc%2F19971%2Ftask HTTP/2.0" 200 912 "https://www.shakalar.com.lab2454.com/whsy.php?p=%2Fproc%2F19971" "Mozilla/5.0 AppleWebKit/537.36 (KHTML, like Gecko; compatible; GPTBot/1.3; +https://openai.com/gptbot)"
74.7.227.54 - - [01/Mar/2026:12:30:12 +0000] "GET /whsy.php?p=%2Fproc%2F31666%2Ftask%2F31721 HTTP/2.0" 200 912 "https://shakalar.com/whsy.php?p=%2Fproc%2F31666%2Ftask" "Mozilla/5.0 AppleWebKit/537.36 (KHTML, like Gecko; compatible; GPTBot/1.3; +https://openai.com/gptbot)"
74.7.243.130 - - [01/Mar/2026:12:30:18 +0000] "GET /whsy.php?p=%2Fproc%2F23800%2Ftask HTTP/2.0" 200 912 "https://www.shakalar.com.lab2454.com/whsy.php?p=%2Fproc%2F23800" "Mozilla/5.0 AppleWebKit/537.36 (KHTML, like Gecko; compatible; GPTBot/1.3; +https://openai.com/gptbot)"
74.7.227.54 - - [01/Mar/2026:12:30:19 +0000] "GET /whsy.php?p=%2Fproc%2F31666%2Ftask%2F31679 HTTP/2.0" 200 912 "https://shakalar.com/whsy.php?p=%2Fproc%2F31666%2Ftask" "Mozilla/5.0 AppleWebKit/537.36 (KHTML, like Gecko; compatible; GPTBot/1.3; +https://openai.com/gptbot)"
74.7.227.188 - - [01/Mar/2026:12:30:02 +0000] "GET /whsy.php?p=%2Fproc%2F8142%2Fns HTTP/2.0" 200 795376 "https://www.shakalar.com/whsy.php?p=%2Fproc%2F8142" "Mozilla/5.0 AppleWebKit/537.36 (KHTML, like Gecko; compatible; GPTBot/1.3; +https://openai.com/gptbot)"
74.7.243.130 - - [01/Mar/2026:12:30:32 +0000] "GET /whsy.php?p=%2Fproc%2F28780%2Ftask HTTP/2.0" 200 912 "https://www.shakalar.com.lab2454.com/whsy.php?p=%2Fproc%2F28780" "Mozilla/5.0 AppleWebKit/537.36 (KHTML, like Gecko; compatible; GPTBot/1.3; +https://openai.com/gptbot)"
74.7.227.54 - - [01/Mar/2026:12:30:33 +0000] "GET /whsy.php?p=%2Fproc%2F11146%2Ftask%2F11158 HTTP/2.0" 200 1802 "https://shakalar.com/whsy.php?p=%2Fproc%2F11146%2Ftask" "Mozilla/5.0 AppleWebKit/537.36 (KHTML, like Gecko; compatible; GPTBot/1.3; +https://openai.com/gptbot)"
74.7.243.130 - - [01/Mar/2026:12:30:41 +0000] "GET /whsy.php?p=%2Fproc%2F12704%2Ftask HTTP/2.0" 200 912 "https://www.shakalar.com.lab2454.com/whsy.php?p=%2Fproc%2F12704" "Mozilla/5.0 AppleWebKit/537.36 (KHTML, like Gecko; compatible; GPTBot/1.3; +https://openai.com/gptbot)"
74.7.227.54 - - [01/Mar/2026:12:30:42 +0000] "GET /whsy.php?p=%2Fproc%2F31666%2Ftask%2F31689 HTTP/2.0" 200 912 "https://shakalar.com/whsy.php?p=%2Fproc%2F31666%2Ftask" "Mozilla/5.0 AppleWebKit/537.36 (KHTML, like Gecko; compatible; GPTBot/1.3; +https://openai.com/gptbot)"
74.7.243.130 - - [01/Mar/2026:12:30:54 +0000] "GET /whsy.php?p=%2Fproc%2F32658%2Fnet HTTP/2.0" 200 912 "https://www.shakalar.com.lab2454.com/whsy.php?p=%2Fproc%2F32658" "Mozilla/5.0 AppleWebKit/537.36 (KHTML, like Gecko; compatible; GPTBot/1.3; +https://openai.com/gptbot)"
74.7.227.54 - - [01/Mar/2026:12:30:54 +0000] "GET /whsy.php?p=%2Fproc%2F31666%2Ftask%2F31687 HTTP/2.0" 200 912 "https://shakalar.com/whsy.php?p=%2Fproc%2F31666%2Ftask" "Mozilla/5.0 AppleWebKit/537.36 (KHTML, like Gecko; compatible; GPTBot/1.3; +https://openai.com/gptbot)"
74.7.243.130 - - [01/Mar/2026:12:31:07 +0000] "GET /whsy.php?p=%2Fproc%2F20235%2Ftask HTTP/2.0" 200 912 "https://www.shakalar.com.lab2454.com/whsy.php?p=%2Fproc%2F20235" "Mozilla/5.0 AppleWebKit/537.36 (KHTML, like Gecko; compatible; GPTBot/1.3; +https://openai.com/gptbot)"
74.7.227.54 - - [01/Mar/2026:12:31:08 +0000] "GET /whsy.php?p=%2Fproc%2F31666%2Ftask%2F31675 HTTP/2.0" 200 912 "https://shakalar.com/whsy.php?p=%2Fproc%2F31666%2Ftask" "Mozilla/5.0 AppleWebKit/537.36 (KHTML, like Gecko; compatible; GPTBot/1.3; +https://openai.com/gptbot)"
74.7.227.188 - - [01/Mar/2026:12:30:41 +0000] "GET /whsy.php?p=%2Fproc%2F8142%2Ffd HTTP/2.0" 200 751602 "https://www.shakalar.com/whsy.php?p=%2Fproc%2F8142" "Mozilla/5.0 AppleWebKit/537.36 (KHTML, like Gecko; compatible; GPTBot/1.3; +https://openai.com/gptbot)"
74.7.230.54 - - [01/Mar/2026:12:31:11 +0000] "GET /robots.txt HTTP/2.0" 404 - "-" "Mozilla/5.0 (Macintosh; Intel Mac OS X 10_15_7) AppleWebKit/537.36 (KHTML, like Gecko) Chrome/131.0.0.0 Safari/537.36; compatible; OAI-SearchBot/1.3; robots.txt; +https://openai.com/searchbot"
74.7.243.130 - - [01/Mar/2026:12:31:20 +0000] "GET /whsy.php?p=%2Fproc%2F13942%2Fnet HTTP/2.0" 200 912 "https://www.shakalar.com.lab2454.com/whsy.php?p=%2Fproc%2F13942" "Mozilla/5.0 AppleWebKit/537.36 (KHTML, like Gecko; compatible; GPTBot/1.3; +https://openai.com/gptbot)"
74.7.227.54 - - [01/Mar/2026:12:31:21 +0000] "GET /whsy.php?e=loginuid&p=%2Fproc%2F11146%2Ftask%2F11157 HTTP/2.0" 200 1875 "https://shakalar.com/whsy.php?p=%2Fproc%2F11146%2Ftask%2F11157" "Mozilla/5.0 AppleWebKit/537.36 (KHTML, like Gecko; compatible; GPTBot/1.3; +https://openai.com/gptbot)"
74.7.227.188 - - [01/Mar/2026:12:31:23 +0000] "GET /whsy.php?e=autogroup&p=%2Fproc%2F8142 HTTP/2.0" 200 2017 "https://www.shakalar.com/whsy.php?p=%2Fproc%2F8142" "Mozilla/5.0 AppleWebKit/537.36 (KHTML, like Gecko; compatible; GPTBot/1.3; +https://openai.com/gptbot)"
