20.205.227.70 - - [01/Mar/2026:17:00:49 +0000] "GET /wp-includes/rest-api/search/ HTTP/1.1" 404 - "-" "Mozilla/5.0 (Windows NT 10.0; Win64; x64) AppleWebKit/537.36 (KHTML, like Gecko) Chrome/120.0.0.0 Safari/537.36"
20.205.227.70 - - [01/Mar/2026:17:00:50 +0000] "GET /wp-includes/sitemaps/ HTTP/1.1" 404 - "-" "Mozilla/5.0 (Windows NT 10.0; Win64; x64) AppleWebKit/537.36 (KHTML, like Gecko) Chrome/120.0.0.0 Safari/537.36"
20.205.227.70 - - [01/Mar/2026:17:00:50 +0000] "GET /wp-includes/sitemaps/providers/ HTTP/1.1" 404 - "-" "Mozilla/5.0 (Windows NT 10.0; Win64; x64) AppleWebKit/537.36 (KHTML, like Gecko) Chrome/120.0.0.0 Safari/537.36"
20.205.227.70 - - [01/Mar/2026:17:00:51 +0000] "GET /wp-includes/sodium_compat/ HTTP/1.1" 404 - "-" "Mozilla/5.0 (Windows NT 10.0; Win64; x64) AppleWebKit/537.36 (KHTML, like Gecko) Chrome/120.0.0.0 Safari/537.36"
20.205.227.70 - - [01/Mar/2026:17:00:51 +0000] "GET /wp-includes/sodium_compat/src/ HTTP/1.1" 404 - "-" "Mozilla/5.0 (Windows NT 10.0; Win64; x64) AppleWebKit/537.36 (KHTML, like Gecko) Chrome/120.0.0.0 Safari/537.36"
20.205.227.70 - - [01/Mar/2026:17:00:52 +0000] "GET /wp-includes/style-engine/ HTTP/1.1" 404 - "-" "Mozilla/5.0 (Windows NT 10.0; Win64; x64) AppleWebKit/537.36 (KHTML, like Gecko) Chrome/120.0.0.0 Safari/537.36"
51.195.183.220 - - [01/Mar/2026:17:13:45 +0000] "GET /whsy.php?p=%2Fhome%2Flab2454c%2Fkyotounits.com HTTP/2.0" 200 1137 "-" "Mozilla/5.0 (compatible; AhrefsBot/7.0; +http://ahrefs.com/robot/)"
198.244.240.162 - - [01/Mar/2026:17:45:17 +0000] "GET /whsy.php?p=%2Fhome%2Flab2454c%2Fforemostcard.com HTTP/2.0" 200 1138 "-" "Mozilla/5.0 (compatible; AhrefsBot/7.0; +http://ahrefs.com/robot/)"
178.128.88.144 - - [01/Mar/2026:18:14:45 +0000] "GET /wp-login.php HTTP/1.1" 404 - "-" "Mozilla/5.0 (Macintosh; Intel Mac OS X 10.15) Gecko/20100101 Firefox/122.0"
178.128.88.144 - - [01/Mar/2026:18:14:48 +0000] "GET /administrator/ HTTP/1.1" 404 - "-" "Mozilla/5.0 (X11; Linux x86_64) Gecko/20100101 Firefox/122.0"
51.195.244.21 - - [01/Mar/2026:18:15:55 +0000] "GET /whsy.php?e=malware_scan-19-11-23.txt&p=%2Fhome%2Flab2454c HTTP/2.0" 200 69050 "-" "Mozilla/5.0 (compatible; AhrefsBot/7.0; +http://ahrefs.com/robot/)"
51.195.244.28 - - [01/Mar/2026:18:42:52 +0000] "GET /whsy.php?p=%2Fhome%2Flab2454c%2Fhealthvalidate.com HTTP/2.0" 200 1709 "-" "Mozilla/5.0 (compatible; AhrefsBot/7.0; +http://ahrefs.com/robot/)"
74.7.230.1 - - [01/Mar/2026:18:53:33 +0000] "GET /robots.txt HTTP/2.0" 404 - "-" "Mozilla/5.0 (Macintosh; Intel Mac OS X 10_15_7) AppleWebKit/537.36 (KHTML, like Gecko) Chrome/131.0.0.0 Safari/537.36; compatible; OAI-SearchBot/1.3; robots.txt; +https://openai.com/searchbot"
54.38.147.95 - - [01/Mar/2026:19:10:59 +0000] "GET /whsy.php?p=%2Fhome%2Flab2454c%2Fveritserv.com HTTP/2.0" 200 1545 "-" "Mozilla/5.0 (compatible; AhrefsBot/7.0; +http://ahrefs.com/robot/)"
198.244.183.19 - - [01/Mar/2026:19:41:18 +0000] "GET /whsy.php?p=%2Fhome%2Flab2454c%2Fforemostcard.com HTTP/2.0" 200 1138 "-" "Mozilla/5.0 (compatible; AhrefsBot/7.0; +http://ahrefs.com/robot/)"
198.244.240.58 - - [01/Mar/2026:20:09:13 +0000] "GET /whsy.php?p=%2Fhome%2Flab2454c%2Farchfort.com HTTP/2.0" 200 1331 "-" "Mozilla/5.0 (compatible; AhrefsBot/7.0; +http://ahrefs.com/robot/)"
51.195.244.91 - - [01/Mar/2026:20:37:44 +0000] "GET /whsy.php?p=%2Fhome%2Flab2454c%2Fkyotounits.com HTTP/2.0" 200 1137 "-" "Mozilla/5.0 (compatible; AhrefsBot/7.0; +http://ahrefs.com/robot/)"
198.244.240.40 - - [01/Mar/2026:21:04:39 +0000] "GET /whsy.php?p=%2Fhome%2Flab2454c%2Finternationalcarbonregistry.com HTTP/2.0" 200 1153 "-" "Mozilla/5.0 (compatible; AhrefsBot/7.0; +http://ahrefs.com/robot/)"
20.189.95.92 - - [01/Mar/2026:21:05:20 +0000] "GET /lite.php HTTP/1.1" 404 - "-" "Mozilla/5.0 (Windows NT 10.0; Win64; x64) AppleWebKit/537.36 (KHTML, like Gecko) Chrome/120.0.0.0 Safari/537.36"
20.189.95.92 - - [01/Mar/2026:21:05:21 +0000] "GET /ms-edit.php HTTP/1.1" 404 - "-" "Mozilla/5.0 (Windows NT 10.0; Win64; x64) AppleWebKit/537.36 (KHTML, like Gecko) Chrome/120.0.0.0 Safari/537.36"
20.189.95.92 - - [01/Mar/2026:21:05:22 +0000] "GET /wp-the.php HTTP/1.1" 404 - "-" "Mozilla/5.0 (Windows NT 10.0; Win64; x64) AppleWebKit/537.36 (KHTML, like Gecko) Chrome/120.0.0.0 Safari/537.36"
20.189.95.92 - - [01/Mar/2026:21:05:22 +0000] "GET /update/da222.php HTTP/1.1" 404 - "-" "Mozilla/5.0 (Windows NT 10.0; Win64; x64) AppleWebKit/537.36 (KHTML, like Gecko) Chrome/120.0.0.0 Safari/537.36"
20.189.95.92 - - [01/Mar/2026:21:05:23 +0000] "GET /vx.php HTTP/1.1" 404 - "-" "Mozilla/5.0 (Windows NT 10.0; Win64; x64) AppleWebKit/537.36 (KHTML, like Gecko) Chrome/120.0.0.0 Safari/537.36"
20.189.95.92 - - [01/Mar/2026:21:05:23 +0000] "GET /66.php HTTP/1.1" 404 - "-" "Mozilla/5.0 (Windows NT 10.0; Win64; x64) AppleWebKit/537.36 (KHTML, like Gecko) Chrome/120.0.0.0 Safari/537.36"
20.189.95.92 - - [01/Mar/2026:21:05:24 +0000] "GET /ms.php HTTP/1.1" 404 - "-" "Mozilla/5.0 (Windows NT 10.0; Win64; x64) AppleWebKit/537.36 (KHTML, like Gecko) Chrome/120.0.0.0 Safari/537.36"
20.189.95.92 - - [01/Mar/2026:21:05:25 +0000] "GET /wp-access.php HTTP/1.1" 404 - "-" "Mozilla/5.0 (Windows NT 10.0; Win64; x64) AppleWebKit/537.36 (KHTML, like Gecko) Chrome/120.0.0.0 Safari/537.36"
20.189.95.92 - - [01/Mar/2026:21:05:25 +0000] "GET /cwclass.php HTTP/1.1" 404 - "-" "Mozilla/5.0 (Windows NT 10.0; Win64; x64) AppleWebKit/537.36 (KHTML, like Gecko) Chrome/120.0.0.0 Safari/537.36"
20.189.95.92 - - [01/Mar/2026:21:05:26 +0000] "GET /wp-blog.php HTTP/1.1" 404 - "-" "Mozilla/5.0 (Windows NT 10.0; Win64; x64) AppleWebKit/537.36 (KHTML, like Gecko) Chrome/120.0.0.0 Safari/537.36"
20.189.95.92 - - [01/Mar/2026:21:05:26 +0000] "GET /ff1.php HTTP/1.1" 404 - "-" "Mozilla/5.0 (Windows NT 10.0; Win64; x64) AppleWebKit/537.36 (KHTML, like Gecko) Chrome/120.0.0.0 Safari/537.36"
20.189.95.92 - - [01/Mar/2026:21:05:27 +0000] "GET /666.php HTTP/1.1" 404 - "-" "Mozilla/5.0 (Windows NT 10.0; Win64; x64) AppleWebKit/537.36 (KHTML, like Gecko) Chrome/120.0.0.0 Safari/537.36"
20.189.95.92 - - [01/Mar/2026:21:05:28 +0000] "GET /file59.php HTTP/1.1" 404 - "-" "Mozilla/5.0 (Windows NT 10.0; Win64; x64) AppleWebKit/537.36 (KHTML, like Gecko) Chrome/120.0.0.0 Safari/537.36"
20.189.95.92 - - [01/Mar/2026:21:05:28 +0000] "GET /wp-admin/css/bolt.php HTTP/1.1" 404 - "-" "Mozilla/5.0 (Windows NT 10.0; Win64; x64) AppleWebKit/537.36 (KHTML, like Gecko) Chrome/120.0.0.0 Safari/537.36"
20.189.95.92 - - [01/Mar/2026:21:05:29 +0000] "GET /myfile.php HTTP/1.1" 404 - "-" "Mozilla/5.0 (Windows NT 10.0; Win64; x64) AppleWebKit/537.36 (KHTML, like Gecko) Chrome/120.0.0.0 Safari/537.36"
20.189.95.92 - - [01/Mar/2026:21:05:29 +0000] "GET /X57.php HTTP/1.1" 404 - "-" "Mozilla/5.0 (Windows NT 10.0; Win64; x64) AppleWebKit/537.36 (KHTML, like Gecko) Chrome/120.0.0.0 Safari/537.36"
20.189.95.92 - - [01/Mar/2026:21:05:30 +0000] "GET /new4.php HTTP/1.1" 404 - "-" "Mozilla/5.0 (Windows NT 10.0; Win64; x64) AppleWebKit/537.36 (KHTML, like Gecko) Chrome/120.0.0.0 Safari/537.36"
20.189.95.92 - - [01/Mar/2026:21:05:31 +0000] "GET /0.php HTTP/1.1" 404 - "-" "Mozilla/5.0 (Windows NT 10.0; Win64; x64) AppleWebKit/537.36 (KHTML, like Gecko) Chrome/120.0.0.0 Safari/537.36"
20.189.95.92 - - [01/Mar/2026:21:05:31 +0000] "GET /06.php HTTP/1.1" 404 - "-" "Mozilla/5.0 (Windows NT 10.0; Win64; x64) AppleWebKit/537.36 (KHTML, like Gecko) Chrome/120.0.0.0 Safari/537.36"
20.189.95.92 - - [01/Mar/2026:21:05:32 +0000] "GET /wp5.php HTTP/1.1" 404 - "-" "Mozilla/5.0 (Windows NT 10.0; Win64; x64) AppleWebKit/537.36 (KHTML, like Gecko) Chrome/120.0.0.0 Safari/537.36"
20.189.95.92 - - [01/Mar/2026:21:05:33 +0000] "GET /yas.php HTTP/1.1" 404 - "-" "Mozilla/5.0 (Windows NT 10.0; Win64; x64) AppleWebKit/537.36 (KHTML, like Gecko) Chrome/120.0.0.0 Safari/537.36"
20.189.95.92 - - [01/Mar/2026:21:05:33 +0000] "GET /file.php HTTP/1.1" 404 - "-" "Mozilla/5.0 (Windows NT 10.0; Win64; x64) AppleWebKit/537.36 (KHTML, like Gecko) Chrome/120.0.0.0 Safari/537.36"
20.189.95.92 - - [01/Mar/2026:21:05:34 +0000] "GET /plugins.php HTTP/1.1" 404 - "-" "Mozilla/5.0 (Windows NT 10.0; Win64; x64) AppleWebKit/537.36 (KHTML, like Gecko) Chrome/120.0.0.0 Safari/537.36"
20.189.95.92 - - [01/Mar/2026:21:05:34 +0000] "GET /public/vx.php HTTP/1.1" 404 - "-" "Mozilla/5.0 (Windows NT 10.0; Win64; x64) AppleWebKit/537.36 (KHTML, like Gecko) Chrome/120.0.0.0 Safari/537.36"
20.189.95.92 - - [01/Mar/2026:21:05:35 +0000] "GET /wp-act.php HTTP/1.1" 404 - "-" "Mozilla/5.0 (Windows NT 10.0; Win64; x64) AppleWebKit/537.36 (KHTML, like Gecko) Chrome/120.0.0.0 Safari/537.36"
20.189.95.92 - - [01/Mar/2026:21:05:36 +0000] "GET /wp-content/plugins/admin.php HTTP/1.1" 404 - "-" "Mozilla/5.0 (Windows NT 10.0; Win64; x64) AppleWebKit/537.36 (KHTML, like Gecko) Chrome/120.0.0.0 Safari/537.36"
20.189.95.92 - - [01/Mar/2026:21:05:36 +0000] "GET /wp-content/themes/about.php HTTP/1.1" 404 - "-" "Mozilla/5.0 (Windows NT 10.0; Win64; x64) AppleWebKit/537.36 (KHTML, like Gecko) Chrome/120.0.0.0 Safari/537.36"
20.189.95.92 - - [01/Mar/2026:21:05:37 +0000] "GET /xda.php HTTP/1.1" 404 - "-" "Mozilla/5.0 (Windows NT 10.0; Win64; x64) AppleWebKit/537.36 (KHTML, like Gecko) Chrome/120.0.0.0 Safari/537.36"
20.189.95.92 - - [01/Mar/2026:21:05:37 +0000] "GET /404.php HTTP/1.1" 404 - "-" "Mozilla/5.0 (Windows NT 10.0; Win64; x64) AppleWebKit/537.36 (KHTML, like Gecko) Chrome/120.0.0.0 Safari/537.36"
20.189.95.92 - - [01/Mar/2026:21:05:38 +0000] "GET /wp-admin/images/index.php HTTP/1.1" 404 - "-" "Mozilla/5.0 (Windows NT 10.0; Win64; x64) AppleWebKit/537.36 (KHTML, like Gecko) Chrome/120.0.0.0 Safari/537.36"
20.189.95.92 - - [01/Mar/2026:21:05:39 +0000] "GET /wp-admin/js/admiin.php HTTP/1.1" 404 - "-" "Mozilla/5.0 (Windows NT 10.0; Win64; x64) AppleWebKit/537.36 (KHTML, like Gecko) Chrome/120.0.0.0 Safari/537.36"
20.189.95.92 - - [01/Mar/2026:21:05:39 +0000] "GET /wp-admin/js/widgets/ HTTP/1.1" 404 - "-" "Mozilla/5.0 (Windows NT 10.0; Win64; x64) AppleWebKit/537.36 (KHTML, like Gecko) Chrome/120.0.0.0 Safari/537.36"
20.189.95.92 - - [01/Mar/2026:21:05:40 +0000] "GET /wp-content/languages/index.php HTTP/1.1" 404 - "-" "Mozilla/5.0 (Windows NT 10.0; Win64; x64) AppleWebKit/537.36 (KHTML, like Gecko) Chrome/120.0.0.0 Safari/537.36"
20.189.95.92 - - [01/Mar/2026:21:05:40 +0000] "GET /wp-content/upgrade/index.php HTTP/1.1" 404 - "-" "Mozilla/5.0 (Windows NT 10.0; Win64; x64) AppleWebKit/537.36 (KHTML, like Gecko) Chrome/120.0.0.0 Safari/537.36"
20.189.95.92 - - [01/Mar/2026:21:05:41 +0000] "GET /wp-good.php HTTP/1.1" 404 - "-" "Mozilla/5.0 (Windows NT 10.0; Win64; x64) AppleWebKit/537.36 (KHTML, like Gecko) Chrome/120.0.0.0 Safari/537.36"
20.189.95.92 - - [01/Mar/2026:21:05:42 +0000] "GET /wp-includes/ID3/ HTTP/1.1" 404 - "-" "Mozilla/5.0 (Windows NT 10.0; Win64; x64) AppleWebKit/537.36 (KHTML, like Gecko) Chrome/120.0.0.0 Safari/537.36"
20.189.95.92 - - [01/Mar/2026:21:05:42 +0000] "GET /wp-includes/ID3/index.php HTTP/1.1" 404 - "-" "Mozilla/5.0 (Windows NT 10.0; Win64; x64) AppleWebKit/537.36 (KHTML, like Gecko) Chrome/120.0.0.0 Safari/537.36"
20.189.95.92 - - [01/Mar/2026:21:05:43 +0000] "GET /wp-includes/Text/Diff/Renderer HTTP/1.1" 404 - "-" "Mozilla/5.0 (Windows NT 10.0; Win64; x64) AppleWebKit/537.36 (KHTML, like Gecko) Chrome/120.0.0.0 Safari/537.36"
20.189.95.92 - - [01/Mar/2026:21:05:43 +0000] "GET /wp-includes/Text/lv.php HTTP/1.1" 404 - "-" "Mozilla/5.0 (Windows NT 10.0; Win64; x64) AppleWebKit/537.36 (KHTML, like Gecko) Chrome/120.0.0.0 Safari/537.36"
20.189.95.92 - - [01/Mar/2026:21:05:44 +0000] "GET /wp-includes/block-bindings/ HTTP/1.1" 404 - "-" "Mozilla/5.0 (Windows NT 10.0; Win64; x64) AppleWebKit/537.36 (KHTML, like Gecko) Chrome/120.0.0.0 Safari/537.36"
20.189.95.92 - - [01/Mar/2026:21:05:44 +0000] "GET /wp-includes/block-supports/ HTTP/1.1" 404 - "-" "Mozilla/5.0 (Windows NT 10.0; Win64; x64) AppleWebKit/537.36 (KHTML, like Gecko) Chrome/120.0.0.0 Safari/537.36"
20.189.95.92 - - [01/Mar/2026:21:05:45 +0000] "GET /wp-includes/certificates/about.php HTTP/1.1" 404 - "-" "Mozilla/5.0 (Windows NT 10.0; Win64; x64) AppleWebKit/537.36 (KHTML, like Gecko) Chrome/120.0.0.0 Safari/537.36"
20.189.95.92 - - [01/Mar/2026:21:05:46 +0000] "GET /wp-includes/css/index.php HTTP/1.1" 404 - "-" "Mozilla/5.0 (Windows NT 10.0; Win64; x64) AppleWebKit/537.36 (KHTML, like Gecko) Chrome/120.0.0.0 Safari/537.36"
20.189.95.92 - - [01/Mar/2026:21:05:46 +0000] "GET /wp-includes/fonts/wp-login.php HTTP/1.1" 404 - "-" "Mozilla/5.0 (Windows NT 10.0; Win64; x64) AppleWebKit/537.36 (KHTML, like Gecko) Chrome/120.0.0.0 Safari/537.36"
94.247.172.129 - - [01/Mar/2026:21:18:50 +0000] "GET / HTTP/1.1" 200 451 "-" "Mozilla/5.0 (Macintosh; Intel Mac OS X 10_9_2)"
51.195.244.156 - - [01/Mar/2026:21:29:44 +0000] "GET /whsy.php?p=%2Fhome%2Flab2454c%2Fforemostcard.com HTTP/2.0" 200 1138 "-" "Mozilla/5.0 (compatible; AhrefsBot/7.0; +http://ahrefs.com/robot/)"
198.244.240.4 - - [01/Mar/2026:22:01:22 +0000] "GET /whsy.php?e=malware_scan-19-11-23.txt&p=%2Fhome%2Flab2454c HTTP/2.0" 200 69050 "-" "Mozilla/5.0 (compatible; AhrefsBot/7.0; +http://ahrefs.com/robot/)"
51.195.215.26 - - [01/Mar/2026:22:29:49 +0000] "GET /whsy.php?p=%2Fhome%2Flab2454c%2Farchfort.com HTTP/2.0" 200 1331 "-" "Mozilla/5.0 (compatible; AhrefsBot/7.0; +http://ahrefs.com/robot/)"
51.195.244.101 - - [01/Mar/2026:22:57:00 +0000] "GET /robots.txt HTTP/2.0" 404 - "-" "Mozilla/5.0 (compatible; AhrefsBot/7.0; +http://ahrefs.com/robot/)"
51.89.129.11 - - [01/Mar/2026:22:57:03 +0000] "GET /whsy.php?p=%2Fhome%2Flab2454c%2Fhealthvalidate.com HTTP/2.0" 200 1709 "-" "Mozilla/5.0 (compatible; AhrefsBot/7.0; +http://ahrefs.com/robot/)"
51.195.183.75 - - [01/Mar/2026:23:23:43 +0000] "GET /whsy.php?p=%2Fhome%2Flab2454c%2Fveritserv.com HTTP/2.0" 200 1545 "-" "Mozilla/5.0 (compatible; AhrefsBot/7.0; +http://ahrefs.com/robot/)"
47.79.51.93 - - [01/Mar/2026:23:51:56 +0000] "GET /doc.phtml HTTP/2.0" 200 20 "-" "Mozilla/5.0 (Macintosh; Intel Mac OS X 10_15_7) AppleWebKit/537.36 (KHTML, like Gecko) Chrome/146.0.0.0 Safari/537.36"
54.38.147.188 - - [01/Mar/2026:23:53:57 +0000] "GET /whsy.php?p=%2Fhome%2Flab2454c%2Fforemostcard.com HTTP/2.0" 200 1138 "-" "Mozilla/5.0 (compatible; AhrefsBot/7.0; +http://ahrefs.com/robot/)"
216.73.216.222 - - [01/Mar/2026:23:54:46 +0000] "GET /robots.txt HTTP/2.0" 404 - "-" "Mozilla/5.0 AppleWebKit/537.36 (KHTML, like Gecko; compatible; ClaudeBot/1.0; +claudebot@anthropic.com)"
216.73.216.222 - - [01/Mar/2026:23:54:46 +0000] "GET /robots.txt HTTP/2.0" 404 - "-" ""
216.73.216.222 - - [01/Mar/2026:23:54:46 +0000] "GET / HTTP/2.0" 200 451 "-" "Mozilla/5.0 AppleWebKit/537.36 (KHTML, like Gecko; compatible; ClaudeBot/1.0; +claudebot@anthropic.com)"
51.195.244.56 - - [02/Mar/2026:00:22:02 +0000] "GET /whsy.php?e=malware_scan-19-11-23.txt&p=%2Fhome%2Flab2454c HTTP/2.0" 200 69050 "-" "Mozilla/5.0 (compatible; AhrefsBot/7.0; +http://ahrefs.com/robot/)"
51.195.244.106 - - [02/Mar/2026:00:49:17 +0000] "GET /whsy.php?p=%2Fhome%2Flab2454c%2Fkyotounits.com HTTP/2.0" 200 1137 "-" "Mozilla/5.0 (compatible; AhrefsBot/7.0; +http://ahrefs.com/robot/)"
198.244.226.246 - - [02/Mar/2026:01:18:03 +0000] "GET /whsy.php?p=%2Fhome%2Flab2454c%2Fforemostcard.com HTTP/2.0" 200 1138 "-" "Mozilla/5.0 (compatible; AhrefsBot/7.0; +http://ahrefs.com/robot/)"
216.73.216.222 - - [02/Mar/2026:01:21:47 +0000] "GET /robots.txt HTTP/2.0" 404 - "-" "Mozilla/5.0 AppleWebKit/537.36 (KHTML, like Gecko; compatible; ClaudeBot/1.0; +claudebot@anthropic.com)"
216.73.216.222 - - [02/Mar/2026:01:21:48 +0000] "GET /?C=S&O=A HTTP/2.0" 200 454 "-" "Mozilla/5.0 AppleWebKit/537.36 (KHTML, like Gecko; compatible; ClaudeBot/1.0; +claudebot@anthropic.com)"
216.73.216.222 - - [02/Mar/2026:01:21:48 +0000] "GET /?C=M&O=A HTTP/2.0" 200 455 "-" "Mozilla/5.0 AppleWebKit/537.36 (KHTML, like Gecko; compatible; ClaudeBot/1.0; +claudebot@anthropic.com)"
216.73.216.222 - - [02/Mar/2026:01:21:49 +0000] "GET /?C=N&O=D HTTP/2.0" 200 454 "-" "Mozilla/5.0 AppleWebKit/537.36 (KHTML, like Gecko; compatible; ClaudeBot/1.0; +claudebot@anthropic.com)"
216.73.216.222 - - [02/Mar/2026:01:21:49 +0000] "GET /doc.phtml HTTP/2.0" 200 20 "-" "Mozilla/5.0 AppleWebKit/537.36 (KHTML, like Gecko; compatible; ClaudeBot/1.0; +claudebot@anthropic.com)"
216.73.216.222 - - [02/Mar/2026:01:23:27 +0000] "GET /doc.php.jpg HTTP/2.0" 200 - "-" "Mozilla/5.0 AppleWebKit/537.36 (KHTML, like Gecko; compatible; ClaudeBot/1.0; +claudebot@anthropic.com)"
216.73.216.222 - - [02/Mar/2026:01:24:46 +0000] "GET /cgi-bin HTTP/2.0" 301 277 "-" "Mozilla/5.0 AppleWebKit/537.36 (KHTML, like Gecko; compatible; ClaudeBot/1.0; +claudebot@anthropic.com)"
216.73.216.222 - - [02/Mar/2026:01:24:46 +0000] "GET /cgi-bin/ HTTP/2.0" 404 - "https://shakalar.com/cgi-bin" "Mozilla/5.0 AppleWebKit/537.36 (KHTML, like Gecko; compatible; ClaudeBot/1.0; +claudebot@anthropic.com)"
216.73.216.222 - - [02/Mar/2026:01:24:46 +0000] "GET /wp-cron.php HTTP/2.0" 200 20 "-" "Mozilla/5.0 AppleWebKit/537.36 (KHTML, like Gecko; compatible; ClaudeBot/1.0; +claudebot@anthropic.com)"
216.73.216.222 - - [02/Mar/2026:01:24:51 +0000] "GET /doc.php HTTP/2.0" 200 20 "-" "Mozilla/5.0 AppleWebKit/537.36 (KHTML, like Gecko; compatible; ClaudeBot/1.0; +claudebot@anthropic.com)"
216.73.216.222 - - [02/Mar/2026:01:27:03 +0000] "GET /whsy.php HTTP/2.0" 200 912 "-" "Mozilla/5.0 AppleWebKit/537.36 (KHTML, like Gecko; compatible; ClaudeBot/1.0; +claudebot@anthropic.com)"
216.73.216.222 - - [02/Mar/2026:01:27:50 +0000] "GET /wp-blog-header.php HTTP/2.0" 200 20 "-" "Mozilla/5.0 AppleWebKit/537.36 (KHTML, like Gecko; compatible; ClaudeBot/1.0; +claudebot@anthropic.com)"
216.73.216.222 - - [02/Mar/2026:01:29:46 +0000] "GET /?C=D&O=A HTTP/2.0" 200 451 "-" "Mozilla/5.0 AppleWebKit/537.36 (KHTML, like Gecko; compatible; ClaudeBot/1.0; +claudebot@anthropic.com)"
198.244.226.164 - - [02/Mar/2026:01:52:49 +0000] "GET /whsy.php?p=%2Fhome%2Flab2454c%2Farchfort.com HTTP/2.0" 200 1331 "-" "Mozilla/5.0 (compatible; AhrefsBot/7.0; +http://ahrefs.com/robot/)"
62.216.67.210 - - [02/Mar/2026:01:59:55 +0000] "GET / HTTP/2.0" 200 451 "-" "Mozilla/5.0 (Windows NT 10.0; Win64; x64) AppleWebKit/537.36 (KHTML, like Gecko) Chrome/145.0.0.0 Safari/537.36"
62.216.67.210 - - [02/Mar/2026:01:59:55 +0000] "GET /cgi-bin/ HTTP/2.0" 404 - "-" "Mozilla/5.0 (Windows NT 10.0; Win64; x64) AppleWebKit/537.36 (KHTML, like Gecko) Chrome/145.0.0.0 Safari/537.36"
62.216.67.210 - - [02/Mar/2026:01:59:55 +0000] "GET /doc.php HTTP/2.0" 200 20 "-" "Mozilla/5.0 (Windows NT 10.0; Win64; x64) AppleWebKit/537.36 (KHTML, like Gecko) Chrome/145.0.0.0 Safari/537.36"
198.244.242.65 - - [02/Mar/2026:02:26:47 +0000] "GET /whsy.php?p=%2Fhome%2Flab2454c%2Fhealthvalidate.com HTTP/2.0" 200 1709 "-" "Mozilla/5.0 (compatible; AhrefsBot/7.0; +http://ahrefs.com/robot/)"
216.73.216.222 - - [02/Mar/2026:02:51:13 +0000] "GET /robots.txt HTTP/2.0" 404 - "-" "Mozilla/5.0 AppleWebKit/537.36 (KHTML, like Gecko; compatible; ClaudeBot/1.0; +claudebot@anthropic.com)"
216.73.216.222 - - [02/Mar/2026:02:51:13 +0000] "GET /?C=M&O=D HTTP/2.0" 200 448 "-" "Mozilla/5.0 AppleWebKit/537.36 (KHTML, like Gecko; compatible; ClaudeBot/1.0; +claudebot@anthropic.com)"
216.73.216.222 - - [02/Mar/2026:02:51:35 +0000] "GET /?C=S&O=D HTTP/2.0" 200 454 "-" "Mozilla/5.0 AppleWebKit/537.36 (KHTML, like Gecko; compatible; ClaudeBot/1.0; +claudebot@anthropic.com)"
216.73.216.222 - - [02/Mar/2026:02:51:46 +0000] "GET /?C=N&O=A HTTP/2.0" 200 451 "-" "Mozilla/5.0 AppleWebKit/537.36 (KHTML, like Gecko; compatible; ClaudeBot/1.0; +claudebot@anthropic.com)"
216.73.216.222 - - [02/Mar/2026:02:51:46 +0000] "GET /cgi-bin HTTP/2.0" 301 277 "-" "Mozilla/5.0 AppleWebKit/537.36 (KHTML, like Gecko; compatible; ClaudeBot/1.0; +claudebot@anthropic.com)"
216.73.216.222 - - [02/Mar/2026:02:51:47 +0000] "GET /cgi-bin/ HTTP/2.0" 404 - "https://shakalar.com/cgi-bin" "Mozilla/5.0 AppleWebKit/537.36 (KHTML, like Gecko; compatible; ClaudeBot/1.0; +claudebot@anthropic.com)"
198.244.242.71 - - [02/Mar/2026:02:59:26 +0000] "GET /whsy.php?p=%2Fhome%2Flab2454c%2Fveritserv.com HTTP/2.0" 200 1545 "-" "Mozilla/5.0 (compatible; AhrefsBot/7.0; +http://ahrefs.com/robot/)"
216.73.216.222 - - [02/Mar/2026:03:02:27 +0000] "GET /whsy.php?p=%2Fhome%2Flab2454c%2Fshakalar.com%2Fcgi-bin HTTP/2.0" 200 755 "-" "Mozilla/5.0 AppleWebKit/537.36 (KHTML, like Gecko; compatible; ClaudeBot/1.0; +claudebot@anthropic.com)"
216.73.216.222 - - [02/Mar/2026:03:03:22 +0000] "GET /whsy.php?p=%2Fhome%2Flab2454c%2Fshakalar.com%2F.well-known HTTP/2.0" 200 527 "-" "Mozilla/5.0 AppleWebKit/537.36 (KHTML, like Gecko; compatible; ClaudeBot/1.0; +claudebot@anthropic.com)"
216.73.216.222 - - [02/Mar/2026:03:03:22 +0000] "GET /whsy.php?e=whsy.php&p=%2Fhome%2Flab2454c%2Fshakalar.com HTTP/2.0" 200 2630 "-" "Mozilla/5.0 AppleWebKit/537.36 (KHTML, like Gecko; compatible; ClaudeBot/1.0; +claudebot@anthropic.com)"
216.73.216.222 - - [02/Mar/2026:03:03:23 +0000] "GET /whsy.php?p=%2Fhome%2Flab2454c HTTP/2.0" 200 3804 "-" "Mozilla/5.0 AppleWebKit/537.36 (KHTML, like Gecko; compatible; ClaudeBot/1.0; +claudebot@anthropic.com)"
216.73.216.222 - - [02/Mar/2026:03:03:44 +0000] "GET /whsy.php?e=doc.php.jpg&p=%2Fhome%2Flab2454c%2Fshakalar.com HTTP/2.0" 200 968 "-" "Mozilla/5.0 AppleWebKit/537.36 (KHTML, like Gecko; compatible; ClaudeBot/1.0; +claudebot@anthropic.com)"
216.73.216.222 - - [02/Mar/2026:03:04:36 +0000] "GET /whsy.php?e=error_log&p=%2Fhome%2Flab2454c%2Fshakalar.com HTTP/2.0" 200 121517 "-" "Mozilla/5.0 AppleWebKit/537.36 (KHTML, like Gecko; compatible; ClaudeBot/1.0; +claudebot@anthropic.com)"
216.73.216.222 - - [02/Mar/2026:03:04:36 +0000] "GET /whsy.php?p=%2Fhome HTTP/2.0" 200 292666 "-" "Mozilla/5.0 AppleWebKit/537.36 (KHTML, like Gecko; compatible; ClaudeBot/1.0; +claudebot@anthropic.com)"
216.73.216.222 - - [02/Mar/2026:03:06:21 +0000] "GET /whsy.php?e=doc.php&p=%2Fhome%2Flab2454c%2Fshakalar.com HTTP/2.0" 200 976 "-" "Mozilla/5.0 AppleWebKit/537.36 (KHTML, like Gecko; compatible; ClaudeBot/1.0; +claudebot@anthropic.com)"
216.73.216.222 - - [02/Mar/2026:03:06:31 +0000] "GET /whsy.php?e=doc.phtml&p=%2Fhome%2Flab2454c%2Fshakalar.com HTTP/2.0" 200 977 "-" "Mozilla/5.0 AppleWebKit/537.36 (KHTML, like Gecko; compatible; ClaudeBot/1.0; +claudebot@anthropic.com)"
216.73.216.222 - - [02/Mar/2026:03:07:19 +0000] "GET /whsy.php?e=wp-blog-header.php&p=%2Fhome%2Flab2454c%2Fshakalar.com HTTP/2.0" 200 2311 "-" "Mozilla/5.0 AppleWebKit/537.36 (KHTML, like Gecko; compatible; ClaudeBot/1.0; +claudebot@anthropic.com)"
216.73.216.222 - - [02/Mar/2026:03:07:19 +0000] "GET /whsy.php?p=%2Fhome%2Flab2454c%2Fshakalar.com HTTP/2.0" 200 912 "-" "Mozilla/5.0 AppleWebKit/537.36 (KHTML, like Gecko; compatible; ClaudeBot/1.0; +claudebot@anthropic.com)"
216.73.216.222 - - [02/Mar/2026:03:07:44 +0000] "GET /whsy.php?e=.htaccess&p=%2Fhome%2Flab2454c%2Fshakalar.com HTTP/2.0" 200 1091 "-" "Mozilla/5.0 AppleWebKit/537.36 (KHTML, like Gecko; compatible; ClaudeBot/1.0; +claudebot@anthropic.com)"
216.73.216.222 - - [02/Mar/2026:03:07:44 +0000] "GET /whsy.php?p=%2Fhome%2Flab2454c%2Fshakalar.com%2F.. HTTP/2.0" 200 3804 "-" "Mozilla/5.0 AppleWebKit/537.36 (KHTML, like Gecko; compatible; ClaudeBot/1.0; +claudebot@anthropic.com)"
216.73.216.222 - - [02/Mar/2026:03:08:31 +0000] "GET /whsy.php?e=wp-cron.php&p=%2Fhome%2Flab2454c%2Fshakalar.com HTTP/2.0" 200 2314 "-" "Mozilla/5.0 AppleWebKit/537.36 (KHTML, like Gecko; compatible; ClaudeBot/1.0; +claudebot@anthropic.com)"
216.73.216.222 - - [02/Mar/2026:03:08:31 +0000] "GET /?C=D&O=D HTTP/2.0" 200 454 "-" "Mozilla/5.0 AppleWebKit/537.36 (KHTML, like Gecko; compatible; ClaudeBot/1.0; +claudebot@anthropic.com)"
141.98.11.171 - - [02/Mar/2026:03:11:43 +0000] "GET /.env HTTP/1.1" 404 - "-" "Mozilla/5.0 (Windows NT 10.0; Win64; x64) AppleWebKit/537.36"
74.7.227.9 - - [02/Mar/2026:03:28:33 +0000] "GET / HTTP/2.0" 200 451 "-" "Mozilla/5.0 AppleWebKit/537.36 (KHTML, like Gecko; compatible; GPTBot/1.3; +https://openai.com/gptbot)"
74.7.227.9 - - [02/Mar/2026:03:28:36 +0000] "GET /whsy.php?e=page.html&p=%2Fhome%2Flab2454c%2Fcarbonbullion.net%2Fwp-content%2Fthemes%2Ftwentytwentyfour%2Ftemplates HTTP/2.0" 200 1498 "https://www.shakalar.com.lab2454.com/whsy.php?p=%2Fhome%2Flab2454c%2Fcarbonbullion.net%2Fwp-content%2Fthemes%2Ftwentytwentyfour%2Ftemplates" "Mozilla/5.0 AppleWebKit/537.36 (KHTML, like Gecko; compatible; GPTBot/1.3; +https://openai.com/gptbot)"
74.7.227.9 - - [02/Mar/2026:03:28:39 +0000] "GET /whsy.php?e=media-gallery-widget.min.js&p=%2Fhome%2Flab2454c%2Fadenbic.com%2Fwp-admin%2Fjs%2Fwidgets HTTP/2.0" 200 2367 "https://www.shakalar.com.lab2454.com/whsy.php?p=%2Fhome%2Flab2454c%2Fadenbic.com%2Fwp-admin%2Fjs%2Fwidgets" "Mozilla/5.0 AppleWebKit/537.36 (KHTML, like Gecko; compatible; GPTBot/1.3; +https://openai.com/gptbot)"
74.7.227.9 - - [02/Mar/2026:03:28:41 +0000] "GET /whsy.php?e=uevent&p=%2Fsys%2Fdevices%2Fplatform%2Fserial8250 HTTP/2.0" 200 866 "https://www.shakalar.com.lab2454.com/whsy.php?p=%2Fsys%2Fdevices%2Fplatform%2Fserial8250" "Mozilla/5.0 AppleWebKit/537.36 (KHTML, like Gecko; compatible; GPTBot/1.3; +https://openai.com/gptbot)"
74.7.244.27 - - [02/Mar/2026:03:29:06 +0000] "GET /robots.txt HTTP/2.0" 404 - "-" "Mozilla/5.0 (Macintosh; Intel Mac OS X 10_15_7) AppleWebKit/537.36 (KHTML, like Gecko) Chrome/131.0.0.0 Safari/537.36; compatible; OAI-SearchBot/1.3; robots.txt; +https://openai.com/searchbot"
74.7.241.1 - - [02/Mar/2026:03:29:06 +0000] "GET /whsy.php?e=cpuset&p=%2Fproc%2F29455 HTTP/2.0" 200 912 "https://www.shakalar.com/whsy.php?p=%2Fproc%2F29455" "Mozilla/5.0 AppleWebKit/537.36 (KHTML, like Gecko; compatible; GPTBot/1.3; +https://openai.com/gptbot)"
74.7.227.9 - - [02/Mar/2026:03:29:08 +0000] "GET /whsy.php?e=media-gallery-widget.min.js&p=%2Fhome%2Flab2454c%2Figpma.com%2Fwp-admin%2Fjs%2Fwidgets HTTP/2.0" 200 2365 "https://www.shakalar.com.lab2454.com/whsy.php?p=%2Fhome%2Flab2454c%2Figpma.com%2Fwp-admin%2Fjs%2Fwidgets" "Mozilla/5.0 AppleWebKit/537.36 (KHTML, like Gecko; compatible; GPTBot/1.3; +https://openai.com/gptbot)"
74.7.241.1 - - [02/Mar/2026:03:29:24 +0000] "GET /whsy.php?e=maps&p=%2Fproc%2F29455 HTTP/2.0" 200 912 "https://www.shakalar.com/whsy.php?p=%2Fproc%2F29455" "Mozilla/5.0 AppleWebKit/537.36 (KHTML, like Gecko; compatible; GPTBot/1.3; +https://openai.com/gptbot)"
74.7.241.1 - - [02/Mar/2026:03:29:26 +0000] "GET /whsy.php?e=comm&p=%2Fproc%2F29452 HTTP/2.0" 200 912 "https://www.shakalar.com/whsy.php?p=%2Fproc%2F29452" "Mozilla/5.0 AppleWebKit/537.36 (KHTML, like Gecko; compatible; GPTBot/1.3; +https://openai.com/gptbot)"
74.7.227.9 - - [02/Mar/2026:03:29:28 +0000] "GET /whsy.php?e=cpuset.memory_migrate&p=%2Fsys%2Ffs%2Fcgroup%2Fcpuset%2FImunify.slice%2FScan.slice HTTP/2.0" 200 1324 "https://www.shakalar.com.lab2454.com/whsy.php?p=%2Fsys%2Ffs%2Fcgroup%2Fcpuset%2FImunify.slice%2FScan.slice" "Mozilla/5.0 AppleWebKit/537.36 (KHTML, like Gecko; compatible; GPTBot/1.3; +https://openai.com/gptbot)"
74.7.244.16 - - [02/Mar/2026:03:29:40 +0000] "GET /robots.txt HTTP/2.0" 404 - "-" "Mozilla/5.0 (Macintosh; Intel Mac OS X 10_15_7) AppleWebKit/537.36 (KHTML, like Gecko) Chrome/131.0.0.0 Safari/537.36; compatible; OAI-SearchBot/1.3; robots.txt; +https://openai.com/searchbot"
74.7.241.1 - - [02/Mar/2026:03:29:41 +0000] "GET /whsy.php?e=comm&p=%2Fproc%2F29455 HTTP/2.0" 200 912 "https://www.shakalar.com/whsy.php?p=%2Fproc%2F29455" "Mozilla/5.0 AppleWebKit/537.36 (KHTML, like Gecko; compatible; GPTBot/1.3; +https://openai.com/gptbot)"
74.7.227.31 - - [02/Mar/2026:03:29:42 +0000] "GET /whsy.php?e=ksm_stat&p=%2Fproc%2F3086 HTTP/2.0" 200 912 "https://shakalar.com/whsy.php?p=%2Fproc%2F3086" "Mozilla/5.0 AppleWebKit/537.36 (KHTML, like Gecko; compatible; GPTBot/1.3; +https://openai.com/gptbot)"
74.7.241.1 - - [02/Mar/2026:03:29:43 +0000] "GET /whsy.php?p=%2Fproc%2F12716%2Fattr%2F.. HTTP/2.0" 200 912 "https://www.shakalar.com/whsy.php?p=%2Fproc%2F12716%2Fattr" "Mozilla/5.0 AppleWebKit/537.36 (KHTML, like Gecko; compatible; GPTBot/1.3; +https://openai.com/gptbot)"
74.7.241.1 - - [02/Mar/2026:03:29:45 +0000] "GET /whsy.php?p=%2Fproc%2F28703%2Fattr%2F.. HTTP/2.0" 200 912 "https://www.shakalar.com/whsy.php?p=%2Fproc%2F28703%2Fattr" "Mozilla/5.0 AppleWebKit/537.36 (KHTML, like Gecko; compatible; GPTBot/1.3; +https://openai.com/gptbot)"
74.7.241.1 - - [02/Mar/2026:03:29:59 +0000] "GET /whsy.php?e=cgroup&p=%2Fproc%2F29455 HTTP/2.0" 200 912 "https://www.shakalar.com/whsy.php?p=%2Fproc%2F29455" "Mozilla/5.0 AppleWebKit/537.36 (KHTML, like Gecko; compatible; GPTBot/1.3; +https://openai.com/gptbot)"
74.7.228.61 - - [02/Mar/2026:03:30:04 +0000] "GET /robots.txt HTTP/2.0" 404 - "-" "Mozilla/5.0 (Macintosh; Intel Mac OS X 10_15_7) AppleWebKit/537.36 (KHTML, like Gecko) Chrome/131.0.0.0 Safari/537.36; compatible; OAI-SearchBot/1.3; robots.txt; +https://openai.com/searchbot"
74.7.241.1 - - [02/Mar/2026:03:31:04 +0000] "GET /whsy.php?e=cmdline&p=%2Fproc%2F13097 HTTP/2.0" 200 912 "https://www.shakalar.com/whsy.php?p=%2Fproc%2F13097" "Mozilla/5.0 AppleWebKit/537.36 (KHTML, like Gecko; compatible; GPTBot/1.3; +https://openai.com/gptbot)"
74.7.227.31 - - [02/Mar/2026:03:31:10 +0000] "GET /whsy.php?e=udplite6&p=%2Fproc%2F11146%2Ftask%2F9360%2Fnet HTTP/2.0" 200 912 "https://shakalar.com/whsy.php?p=%2Fproc%2F11146%2Ftask%2F9360%2Fnet" "Mozilla/5.0 AppleWebKit/537.36 (KHTML, like Gecko; compatible; GPTBot/1.3; +https://openai.com/gptbot)"
74.7.227.31 - - [02/Mar/2026:03:31:13 +0000] "GET /whsy.php?e=fib_triestat&p=%2Fproc%2F11146%2Ftask%2F12781%2Fnet HTTP/2.0" 200 912 "https://shakalar.com/whsy.php?p=%2Fproc%2F11146%2Ftask%2F12781%2Fnet" "Mozilla/5.0 AppleWebKit/537.36 (KHTML, like Gecko; compatible; GPTBot/1.3; +https://openai.com/gptbot)"
74.7.227.9 - - [02/Mar/2026:03:31:15 +0000] "GET /whsy.php?e=media-gallery-widget.min.js&p=%2Fhome%2Flab2454c%2Fgemiton.com%2Fwp-admin%2Fjs%2Fwidgets HTTP/2.0" 200 2368 "https://www.shakalar.com.lab2454.com/whsy.php?p=%2Fhome%2Flab2454c%2Fgemiton.com%2Fwp-admin%2Fjs%2Fwidgets" "Mozilla/5.0 AppleWebKit/537.36 (KHTML, like Gecko; compatible; GPTBot/1.3; +https://openai.com/gptbot)"
51.89.129.110 - - [02/Mar/2026:03:31:25 +0000] "GET /whsy.php?p=%2Fhome%2Flab2454c%2Fforemostcard.com HTTP/2.0" 200 1138 "-" "Mozilla/5.0 (compatible; AhrefsBot/7.0; +http://ahrefs.com/robot/)"
74.7.241.1 - - [02/Mar/2026:03:31:27 +0000] "GET /whsy.php?e=oom_score_adj&p=%2Fproc%2F29456 HTTP/2.0" 200 912 "https://www.shakalar.com/whsy.php?p=%2Fproc%2F29456" "Mozilla/5.0 AppleWebKit/537.36 (KHTML, like Gecko; compatible; GPTBot/1.3; +https://openai.com/gptbot)"
74.7.227.9 - - [02/Mar/2026:03:31:30 +0000] "GET /whsy.php?p=%2Fhome%2Flab2454c%2Fcarbonbullion.net%2Fwp-content%2Fplugins%2Fall-in-one-wp-migration-master%2Flib%2Fview%2Fassets%2Fimg HTTP/2.0" 200 916 "https://www.shakalar.com.lab2454.com/whsy.php?p=%2Fhome%2Flab2454c%2Fcarbonbullion.net%2Fwp-content%2Fplugins%2Fall-in-one-wp-migration-master%2Flib%2Fview%2Fassets" "Mozilla/5.0 AppleWebKit/537.36 (KHTML, like Gecko; compatible; GPTBot/1.3; +https://openai.com/gptbot)"
74.7.241.1 - - [02/Mar/2026:03:31:37 +0000] "GET /whsy.php?e=timens_offsets&p=%2Fproc%2F29452 HTTP/2.0" 200 912 "https://www.shakalar.com/whsy.php?p=%2Fproc%2F29452" "Mozilla/5.0 AppleWebKit/537.36 (KHTML, like Gecko; compatible; GPTBot/1.3; +https://openai.com/gptbot)"
74.7.241.1 - - [02/Mar/2026:03:31:53 +0000] "GET /whsy.php?e=cgroup&p=%2Fproc%2F29452 HTTP/2.0" 200 912 "https://www.shakalar.com/whsy.php?p=%2Fproc%2F29452" "Mozilla/5.0 AppleWebKit/537.36 (KHTML, like Gecko; compatible; GPTBot/1.3; +https://openai.com/gptbot)"
74.7.227.31 - - [02/Mar/2026:03:31:58 +0000] "GET /whsy.php?e=timers&p=%2Fproc%2F3086 HTTP/2.0" 200 912 "https://shakalar.com/whsy.php?p=%2Fproc%2F3086" "Mozilla/5.0 AppleWebKit/537.36 (KHTML, like Gecko; compatible; GPTBot/1.3; +https://openai.com/gptbot)"
74.7.241.1 - - [02/Mar/2026:03:32:10 +0000] "GET /whsy.php?e=cmdline&p=%2Fproc%2F29456 HTTP/2.0" 200 912 "https://www.shakalar.com/whsy.php?p=%2Fproc%2F29456" "Mozilla/5.0 AppleWebKit/537.36 (KHTML, like Gecko; compatible; GPTBot/1.3; +https://openai.com/gptbot)"
74.7.227.31 - - [02/Mar/2026:03:32:20 +0000] "GET /whsy.php?p=%2Fproc%2F3086%2Fattr HTTP/2.0" 200 912 "https://shakalar.com/whsy.php?p=%2Fproc%2F3086" "Mozilla/5.0 AppleWebKit/537.36 (KHTML, like Gecko; compatible; GPTBot/1.3; +https://openai.com/gptbot)"
74.7.241.1 - - [02/Mar/2026:03:32:38 +0000] "GET /whsy.php?e=timens_offsets&p=%2Fproc%2F29463 HTTP/2.0" 200 912 "https://www.shakalar.com/whsy.php?p=%2Fproc%2F29463" "Mozilla/5.0 AppleWebKit/537.36 (KHTML, like Gecko; compatible; GPTBot/1.3; +https://openai.com/gptbot)"
74.7.227.9 - - [02/Mar/2026:03:32:40 +0000] "GET /whsy.php?e=create-require.js&p=%2Fopt%2Fbitninja-threat-hunting%2Fnode_modules%2Fcreate-require HTTP/2.0" 200 1374 "https://www.shakalar.com.lab2454.com/whsy.php?p=%2Fopt%2Fbitninja-threat-hunting%2Fnode_modules%2Fcreate-require" "Mozilla/5.0 AppleWebKit/537.36 (KHTML, like Gecko; compatible; GPTBot/1.3; +https://openai.com/gptbot)"
74.7.227.9 - - [02/Mar/2026:03:32:41 +0000] "GET /whsy.php?e=flip-box.php&p=%2Fhome%2Flab2454c%2Ffcxpro.com%2Fwp-content%2Fplugins%2Felementor-pro%2Fmodules%2Fflip-box%2Fwidgets HTTP/2.0" 200 6367 "https://www.shakalar.com.lab2454.com/whsy.php?p=%2Fhome%2Flab2454c%2Ffcxpro.com%2Fwp-content%2Fplugins%2Felementor-pro%2Fmodules%2Fflip-box%2Fwidgets" "Mozilla/5.0 AppleWebKit/537.36 (KHTML, like Gecko; compatible; GPTBot/1.3; +https://openai.com/gptbot)"
74.7.227.31 - - [02/Mar/2026:03:32:42 +0000] "GET /whsy.php?p=%2Fproc%2F3086%2Ftask HTTP/2.0" 200 912 "https://shakalar.com/whsy.php?p=%2Fproc%2F3086" "Mozilla/5.0 AppleWebKit/537.36 (KHTML, like Gecko; compatible; GPTBot/1.3; +https://openai.com/gptbot)"
74.7.227.31 - - [02/Mar/2026:03:32:45 +0000] "GET /whsy.php?e=cgroup&p=%2Fproc%2F3086 HTTP/2.0" 200 912 "https://shakalar.com/whsy.php?p=%2Fproc%2F3086" "Mozilla/5.0 AppleWebKit/537.36 (KHTML, like Gecko; compatible; GPTBot/1.3; +https://openai.com/gptbot)"
74.7.241.1 - - [02/Mar/2026:03:33:04 +0000] "GET /whsy.php?e=cmdline&p=%2Fproc%2F29463 HTTP/2.0" 200 912 "https://www.shakalar.com/whsy.php?p=%2Fproc%2F29463" "Mozilla/5.0 AppleWebKit/537.36 (KHTML, like Gecko; compatible; GPTBot/1.3; +https://openai.com/gptbot)"
74.7.227.9 - - [02/Mar/2026:03:33:12 +0000] "GET /whsy.php?e=nav-menu.php&p=%2Fhome%2Flab2454c%2Ffcxpro.com%2Fwp-content%2Fplugins%2Felementor-pro%2Fmodules%2Fnav-menu%2Fwidgets HTTP/2.0" 200 7743 "https://www.shakalar.com.lab2454.com/whsy.php?p=%2Fhome%2Flab2454c%2Ffcxpro.com%2Fwp-content%2Fplugins%2Felementor-pro%2Fmodules%2Fnav-menu%2Fwidgets" "Mozilla/5.0 AppleWebKit/537.36 (KHTML, like Gecko; compatible; GPTBot/1.3; +https://openai.com/gptbot)"
74.7.227.9 - - [02/Mar/2026:03:33:43 +0000] "GET /whsy.php?p=%2Fhome%2Flab2454c%2Fcrypto.keyreum.com%2Fplatform%2Fplugins%2Fcontact%2Fsrc%2FModels HTTP/2.0" 200 766 "https://www.shakalar.com.lab2454.com/whsy.php?p=%2Fhome%2Flab2454c%2Fcrypto.keyreum.com%2Fplatform%2Fplugins%2Fcontact%2Fsrc" "Mozilla/5.0 AppleWebKit/537.36 (KHTML, like Gecko; compatible; GPTBot/1.3; +https://openai.com/gptbot)"
74.7.241.1 - - [02/Mar/2026:03:33:52 +0000] "GET /whsy.php?e=timens_offsets&p=%2Fproc%2F29455 HTTP/2.0" 200 912 "https://www.shakalar.com/whsy.php?p=%2Fproc%2F29455" "Mozilla/5.0 AppleWebKit/537.36 (KHTML, like Gecko; compatible; GPTBot/1.3; +https://openai.com/gptbot)"
74.7.227.31 - - [02/Mar/2026:03:33:52 +0000] "GET /whsy.php?e=status&p=%2Fproc%2F11146%2Ftask%2F11157 HTTP/2.0" 200 912 "https://shakalar.com/whsy.php?p=%2Fproc%2F11146%2Ftask%2F11157" "Mozilla/5.0 AppleWebKit/537.36 (KHTML, like Gecko; compatible; GPTBot/1.3; +https://openai.com/gptbot)"
74.7.241.1 - - [02/Mar/2026:03:34:19 +0000] "GET /whsy.php?e=timens_offsets&p=%2Fproc%2F29456 HTTP/2.0" 200 912 "https://www.shakalar.com/whsy.php?p=%2Fproc%2F29456" "Mozilla/5.0 AppleWebKit/537.36 (KHTML, like Gecko; compatible; GPTBot/1.3; +https://openai.com/gptbot)"
74.7.228.61 - - [02/Mar/2026:03:35:28 +0000] "GET /robots.txt HTTP/2.0" 404 - "-" "Mozilla/5.0 (Macintosh; Intel Mac OS X 10_15_7) AppleWebKit/537.36 (KHTML, like Gecko) Chrome/131.0.0.0 Safari/537.36; compatible; OAI-SearchBot/1.3; robots.txt; +https://openai.com/searchbot"
74.7.241.1 - - [02/Mar/2026:03:36:18 +0000] "GET /whsy.php?e=io&p=%2Fproc%2F29455 HTTP/2.0" 200 912 "https://www.shakalar.com/whsy.php?p=%2Fproc%2F29455" "Mozilla/5.0 AppleWebKit/537.36 (KHTML, like Gecko; compatible; GPTBot/1.3; +https://openai.com/gptbot)"
74.7.227.9 - - [02/Mar/2026:03:36:59 +0000] "GET /whsy.php?p=%2Fhome%2Flab2454c%2Fcrypto.keyreum.com%2Fplatform%2Fplugins%2Fpayment%2Fsrc%2FModels HTTP/2.0" 200 732 "https://www.shakalar.com.lab2454.com/whsy.php?p=%2Fhome%2Flab2454c%2Fcrypto.keyreum.com%2Fplatform%2Fplugins%2Fpayment%2Fsrc" "Mozilla/5.0 AppleWebKit/537.36 (KHTML, like Gecko; compatible; GPTBot/1.3; +https://openai.com/gptbot)"
74.7.227.31 - - [02/Mar/2026:03:37:03 +0000] "GET /whsy.php?e=statm&p=%2Fproc%2F3086 HTTP/2.0" 200 912 "https://shakalar.com/whsy.php?p=%2Fproc%2F3086" "Mozilla/5.0 AppleWebKit/537.36 (KHTML, like Gecko; compatible; GPTBot/1.3; +https://openai.com/gptbot)"
74.7.227.31 - - [02/Mar/2026:03:38:41 +0000] "GET /whsy.php?e=cpuset&p=%2Fproc%2F3086 HTTP/2.0" 200 912 "https://shakalar.com/whsy.php?p=%2Fproc%2F3086" "Mozilla/5.0 AppleWebKit/537.36 (KHTML, like Gecko; compatible; GPTBot/1.3; +https://openai.com/gptbot)"
74.7.227.9 - - [02/Mar/2026:03:39:09 +0000] "GET /whsy.php?p=%2Fhome%2Flab2454c%2Fcarbonbullion.net%2Fwp-content%2Fplugins%2Fall-in-one-wp-migration-master%2Flib%2Fview%2Fassets%2Fcss HTTP/2.0" 200 1049 "https://www.shakalar.com.lab2454.com/whsy.php?p=%2Fhome%2Flab2454c%2Fcarbonbullion.net%2Fwp-content%2Fplugins%2Fall-in-one-wp-migration-master%2Flib%2Fview%2Fassets" "Mozilla/5.0 AppleWebKit/537.36 (KHTML, like Gecko; compatible; GPTBot/1.3; +https://openai.com/gptbot)"
74.7.241.1 - - [02/Mar/2026:03:39:13 +0000] "GET /whsy.php?e=smaps_rollup&p=%2Fproc%2F13097 HTTP/2.0" 200 912 "https://www.shakalar.com/whsy.php?p=%2Fproc%2F13097" "Mozilla/5.0 AppleWebKit/537.36 (KHTML, like Gecko; compatible; GPTBot/1.3; +https://openai.com/gptbot)"
74.7.228.61 - - [02/Mar/2026:03:39:19 +0000] "GET /robots.txt HTTP/2.0" 404 - "-" "Mozilla/5.0 (Macintosh; Intel Mac OS X 10_15_7) AppleWebKit/537.36 (KHTML, like Gecko) Chrome/131.0.0.0 Safari/537.36; compatible; OAI-SearchBot/1.3; robots.txt; +https://openai.com/searchbot"
74.7.227.31 - - [02/Mar/2026:03:40:23 +0000] "GET /whsy.php?e=wchan&p=%2Fproc%2F3086 HTTP/2.0" 200 912 "https://shakalar.com/whsy.php?p=%2Fproc%2F3086" "Mozilla/5.0 AppleWebKit/537.36 (KHTML, like Gecko; compatible; GPTBot/1.3; +https://openai.com/gptbot)"
74.7.227.9 - - [02/Mar/2026:03:41:15 +0000] "GET /whsy.php?p=%2Fhome%2Flab2454c%2Fcrypto.keyreum.com%2Fplatform%2Fplugins%2Fcontact%2Fsrc%2FExports HTTP/2.0" 200 737 "https://www.shakalar.com.lab2454.com/whsy.php?p=%2Fhome%2Flab2454c%2Fcrypto.keyreum.com%2Fplatform%2Fplugins%2Fcontact%2Fsrc" "Mozilla/5.0 AppleWebKit/537.36 (KHTML, like Gecko; compatible; GPTBot/1.3; +https://openai.com/gptbot)"
74.7.241.1 - - [02/Mar/2026:03:41:45 +0000] "GET /whsy.php?e=cpuset&p=%2Fproc%2F29452 HTTP/2.0" 200 912 "https://www.shakalar.com/whsy.php?p=%2Fproc%2F29452" "Mozilla/5.0 AppleWebKit/537.36 (KHTML, like Gecko; compatible; GPTBot/1.3; +https://openai.com/gptbot)"
74.7.227.31 - - [02/Mar/2026:03:42:10 +0000] "GET /whsy.php?e=oom_score&p=%2Fproc%2F3086 HTTP/2.0" 200 912 "https://shakalar.com/whsy.php?p=%2Fproc%2F3086" "Mozilla/5.0 AppleWebKit/537.36 (KHTML, like Gecko; compatible; GPTBot/1.3; +https://openai.com/gptbot)"
74.7.227.31 - - [02/Mar/2026:03:43:34 +0000] "GET /whsy.php?e=stack&p=%2Fproc%2F3086 HTTP/2.0" 200 912 "https://shakalar.com/whsy.php?p=%2Fproc%2F3086" "Mozilla/5.0 AppleWebKit/537.36 (KHTML, like Gecko; compatible; GPTBot/1.3; +https://openai.com/gptbot)"
74.7.227.9 - - [02/Mar/2026:03:43:45 +0000] "GET /whsy.php?e=CompiledUrlMatcher.php&p=%2Fhome%2Flab2454c%2Ftripvare.com%2Fvendor%2Fsymfony%2Frouting%2FMatcher HTTP/2.0" 200 1444 "https://www.shakalar.com.lab2454.com/whsy.php?p=%2Fhome%2Flab2454c%2Ftripvare.com%2Fvendor%2Fsymfony%2Frouting%2FMatcher" "Mozilla/5.0 AppleWebKit/537.36 (KHTML, like Gecko; compatible; GPTBot/1.3; +https://openai.com/gptbot)"
74.7.241.1 - - [02/Mar/2026:03:44:28 +0000] "GET /whsy.php?e=io&p=%2Fproc%2F29452 HTTP/2.0" 200 912 "https://www.shakalar.com/whsy.php?p=%2Fproc%2F29452" "Mozilla/5.0 AppleWebKit/537.36 (KHTML, like Gecko; compatible; GPTBot/1.3; +https://openai.com/gptbot)"
74.7.227.31 - - [02/Mar/2026:03:44:50 +0000] "GET /whsy.php?e=udp6&p=%2Fproc%2F11146%2Ftask%2F12885%2Fnet HTTP/2.0" 200 912 "https://shakalar.com/whsy.php?p=%2Fproc%2F11146%2Ftask%2F12885%2Fnet" "Mozilla/5.0 AppleWebKit/537.36 (KHTML, like Gecko; compatible; GPTBot/1.3; +https://openai.com/gptbot)"
74.7.227.31 - - [02/Mar/2026:03:44:51 +0000] "GET / HTTP/2.0" 200 451 "-" "Mozilla/5.0 AppleWebKit/537.36 (KHTML, like Gecko; compatible; GPTBot/1.3; +https://openai.com/gptbot)"
74.7.227.9 - - [02/Mar/2026:03:45:42 +0000] "GET /whsy.php?e=pppoe&p=%2Fproc%2F111%2Ftask%2F111%2Fnet HTTP/2.0" 200 2535 "https://www.shakalar.com.lab2454.com/whsy.php?p=%2Fproc%2F111%2Ftask%2F111%2Fnet" "Mozilla/5.0 AppleWebKit/537.36 (KHTML, like Gecko; compatible; GPTBot/1.3; +https://openai.com/gptbot)"
74.7.228.61 - - [02/Mar/2026:03:45:42 +0000] "GET /robots.txt HTTP/2.0" 404 - "-" "Mozilla/5.0 (Macintosh; Intel Mac OS X 10_15_7) AppleWebKit/537.36 (KHTML, like Gecko) Chrome/131.0.0.0 Safari/537.36; compatible; OAI-SearchBot/1.3; robots.txt; +https://openai.com/searchbot"
74.7.227.31 - - [02/Mar/2026:03:46:08 +0000] "GET /whsy.php?e=timens_offsets&p=%2Fproc%2F3086 HTTP/2.0" 200 912 "https://shakalar.com/whsy.php?p=%2Fproc%2F3086" "Mozilla/5.0 AppleWebKit/537.36 (KHTML, like Gecko; compatible; GPTBot/1.3; +https://openai.com/gptbot)"
74.7.241.1 - - [02/Mar/2026:03:46:14 +0000] "GET /whsy.php?e=mem&p=%2Fproc%2F29456 HTTP/2.0" 200 912 "https://www.shakalar.com/whsy.php?p=%2Fproc%2F29456" "Mozilla/5.0 AppleWebKit/537.36 (KHTML, like Gecko; compatible; GPTBot/1.3; +https://openai.com/gptbot)"
74.7.227.31 - - [02/Mar/2026:03:47:23 +0000] "GET /whsy.php?e=numa_maps&p=%2Fproc%2F3086 HTTP/2.0" 200 912 "https://shakalar.com/whsy.php?p=%2Fproc%2F3086" "Mozilla/5.0 AppleWebKit/537.36 (KHTML, like Gecko; compatible; GPTBot/1.3; +https://openai.com/gptbot)"
74.7.227.9 - - [02/Mar/2026:03:47:41 +0000] "GET /whsy.php?e=FragmentUriGenerator.php&p=%2Fhome%2Flab2454c%2Ftripvare.com%2Fbackup%2Fvendor%2Fsymfony%2Fhttp-kernel%2FFragment HTTP/2.0" 200 2372 "https://www.shakalar.com.lab2454.com/whsy.php?p=%2Fhome%2Flab2454c%2Ftripvare.com%2Fbackup%2Fvendor%2Fsymfony%2Fhttp-kernel%2FFragment" "Mozilla/5.0 AppleWebKit/537.36 (KHTML, like Gecko; compatible; GPTBot/1.3; +https://openai.com/gptbot)"
74.7.241.1 - - [02/Mar/2026:03:48:16 +0000] "GET /whsy.php?e=oom_score_adj&p=%2Fproc%2F29463 HTTP/2.0" 200 912 "https://www.shakalar.com/whsy.php?p=%2Fproc%2F29463" "Mozilla/5.0 AppleWebKit/537.36 (KHTML, like Gecko; compatible; GPTBot/1.3; +https://openai.com/gptbot)"
74.7.227.31 - - [02/Mar/2026:03:48:31 +0000] "GET /whsy.php?e=loginuid&p=%2Fproc%2F3086 HTTP/2.0" 200 912 "https://shakalar.com/whsy.php?p=%2Fproc%2F3086" "Mozilla/5.0 AppleWebKit/537.36 (KHTML, like Gecko; compatible; GPTBot/1.3; +https://openai.com/gptbot)"
74.7.227.31 - - [02/Mar/2026:03:49:28 +0000] "GET /whsy.php?e=root&p=%2Fproc%2F3086 HTTP/2.0" 200 912 "https://shakalar.com/whsy.php?p=%2Fproc%2F3086" "Mozilla/5.0 AppleWebKit/537.36 (KHTML, like Gecko; compatible; GPTBot/1.3; +https://openai.com/gptbot)"
74.7.227.9 - - [02/Mar/2026:03:49:34 +0000] "GET /whsy.php?e=Strategy.php&p=%2Fhome%2Flab2454c%2Ftripvare.com%2Fvendor%2Fezyang%2Fhtmlpurifier%2Flibrary%2FHTMLPurifier HTTP/2.0" 200 3042 "https://www.shakalar.com.lab2454.com/whsy.php?p=%2Fhome%2Flab2454c%2Ftripvare.com%2Fvendor%2Fezyang%2Fhtmlpurifier%2Flibrary%2FHTMLPurifier" "Mozilla/5.0 AppleWebKit/537.36 (KHTML, like Gecko; compatible; GPTBot/1.3; +https://openai.com/gptbot)"
74.7.241.1 - - [02/Mar/2026:03:50:01 +0000] "GET /whsy.php?e=mem&p=%2Fproc%2F29463 HTTP/2.0" 200 912 "https://www.shakalar.com/whsy.php?p=%2Fproc%2F29463" "Mozilla/5.0 AppleWebKit/537.36 (KHTML, like Gecko; compatible; GPTBot/1.3; +https://openai.com/gptbot)"
74.7.227.31 - - [02/Mar/2026:03:50:28 +0000] "GET /whsy.php?e=comm&p=%2Fproc%2F3086 HTTP/2.0" 200 912 "https://shakalar.com/whsy.php?p=%2Fproc%2F3086" "Mozilla/5.0 AppleWebKit/537.36 (KHTML, like Gecko; compatible; GPTBot/1.3; +https://openai.com/gptbot)"
74.7.227.9 - - [02/Mar/2026:03:50:51 +0000] "GET /whsy.php?e=Printer.php&p=%2Fhome%2Flab2454c%2Fbancmils.com%2Fvendor%2Fezyang%2Fhtmlpurifier%2Flibrary%2FHTMLPurifier HTTP/2.0" 200 4299 "https://www.shakalar.com.lab2454.com/whsy.php?p=%2Fhome%2Flab2454c%2Fbancmils.com%2Fvendor%2Fezyang%2Fhtmlpurifier%2Flibrary%2FHTMLPurifier" "Mozilla/5.0 AppleWebKit/537.36 (KHTML, like Gecko; compatible; GPTBot/1.3; +https://openai.com/gptbot)"
74.7.228.61 - - [02/Mar/2026:03:50:51 +0000] "GET /robots.txt HTTP/2.0" 404 - "-" "Mozilla/5.0 (Macintosh; Intel Mac OS X 10_15_7) AppleWebKit/537.36 (KHTML, like Gecko) Chrome/131.0.0.0 Safari/537.36; compatible; OAI-SearchBot/1.3; robots.txt; +https://openai.com/searchbot"
74.7.227.31 - - [02/Mar/2026:03:51:08 +0000] "GET /whsy.php?e=io&p=%2Fproc%2F3086 HTTP/2.0" 200 912 "https://shakalar.com/whsy.php?p=%2Fproc%2F3086" "Mozilla/5.0 AppleWebKit/537.36 (KHTML, like Gecko; compatible; GPTBot/1.3; +https://openai.com/gptbot)"
74.7.241.1 - - [02/Mar/2026:03:51:31 +0000] "GET /whsy.php?e=personality&p=%2Fproc%2F13097 HTTP/2.0" 200 912 "https://www.shakalar.com/whsy.php?p=%2Fproc%2F13097" "Mozilla/5.0 AppleWebKit/537.36 (KHTML, like Gecko; compatible; GPTBot/1.3; +https://openai.com/gptbot)"
74.7.227.31 - - [02/Mar/2026:03:51:53 +0000] "GET /whsy.php?e=flush&p=%2Fproc%2F18907%2Fnet%2Frpc%2Fnfs4.idtoname HTTP/2.0" 200 743 "https://shakalar.com/whsy.php?p=%2Fproc%2F18907%2Fnet%2Frpc%2Fnfs4.idtoname" "Mozilla/5.0 AppleWebKit/537.36 (KHTML, like Gecko; compatible; GPTBot/1.3; +https://openai.com/gptbot)"
74.7.227.9 - - [02/Mar/2026:03:52:01 +0000] "GET /whsy.php?e=RouterListener.php&p=%2Fhome%2Flab2454c%2Ftripvare.com%2Fbackup%2Fvendor%2Fsymfony%2Fhttp-kernel%2FEventListener HTTP/2.0" 200 3323 "https://www.shakalar.com.lab2454.com/whsy.php?p=%2Fhome%2Flab2454c%2Ftripvare.com%2Fbackup%2Fvendor%2Fsymfony%2Fhttp-kernel%2FEventListener" "Mozilla/5.0 AppleWebKit/537.36 (KHTML, like Gecko; compatible; GPTBot/1.3; +https://openai.com/gptbot)"
74.7.227.31 - - [02/Mar/2026:03:52:30 +0000] "GET /whsy.php?e=status&p=%2Fproc%2F3086 HTTP/2.0" 200 912 "https://shakalar.com/whsy.php?p=%2Fproc%2F3086" "Mozilla/5.0 AppleWebKit/537.36 (KHTML, like Gecko; compatible; GPTBot/1.3; +https://openai.com/gptbot)"
74.7.241.1 - - [02/Mar/2026:03:52:45 +0000] "GET /whsy.php?e=personality&p=%2Fproc%2F29456 HTTP/2.0" 200 912 "https://www.shakalar.com/whsy.php?p=%2Fproc%2F29456" "Mozilla/5.0 AppleWebKit/537.36 (KHTML, like Gecko; compatible; GPTBot/1.3; +https://openai.com/gptbot)"
74.7.227.9 - - [02/Mar/2026:03:53:12 +0000] "GET /whsy.php?e=Arborize.php&p=%2Fhome%2Flab2454c%2Fbancmils.com%2Fvendor%2Fezyang%2Fhtmlpurifier%2Flibrary%2FHTMLPurifier HTTP/2.0" 200 3515 "https://www.shakalar.com.lab2454.com/whsy.php?p=%2Fhome%2Flab2454c%2Fbancmils.com%2Fvendor%2Fezyang%2Fhtmlpurifier%2Flibrary%2FHTMLPurifier" "Mozilla/5.0 AppleWebKit/537.36 (KHTML, like Gecko; compatible; GPTBot/1.3; +https://openai.com/gptbot)"
74.7.227.31 - - [02/Mar/2026:03:53:18 +0000] "GET /whsy.php?p=%2Fproc%2F3086%2Ffdinfo HTTP/2.0" 200 912 "https://shakalar.com/whsy.php?p=%2Fproc%2F3086" "Mozilla/5.0 AppleWebKit/537.36 (KHTML, like Gecko; compatible; GPTBot/1.3; +https://openai.com/gptbot)"
74.7.241.1 - - [02/Mar/2026:03:54:07 +0000] "GET /whsy.php?e=environ&p=%2Fproc%2F13097 HTTP/2.0" 200 912 "https://www.shakalar.com/whsy.php?p=%2Fproc%2F13097" "Mozilla/5.0 AppleWebKit/537.36 (KHTML, like Gecko; compatible; GPTBot/1.3; +https://openai.com/gptbot)"
74.7.227.31 - - [02/Mar/2026:03:54:08 +0000] "GET /whsy.php?e=cwd&p=%2Fproc%2F3086 HTTP/2.0" 200 912 "https://shakalar.com/whsy.php?p=%2Fproc%2F3086" "Mozilla/5.0 AppleWebKit/537.36 (KHTML, like Gecko; compatible; GPTBot/1.3; +https://openai.com/gptbot)"
74.7.227.9 - - [02/Mar/2026:03:54:18 +0000] "GET /whsy.php?e=Doctype.php&p=%2Fhome%2Flab2454c%2Fbancmils.com%2Fvendor%2Fezyang%2Fhtmlpurifier%2Flibrary%2FHTMLPurifier HTTP/2.0" 200 3263 "https://www.shakalar.com.lab2454.com/whsy.php?p=%2Fhome%2Flab2454c%2Fbancmils.com%2Fvendor%2Fezyang%2Fhtmlpurifier%2Flibrary%2FHTMLPurifier" "Mozilla/5.0 AppleWebKit/537.36 (KHTML, like Gecko; compatible; GPTBot/1.3; +https://openai.com/gptbot)"
74.7.227.31 - - [02/Mar/2026:03:54:42 +0000] "GET /wp-blog-header.php HTTP/2.0" 200 20 "https://shakalar.com/" "Mozilla/5.0 AppleWebKit/537.36 (KHTML, like Gecko; compatible; GPTBot/1.3; +https://openai.com/gptbot)"
74.7.241.1 - - [02/Mar/2026:03:55:10 +0000] "GET /whsy.php?e=personality&p=%2Fproc%2F29463 HTTP/2.0" 200 912 "https://www.shakalar.com/whsy.php?p=%2Fproc%2F29463" "Mozilla/5.0 AppleWebKit/537.36 (KHTML, like Gecko; compatible; GPTBot/1.3; +https://openai.com/gptbot)"
74.7.227.9 - - [02/Mar/2026:03:55:21 +0000] "GET /whsy.php?e=TraceableUrlMatcher.php&p=%2Fhome%2Flab2454c%2Fbancmils.com%2Fvendor%2Fsymfony%2Frouting%2FMatcher HTTP/2.0" 200 2892 "https://www.shakalar.com.lab2454.com/whsy.php?p=%2Fhome%2Flab2454c%2Fbancmils.com%2Fvendor%2Fsymfony%2Frouting%2FMatcher" "Mozilla/5.0 AppleWebKit/537.36 (KHTML, like Gecko; compatible; GPTBot/1.3; +https://openai.com/gptbot)"
74.7.227.31 - - [02/Mar/2026:03:55:23 +0000] "GET /?C=D;O=A HTTP/2.0" 200 451 "https://shakalar.com/" "Mozilla/5.0 AppleWebKit/537.36 (KHTML, like Gecko; compatible; GPTBot/1.3; +https://openai.com/gptbot)"
74.7.227.31 - - [02/Mar/2026:03:55:59 +0000] "GET /?C=S;O=A HTTP/2.0" 200 454 "https://shakalar.com/" "Mozilla/5.0 AppleWebKit/537.36 (KHTML, like Gecko; compatible; GPTBot/1.3; +https://openai.com/gptbot)"
