74.7.243.130 - - [01/Mar/2026:12:59:02 +0000] "GET /whsy.php?p=%2Fproc%2F28321%2Ftask%2F28349 HTTP/2.0" 200 1801 "https://www.shakalar.com.lab2454.com/whsy.php?p=%2Fproc%2F28321%2Ftask" "Mozilla/5.0 AppleWebKit/537.36 (KHTML, like Gecko; compatible; GPTBot/1.3; +https://openai.com/gptbot)"
74.7.227.188 - - [01/Mar/2026:12:59:02 +0000] "GET /whsy.php?e=io&p=%2Fproc%2F13854 HTTP/2.0" 200 1936 "https://www.shakalar.com/whsy.php?p=%2Fproc%2F13854" "Mozilla/5.0 AppleWebKit/537.36 (KHTML, like Gecko; compatible; GPTBot/1.3; +https://openai.com/gptbot)"
74.7.243.130 - - [01/Mar/2026:12:59:08 +0000] "GET /whsy.php?e=maps&p=%2Fproc%2F28321%2Ftask%2F28338 HTTP/2.0" 200 1987 "https://www.shakalar.com.lab2454.com/whsy.php?p=%2Fproc%2F28321%2Ftask%2F28338" "Mozilla/5.0 AppleWebKit/537.36 (KHTML, like Gecko; compatible; GPTBot/1.3; +https://openai.com/gptbot)"
74.7.227.188 - - [01/Mar/2026:12:59:08 +0000] "GET /whsy.php?e=sessionid&p=%2Fproc%2F26186 HTTP/2.0" 200 912 "https://www.shakalar.com/whsy.php?p=%2Fproc%2F26186" "Mozilla/5.0 AppleWebKit/537.36 (KHTML, like Gecko; compatible; GPTBot/1.3; +https://openai.com/gptbot)"
74.7.243.130 - - [01/Mar/2026:12:59:13 +0000] "GET /whsy.php?e=stat&p=%2Fproc%2F28321%2Ftask%2F28338 HTTP/2.0" 200 1990 "https://www.shakalar.com.lab2454.com/whsy.php?p=%2Fproc%2F28321%2Ftask%2F28338" "Mozilla/5.0 AppleWebKit/537.36 (KHTML, like Gecko; compatible; GPTBot/1.3; +https://openai.com/gptbot)"
74.7.227.188 - - [01/Mar/2026:12:59:13 +0000] "GET /whsy.php?e=sessionid&p=%2Fproc%2F11932 HTTP/2.0" 200 912 "https://www.shakalar.com/whsy.php?p=%2Fproc%2F11932" "Mozilla/5.0 AppleWebKit/537.36 (KHTML, like Gecko; compatible; GPTBot/1.3; +https://openai.com/gptbot)"
74.7.243.130 - - [01/Mar/2026:12:59:17 +0000] "GET /whsy.php?e=stat&p=%2Fproc%2F28321%2Ftask%2F28332 HTTP/2.0" 200 1991 "https://www.shakalar.com.lab2454.com/whsy.php?p=%2Fproc%2F28321%2Ftask%2F28332" "Mozilla/5.0 AppleWebKit/537.36 (KHTML, like Gecko; compatible; GPTBot/1.3; +https://openai.com/gptbot)"
74.7.227.188 - - [01/Mar/2026:12:59:17 +0000] "GET /whsy.php?e=sessionid&p=%2Fproc%2F15126 HTTP/2.0" 200 912 "https://www.shakalar.com/whsy.php?p=%2Fproc%2F15126" "Mozilla/5.0 AppleWebKit/537.36 (KHTML, like Gecko; compatible; GPTBot/1.3; +https://openai.com/gptbot)"
74.7.227.54 - - [01/Mar/2026:12:59:21 +0000] "GET /whsy.php?p=%2Fproc%2F31666%2Ftask%2F31692 HTTP/2.0" 200 912 "https://shakalar.com/whsy.php?p=%2Fproc%2F31666%2Ftask" "Mozilla/5.0 AppleWebKit/537.36 (KHTML, like Gecko; compatible; GPTBot/1.3; +https://openai.com/gptbot)"
74.7.243.130 - - [01/Mar/2026:12:59:22 +0000] "GET /whsy.php?e=root&p=%2Fproc%2F28321%2Ftask%2F28332 HTTP/2.0" 200 1801 "https://www.shakalar.com.lab2454.com/whsy.php?p=%2Fproc%2F28321%2Ftask%2F28332" "Mozilla/5.0 AppleWebKit/537.36 (KHTML, like Gecko; compatible; GPTBot/1.3; +https://openai.com/gptbot)"
74.7.227.188 - - [01/Mar/2026:12:59:22 +0000] "GET /whsy.php?e=setgroups&p=%2Fproc%2F11932 HTTP/2.0" 200 912 "https://www.shakalar.com/whsy.php?p=%2Fproc%2F11932" "Mozilla/5.0 AppleWebKit/537.36 (KHTML, like Gecko; compatible; GPTBot/1.3; +https://openai.com/gptbot)"
74.7.243.130 - - [01/Mar/2026:12:59:26 +0000] "GET /whsy.php?e=root&p=%2Fproc%2F28321%2Ftask%2F28331 HTTP/2.0" 200 1799 "https://www.shakalar.com.lab2454.com/whsy.php?p=%2Fproc%2F28321%2Ftask%2F28331" "Mozilla/5.0 AppleWebKit/537.36 (KHTML, like Gecko; compatible; GPTBot/1.3; +https://openai.com/gptbot)"
74.7.227.188 - - [01/Mar/2026:12:59:27 +0000] "GET /whsy.php?e=setgroups&p=%2Fproc%2F26186 HTTP/2.0" 200 912 "https://www.shakalar.com/whsy.php?p=%2Fproc%2F26186" "Mozilla/5.0 AppleWebKit/537.36 (KHTML, like Gecko; compatible; GPTBot/1.3; +https://openai.com/gptbot)"
74.7.243.130 - - [01/Mar/2026:12:59:31 +0000] "GET /whsy.php?e=stat&p=%2Fproc%2F28321%2Ftask%2F28392 HTTP/2.0" 200 1987 "https://www.shakalar.com.lab2454.com/whsy.php?p=%2Fproc%2F28321%2Ftask%2F28392" "Mozilla/5.0 AppleWebKit/537.36 (KHTML, like Gecko; compatible; GPTBot/1.3; +https://openai.com/gptbot)"
74.7.227.188 - - [01/Mar/2026:12:59:31 +0000] "GET /whsy.php?e=setgroups&p=%2Fproc%2F15126 HTTP/2.0" 200 912 "https://www.shakalar.com/whsy.php?p=%2Fproc%2F15126" "Mozilla/5.0 AppleWebKit/537.36 (KHTML, like Gecko; compatible; GPTBot/1.3; +https://openai.com/gptbot)"
74.7.243.130 - - [01/Mar/2026:12:59:35 +0000] "GET /whsy.php?e=stat&p=%2Fproc%2F28321%2Ftask%2F28352 HTTP/2.0" 200 1991 "https://www.shakalar.com.lab2454.com/whsy.php?p=%2Fproc%2F28321%2Ftask%2F28352" "Mozilla/5.0 AppleWebKit/537.36 (KHTML, like Gecko; compatible; GPTBot/1.3; +https://openai.com/gptbot)"
74.7.227.188 - - [01/Mar/2026:12:59:35 +0000] "GET /whsy.php?e=setgroups&p=%2Fproc%2F10008 HTTP/2.0" 200 2005 "https://www.shakalar.com/whsy.php?p=%2Fproc%2F10008" "Mozilla/5.0 AppleWebKit/537.36 (KHTML, like Gecko; compatible; GPTBot/1.3; +https://openai.com/gptbot)"
74.7.243.130 - - [01/Mar/2026:12:59:39 +0000] "GET /whsy.php?e=root&p=%2Fproc%2F28321%2Ftask%2F28318 HTTP/2.0" 200 1802 "https://www.shakalar.com.lab2454.com/whsy.php?p=%2Fproc%2F28321%2Ftask%2F28318" "Mozilla/5.0 AppleWebKit/537.36 (KHTML, like Gecko; compatible; GPTBot/1.3; +https://openai.com/gptbot)"
74.7.227.188 - - [01/Mar/2026:12:59:39 +0000] "GET /whsy.php?e=sessionid&p=%2Fproc%2F10008 HTTP/2.0" 200 2015 "https://www.shakalar.com/whsy.php?p=%2Fproc%2F10008" "Mozilla/5.0 AppleWebKit/537.36 (KHTML, like Gecko; compatible; GPTBot/1.3; +https://openai.com/gptbot)"
74.7.243.130 - - [01/Mar/2026:12:59:44 +0000] "GET /whsy.php?e=comm&p=%2Fproc%2F28321%2Ftask%2F28332 HTTP/2.0" 200 1870 "https://www.shakalar.com.lab2454.com/whsy.php?p=%2Fproc%2F28321%2Ftask%2F28332" "Mozilla/5.0 AppleWebKit/537.36 (KHTML, like Gecko; compatible; GPTBot/1.3; +https://openai.com/gptbot)"
74.7.227.188 - - [01/Mar/2026:12:59:44 +0000] "GET /whsy.php?e=comm&p=%2Fproc%2F2925 HTTP/2.0" 200 912 "https://www.shakalar.com/whsy.php?p=%2Fproc%2F2925" "Mozilla/5.0 AppleWebKit/537.36 (KHTML, like Gecko; compatible; GPTBot/1.3; +https://openai.com/gptbot)"
74.7.227.54 - - [01/Mar/2026:12:59:47 +0000] "GET /whsy.php?p=%2Fproc%2F11146%2Ftask%2F11239 HTTP/2.0" 200 1801 "https://shakalar.com/whsy.php?p=%2Fproc%2F11146%2Ftask" "Mozilla/5.0 AppleWebKit/537.36 (KHTML, like Gecko; compatible; GPTBot/1.3; +https://openai.com/gptbot)"
74.7.243.130 - - [01/Mar/2026:12:59:48 +0000] "GET /whsy.php?e=stat&p=%2Fproc%2F28321%2Ftask%2F28362 HTTP/2.0" 200 1988 "https://www.shakalar.com.lab2454.com/whsy.php?p=%2Fproc%2F28321%2Ftask%2F28362" "Mozilla/5.0 AppleWebKit/537.36 (KHTML, like Gecko; compatible; GPTBot/1.3; +https://openai.com/gptbot)"
74.7.227.188 - - [01/Mar/2026:12:59:48 +0000] "GET /whsy.php?e=maps&p=%2Fproc%2F2925 HTTP/2.0" 200 912 "https://www.shakalar.com/whsy.php?p=%2Fproc%2F2925" "Mozilla/5.0 AppleWebKit/537.36 (KHTML, like Gecko; compatible; GPTBot/1.3; +https://openai.com/gptbot)"
74.7.243.130 - - [01/Mar/2026:12:59:53 +0000] "GET /whsy.php?e=stat&p=%2Fproc%2F28321%2Ftask%2F28318 HTTP/2.0" 200 1989 "https://www.shakalar.com.lab2454.com/whsy.php?p=%2Fproc%2F28321%2Ftask%2F28318" "Mozilla/5.0 AppleWebKit/537.36 (KHTML, like Gecko; compatible; GPTBot/1.3; +https://openai.com/gptbot)"
74.7.227.188 - - [01/Mar/2026:12:59:53 +0000] "GET /whsy.php?e=stat&p=%2Fproc%2F2925 HTTP/2.0" 200 912 "https://www.shakalar.com/whsy.php?p=%2Fproc%2F2925" "Mozilla/5.0 AppleWebKit/537.36 (KHTML, like Gecko; compatible; GPTBot/1.3; +https://openai.com/gptbot)"
74.7.243.130 - - [01/Mar/2026:13:00:02 +0000] "GET /whsy.php?e=maps&p=%2Fproc%2F28321%2Ftask%2F28332 HTTP/2.0" 200 1987 "https://www.shakalar.com.lab2454.com/whsy.php?p=%2Fproc%2F28321%2Ftask%2F28332" "Mozilla/5.0 AppleWebKit/537.36 (KHTML, like Gecko; compatible; GPTBot/1.3; +https://openai.com/gptbot)"
74.7.227.188 - - [01/Mar/2026:13:00:04 +0000] "GET /whsy.php?e=oom_score_adj&p=%2Fproc%2F2925 HTTP/2.0" 200 912 "https://www.shakalar.com/whsy.php?p=%2Fproc%2F2925" "Mozilla/5.0 AppleWebKit/537.36 (KHTML, like Gecko; compatible; GPTBot/1.3; +https://openai.com/gptbot)"
74.7.243.130 - - [01/Mar/2026:13:00:14 +0000] "GET /whsy.php?e=root&p=%2Fproc%2F28321%2Ftask%2F28338 HTTP/2.0" 200 1802 "https://www.shakalar.com.lab2454.com/whsy.php?p=%2Fproc%2F28321%2Ftask%2F28338" "Mozilla/5.0 AppleWebKit/537.36 (KHTML, like Gecko; compatible; GPTBot/1.3; +https://openai.com/gptbot)"
74.7.227.188 - - [01/Mar/2026:13:00:15 +0000] "GET /whsy.php?e=io&p=%2Fproc%2F2925 HTTP/2.0" 200 912 "https://www.shakalar.com/whsy.php?p=%2Fproc%2F2925" "Mozilla/5.0 AppleWebKit/537.36 (KHTML, like Gecko; compatible; GPTBot/1.3; +https://openai.com/gptbot)"
74.7.227.54 - - [01/Mar/2026:13:00:18 +0000] "GET /whsy.php?p=%2Fproc%2F31666%2Ftask%2F31694 HTTP/2.0" 200 912 "https://shakalar.com/whsy.php?p=%2Fproc%2F31666%2Ftask" "Mozilla/5.0 AppleWebKit/537.36 (KHTML, like Gecko; compatible; GPTBot/1.3; +https://openai.com/gptbot)"
74.7.243.130 - - [01/Mar/2026:13:00:22 +0000] "GET /whsy.php?e=maps&p=%2Fproc%2F28321%2Ftask%2F28318 HTTP/2.0" 200 1987 "https://www.shakalar.com.lab2454.com/whsy.php?p=%2Fproc%2F28321%2Ftask%2F28318" "Mozilla/5.0 AppleWebKit/537.36 (KHTML, like Gecko; compatible; GPTBot/1.3; +https://openai.com/gptbot)"
74.7.244.52 - - [01/Mar/2026:13:00:23 +0000] "GET /robots.txt HTTP/2.0" 404 - "-" "Mozilla/5.0 (Macintosh; Intel Mac OS X 10_15_7) AppleWebKit/537.36 (KHTML, like Gecko) Chrome/131.0.0.0 Safari/537.36; compatible; OAI-SearchBot/1.3; robots.txt; +https://openai.com/searchbot"
74.7.227.188 - - [01/Mar/2026:13:00:23 +0000] "GET /whsy.php?e=mem&p=%2Fproc%2F11932 HTTP/2.0" 200 912 "https://www.shakalar.com/whsy.php?p=%2Fproc%2F11932" "Mozilla/5.0 AppleWebKit/537.36 (KHTML, like Gecko; compatible; GPTBot/1.3; +https://openai.com/gptbot)"
74.7.243.130 - - [01/Mar/2026:13:00:27 +0000] "GET /whsy.php?e=root&p=%2Fproc%2F28321%2Ftask%2F28392 HTTP/2.0" 200 1802 "https://www.shakalar.com.lab2454.com/whsy.php?p=%2Fproc%2F28321%2Ftask%2F28392" "Mozilla/5.0 AppleWebKit/537.36 (KHTML, like Gecko; compatible; GPTBot/1.3; +https://openai.com/gptbot)"
74.7.227.188 - - [01/Mar/2026:13:00:27 +0000] "GET /whsy.php?e=exe&p=%2Fproc%2F15126 HTTP/2.0" 200 912 "https://www.shakalar.com/whsy.php?p=%2Fproc%2F15126" "Mozilla/5.0 AppleWebKit/537.36 (KHTML, like Gecko; compatible; GPTBot/1.3; +https://openai.com/gptbot)"
74.7.243.130 - - [01/Mar/2026:13:00:31 +0000] "GET /whsy.php?e=maps&p=%2Fproc%2F28321%2Ftask%2F28331 HTTP/2.0" 200 1985 "https://www.shakalar.com.lab2454.com/whsy.php?p=%2Fproc%2F28321%2Ftask%2F28331" "Mozilla/5.0 AppleWebKit/537.36 (KHTML, like Gecko; compatible; GPTBot/1.3; +https://openai.com/gptbot)"
74.7.227.188 - - [01/Mar/2026:13:00:32 +0000] "GET /whsy.php?e=mem&p=%2Fproc%2F15126 HTTP/2.0" 200 912 "https://www.shakalar.com/whsy.php?p=%2Fproc%2F15126" "Mozilla/5.0 AppleWebKit/537.36 (KHTML, like Gecko; compatible; GPTBot/1.3; +https://openai.com/gptbot)"
74.7.227.54 - - [01/Mar/2026:13:00:35 +0000] "GET /whsy.php?p=%2Fproc%2F31666%2Ftask%2F31691 HTTP/2.0" 200 912 "https://shakalar.com/whsy.php?p=%2Fproc%2F31666%2Ftask" "Mozilla/5.0 AppleWebKit/537.36 (KHTML, like Gecko; compatible; GPTBot/1.3; +https://openai.com/gptbot)"
74.7.227.188 - - [01/Mar/2026:13:00:37 +0000] "GET /whsy.php?e=cwd&p=%2Fproc%2F26186 HTTP/2.0" 200 912 "https://www.shakalar.com/whsy.php?p=%2Fproc%2F26186" "Mozilla/5.0 AppleWebKit/537.36 (KHTML, like Gecko; compatible; GPTBot/1.3; +https://openai.com/gptbot)"
74.7.243.130 - - [01/Mar/2026:13:00:42 +0000] "GET /whsy.php?e=root&p=%2Fproc%2F28321%2Ftask%2F28352 HTTP/2.0" 200 1802 "https://www.shakalar.com.lab2454.com/whsy.php?p=%2Fproc%2F28321%2Ftask%2F28352" "Mozilla/5.0 AppleWebKit/537.36 (KHTML, like Gecko; compatible; GPTBot/1.3; +https://openai.com/gptbot)"
74.7.227.188 - - [01/Mar/2026:13:00:42 +0000] "GET /whsy.php?e=exe&p=%2Fproc%2F11932 HTTP/2.0" 200 912 "https://www.shakalar.com/whsy.php?p=%2Fproc%2F11932" "Mozilla/5.0 AppleWebKit/537.36 (KHTML, like Gecko; compatible; GPTBot/1.3; +https://openai.com/gptbot)"
74.7.243.130 - - [01/Mar/2026:13:00:46 +0000] "GET /whsy.php?e=root&p=%2Fproc%2F28321%2Ftask%2F28362 HTTP/2.0" 200 1802 "https://www.shakalar.com.lab2454.com/whsy.php?p=%2Fproc%2F28321%2Ftask%2F28362" "Mozilla/5.0 AppleWebKit/537.36 (KHTML, like Gecko; compatible; GPTBot/1.3; +https://openai.com/gptbot)"
74.7.227.188 - - [01/Mar/2026:13:00:47 +0000] "GET /whsy.php?e=mem&p=%2Fproc%2F26186 HTTP/2.0" 200 912 "https://www.shakalar.com/whsy.php?p=%2Fproc%2F26186" "Mozilla/5.0 AppleWebKit/537.36 (KHTML, like Gecko; compatible; GPTBot/1.3; +https://openai.com/gptbot)"
74.7.243.130 - - [01/Mar/2026:13:00:55 +0000] "GET /whsy.php?e=uid_map&p=%2Fproc%2F28321%2Ftask%2F28338 HTTP/2.0" 200 1885 "https://www.shakalar.com.lab2454.com/whsy.php?p=%2Fproc%2F28321%2Ftask%2F28338" "Mozilla/5.0 AppleWebKit/537.36 (KHTML, like Gecko; compatible; GPTBot/1.3; +https://openai.com/gptbot)"
74.7.227.188 - - [01/Mar/2026:13:00:56 +0000] "GET /whsy.php?e=cwd&p=%2Fproc%2F15126 HTTP/2.0" 200 912 "https://www.shakalar.com/whsy.php?p=%2Fproc%2F15126" "Mozilla/5.0 AppleWebKit/537.36 (KHTML, like Gecko; compatible; GPTBot/1.3; +https://openai.com/gptbot)"
74.7.227.54 - - [01/Mar/2026:13:00:59 +0000] "GET /whsy.php?p=%2Fproc%2F31666%2Ftask%2F31699 HTTP/2.0" 200 912 "https://shakalar.com/whsy.php?p=%2Fproc%2F31666%2Ftask" "Mozilla/5.0 AppleWebKit/537.36 (KHTML, like Gecko; compatible; GPTBot/1.3; +https://openai.com/gptbot)"
74.7.243.130 - - [01/Mar/2026:13:01:03 +0000] "GET /whsy.php?e=uid_map&p=%2Fproc%2F28321%2Ftask%2F28332 HTTP/2.0" 200 1883 "https://www.shakalar.com.lab2454.com/whsy.php?p=%2Fproc%2F28321%2Ftask%2F28332" "Mozilla/5.0 AppleWebKit/537.36 (KHTML, like Gecko; compatible; GPTBot/1.3; +https://openai.com/gptbot)"
74.7.227.188 - - [01/Mar/2026:13:01:03 +0000] "GET /whsy.php?e=exe&p=%2Fproc%2F26186 HTTP/2.0" 200 912 "https://www.shakalar.com/whsy.php?p=%2Fproc%2F26186" "Mozilla/5.0 AppleWebKit/537.36 (KHTML, like Gecko; compatible; GPTBot/1.3; +https://openai.com/gptbot)"
74.7.243.130 - - [01/Mar/2026:13:01:10 +0000] "GET /whsy.php?e=oom_adj&p=%2Fproc%2F28321%2Ftask%2F28331 HTTP/2.0" 200 1868 "https://www.shakalar.com.lab2454.com/whsy.php?p=%2Fproc%2F28321%2Ftask%2F28331" "Mozilla/5.0 AppleWebKit/537.36 (KHTML, like Gecko; compatible; GPTBot/1.3; +https://openai.com/gptbot)"
74.7.227.188 - - [01/Mar/2026:13:01:10 +0000] "GET /whsy.php?e=cwd&p=%2Fproc%2F11932 HTTP/2.0" 200 912 "https://www.shakalar.com/whsy.php?p=%2Fproc%2F11932" "Mozilla/5.0 AppleWebKit/537.36 (KHTML, like Gecko; compatible; GPTBot/1.3; +https://openai.com/gptbot)"
74.7.227.54 - - [01/Mar/2026:13:01:15 +0000] "GET /whsy.php?p=%2Fproc%2F31666%2Ftask%2F31720 HTTP/2.0" 200 912 "https://shakalar.com/whsy.php?p=%2Fproc%2F31666%2Ftask" "Mozilla/5.0 AppleWebKit/537.36 (KHTML, like Gecko; compatible; GPTBot/1.3; +https://openai.com/gptbot)"
74.7.243.130 - - [01/Mar/2026:13:01:19 +0000] "GET /whsy.php?e=gid_map&p=%2Fproc%2F28321%2Ftask%2F28338 HTTP/2.0" 200 1887 "https://www.shakalar.com.lab2454.com/whsy.php?p=%2Fproc%2F28321%2Ftask%2F28338" "Mozilla/5.0 AppleWebKit/537.36 (KHTML, like Gecko; compatible; GPTBot/1.3; +https://openai.com/gptbot)"
74.7.227.188 - - [01/Mar/2026:13:01:19 +0000] "GET /whsy.php?e=root&p=%2Fproc%2F13854 HTTP/2.0" 200 1936 "https://www.shakalar.com/whsy.php?p=%2Fproc%2F13854" "Mozilla/5.0 AppleWebKit/537.36 (KHTML, like Gecko; compatible; GPTBot/1.3; +https://openai.com/gptbot)"
74.7.243.130 - - [01/Mar/2026:13:01:27 +0000] "GET /whsy.php?e=oom_adj&p=%2Fproc%2F28321%2Ftask%2F28332 HTTP/2.0" 200 1869 "https://www.shakalar.com.lab2454.com/whsy.php?p=%2Fproc%2F28321%2Ftask%2F28332" "Mozilla/5.0 AppleWebKit/537.36 (KHTML, like Gecko; compatible; GPTBot/1.3; +https://openai.com/gptbot)"
74.7.227.188 - - [01/Mar/2026:13:01:27 +0000] "GET /whsy.php?e=stat&p=%2Fproc%2F15072 HTTP/2.0" 200 912 "https://www.shakalar.com/whsy.php?p=%2Fproc%2F15072" "Mozilla/5.0 AppleWebKit/537.36 (KHTML, like Gecko; compatible; GPTBot/1.3; +https://openai.com/gptbot)"
74.7.227.54 - - [01/Mar/2026:13:01:31 +0000] "GET /whsy.php?p=%2Fproc%2F31666%2Ftask%2F31682 HTTP/2.0" 200 912 "https://shakalar.com/whsy.php?p=%2Fproc%2F31666%2Ftask" "Mozilla/5.0 AppleWebKit/537.36 (KHTML, like Gecko; compatible; GPTBot/1.3; +https://openai.com/gptbot)"
74.7.243.130 - - [01/Mar/2026:13:01:34 +0000] "GET /whsy.php?e=oom_adj&p=%2Fproc%2F28321%2Ftask%2F28352 HTTP/2.0" 200 1870 "https://www.shakalar.com.lab2454.com/whsy.php?p=%2Fproc%2F28321%2Ftask%2F28352" "Mozilla/5.0 AppleWebKit/537.36 (KHTML, like Gecko; compatible; GPTBot/1.3; +https://openai.com/gptbot)"
74.7.227.188 - - [01/Mar/2026:13:01:35 +0000] "GET /whsy.php?e=ksm_stat&p=%2Fproc%2F15126 HTTP/2.0" 200 912 "https://www.shakalar.com/whsy.php?p=%2Fproc%2F15126" "Mozilla/5.0 AppleWebKit/537.36 (KHTML, like Gecko; compatible; GPTBot/1.3; +https://openai.com/gptbot)"
74.7.243.130 - - [01/Mar/2026:13:01:42 +0000] "GET /whsy.php?e=oom_adj&p=%2Fproc%2F28321%2Ftask%2F28318 HTTP/2.0" 200 1870 "https://www.shakalar.com.lab2454.com/whsy.php?p=%2Fproc%2F28321%2Ftask%2F28318" "Mozilla/5.0 AppleWebKit/537.36 (KHTML, like Gecko; compatible; GPTBot/1.3; +https://openai.com/gptbot)"
74.7.227.188 - - [01/Mar/2026:13:01:42 +0000] "GET /whsy.php?e=ksm_stat&p=%2Fproc%2F26186 HTTP/2.0" 200 912 "https://www.shakalar.com/whsy.php?p=%2Fproc%2F26186" "Mozilla/5.0 AppleWebKit/537.36 (KHTML, like Gecko; compatible; GPTBot/1.3; +https://openai.com/gptbot)"
74.7.227.54 - - [01/Mar/2026:13:01:45 +0000] "GET /whsy.php?p=%2Fproc%2F31666%2Ftask%2F31688 HTTP/2.0" 200 912 "https://shakalar.com/whsy.php?p=%2Fproc%2F31666%2Ftask" "Mozilla/5.0 AppleWebKit/537.36 (KHTML, like Gecko; compatible; GPTBot/1.3; +https://openai.com/gptbot)"
74.7.243.130 - - [01/Mar/2026:13:01:49 +0000] "GET /whsy.php?e=oom_adj&p=%2Fproc%2F28321%2Ftask%2F28338 HTTP/2.0" 200 1870 "https://www.shakalar.com.lab2454.com/whsy.php?p=%2Fproc%2F28321%2Ftask%2F28338" "Mozilla/5.0 AppleWebKit/537.36 (KHTML, like Gecko; compatible; GPTBot/1.3; +https://openai.com/gptbot)"
74.7.227.188 - - [01/Mar/2026:13:01:50 +0000] "GET /whsy.php?e=ksm_stat&p=%2Fproc%2F11932 HTTP/2.0" 200 912 "https://www.shakalar.com/whsy.php?p=%2Fproc%2F11932" "Mozilla/5.0 AppleWebKit/537.36 (KHTML, like Gecko; compatible; GPTBot/1.3; +https://openai.com/gptbot)"
74.7.243.130 - - [01/Mar/2026:13:01:58 +0000] "GET /whsy.php?e=gid_map&p=%2Fproc%2F28321%2Ftask%2F28332 HTTP/2.0" 200 1887 "https://www.shakalar.com.lab2454.com/whsy.php?p=%2Fproc%2F28321%2Ftask%2F28332" "Mozilla/5.0 AppleWebKit/537.36 (KHTML, like Gecko; compatible; GPTBot/1.3; +https://openai.com/gptbot)"
74.7.227.188 - - [01/Mar/2026:13:01:58 +0000] "GET /whsy.php?e=exe&p=%2Fproc%2F15072 HTTP/2.0" 200 912 "https://www.shakalar.com/whsy.php?p=%2Fproc%2F15072" "Mozilla/5.0 AppleWebKit/537.36 (KHTML, like Gecko; compatible; GPTBot/1.3; +https://openai.com/gptbot)"
74.7.230.54 - - [01/Mar/2026:13:01:59 +0000] "GET /robots.txt HTTP/2.0" 404 - "-" "Mozilla/5.0 (Macintosh; Intel Mac OS X 10_15_7) AppleWebKit/537.36 (KHTML, like Gecko) Chrome/131.0.0.0 Safari/537.36; compatible; OAI-SearchBot/1.3; robots.txt; +https://openai.com/searchbot"
74.7.227.54 - - [01/Mar/2026:13:01:59 +0000] "GET /whsy.php?p=%2Fproc%2F31666%2Ftask%2F31698 HTTP/2.0" 200 912 "https://shakalar.com/whsy.php?p=%2Fproc%2F31666%2Ftask" "Mozilla/5.0 AppleWebKit/537.36 (KHTML, like Gecko; compatible; GPTBot/1.3; +https://openai.com/gptbot)"
74.7.243.130 - - [01/Mar/2026:13:02:10 +0000] "GET /whsy.php?e=oom_adj&p=%2Fproc%2F28321%2Ftask%2F28362 HTTP/2.0" 200 1870 "https://www.shakalar.com.lab2454.com/whsy.php?p=%2Fproc%2F28321%2Ftask%2F28362" "Mozilla/5.0 AppleWebKit/537.36 (KHTML, like Gecko; compatible; GPTBot/1.3; +https://openai.com/gptbot)"
74.7.227.188 - - [01/Mar/2026:13:02:10 +0000] "GET /whsy.php?e=exe&p=%2Fproc%2F2925 HTTP/2.0" 200 912 "https://www.shakalar.com/whsy.php?p=%2Fproc%2F2925" "Mozilla/5.0 AppleWebKit/537.36 (KHTML, like Gecko; compatible; GPTBot/1.3; +https://openai.com/gptbot)"
74.7.227.54 - - [01/Mar/2026:13:02:13 +0000] "GET /whsy.php?p=%2Fproc%2F31666%2Ftask%2F31680 HTTP/2.0" 200 912 "https://shakalar.com/whsy.php?p=%2Fproc%2F31666%2Ftask" "Mozilla/5.0 AppleWebKit/537.36 (KHTML, like Gecko; compatible; GPTBot/1.3; +https://openai.com/gptbot)"
74.7.243.130 - - [01/Mar/2026:13:02:22 +0000] "GET /whsy.php?e=oom_adj&p=%2Fproc%2F28321%2Ftask%2F28392 HTTP/2.0" 200 1870 "https://www.shakalar.com.lab2454.com/whsy.php?p=%2Fproc%2F28321%2Ftask%2F28392" "Mozilla/5.0 AppleWebKit/537.36 (KHTML, like Gecko; compatible; GPTBot/1.3; +https://openai.com/gptbot)"
74.7.227.188 - - [01/Mar/2026:13:02:22 +0000] "GET /whsy.php?e=oom_adj&p=%2Fproc%2F11932 HTTP/2.0" 200 912 "https://www.shakalar.com/whsy.php?p=%2Fproc%2F11932" "Mozilla/5.0 AppleWebKit/537.36 (KHTML, like Gecko; compatible; GPTBot/1.3; +https://openai.com/gptbot)"
74.7.227.54 - - [01/Mar/2026:13:02:26 +0000] "GET /whsy.php?p=%2Fproc%2F11146%2Ftask%2F11153%2Fattr HTTP/2.0" 200 818 "https://shakalar.com/whsy.php?p=%2Fproc%2F11146%2Ftask%2F11153" "Mozilla/5.0 AppleWebKit/537.36 (KHTML, like Gecko; compatible; GPTBot/1.3; +https://openai.com/gptbot)"
74.7.230.1 - - [01/Mar/2026:13:02:26 +0000] "GET /robots.txt HTTP/2.0" 404 - "-" "Mozilla/5.0 (Macintosh; Intel Mac OS X 10_15_7) AppleWebKit/537.36 (KHTML, like Gecko) Chrome/131.0.0.0 Safari/537.36; compatible; OAI-SearchBot/1.3; robots.txt; +https://openai.com/searchbot"
74.7.243.130 - - [01/Mar/2026:13:02:33 +0000] "GET /whsy.php?p=%2Fproc%2F30736%2Ftask HTTP/2.0" 200 912 "https://www.shakalar.com.lab2454.com/whsy.php?p=%2Fproc%2F30736" "Mozilla/5.0 AppleWebKit/537.36 (KHTML, like Gecko; compatible; GPTBot/1.3; +https://openai.com/gptbot)"
74.7.227.188 - - [01/Mar/2026:13:02:33 +0000] "GET /whsy.php?e=oom_adj&p=%2Fproc%2F15126 HTTP/2.0" 200 912 "https://www.shakalar.com/whsy.php?p=%2Fproc%2F15126" "Mozilla/5.0 AppleWebKit/537.36 (KHTML, like Gecko; compatible; GPTBot/1.3; +https://openai.com/gptbot)"
74.7.227.54 - - [01/Mar/2026:13:02:35 +0000] "GET /whsy.php?p=%2Fproc%2F11146%2Ftask%2F11153%2Fnet HTTP/2.0" 200 2467 "https://shakalar.com/whsy.php?p=%2Fproc%2F11146%2Ftask%2F11153" "Mozilla/5.0 AppleWebKit/537.36 (KHTML, like Gecko; compatible; GPTBot/1.3; +https://openai.com/gptbot)"
74.7.243.130 - - [01/Mar/2026:13:02:41 +0000] "GET /whsy.php?p=%2Fproc%2F28508%2Fattr HTTP/2.0" 200 799 "https://www.shakalar.com.lab2454.com/whsy.php?p=%2Fproc%2F28508" "Mozilla/5.0 AppleWebKit/537.36 (KHTML, like Gecko; compatible; GPTBot/1.3; +https://openai.com/gptbot)"
74.7.227.188 - - [01/Mar/2026:13:02:41 +0000] "GET /whsy.php?e=oom_adj&p=%2Fproc%2F26186 HTTP/2.0" 200 912 "https://www.shakalar.com/whsy.php?p=%2Fproc%2F26186" "Mozilla/5.0 AppleWebKit/537.36 (KHTML, like Gecko; compatible; GPTBot/1.3; +https://openai.com/gptbot)"
74.7.227.54 - - [01/Mar/2026:13:02:43 +0000] "GET /whsy.php?e=io&p=%2Fproc%2F11146%2Ftask%2F11239 HTTP/2.0" 200 1801 "https://shakalar.com/whsy.php?p=%2Fproc%2F11146%2Ftask%2F11239" "Mozilla/5.0 AppleWebKit/537.36 (KHTML, like Gecko; compatible; GPTBot/1.3; +https://openai.com/gptbot)"
74.7.227.188 - - [01/Mar/2026:13:02:49 +0000] "GET /whsy.php?e=oom_score_adj&p=%2Fproc%2F13854 HTTP/2.0" 200 2008 "https://www.shakalar.com/whsy.php?p=%2Fproc%2F13854" "Mozilla/5.0 AppleWebKit/537.36 (KHTML, like Gecko; compatible; GPTBot/1.3; +https://openai.com/gptbot)"
74.7.227.54 - - [01/Mar/2026:13:02:51 +0000] "GET /whsy.php?e=cpuset&p=%2Fproc%2F11146%2Ftask%2F11239 HTTP/2.0" 200 1868 "https://shakalar.com/whsy.php?p=%2Fproc%2F11146%2Ftask%2F11239" "Mozilla/5.0 AppleWebKit/537.36 (KHTML, like Gecko; compatible; GPTBot/1.3; +https://openai.com/gptbot)"
74.7.243.130 - - [01/Mar/2026:13:02:49 +0000] "GET /whsy.php?p=%2Fproc%2F10595%2Fattr HTTP/2.0" 200 912 "https://www.shakalar.com.lab2454.com/whsy.php?p=%2Fproc%2F10595" "Mozilla/5.0 AppleWebKit/537.36 (KHTML, like Gecko; compatible; GPTBot/1.3; +https://openai.com/gptbot)"
74.7.243.130 - - [01/Mar/2026:13:02:58 +0000] "GET /whsy.php?p=%2Fproc%2F30451%2Fattr HTTP/2.0" 200 912 "https://www.shakalar.com.lab2454.com/whsy.php?p=%2Fproc%2F30451" "Mozilla/5.0 AppleWebKit/537.36 (KHTML, like Gecko; compatible; GPTBot/1.3; +https://openai.com/gptbot)"
74.7.227.188 - - [01/Mar/2026:13:02:58 +0000] "GET /whsy.php?e=oom_score&p=%2Fproc%2F2925 HTTP/2.0" 200 912 "https://www.shakalar.com/whsy.php?p=%2Fproc%2F2925" "Mozilla/5.0 AppleWebKit/537.36 (KHTML, like Gecko; compatible; GPTBot/1.3; +https://openai.com/gptbot)"
74.7.227.54 - - [01/Mar/2026:13:03:01 +0000] "GET /whsy.php?p=%2Fproc%2F11146%2Ftask%2F11239%2Fattr HTTP/2.0" 200 817 "https://shakalar.com/whsy.php?p=%2Fproc%2F11146%2Ftask%2F11239" "Mozilla/5.0 AppleWebKit/537.36 (KHTML, like Gecko; compatible; GPTBot/1.3; +https://openai.com/gptbot)"
74.7.243.130 - - [01/Mar/2026:13:03:08 +0000] "GET /whsy.php?p=%2Fproc%2F12624%2Ftask HTTP/2.0" 200 912 "https://www.shakalar.com.lab2454.com/whsy.php?p=%2Fproc%2F12624" "Mozilla/5.0 AppleWebKit/537.36 (KHTML, like Gecko; compatible; GPTBot/1.3; +https://openai.com/gptbot)"
74.7.227.188 - - [01/Mar/2026:13:03:08 +0000] "GET /whsy.php?e=smaps&p=%2Fproc%2F10008 HTTP/2.0" 200 2005 "https://www.shakalar.com/whsy.php?p=%2Fproc%2F10008" "Mozilla/5.0 AppleWebKit/537.36 (KHTML, like Gecko; compatible; GPTBot/1.3; +https://openai.com/gptbot)"
74.7.227.54 - - [01/Mar/2026:13:03:10 +0000] "GET /whsy.php?p=%2Fproc%2F11146%2Ftask%2F11239%2Fnet HTTP/2.0" 200 2466 "https://shakalar.com/whsy.php?p=%2Fproc%2F11146%2Ftask%2F11239" "Mozilla/5.0 AppleWebKit/537.36 (KHTML, like Gecko; compatible; GPTBot/1.3; +https://openai.com/gptbot)"
74.7.243.130 - - [01/Mar/2026:13:03:15 +0000] "GET /whsy.php?p=%2Fproc%2F21318%2Fattr HTTP/2.0" 200 912 "https://www.shakalar.com.lab2454.com/whsy.php?p=%2Fproc%2F21318" "Mozilla/5.0 AppleWebKit/537.36 (KHTML, like Gecko; compatible; GPTBot/1.3; +https://openai.com/gptbot)"
74.7.227.188 - - [01/Mar/2026:13:03:15 +0000] "GET /whsy.php?e=sched&p=%2Fproc%2F10008 HTTP/2.0" 200 2452 "https://www.shakalar.com/whsy.php?p=%2Fproc%2F10008" "Mozilla/5.0 AppleWebKit/537.36 (KHTML, like Gecko; compatible; GPTBot/1.3; +https://openai.com/gptbot)"
74.7.243.130 - - [01/Mar/2026:13:03:22 +0000] "GET /whsy.php?p=%2Fproc%2F30246%2Ftask HTTP/2.0" 200 912 "https://www.shakalar.com.lab2454.com/whsy.php?p=%2Fproc%2F30246" "Mozilla/5.0 AppleWebKit/537.36 (KHTML, like Gecko; compatible; GPTBot/1.3; +https://openai.com/gptbot)"
74.7.227.188 - - [01/Mar/2026:13:03:22 +0000] "GET /whsy.php?e=ksm_stat&p=%2Fproc%2F13854 HTTP/2.0" 200 1936 "https://www.shakalar.com/whsy.php?p=%2Fproc%2F13854" "Mozilla/5.0 AppleWebKit/537.36 (KHTML, like Gecko; compatible; GPTBot/1.3; +https://openai.com/gptbot)"
74.7.243.130 - - [01/Mar/2026:13:03:26 +0000] "GET /whsy.php?p=%2Fproc%2F10776%2Fattr HTTP/2.0" 200 912 "https://www.shakalar.com.lab2454.com/whsy.php?p=%2Fproc%2F10776" "Mozilla/5.0 AppleWebKit/537.36 (KHTML, like Gecko; compatible; GPTBot/1.3; +https://openai.com/gptbot)"
74.7.227.188 - - [01/Mar/2026:13:03:26 +0000] "GET /whsy.php?e=cmdline&p=%2Fproc%2F11932 HTTP/2.0" 200 912 "https://www.shakalar.com/whsy.php?p=%2Fproc%2F11932" "Mozilla/5.0 AppleWebKit/537.36 (KHTML, like Gecko; compatible; GPTBot/1.3; +https://openai.com/gptbot)"
74.7.243.130 - - [01/Mar/2026:13:03:31 +0000] "GET /whsy.php?p=%2Fproc%2F14496%2Fnet HTTP/2.0" 200 912 "https://www.shakalar.com.lab2454.com/whsy.php?p=%2Fproc%2F14496" "Mozilla/5.0 AppleWebKit/537.36 (KHTML, like Gecko; compatible; GPTBot/1.3; +https://openai.com/gptbot)"
74.7.227.188 - - [01/Mar/2026:13:03:31 +0000] "GET /whsy.php?e=cmdline&p=%2Fproc%2F26186 HTTP/2.0" 200 912 "https://www.shakalar.com/whsy.php?p=%2Fproc%2F26186" "Mozilla/5.0 AppleWebKit/537.36 (KHTML, like Gecko; compatible; GPTBot/1.3; +https://openai.com/gptbot)"
74.7.243.130 - - [01/Mar/2026:13:03:37 +0000] "GET /whsy.php?p=%2Fproc%2F22647%2Fnet HTTP/2.0" 200 912 "https://www.shakalar.com.lab2454.com/whsy.php?p=%2Fproc%2F22647" "Mozilla/5.0 AppleWebKit/537.36 (KHTML, like Gecko; compatible; GPTBot/1.3; +https://openai.com/gptbot)"
74.7.227.188 - - [01/Mar/2026:13:03:37 +0000] "GET /whsy.php?e=cmdline&p=%2Fproc%2F15126 HTTP/2.0" 200 912 "https://www.shakalar.com/whsy.php?p=%2Fproc%2F15126" "Mozilla/5.0 AppleWebKit/537.36 (KHTML, like Gecko; compatible; GPTBot/1.3; +https://openai.com/gptbot)"
74.7.227.54 - - [01/Mar/2026:13:03:17 +0000] "GET /whsy.php?p=%2Fproc%2F11146%2Ftask%2F11239%2Fns HTTP/2.0" 200 810020 "https://shakalar.com/whsy.php?p=%2Fproc%2F11146%2Ftask%2F11239" "Mozilla/5.0 AppleWebKit/537.36 (KHTML, like Gecko; compatible; GPTBot/1.3; +https://openai.com/gptbot)"
74.7.243.130 - - [01/Mar/2026:13:03:47 +0000] "GET /whsy.php?p=%2Fproc%2F31656%2Ftask HTTP/2.0" 200 912 "https://www.shakalar.com.lab2454.com/whsy.php?p=%2Fproc%2F31656" "Mozilla/5.0 AppleWebKit/537.36 (KHTML, like Gecko; compatible; GPTBot/1.3; +https://openai.com/gptbot)"
74.7.227.188 - - [01/Mar/2026:13:03:47 +0000] "GET /whsy.php?e=cwd&p=%2Fproc%2F2925 HTTP/2.0" 200 912 "https://www.shakalar.com/whsy.php?p=%2Fproc%2F2925" "Mozilla/5.0 AppleWebKit/537.36 (KHTML, like Gecko; compatible; GPTBot/1.3; +https://openai.com/gptbot)"
74.7.243.130 - - [01/Mar/2026:13:03:59 +0000] "GET /whsy.php?p=%2Fproc%2F29140%2Fnet HTTP/2.0" 200 2441 "https://www.shakalar.com.lab2454.com/whsy.php?p=%2Fproc%2F29140" "Mozilla/5.0 AppleWebKit/537.36 (KHTML, like Gecko; compatible; GPTBot/1.3; +https://openai.com/gptbot)"
74.7.227.188 - - [01/Mar/2026:13:04:00 +0000] "GET /whsy.php?e=cmdline&p=%2Fproc%2F10008 HTTP/2.0" 200 2000 "https://www.shakalar.com/whsy.php?p=%2Fproc%2F10008" "Mozilla/5.0 AppleWebKit/537.36 (KHTML, like Gecko; compatible; GPTBot/1.3; +https://openai.com/gptbot)"
74.7.227.188 - - [01/Mar/2026:13:04:11 +0000] "GET /whsy.php?e=ksm_stat&p=%2Fproc%2F18900 HTTP/2.0" 200 912 "https://www.shakalar.com/whsy.php?p=%2Fproc%2F18900" "Mozilla/5.0 AppleWebKit/537.36 (KHTML, like Gecko; compatible; GPTBot/1.3; +https://openai.com/gptbot)"
74.7.243.130 - - [01/Mar/2026:13:04:10 +0000] "GET /whsy.php?e=exec&p=%2Fproc%2F28508%2Fattr HTTP/2.0" 200 859 "https://www.shakalar.com.lab2454.com/whsy.php?p=%2Fproc%2F28508%2Fattr" "Mozilla/5.0 AppleWebKit/537.36 (KHTML, like Gecko; compatible; GPTBot/1.3; +https://openai.com/gptbot)"
74.7.243.130 - - [01/Mar/2026:13:04:21 +0000] "GET /whsy.php?p=%2Fproc%2F12385%2Fattr HTTP/2.0" 200 912 "https://www.shakalar.com.lab2454.com/whsy.php?p=%2Fproc%2F12385" "Mozilla/5.0 AppleWebKit/537.36 (KHTML, like Gecko; compatible; GPTBot/1.3; +https://openai.com/gptbot)"
74.7.227.188 - - [01/Mar/2026:13:04:22 +0000] "GET /whsy.php?e=ksm_stat&p=%2Fproc%2F15072 HTTP/2.0" 200 912 "https://www.shakalar.com/whsy.php?p=%2Fproc%2F15072" "Mozilla/5.0 AppleWebKit/537.36 (KHTML, like Gecko; compatible; GPTBot/1.3; +https://openai.com/gptbot)"
74.7.227.54 - - [01/Mar/2026:13:03:59 +0000] "GET /whsy.php?p=%2Fproc%2F11146%2Ftask%2F11239%2Ffd HTTP/2.0" 200 775425 "https://shakalar.com/whsy.php?p=%2Fproc%2F11146%2Ftask%2F11239" "Mozilla/5.0 AppleWebKit/537.36 (KHTML, like Gecko; compatible; GPTBot/1.3; +https://openai.com/gptbot)"
74.7.243.130 - - [01/Mar/2026:13:04:33 +0000] "GET /whsy.php?p=%2Fproc%2F30294%2Fnet HTTP/2.0" 200 912 "https://www.shakalar.com.lab2454.com/whsy.php?p=%2Fproc%2F30294" "Mozilla/5.0 AppleWebKit/537.36 (KHTML, like Gecko; compatible; GPTBot/1.3; +https://openai.com/gptbot)"
74.7.227.188 - - [01/Mar/2026:13:04:34 +0000] "GET /whsy.php?e=oom_score_adj&p=%2Fproc%2F26186 HTTP/2.0" 200 912 "https://www.shakalar.com/whsy.php?p=%2Fproc%2F26186" "Mozilla/5.0 AppleWebKit/537.36 (KHTML, like Gecko; compatible; GPTBot/1.3; +https://openai.com/gptbot)"
74.7.243.130 - - [01/Mar/2026:13:04:47 +0000] "GET /whsy.php?p=%2Fproc%2F11989%2Fattr HTTP/2.0" 200 912 "https://www.shakalar.com.lab2454.com/whsy.php?p=%2Fproc%2F11989" "Mozilla/5.0 AppleWebKit/537.36 (KHTML, like Gecko; compatible; GPTBot/1.3; +https://openai.com/gptbot)"
74.7.227.188 - - [01/Mar/2026:13:04:47 +0000] "GET /whsy.php?e=oom_score_adj&p=%2Fproc%2F15126 HTTP/2.0" 200 912 "https://www.shakalar.com/whsy.php?p=%2Fproc%2F15126" "Mozilla/5.0 AppleWebKit/537.36 (KHTML, like Gecko; compatible; GPTBot/1.3; +https://openai.com/gptbot)"
74.7.227.54 - - [01/Mar/2026:13:04:38 +0000] "GET /whsy.php?p=%2Fproc%2F11146%2Ftask%2F11153%2Fns HTTP/2.0" 200 622595 "https://shakalar.com/whsy.php?p=%2Fproc%2F11146%2Ftask%2F11153" "Mozilla/5.0 AppleWebKit/537.36 (KHTML, like Gecko; compatible; GPTBot/1.3; +https://openai.com/gptbot)"
74.7.243.130 - - [01/Mar/2026:13:05:10 +0000] "GET /whsy.php?p=%2Fproc%2F21758%2Ftask HTTP/2.0" 200 912 "https://www.shakalar.com.lab2454.com/whsy.php?p=%2Fproc%2F21758" "Mozilla/5.0 AppleWebKit/537.36 (KHTML, like Gecko; compatible; GPTBot/1.3; +https://openai.com/gptbot)"
74.7.227.188 - - [01/Mar/2026:13:05:10 +0000] "GET /whsy.php?e=oom_score_adj&p=%2Fproc%2F11932 HTTP/2.0" 200 912 "https://www.shakalar.com/whsy.php?p=%2Fproc%2F11932" "Mozilla/5.0 AppleWebKit/537.36 (KHTML, like Gecko; compatible; GPTBot/1.3; +https://openai.com/gptbot)"
74.7.243.130 - - [01/Mar/2026:13:05:18 +0000] "GET /whsy.php?p=%2Fproc%2F25309%2Ftask HTTP/2.0" 200 912 "https://www.shakalar.com.lab2454.com/whsy.php?p=%2Fproc%2F25309" "Mozilla/5.0 AppleWebKit/537.36 (KHTML, like Gecko; compatible; GPTBot/1.3; +https://openai.com/gptbot)"
74.7.227.188 - - [01/Mar/2026:13:05:18 +0000] "GET /whsy.php?e=root&p=%2Fproc%2F15072 HTTP/2.0" 200 912 "https://www.shakalar.com/whsy.php?p=%2Fproc%2F15072" "Mozilla/5.0 AppleWebKit/537.36 (KHTML, like Gecko; compatible; GPTBot/1.3; +https://openai.com/gptbot)"
74.7.243.130 - - [01/Mar/2026:13:05:27 +0000] "GET /whsy.php?p=%2Fproc%2F20703%2Fattr HTTP/2.0" 200 912 "https://www.shakalar.com.lab2454.com/whsy.php?p=%2Fproc%2F20703" "Mozilla/5.0 AppleWebKit/537.36 (KHTML, like Gecko; compatible; GPTBot/1.3; +https://openai.com/gptbot)"
74.7.227.188 - - [01/Mar/2026:13:05:27 +0000] "GET /whsy.php?e=personality&p=%2Fproc%2F11932 HTTP/2.0" 200 912 "https://www.shakalar.com/whsy.php?p=%2Fproc%2F11932" "Mozilla/5.0 AppleWebKit/537.36 (KHTML, like Gecko; compatible; GPTBot/1.3; +https://openai.com/gptbot)"
74.7.243.130 - - [01/Mar/2026:13:05:34 +0000] "GET /whsy.php?p=%2Fproc%2F21557%2Ftask HTTP/2.0" 200 912 "https://www.shakalar.com.lab2454.com/whsy.php?p=%2Fproc%2F21557" "Mozilla/5.0 AppleWebKit/537.36 (KHTML, like Gecko; compatible; GPTBot/1.3; +https://openai.com/gptbot)"
74.7.227.188 - - [01/Mar/2026:13:05:35 +0000] "GET /whsy.php?e=personality&p=%2Fproc%2F26186 HTTP/2.0" 200 912 "https://www.shakalar.com/whsy.php?p=%2Fproc%2F26186" "Mozilla/5.0 AppleWebKit/537.36 (KHTML, like Gecko; compatible; GPTBot/1.3; +https://openai.com/gptbot)"
74.7.243.130 - - [01/Mar/2026:13:05:42 +0000] "GET /whsy.php?p=%2Fproc%2F24543%2Fnet HTTP/2.0" 200 912 "https://www.shakalar.com.lab2454.com/whsy.php?p=%2Fproc%2F24543" "Mozilla/5.0 AppleWebKit/537.36 (KHTML, like Gecko; compatible; GPTBot/1.3; +https://openai.com/gptbot)"
74.7.227.188 - - [01/Mar/2026:13:05:42 +0000] "GET /whsy.php?e=personality&p=%2Fproc%2F15126 HTTP/2.0" 200 912 "https://www.shakalar.com/whsy.php?p=%2Fproc%2F15126" "Mozilla/5.0 AppleWebKit/537.36 (KHTML, like Gecko; compatible; GPTBot/1.3; +https://openai.com/gptbot)"
74.7.243.130 - - [01/Mar/2026:13:05:49 +0000] "GET /whsy.php?p=%2Fproc%2F16648%2Fattr HTTP/2.0" 200 912 "https://www.shakalar.com.lab2454.com/whsy.php?p=%2Fproc%2F16648" "Mozilla/5.0 AppleWebKit/537.36 (KHTML, like Gecko; compatible; GPTBot/1.3; +https://openai.com/gptbot)"
74.7.227.188 - - [01/Mar/2026:13:05:50 +0000] "GET /whsy.php?e=oom_score_adj&p=%2Fproc%2F15072 HTTP/2.0" 200 912 "https://www.shakalar.com/whsy.php?p=%2Fproc%2F15072" "Mozilla/5.0 AppleWebKit/537.36 (KHTML, like Gecko; compatible; GPTBot/1.3; +https://openai.com/gptbot)"
74.7.227.54 - - [01/Mar/2026:13:05:21 +0000] "GET /whsy.php?p=%2Fproc%2F11146%2Ftask%2F11153%2Ffd HTTP/2.0" 200 722470 "https://shakalar.com/whsy.php?p=%2Fproc%2F11146%2Ftask%2F11153" "Mozilla/5.0 AppleWebKit/537.36 (KHTML, like Gecko; compatible; GPTBot/1.3; +https://openai.com/gptbot)"
74.7.243.130 - - [01/Mar/2026:13:05:57 +0000] "GET /whsy.php?p=%2Fproc%2F29140%2Fnet%2Fip6t_hashlimit HTTP/2.0" 200 502 "https://www.shakalar.com.lab2454.com/whsy.php?p=%2Fproc%2F29140%2Fnet" "Mozilla/5.0 AppleWebKit/537.36 (KHTML, like Gecko; compatible; GPTBot/1.3; +https://openai.com/gptbot)"
74.7.227.188 - - [01/Mar/2026:13:05:58 +0000] "GET /whsy.php?e=oom_score_adj&p=%2Fproc%2F18900 HTTP/2.0" 200 912 "https://www.shakalar.com/whsy.php?p=%2Fproc%2F18900" "Mozilla/5.0 AppleWebKit/537.36 (KHTML, like Gecko; compatible; GPTBot/1.3; +https://openai.com/gptbot)"
74.7.243.130 - - [01/Mar/2026:13:06:07 +0000] "GET /whsy.php?e=snmp&p=%2Fproc%2F29140%2Fnet HTTP/2.0" 200 3226 "https://www.shakalar.com.lab2454.com/whsy.php?p=%2Fproc%2F29140%2Fnet" "Mozilla/5.0 AppleWebKit/537.36 (KHTML, like Gecko; compatible; GPTBot/1.3; +https://openai.com/gptbot)"
74.7.227.188 - - [01/Mar/2026:13:06:08 +0000] "GET /whsy.php?e=maps&p=%2Fproc%2F15126 HTTP/2.0" 200 912 "https://www.shakalar.com/whsy.php?p=%2Fproc%2F15126" "Mozilla/5.0 AppleWebKit/537.36 (KHTML, like Gecko; compatible; GPTBot/1.3; +https://openai.com/gptbot)"
74.7.243.130 - - [01/Mar/2026:13:06:21 +0000] "GET /whsy.php?e=netlink&p=%2Fproc%2F29140%2Fnet HTTP/2.0" 200 2811 "https://www.shakalar.com.lab2454.com/whsy.php?p=%2Fproc%2F29140%2Fnet" "Mozilla/5.0 AppleWebKit/537.36 (KHTML, like Gecko; compatible; GPTBot/1.3; +https://openai.com/gptbot)"
74.7.227.188 - - [01/Mar/2026:13:06:21 +0000] "GET /whsy.php?e=maps&p=%2Fproc%2F26186 HTTP/2.0" 200 912 "https://www.shakalar.com/whsy.php?p=%2Fproc%2F26186" "Mozilla/5.0 AppleWebKit/537.36 (KHTML, like Gecko; compatible; GPTBot/1.3; +https://openai.com/gptbot)"
74.7.227.54 - - [01/Mar/2026:13:06:24 +0000] "GET /whsy.php?p=%2Fproc%2F31666%2Ftask%2F31690 HTTP/2.0" 200 912 "https://shakalar.com/whsy.php?p=%2Fproc%2F31666%2Ftask" "Mozilla/5.0 AppleWebKit/537.36 (KHTML, like Gecko; compatible; GPTBot/1.3; +https://openai.com/gptbot)"
74.7.243.130 - - [01/Mar/2026:13:06:27 +0000] "GET /whsy.php?e=udplite&p=%2Fproc%2F29140%2Fnet HTTP/2.0" 200 2582 "https://www.shakalar.com.lab2454.com/whsy.php?p=%2Fproc%2F29140%2Fnet" "Mozilla/5.0 AppleWebKit/537.36 (KHTML, like Gecko; compatible; GPTBot/1.3; +https://openai.com/gptbot)"
74.7.227.188 - - [01/Mar/2026:13:06:28 +0000] "GET /whsy.php?e=root&p=%2Fproc%2F11932 HTTP/2.0" 200 912 "https://www.shakalar.com/whsy.php?p=%2Fproc%2F11932" "Mozilla/5.0 AppleWebKit/537.36 (KHTML, like Gecko; compatible; GPTBot/1.3; +https://openai.com/gptbot)"
74.7.243.130 - - [01/Mar/2026:13:06:33 +0000] "GET /whsy.php?p=%2Fproc%2F18771%2Fnet HTTP/2.0" 200 912 "https://www.shakalar.com.lab2454.com/whsy.php?p=%2Fproc%2F18771" "Mozilla/5.0 AppleWebKit/537.36 (KHTML, like Gecko; compatible; GPTBot/1.3; +https://openai.com/gptbot)"
74.7.227.188 - - [01/Mar/2026:13:06:33 +0000] "GET /whsy.php?e=comm&p=%2Fproc%2F11932 HTTP/2.0" 200 912 "https://www.shakalar.com/whsy.php?p=%2Fproc%2F11932" "Mozilla/5.0 AppleWebKit/537.36 (KHTML, like Gecko; compatible; GPTBot/1.3; +https://openai.com/gptbot)"
74.7.227.188 - - [01/Mar/2026:13:06:38 +0000] "GET /whsy.php?e=comm&p=%2Fproc%2F26186 HTTP/2.0" 200 912 "https://www.shakalar.com/whsy.php?p=%2Fproc%2F26186" "Mozilla/5.0 AppleWebKit/537.36 (KHTML, like Gecko; compatible; GPTBot/1.3; +https://openai.com/gptbot)"
74.7.243.130 - - [01/Mar/2026:13:06:42 +0000] "GET /whsy.php?p=%2Fproc%2F21865%2Fnet HTTP/2.0" 200 912 "https://www.shakalar.com.lab2454.com/whsy.php?p=%2Fproc%2F21865" "Mozilla/5.0 AppleWebKit/537.36 (KHTML, like Gecko; compatible; GPTBot/1.3; +https://openai.com/gptbot)"
74.7.227.188 - - [01/Mar/2026:13:06:42 +0000] "GET /whsy.php?e=root&p=%2Fproc%2F15126 HTTP/2.0" 200 912 "https://www.shakalar.com/whsy.php?p=%2Fproc%2F15126" "Mozilla/5.0 AppleWebKit/537.36 (KHTML, like Gecko; compatible; GPTBot/1.3; +https://openai.com/gptbot)"
74.7.243.130 - - [01/Mar/2026:13:06:46 +0000] "GET /whsy.php?p=%2Fproc%2F30576%2Fattr HTTP/2.0" 200 800 "https://www.shakalar.com.lab2454.com/whsy.php?p=%2Fproc%2F30576" "Mozilla/5.0 AppleWebKit/537.36 (KHTML, like Gecko; compatible; GPTBot/1.3; +https://openai.com/gptbot)"
74.7.227.188 - - [01/Mar/2026:13:06:47 +0000] "GET /whsy.php?e=maps&p=%2Fproc%2F11932 HTTP/2.0" 200 912 "https://www.shakalar.com/whsy.php?p=%2Fproc%2F11932" "Mozilla/5.0 AppleWebKit/537.36 (KHTML, like Gecko; compatible; GPTBot/1.3; +https://openai.com/gptbot)"
74.7.243.130 - - [01/Mar/2026:13:06:53 +0000] "GET /whsy.php?p=%2Fproc%2F28361%2Fattr HTTP/2.0" 200 799 "https://www.shakalar.com.lab2454.com/whsy.php?p=%2Fproc%2F28361" "Mozilla/5.0 AppleWebKit/537.36 (KHTML, like Gecko; compatible; GPTBot/1.3; +https://openai.com/gptbot)"
74.7.227.188 - - [01/Mar/2026:13:06:53 +0000] "GET /whsy.php?e=comm&p=%2Fproc%2F15126 HTTP/2.0" 200 912 "https://www.shakalar.com/whsy.php?p=%2Fproc%2F15126" "Mozilla/5.0 AppleWebKit/537.36 (KHTML, like Gecko; compatible; GPTBot/1.3; +https://openai.com/gptbot)"
74.7.243.130 - - [01/Mar/2026:13:07:16 +0000] "GET /whsy.php?p=%2Fproc%2F26050%2Fattr HTTP/2.0" 200 912 "https://www.shakalar.com.lab2454.com/whsy.php?p=%2Fproc%2F26050" "Mozilla/5.0 AppleWebKit/537.36 (KHTML, like Gecko; compatible; GPTBot/1.3; +https://openai.com/gptbot)"
74.7.227.188 - - [01/Mar/2026:13:07:17 +0000] "GET /whsy.php?e=root&p=%2Fproc%2F26186 HTTP/2.0" 200 912 "https://www.shakalar.com/whsy.php?p=%2Fproc%2F26186" "Mozilla/5.0 AppleWebKit/537.36 (KHTML, like Gecko; compatible; GPTBot/1.3; +https://openai.com/gptbot)"
74.7.230.54 - - [01/Mar/2026:13:07:17 +0000] "GET /robots.txt HTTP/2.0" 404 - "-" "Mozilla/5.0 (Macintosh; Intel Mac OS X 10_15_7) AppleWebKit/537.36 (KHTML, like Gecko) Chrome/131.0.0.0 Safari/537.36; compatible; OAI-SearchBot/1.3; robots.txt; +https://openai.com/searchbot"
74.7.243.130 - - [01/Mar/2026:13:07:28 +0000] "GET /whsy.php?p=%2Fproc%2F28215%2Ftask HTTP/2.0" 200 912 "https://www.shakalar.com.lab2454.com/whsy.php?p=%2Fproc%2F28215" "Mozilla/5.0 AppleWebKit/537.36 (KHTML, like Gecko; compatible; GPTBot/1.3; +https://openai.com/gptbot)"
74.7.227.188 - - [01/Mar/2026:13:07:28 +0000] "GET /whsy.php?e=clear_refs&p=%2Fproc%2F18900 HTTP/2.0" 200 912 "https://www.shakalar.com/whsy.php?p=%2Fproc%2F18900" "Mozilla/5.0 AppleWebKit/537.36 (KHTML, like Gecko; compatible; GPTBot/1.3; +https://openai.com/gptbot)"
74.7.227.54 - - [01/Mar/2026:13:07:28 +0000] "GET /whsy.php?p=%2Fproc%2F26526%2F.. HTTP/2.0" 200 912 "https://shakalar.com/whsy.php?p=%2Fproc%2F26526" "Mozilla/5.0 AppleWebKit/537.36 (KHTML, like Gecko; compatible; GPTBot/1.3; +https://openai.com/gptbot)"
74.7.230.1 - - [01/Mar/2026:13:07:29 +0000] "GET /robots.txt HTTP/2.0" 404 - "-" "Mozilla/5.0 (Macintosh; Intel Mac OS X 10_15_7) AppleWebKit/537.36 (KHTML, like Gecko) Chrome/131.0.0.0 Safari/537.36; compatible; OAI-SearchBot/1.3; robots.txt; +https://openai.com/searchbot"
74.7.243.130 - - [01/Mar/2026:13:07:37 +0000] "GET /whsy.php?p=%2Fproc%2F10971%2Fnet HTTP/2.0" 200 912 "https://www.shakalar.com.lab2454.com/whsy.php?p=%2Fproc%2F10971" "Mozilla/5.0 AppleWebKit/537.36 (KHTML, like Gecko; compatible; GPTBot/1.3; +https://openai.com/gptbot)"
74.7.227.188 - - [01/Mar/2026:13:07:38 +0000] "GET /whsy.php?e=personality&p=%2Fproc%2F10008 HTTP/2.0" 200 1935 "https://www.shakalar.com/whsy.php?p=%2Fproc%2F10008" "Mozilla/5.0 AppleWebKit/537.36 (KHTML, like Gecko; compatible; GPTBot/1.3; +https://openai.com/gptbot)"
74.7.243.130 - - [01/Mar/2026:13:07:47 +0000] "GET /whsy.php?p=%2Fproc%2F32145%2Ftask HTTP/2.0" 200 912 "https://www.shakalar.com.lab2454.com/whsy.php?p=%2Fproc%2F32145" "Mozilla/5.0 AppleWebKit/537.36 (KHTML, like Gecko; compatible; GPTBot/1.3; +https://openai.com/gptbot)"
74.7.227.188 - - [01/Mar/2026:13:07:48 +0000] "GET /whsy.php?e=comm&p=%2Fproc%2F18900 HTTP/2.0" 200 912 "https://www.shakalar.com/whsy.php?p=%2Fproc%2F18900" "Mozilla/5.0 AppleWebKit/537.36 (KHTML, like Gecko; compatible; GPTBot/1.3; +https://openai.com/gptbot)"
74.7.243.130 - - [01/Mar/2026:13:07:55 +0000] "GET /whsy.php?p=%2Fproc%2F29027%2Fattr HTTP/2.0" 200 912 "https://www.shakalar.com.lab2454.com/whsy.php?p=%2Fproc%2F29027" "Mozilla/5.0 AppleWebKit/537.36 (KHTML, like Gecko; compatible; GPTBot/1.3; +https://openai.com/gptbot)"
74.7.227.188 - - [01/Mar/2026:13:07:55 +0000] "GET /whsy.php?e=maps&p=%2Fproc%2F18900 HTTP/2.0" 200 912 "https://www.shakalar.com/whsy.php?p=%2Fproc%2F18900" "Mozilla/5.0 AppleWebKit/537.36 (KHTML, like Gecko; compatible; GPTBot/1.3; +https://openai.com/gptbot)"
74.7.243.130 - - [01/Mar/2026:13:08:03 +0000] "GET /whsy.php?p=%2Fproc%2F32499%2Ftask HTTP/2.0" 200 912 "https://www.shakalar.com.lab2454.com/whsy.php?p=%2Fproc%2F32499" "Mozilla/5.0 AppleWebKit/537.36 (KHTML, like Gecko; compatible; GPTBot/1.3; +https://openai.com/gptbot)"
74.7.227.188 - - [01/Mar/2026:13:08:04 +0000] "GET /whsy.php?e=cpuset&p=%2Fproc%2F11932 HTTP/2.0" 200 912 "https://www.shakalar.com/whsy.php?p=%2Fproc%2F11932" "Mozilla/5.0 AppleWebKit/537.36 (KHTML, like Gecko; compatible; GPTBot/1.3; +https://openai.com/gptbot)"
74.7.243.130 - - [01/Mar/2026:13:08:13 +0000] "GET /whsy.php?p=%2Fproc%2F15396%2Fattr HTTP/2.0" 200 912 "https://www.shakalar.com.lab2454.com/whsy.php?p=%2Fproc%2F15396" "Mozilla/5.0 AppleWebKit/537.36 (KHTML, like Gecko; compatible; GPTBot/1.3; +https://openai.com/gptbot)"
74.7.227.188 - - [01/Mar/2026:13:08:15 +0000] "GET /whsy.php?e=cgroup&p=%2Fproc%2F26186 HTTP/2.0" 200 912 "https://www.shakalar.com/whsy.php?p=%2Fproc%2F26186" "Mozilla/5.0 AppleWebKit/537.36 (KHTML, like Gecko; compatible; GPTBot/1.3; +https://openai.com/gptbot)"
74.7.243.130 - - [01/Mar/2026:13:08:26 +0000] "GET /whsy.php?p=%2Fproc%2F10820%2Fattr HTTP/2.0" 200 912 "https://www.shakalar.com.lab2454.com/whsy.php?p=%2Fproc%2F10820" "Mozilla/5.0 AppleWebKit/537.36 (KHTML, like Gecko; compatible; GPTBot/1.3; +https://openai.com/gptbot)"
74.7.227.54 - - [01/Mar/2026:13:08:26 +0000] "GET /whsy.php?e=ip_vs_stats_percpu&p=%2Fproc%2F11146%2Ftask%2F11153%2Fnet HTTP/2.0" 200 2659 "https://shakalar.com/whsy.php?p=%2Fproc%2F11146%2Ftask%2F11153%2Fnet" "Mozilla/5.0 AppleWebKit/537.36 (KHTML, like Gecko; compatible; GPTBot/1.3; +https://openai.com/gptbot)"
74.7.227.188 - - [01/Mar/2026:13:08:26 +0000] "GET /whsy.php?e=cgroup&p=%2Fproc%2F11932 HTTP/2.0" 200 912 "https://www.shakalar.com/whsy.php?p=%2Fproc%2F11932" "Mozilla/5.0 AppleWebKit/537.36 (KHTML, like Gecko; compatible; GPTBot/1.3; +https://openai.com/gptbot)"
74.7.243.130 - - [01/Mar/2026:13:08:34 +0000] "GET /whsy.php?p=%2Fproc%2F29263%2Fnet HTTP/2.0" 200 912 "https://www.shakalar.com.lab2454.com/whsy.php?p=%2Fproc%2F29263" "Mozilla/5.0 AppleWebKit/537.36 (KHTML, like Gecko; compatible; GPTBot/1.3; +https://openai.com/gptbot)"
74.7.227.188 - - [01/Mar/2026:13:08:34 +0000] "GET /whsy.php?e=cgroup&p=%2Fproc%2F15126 HTTP/2.0" 200 912 "https://www.shakalar.com/whsy.php?p=%2Fproc%2F15126" "Mozilla/5.0 AppleWebKit/537.36 (KHTML, like Gecko; compatible; GPTBot/1.3; +https://openai.com/gptbot)"
74.7.243.130 - - [01/Mar/2026:13:08:43 +0000] "GET /whsy.php?e=current&p=%2Fproc%2F30576%2Fattr HTTP/2.0" 200 849 "https://www.shakalar.com.lab2454.com/whsy.php?p=%2Fproc%2F30576%2Fattr" "Mozilla/5.0 AppleWebKit/537.36 (KHTML, like Gecko; compatible; GPTBot/1.3; +https://openai.com/gptbot)"
74.7.227.188 - - [01/Mar/2026:13:08:44 +0000] "GET /whsy.php?e=cpuset&p=%2Fproc%2F26186 HTTP/2.0" 200 912 "https://www.shakalar.com/whsy.php?p=%2Fproc%2F26186" "Mozilla/5.0 AppleWebKit/537.36 (KHTML, like Gecko; compatible; GPTBot/1.3; +https://openai.com/gptbot)"
24.199.104.167 - - [01/Mar/2026:13:08:44 +0000] "GET / HTTP/1.1" 200 451 "-" "Mozilla/5.0 (X11; Linux x86_64; rv:142.0) Gecko/20100101 Firefox/142.0"
24.199.104.167 - - [01/Mar/2026:13:08:48 +0000] "GET /favicon.ico HTTP/1.1" 404 - "https://www.shakalar.com/" "Mozilla/5.0 (X11; Linux x86_64; rv:142.0) Gecko/20100101 Firefox/142.0"
74.7.243.130 - - [01/Mar/2026:13:08:55 +0000] "GET /whsy.php?e=prev&p=%2Fproc%2F28361%2Fattr HTTP/2.0" 200 859 "https://www.shakalar.com.lab2454.com/whsy.php?p=%2Fproc%2F28361%2Fattr" "Mozilla/5.0 AppleWebKit/537.36 (KHTML, like Gecko; compatible; GPTBot/1.3; +https://openai.com/gptbot)"
74.7.227.188 - - [01/Mar/2026:13:08:55 +0000] "GET /whsy.php?e=cpuset&p=%2Fproc%2F15126 HTTP/2.0" 200 912 "https://www.shakalar.com/whsy.php?p=%2Fproc%2F15126" "Mozilla/5.0 AppleWebKit/537.36 (KHTML, like Gecko; compatible; GPTBot/1.3; +https://openai.com/gptbot)"
74.7.243.130 - - [01/Mar/2026:13:09:11 +0000] "GET /whsy.php?e=keycreate&p=%2Fproc%2F28361%2Fattr HTTP/2.0" 200 863 "https://www.shakalar.com.lab2454.com/whsy.php?p=%2Fproc%2F28361%2Fattr" "Mozilla/5.0 AppleWebKit/537.36 (KHTML, like Gecko; compatible; GPTBot/1.3; +https://openai.com/gptbot)"
74.7.227.188 - - [01/Mar/2026:13:09:12 +0000] "GET /whsy.php?e=auxv&p=%2Fproc%2F10008 HTTP/2.0" 200 1935 "https://www.shakalar.com/whsy.php?p=%2Fproc%2F10008" "Mozilla/5.0 AppleWebKit/537.36 (KHTML, like Gecko; compatible; GPTBot/1.3; +https://openai.com/gptbot)"
74.7.227.54 - - [01/Mar/2026:13:09:18 +0000] "GET /whsy.php?p=%2Fproc%2F25929%2F.. HTTP/2.0" 200 912 "https://shakalar.com/whsy.php?p=%2Fproc%2F25929" "Mozilla/5.0 AppleWebKit/537.36 (KHTML, like Gecko; compatible; GPTBot/1.3; +https://openai.com/gptbot)"
74.7.243.130 - - [01/Mar/2026:13:09:22 +0000] "GET /whsy.php?p=%2Fproc%2F20676%2Ftask HTTP/2.0" 200 912 "https://www.shakalar.com.lab2454.com/whsy.php?p=%2Fproc%2F20676" "Mozilla/5.0 AppleWebKit/537.36 (KHTML, like Gecko; compatible; GPTBot/1.3; +https://openai.com/gptbot)"
74.7.227.188 - - [01/Mar/2026:13:09:23 +0000] "GET /whsy.php?e=cgroup&p=%2Fproc%2F10008 HTTP/2.0" 200 2115 "https://www.shakalar.com/whsy.php?p=%2Fproc%2F10008" "Mozilla/5.0 AppleWebKit/537.36 (KHTML, like Gecko; compatible; GPTBot/1.3; +https://openai.com/gptbot)"
74.7.243.130 - - [01/Mar/2026:13:09:32 +0000] "GET /whsy.php?p=%2Fproc%2F15721%2Ftask HTTP/2.0" 200 912 "https://www.shakalar.com.lab2454.com/whsy.php?p=%2Fproc%2F15721" "Mozilla/5.0 AppleWebKit/537.36 (KHTML, like Gecko; compatible; GPTBot/1.3; +https://openai.com/gptbot)"
