74.7.244.52 - - [01/Mar/2026:14:59:06 +0000] "GET /robots.txt HTTP/2.0" 404 - "-" "Mozilla/5.0 (Macintosh; Intel Mac OS X 10_15_7) AppleWebKit/537.36 (KHTML, like Gecko) Chrome/131.0.0.0 Safari/537.36; compatible; OAI-SearchBot/1.3; robots.txt; +https://openai.com/searchbot"
74.7.227.188 - - [01/Mar/2026:14:59:08 +0000] "GET /whsy.php?e=exec&p=%2Fproc%2F2471%2Fattr HTTP/2.0" 200 858 "https://www.shakalar.com/whsy.php?p=%2Fproc%2F2471%2Fattr" "Mozilla/5.0 AppleWebKit/537.36 (KHTML, like Gecko; compatible; GPTBot/1.3; +https://openai.com/gptbot)"
74.7.243.130 - - [01/Mar/2026:14:59:17 +0000] "GET /whsy.php?p=%2Fproc%2F19817%2Fnet HTTP/2.0" 200 912 "https://www.shakalar.com.lab2454.com/whsy.php?p=%2Fproc%2F19817" "Mozilla/5.0 AppleWebKit/537.36 (KHTML, like Gecko; compatible; GPTBot/1.3; +https://openai.com/gptbot)"
74.7.227.188 - - [01/Mar/2026:14:59:19 +0000] "GET /whsy.php?p=%2Fproc%2F2471%2Ftask%2F11998%2Fnet%2Fip6t_hashlimit HTTP/2.0" 200 522 "https://www.shakalar.com/whsy.php?p=%2Fproc%2F2471%2Ftask%2F11998%2Fnet" "Mozilla/5.0 AppleWebKit/537.36 (KHTML, like Gecko; compatible; GPTBot/1.3; +https://openai.com/gptbot)"
74.7.243.130 - - [01/Mar/2026:14:59:26 +0000] "GET /whsy.php?p=%2Fproc%2F10116%2Ftask HTTP/2.0" 200 912 "https://www.shakalar.com.lab2454.com/whsy.php?p=%2Fproc%2F10116" "Mozilla/5.0 AppleWebKit/537.36 (KHTML, like Gecko; compatible; GPTBot/1.3; +https://openai.com/gptbot)"
74.7.227.188 - - [01/Mar/2026:14:59:29 +0000] "GET /whsy.php?p=%2Fproc%2F2471%2Ftask%2F11998%2Fnet%2Fdev_snmp6 HTTP/2.0" 200 1002 "https://www.shakalar.com/whsy.php?p=%2Fproc%2F2471%2Ftask%2F11998%2Fnet" "Mozilla/5.0 AppleWebKit/537.36 (KHTML, like Gecko; compatible; GPTBot/1.3; +https://openai.com/gptbot)"
74.7.243.130 - - [01/Mar/2026:14:59:40 +0000] "GET /whsy.php?p=%2Fproc%2F10160%2Fattr HTTP/2.0" 200 912 "https://www.shakalar.com.lab2454.com/whsy.php?p=%2Fproc%2F10160" "Mozilla/5.0 AppleWebKit/537.36 (KHTML, like Gecko; compatible; GPTBot/1.3; +https://openai.com/gptbot)"
74.7.227.54 - - [01/Mar/2026:14:59:12 +0000] "GET /whsy.php?p=%2Fproc%2F11146%2Ftask%2F9358%2Ffd HTTP/2.0" 200 676736 "https://shakalar.com/whsy.php?p=%2Fproc%2F11146%2Ftask%2F9358" "Mozilla/5.0 AppleWebKit/537.36 (KHTML, like Gecko; compatible; GPTBot/1.3; +https://openai.com/gptbot)"
74.7.227.188 - - [01/Mar/2026:14:59:41 +0000] "GET /whsy.php?p=%2Fproc%2F2471%2Ftask%2F11998%2Fnet%2Fipt_hashlimit HTTP/2.0" 200 522 "https://www.shakalar.com/whsy.php?p=%2Fproc%2F2471%2Ftask%2F11998%2Fnet" "Mozilla/5.0 AppleWebKit/537.36 (KHTML, like Gecko; compatible; GPTBot/1.3; +https://openai.com/gptbot)"
74.7.243.130 - - [01/Mar/2026:14:59:51 +0000] "GET /whsy.php?e=prev&p=%2Fproc%2F29140%2Fattr HTTP/2.0" 200 858 "https://www.shakalar.com.lab2454.com/whsy.php?p=%2Fproc%2F29140%2Fattr" "Mozilla/5.0 AppleWebKit/537.36 (KHTML, like Gecko; compatible; GPTBot/1.3; +https://openai.com/gptbot)"
74.7.227.188 - - [01/Mar/2026:14:59:54 +0000] "GET /whsy.php?p=%2Fproc%2F2471%2Ftask%2F11998%2Fnet%2Fxt_recent HTTP/2.0" 200 518 "https://www.shakalar.com/whsy.php?p=%2Fproc%2F2471%2Ftask%2F11998%2Fnet" "Mozilla/5.0 AppleWebKit/537.36 (KHTML, like Gecko; compatible; GPTBot/1.3; +https://openai.com/gptbot)"
74.7.243.130 - - [01/Mar/2026:15:00:03 +0000] "GET /whsy.php?e=keycreate&p=%2Fproc%2F29140%2Fattr HTTP/2.0" 200 863 "https://www.shakalar.com.lab2454.com/whsy.php?p=%2Fproc%2F29140%2Fattr" "Mozilla/5.0 AppleWebKit/537.36 (KHTML, like Gecko; compatible; GPTBot/1.3; +https://openai.com/gptbot)"
74.7.227.188 - - [01/Mar/2026:15:00:05 +0000] "GET /whsy.php?p=%2Fproc%2F2471%2Ftask%2F11998%2Fnet%2Fstat HTTP/2.0" 200 840 "https://www.shakalar.com/whsy.php?p=%2Fproc%2F2471%2Ftask%2F11998%2Fnet" "Mozilla/5.0 AppleWebKit/537.36 (KHTML, like Gecko; compatible; GPTBot/1.3; +https://openai.com/gptbot)"
74.7.243.130 - - [01/Mar/2026:15:00:13 +0000] "GET /whsy.php?p=%2Fproc%2F10692%2Fattr HTTP/2.0" 200 799 "https://www.shakalar.com.lab2454.com/whsy.php?p=%2Fproc%2F10692" "Mozilla/5.0 AppleWebKit/537.36 (KHTML, like Gecko; compatible; GPTBot/1.3; +https://openai.com/gptbot)"
74.7.227.188 - - [01/Mar/2026:15:00:15 +0000] "GET /whsy.php?p=%2Fproc%2F2471%2Ftask%2F11998%2Fnet%2Fsctp HTTP/2.0" 200 774 "https://www.shakalar.com/whsy.php?p=%2Fproc%2F2471%2Ftask%2F11998%2Fnet" "Mozilla/5.0 AppleWebKit/537.36 (KHTML, like Gecko; compatible; GPTBot/1.3; +https://openai.com/gptbot)"
74.7.227.54 - - [01/Mar/2026:15:00:16 +0000] "GET /whsy.php?p=%2Fproc%2F11146%2Ftask%2F10925%2Fnet%2Frpc%2Fnfs4.nametoid HTTP/2.0" 200 765 "https://shakalar.com/whsy.php?p=%2Fproc%2F11146%2Ftask%2F10925%2Fnet%2Frpc" "Mozilla/5.0 AppleWebKit/537.36 (KHTML, like Gecko; compatible; GPTBot/1.3; +https://openai.com/gptbot)"
74.7.243.130 - - [01/Mar/2026:15:00:19 +0000] "GET /whsy.php?p=%2Fproc%2F19297%2Fnet HTTP/2.0" 200 912 "https://www.shakalar.com.lab2454.com/whsy.php?p=%2Fproc%2F19297" "Mozilla/5.0 AppleWebKit/537.36 (KHTML, like Gecko; compatible; GPTBot/1.3; +https://openai.com/gptbot)"
74.7.227.188 - - [01/Mar/2026:15:00:21 +0000] "GET /whsy.php?p=%2Fproc%2F2471%2Ftask%2F11998%2Fnet%2Fvlan HTTP/2.0" 200 683 "https://www.shakalar.com/whsy.php?p=%2Fproc%2F2471%2Ftask%2F11998%2Fnet" "Mozilla/5.0 AppleWebKit/537.36 (KHTML, like Gecko; compatible; GPTBot/1.3; +https://openai.com/gptbot)"
74.7.243.130 - - [01/Mar/2026:15:00:28 +0000] "GET /whsy.php?p=%2Fproc%2F11405%2Ftask HTTP/2.0" 200 912 "https://www.shakalar.com.lab2454.com/whsy.php?p=%2Fproc%2F11405" "Mozilla/5.0 AppleWebKit/537.36 (KHTML, like Gecko; compatible; GPTBot/1.3; +https://openai.com/gptbot)"
74.7.227.188 - - [01/Mar/2026:15:00:31 +0000] "GET /whsy.php?p=%2Fproc%2F2471%2Ftask%2F11998%2Fnet%2Frpc HTTP/2.0" 200 881 "https://www.shakalar.com/whsy.php?p=%2Fproc%2F2471%2Ftask%2F11998%2Fnet" "Mozilla/5.0 AppleWebKit/537.36 (KHTML, like Gecko; compatible; GPTBot/1.3; +https://openai.com/gptbot)"
74.7.230.54 - - [01/Mar/2026:15:00:31 +0000] "GET /robots.txt HTTP/2.0" 404 - "-" "Mozilla/5.0 (Macintosh; Intel Mac OS X 10_15_7) AppleWebKit/537.36 (KHTML, like Gecko) Chrome/131.0.0.0 Safari/537.36; compatible; OAI-SearchBot/1.3; robots.txt; +https://openai.com/searchbot"
74.7.243.130 - - [01/Mar/2026:15:00:37 +0000] "GET /whsy.php?p=%2Fproc%2F13245%2Fattr HTTP/2.0" 200 799 "https://www.shakalar.com.lab2454.com/whsy.php?p=%2Fproc%2F13245" "Mozilla/5.0 AppleWebKit/537.36 (KHTML, like Gecko; compatible; GPTBot/1.3; +https://openai.com/gptbot)"
74.7.227.188 - - [01/Mar/2026:15:00:39 +0000] "GET /whsy.php?p=%2Fproc%2F2471%2Ftask%2F11998%2Fnet%2Fnfsfs HTTP/2.0" 200 721 "https://www.shakalar.com/whsy.php?p=%2Fproc%2F2471%2Ftask%2F11998%2Fnet" "Mozilla/5.0 AppleWebKit/537.36 (KHTML, like Gecko; compatible; GPTBot/1.3; +https://openai.com/gptbot)"
74.7.243.130 - - [01/Mar/2026:15:00:47 +0000] "GET /whsy.php?p=%2Fproc%2F23048%2Fattr HTTP/2.0" 200 912 "https://www.shakalar.com.lab2454.com/whsy.php?p=%2Fproc%2F23048" "Mozilla/5.0 AppleWebKit/537.36 (KHTML, like Gecko; compatible; GPTBot/1.3; +https://openai.com/gptbot)"
74.7.227.188 - - [01/Mar/2026:15:00:50 +0000] "GET /whsy.php?e=route&p=%2Fproc%2F2471%2Fnet HTTP/2.0" 200 2636 "https://www.shakalar.com/whsy.php?p=%2Fproc%2F2471%2Fnet" "Mozilla/5.0 AppleWebKit/537.36 (KHTML, like Gecko; compatible; GPTBot/1.3; +https://openai.com/gptbot)"
74.7.243.130 - - [01/Mar/2026:15:00:57 +0000] "GET /whsy.php?p=%2Fproc%2F32749%2Fnet HTTP/2.0" 200 912 "https://www.shakalar.com.lab2454.com/whsy.php?p=%2Fproc%2F32749" "Mozilla/5.0 AppleWebKit/537.36 (KHTML, like Gecko; compatible; GPTBot/1.3; +https://openai.com/gptbot)"
74.7.227.188 - - [01/Mar/2026:15:01:00 +0000] "GET /whsy.php?e=unix&p=%2Fproc%2F2471%2Fnet HTTP/2.0" 200 5044 "https://www.shakalar.com/whsy.php?p=%2Fproc%2F2471%2Fnet" "Mozilla/5.0 AppleWebKit/537.36 (KHTML, like Gecko; compatible; GPTBot/1.3; +https://openai.com/gptbot)"
74.7.243.130 - - [01/Mar/2026:15:01:07 +0000] "GET /whsy.php?p=%2Fproc%2F31672%2Fnet HTTP/2.0" 200 912 "https://www.shakalar.com.lab2454.com/whsy.php?p=%2Fproc%2F31672" "Mozilla/5.0 AppleWebKit/537.36 (KHTML, like Gecko; compatible; GPTBot/1.3; +https://openai.com/gptbot)"
150.40.242.182 - - [01/Mar/2026:15:01:14 +0000] "HEAD / HTTP/1.1" 200 - "-" "Java/1.8.0_322"
74.7.227.188 - - [01/Mar/2026:15:01:09 +0000] "GET /whsy.php?p=%2Fproc%2F2471%2Ftask%2F11998%2Fnet%2Fip6t_hashlimit%2F.. HTTP/2.0" 200 2464 "https://www.shakalar.com/whsy.php?p=%2Fproc%2F2471%2Ftask%2F11998%2Fnet%2Fip6t_hashlimit" "Mozilla/5.0 AppleWebKit/537.36 (KHTML, like Gecko; compatible; GPTBot/1.3; +https://openai.com/gptbot)"
150.40.242.182 - - [01/Mar/2026:15:01:15 +0000] "GET / HTTP/1.1" 200 451 "-" "Mozilla/5.0 (Windows NT 6.1; WOW64; Android) AppleWebKit/537.36 (KHTML, like Gecko) Chrome/75.0.5032.36 Safari/537.36 HuaweiCrawler"
74.7.243.130 - - [01/Mar/2026:15:01:15 +0000] "GET /whsy.php?p=%2Fproc%2F32049%2Fattr HTTP/2.0" 200 912 "https://www.shakalar.com.lab2454.com/whsy.php?p=%2Fproc%2F32049" "Mozilla/5.0 AppleWebKit/537.36 (KHTML, like Gecko; compatible; GPTBot/1.3; +https://openai.com/gptbot)"
74.7.227.188 - - [01/Mar/2026:15:01:16 +0000] "GET /whsy.php?e=softnet_stat&p=%2Fproc%2F2471%2Fnet HTTP/2.0" 200 2660 "https://www.shakalar.com/whsy.php?p=%2Fproc%2F2471%2Fnet" "Mozilla/5.0 AppleWebKit/537.36 (KHTML, like Gecko; compatible; GPTBot/1.3; +https://openai.com/gptbot)"
74.7.227.54 - - [01/Mar/2026:15:01:18 +0000] "GET /whsy.php?p=%2Fproc%2F11146%2Ftask%2F10925%2Fnet%2Frpc%2Fnfs4.idtoname HTTP/2.0" 200 765 "https://shakalar.com/whsy.php?p=%2Fproc%2F11146%2Ftask%2F10925%2Fnet%2Frpc" "Mozilla/5.0 AppleWebKit/537.36 (KHTML, like Gecko; compatible; GPTBot/1.3; +https://openai.com/gptbot)"
74.7.243.130 - - [01/Mar/2026:15:01:21 +0000] "GET /whsy.php?p=%2Fproc%2F10820%2Fnet HTTP/2.0" 200 912 "https://www.shakalar.com.lab2454.com/whsy.php?p=%2Fproc%2F10820" "Mozilla/5.0 AppleWebKit/537.36 (KHTML, like Gecko; compatible; GPTBot/1.3; +https://openai.com/gptbot)"
74.7.227.188 - - [01/Mar/2026:15:01:22 +0000] "GET /whsy.php?p=%2Fproc%2F2471%2Ftask%2F11998%2Fnet%2Fipt_hashlimit%2F.. HTTP/2.0" 200 2464 "https://www.shakalar.com/whsy.php?p=%2Fproc%2F2471%2Ftask%2F11998%2Fnet%2Fipt_hashlimit" "Mozilla/5.0 AppleWebKit/537.36 (KHTML, like Gecko; compatible; GPTBot/1.3; +https://openai.com/gptbot)"
74.7.243.130 - - [01/Mar/2026:15:01:26 +0000] "GET /whsy.php?p=%2Fproc%2F24668%2Ftask HTTP/2.0" 200 912 "https://www.shakalar.com.lab2454.com/whsy.php?p=%2Fproc%2F24668" "Mozilla/5.0 AppleWebKit/537.36 (KHTML, like Gecko; compatible; GPTBot/1.3; +https://openai.com/gptbot)"
74.7.227.188 - - [01/Mar/2026:15:01:27 +0000] "GET /whsy.php?p=%2Fproc%2F2471%2F.. HTTP/2.0" 200 3999 "https://www.shakalar.com/whsy.php?p=%2Fproc%2F2471" "Mozilla/5.0 AppleWebKit/537.36 (KHTML, like Gecko; compatible; GPTBot/1.3; +https://openai.com/gptbot)"
74.7.243.130 - - [01/Mar/2026:15:01:33 +0000] "GET /whsy.php?p=%2Fproc%2F32543%2Fattr HTTP/2.0" 200 912 "https://www.shakalar.com.lab2454.com/whsy.php?p=%2Fproc%2F32543" "Mozilla/5.0 AppleWebKit/537.36 (KHTML, like Gecko; compatible; GPTBot/1.3; +https://openai.com/gptbot)"
74.7.227.188 - - [01/Mar/2026:15:01:38 +0000] "GET /whsy.php?e=udp&p=%2Fproc%2F2471%2Fnet HTTP/2.0" 200 2776 "https://www.shakalar.com/whsy.php?p=%2Fproc%2F2471%2Fnet" "Mozilla/5.0 AppleWebKit/537.36 (KHTML, like Gecko; compatible; GPTBot/1.3; +https://openai.com/gptbot)"
74.7.243.130 - - [01/Mar/2026:15:01:54 +0000] "GET /whsy.php?e=prev&p=%2Fproc%2F10692%2Fattr HTTP/2.0" 200 858 "https://www.shakalar.com.lab2454.com/whsy.php?p=%2Fproc%2F10692%2Fattr" "Mozilla/5.0 AppleWebKit/537.36 (KHTML, like Gecko; compatible; GPTBot/1.3; +https://openai.com/gptbot)"
74.7.227.188 - - [01/Mar/2026:15:01:57 +0000] "GET /whsy.php?e=raw&p=%2Fproc%2F2471%2Fnet HTTP/2.0" 200 2578 "https://www.shakalar.com/whsy.php?p=%2Fproc%2F2471%2Fnet" "Mozilla/5.0 AppleWebKit/537.36 (KHTML, like Gecko; compatible; GPTBot/1.3; +https://openai.com/gptbot)"
74.7.243.130 - - [01/Mar/2026:15:02:02 +0000] "GET /whsy.php?e=keycreate&p=%2Fproc%2F10692%2Fattr HTTP/2.0" 200 863 "https://www.shakalar.com.lab2454.com/whsy.php?p=%2Fproc%2F10692%2Fattr" "Mozilla/5.0 AppleWebKit/537.36 (KHTML, like Gecko; compatible; GPTBot/1.3; +https://openai.com/gptbot)"
74.7.227.188 - - [01/Mar/2026:15:02:04 +0000] "GET /whsy.php?p=%2Fproc%2F2471%2Ftask%2F2444 HTTP/2.0" 200 1795 "https://www.shakalar.com/whsy.php?p=%2Fproc%2F2471%2Ftask" "Mozilla/5.0 AppleWebKit/537.36 (KHTML, like Gecko; compatible; GPTBot/1.3; +https://openai.com/gptbot)"
74.7.243.130 - - [01/Mar/2026:15:02:11 +0000] "GET /whsy.php?p=%2Fproc%2F23607%2Fattr HTTP/2.0" 200 912 "https://www.shakalar.com.lab2454.com/whsy.php?p=%2Fproc%2F23607" "Mozilla/5.0 AppleWebKit/537.36 (KHTML, like Gecko; compatible; GPTBot/1.3; +https://openai.com/gptbot)"
74.7.227.188 - - [01/Mar/2026:15:02:13 +0000] "GET /whsy.php?p=%2Fproc%2F2471%2Ftask%2F11998%2Fnet%2Frpc%2Fnfs4.nametoid HTTP/2.0" 200 764 "https://www.shakalar.com/whsy.php?p=%2Fproc%2F2471%2Ftask%2F11998%2Fnet%2Frpc" "Mozilla/5.0 AppleWebKit/537.36 (KHTML, like Gecko; compatible; GPTBot/1.3; +https://openai.com/gptbot)"
74.7.227.54 - - [01/Mar/2026:15:02:18 +0000] "GET /whsy.php?p=%2Fproc%2F11146%2Ftask%2F9568%2Fnet HTTP/2.0" 200 2463 "https://shakalar.com/whsy.php?p=%2Fproc%2F11146%2Ftask%2F9568" "Mozilla/5.0 AppleWebKit/537.36 (KHTML, like Gecko; compatible; GPTBot/1.3; +https://openai.com/gptbot)"
74.7.243.130 - - [01/Mar/2026:15:02:18 +0000] "GET /whsy.php?e=prev&p=%2Fproc%2F13245%2Fattr HTTP/2.0" 200 859 "https://www.shakalar.com.lab2454.com/whsy.php?p=%2Fproc%2F13245%2Fattr" "Mozilla/5.0 AppleWebKit/537.36 (KHTML, like Gecko; compatible; GPTBot/1.3; +https://openai.com/gptbot)"
74.7.227.188 - - [01/Mar/2026:15:02:21 +0000] "GET /whsy.php?p=%2Fproc%2F2471%2Ftask%2F11998%2Fnet%2Frpc%2Fnfs4.idtoname HTTP/2.0" 200 765 "https://www.shakalar.com/whsy.php?p=%2Fproc%2F2471%2Ftask%2F11998%2Fnet%2Frpc" "Mozilla/5.0 AppleWebKit/537.36 (KHTML, like Gecko; compatible; GPTBot/1.3; +https://openai.com/gptbot)"
74.7.243.130 - - [01/Mar/2026:15:02:26 +0000] "GET /whsy.php?e=keycreate&p=%2Fproc%2F13245%2Fattr HTTP/2.0" 200 863 "https://www.shakalar.com.lab2454.com/whsy.php?p=%2Fproc%2F13245%2Fattr" "Mozilla/5.0 AppleWebKit/537.36 (KHTML, like Gecko; compatible; GPTBot/1.3; +https://openai.com/gptbot)"
74.7.227.188 - - [01/Mar/2026:15:02:29 +0000] "GET /whsy.php?p=%2Fproc%2F2471%2Ftask%2F11998%2Fnet%2Frpc%2Fauth.unix.gid HTTP/2.0" 200 766 "https://www.shakalar.com/whsy.php?p=%2Fproc%2F2471%2Ftask%2F11998%2Fnet%2Frpc" "Mozilla/5.0 AppleWebKit/537.36 (KHTML, like Gecko; compatible; GPTBot/1.3; +https://openai.com/gptbot)"
74.7.243.130 - - [01/Mar/2026:15:02:34 +0000] "GET /whsy.php?p=%2Fproc%2F20635%2Fattr HTTP/2.0" 200 912 "https://www.shakalar.com.lab2454.com/whsy.php?p=%2Fproc%2F20635" "Mozilla/5.0 AppleWebKit/537.36 (KHTML, like Gecko; compatible; GPTBot/1.3; +https://openai.com/gptbot)"
74.7.227.188 - - [01/Mar/2026:15:02:35 +0000] "GET /whsy.php?p=%2Fproc%2F2471%2Ftask%2F11998%2Fnet%2Frpc%2Fauth.rpcsec.init HTTP/2.0" 200 738 "https://www.shakalar.com/whsy.php?p=%2Fproc%2F2471%2Ftask%2F11998%2Fnet%2Frpc" "Mozilla/5.0 AppleWebKit/537.36 (KHTML, like Gecko; compatible; GPTBot/1.3; +https://openai.com/gptbot)"
74.7.243.130 - - [01/Mar/2026:15:02:39 +0000] "GET /whsy.php?p=%2Fproc%2F23780%2Ftask HTTP/2.0" 200 912 "https://www.shakalar.com.lab2454.com/whsy.php?p=%2Fproc%2F23780" "Mozilla/5.0 AppleWebKit/537.36 (KHTML, like Gecko; compatible; GPTBot/1.3; +https://openai.com/gptbot)"
74.7.227.188 - - [01/Mar/2026:15:02:40 +0000] "GET /whsy.php?p=%2Fproc%2F2471%2Ftask%2F11998%2Fnet%2Frpc%2Fnfsd.export HTTP/2.0" 200 763 "https://www.shakalar.com/whsy.php?p=%2Fproc%2F2471%2Ftask%2F11998%2Fnet%2Frpc" "Mozilla/5.0 AppleWebKit/537.36 (KHTML, like Gecko; compatible; GPTBot/1.3; +https://openai.com/gptbot)"
74.7.243.130 - - [01/Mar/2026:15:02:44 +0000] "GET /whsy.php?p=%2Fproc%2F31026%2Fnet HTTP/2.0" 200 2441 "https://www.shakalar.com.lab2454.com/whsy.php?p=%2Fproc%2F31026" "Mozilla/5.0 AppleWebKit/537.36 (KHTML, like Gecko; compatible; GPTBot/1.3; +https://openai.com/gptbot)"
74.7.227.188 - - [01/Mar/2026:15:02:45 +0000] "GET /whsy.php?p=%2Fproc%2F2471%2Ftask%2F11998%2Fnet%2Frpc%2Fauth.rpcsec.context HTTP/2.0" 200 739 "https://www.shakalar.com/whsy.php?p=%2Fproc%2F2471%2Ftask%2F11998%2Fnet%2Frpc" "Mozilla/5.0 AppleWebKit/537.36 (KHTML, like Gecko; compatible; GPTBot/1.3; +https://openai.com/gptbot)"
74.7.243.130 - - [01/Mar/2026:15:02:51 +0000] "GET /whsy.php?p=%2Fproc%2F23645%2Fattr HTTP/2.0" 200 912 "https://www.shakalar.com.lab2454.com/whsy.php?p=%2Fproc%2F23645" "Mozilla/5.0 AppleWebKit/537.36 (KHTML, like Gecko; compatible; GPTBot/1.3; +https://openai.com/gptbot)"
74.7.227.188 - - [01/Mar/2026:15:02:53 +0000] "GET /whsy.php?p=%2Fproc%2F2471%2Ftask%2F11998%2Fnet%2Frpc%2Fauth.unix.ip HTTP/2.0" 200 765 "https://www.shakalar.com/whsy.php?p=%2Fproc%2F2471%2Ftask%2F11998%2Fnet%2Frpc" "Mozilla/5.0 AppleWebKit/537.36 (KHTML, like Gecko; compatible; GPTBot/1.3; +https://openai.com/gptbot)"
74.7.243.130 - - [01/Mar/2026:15:02:59 +0000] "GET /whsy.php?p=%2Fproc%2F26658%2Fattr HTTP/2.0" 200 912 "https://www.shakalar.com.lab2454.com/whsy.php?p=%2Fproc%2F26658" "Mozilla/5.0 AppleWebKit/537.36 (KHTML, like Gecko; compatible; GPTBot/1.3; +https://openai.com/gptbot)"
74.7.227.188 - - [01/Mar/2026:15:03:01 +0000] "GET /whsy.php?p=%2Fproc%2F29460 HTTP/2.0" 200 1906 "https://www.shakalar.com/whsy.php?p=%2Fproc%2F2471%2F.." "Mozilla/5.0 AppleWebKit/537.36 (KHTML, like Gecko; compatible; GPTBot/1.3; +https://openai.com/gptbot)"
74.7.243.130 - - [01/Mar/2026:15:03:07 +0000] "GET /whsy.php?p=%2Fproc%2F28611%2Ftask HTTP/2.0" 200 912 "https://www.shakalar.com.lab2454.com/whsy.php?p=%2Fproc%2F28611" "Mozilla/5.0 AppleWebKit/537.36 (KHTML, like Gecko; compatible; GPTBot/1.3; +https://openai.com/gptbot)"
74.7.227.188 - - [01/Mar/2026:15:03:09 +0000] "GET /whsy.php?e=26939&p=%2Fproc HTTP/2.0" 200 3946 "https://www.shakalar.com/whsy.php?p=%2Fproc%2F2471%2F.." "Mozilla/5.0 AppleWebKit/537.36 (KHTML, like Gecko; compatible; GPTBot/1.3; +https://openai.com/gptbot)"
74.7.227.54 - - [01/Mar/2026:15:03:10 +0000] "GET /whsy.php?p=%2Fproc%2F11146%2Ftask%2F9360%2Fnet HTTP/2.0" 200 2464 "https://shakalar.com/whsy.php?p=%2Fproc%2F11146%2Ftask%2F9360" "Mozilla/5.0 AppleWebKit/537.36 (KHTML, like Gecko; compatible; GPTBot/1.3; +https://openai.com/gptbot)"
74.7.230.1 - - [01/Mar/2026:15:03:10 +0000] "GET /robots.txt HTTP/2.0" 404 - "-" "Mozilla/5.0 (Macintosh; Intel Mac OS X 10_15_7) AppleWebKit/537.36 (KHTML, like Gecko) Chrome/131.0.0.0 Safari/537.36; compatible; OAI-SearchBot/1.3; robots.txt; +https://openai.com/searchbot"
74.7.243.130 - - [01/Mar/2026:15:03:13 +0000] "GET /whsy.php?p=%2Fproc%2F14755%2Ftask HTTP/2.0" 200 912 "https://www.shakalar.com.lab2454.com/whsy.php?p=%2Fproc%2F14755" "Mozilla/5.0 AppleWebKit/537.36 (KHTML, like Gecko; compatible; GPTBot/1.3; +https://openai.com/gptbot)"
74.7.227.188 - - [01/Mar/2026:15:03:15 +0000] "GET /whsy.php?p=%2Fproc%2F11486 HTTP/2.0" 200 1936 "https://www.shakalar.com/whsy.php?p=%2Fproc%2F2471%2F.." "Mozilla/5.0 AppleWebKit/537.36 (KHTML, like Gecko; compatible; GPTBot/1.3; +https://openai.com/gptbot)"
74.7.243.130 - - [01/Mar/2026:15:03:20 +0000] "GET /whsy.php?p=%2Fproc%2F24765%2Fnet HTTP/2.0" 200 912 "https://www.shakalar.com.lab2454.com/whsy.php?p=%2Fproc%2F24765" "Mozilla/5.0 AppleWebKit/537.36 (KHTML, like Gecko; compatible; GPTBot/1.3; +https://openai.com/gptbot)"
74.7.227.188 - - [01/Mar/2026:15:03:22 +0000] "GET /whsy.php?p=%2Fproc%2F26782 HTTP/2.0" 200 1936 "https://www.shakalar.com/whsy.php?p=%2Fproc%2F2471%2F.." "Mozilla/5.0 AppleWebKit/537.36 (KHTML, like Gecko; compatible; GPTBot/1.3; +https://openai.com/gptbot)"
74.7.243.130 - - [01/Mar/2026:15:03:28 +0000] "GET /whsy.php?p=%2Fproc%2F19711%2Fattr HTTP/2.0" 200 912 "https://www.shakalar.com.lab2454.com/whsy.php?p=%2Fproc%2F19711" "Mozilla/5.0 AppleWebKit/537.36 (KHTML, like Gecko; compatible; GPTBot/1.3; +https://openai.com/gptbot)"
74.7.227.188 - - [01/Mar/2026:15:03:30 +0000] "GET /whsy.php?p=%2Fproc%2F15023 HTTP/2.0" 200 1936 "https://www.shakalar.com/whsy.php?p=%2Fproc%2F2471%2F.." "Mozilla/5.0 AppleWebKit/537.36 (KHTML, like Gecko; compatible; GPTBot/1.3; +https://openai.com/gptbot)"
74.7.243.130 - - [01/Mar/2026:15:03:46 +0000] "GET /whsy.php?p=%2Fproc%2F11485%2Ftask HTTP/2.0" 200 912 "https://www.shakalar.com.lab2454.com/whsy.php?p=%2Fproc%2F11485" "Mozilla/5.0 AppleWebKit/537.36 (KHTML, like Gecko; compatible; GPTBot/1.3; +https://openai.com/gptbot)"
74.7.227.188 - - [01/Mar/2026:15:03:49 +0000] "GET /whsy.php?p=%2Fproc%2F26934 HTTP/2.0" 200 912 "https://www.shakalar.com/whsy.php?p=%2Fproc%2F2471%2F.." "Mozilla/5.0 AppleWebKit/537.36 (KHTML, like Gecko; compatible; GPTBot/1.3; +https://openai.com/gptbot)"
74.7.243.130 - - [01/Mar/2026:15:03:57 +0000] "GET /whsy.php?p=%2Fproc%2F17733%2Fattr HTTP/2.0" 200 912 "https://www.shakalar.com.lab2454.com/whsy.php?p=%2Fproc%2F17733" "Mozilla/5.0 AppleWebKit/537.36 (KHTML, like Gecko; compatible; GPTBot/1.3; +https://openai.com/gptbot)"
74.7.227.54 - - [01/Mar/2026:15:03:59 +0000] "GET /whsy.php?p=%2Fproc%2F11146%2Ftask%2F9365%2Fnet HTTP/2.0" 200 2463 "https://shakalar.com/whsy.php?p=%2Fproc%2F11146%2Ftask%2F9365" "Mozilla/5.0 AppleWebKit/537.36 (KHTML, like Gecko; compatible; GPTBot/1.3; +https://openai.com/gptbot)"
74.7.227.188 - - [01/Mar/2026:15:04:01 +0000] "GET /whsy.php?p=%2Fproc%2F19138 HTTP/2.0" 200 1935 "https://www.shakalar.com/whsy.php?p=%2Fproc%2F2471%2F.." "Mozilla/5.0 AppleWebKit/537.36 (KHTML, like Gecko; compatible; GPTBot/1.3; +https://openai.com/gptbot)"
74.7.243.130 - - [01/Mar/2026:15:04:07 +0000] "GET /whsy.php?p=%2Fproc%2F13253%2Fnet HTTP/2.0" 200 912 "https://www.shakalar.com.lab2454.com/whsy.php?p=%2Fproc%2F13253" "Mozilla/5.0 AppleWebKit/537.36 (KHTML, like Gecko; compatible; GPTBot/1.3; +https://openai.com/gptbot)"
74.7.244.52 - - [01/Mar/2026:15:04:08 +0000] "GET /robots.txt HTTP/2.0" 404 - "-" "Mozilla/5.0 (Macintosh; Intel Mac OS X 10_15_7) AppleWebKit/537.36 (KHTML, like Gecko) Chrome/131.0.0.0 Safari/537.36; compatible; OAI-SearchBot/1.3; robots.txt; +https://openai.com/searchbot"
74.7.227.188 - - [01/Mar/2026:15:04:08 +0000] "GET /whsy.php?e=flush&p=%2Fproc%2F2471%2Ftask%2F11998%2Fnet%2Frpc%2Fauth.rpcsec.init HTTP/2.0" 200 738 "https://www.shakalar.com/whsy.php?p=%2Fproc%2F2471%2Ftask%2F11998%2Fnet%2Frpc%2Fauth.rpcsec.init" "Mozilla/5.0 AppleWebKit/537.36 (KHTML, like Gecko; compatible; GPTBot/1.3; +https://openai.com/gptbot)"
74.7.243.130 - - [01/Mar/2026:15:04:15 +0000] "GET /whsy.php?p=%2Fproc%2F10675%2Fattr HTTP/2.0" 200 912 "https://www.shakalar.com.lab2454.com/whsy.php?p=%2Fproc%2F10675" "Mozilla/5.0 AppleWebKit/537.36 (KHTML, like Gecko; compatible; GPTBot/1.3; +https://openai.com/gptbot)"
74.7.227.188 - - [01/Mar/2026:15:04:17 +0000] "GET /whsy.php?p=%2Fproc%2F32655 HTTP/2.0" 200 1936 "https://www.shakalar.com/whsy.php?p=%2Fproc%2F2471%2F.." "Mozilla/5.0 AppleWebKit/537.36 (KHTML, like Gecko; compatible; GPTBot/1.3; +https://openai.com/gptbot)"
74.7.243.130 - - [01/Mar/2026:15:04:25 +0000] "GET /whsy.php?e=raw6&p=%2Fproc%2F31026%2Fnet HTTP/2.0" 200 2582 "https://www.shakalar.com.lab2454.com/whsy.php?p=%2Fproc%2F31026%2Fnet" "Mozilla/5.0 AppleWebKit/537.36 (KHTML, like Gecko; compatible; GPTBot/1.3; +https://openai.com/gptbot)"
74.7.227.188 - - [01/Mar/2026:15:04:27 +0000] "GET /whsy.php?p=%2Fproc%2F29451 HTTP/2.0" 200 1906 "https://www.shakalar.com/whsy.php?p=%2Fproc%2F2471%2F.." "Mozilla/5.0 AppleWebKit/537.36 (KHTML, like Gecko; compatible; GPTBot/1.3; +https://openai.com/gptbot)"
74.7.243.130 - - [01/Mar/2026:15:04:32 +0000] "GET /whsy.php?e=udp6&p=%2Fproc%2F31026%2Fnet HTTP/2.0" 200 2681 "https://www.shakalar.com.lab2454.com/whsy.php?p=%2Fproc%2F31026%2Fnet" "Mozilla/5.0 AppleWebKit/537.36 (KHTML, like Gecko; compatible; GPTBot/1.3; +https://openai.com/gptbot)"
74.7.227.188 - - [01/Mar/2026:15:04:34 +0000] "GET /whsy.php?p=%2Fproc%2F28217 HTTP/2.0" 200 912 "https://www.shakalar.com/whsy.php?p=%2Fproc%2F2471%2F.." "Mozilla/5.0 AppleWebKit/537.36 (KHTML, like Gecko; compatible; GPTBot/1.3; +https://openai.com/gptbot)"
74.7.227.54 - - [01/Mar/2026:15:04:36 +0000] "GET /whsy.php?p=%2Fproc%2F11146%2Ftask%2F9356%2Fnet HTTP/2.0" 200 2463 "https://shakalar.com/whsy.php?p=%2Fproc%2F11146%2Ftask%2F9356" "Mozilla/5.0 AppleWebKit/537.36 (KHTML, like Gecko; compatible; GPTBot/1.3; +https://openai.com/gptbot)"
74.7.243.130 - - [01/Mar/2026:15:04:41 +0000] "GET /whsy.php?e=udplite&p=%2Fproc%2F31026%2Fnet HTTP/2.0" 200 2583 "https://www.shakalar.com.lab2454.com/whsy.php?p=%2Fproc%2F31026%2Fnet" "Mozilla/5.0 AppleWebKit/537.36 (KHTML, like Gecko; compatible; GPTBot/1.3; +https://openai.com/gptbot)"
74.7.227.188 - - [01/Mar/2026:15:04:43 +0000] "GET /whsy.php?e=sched&p=%2Fproc%2F29460 HTTP/2.0" 200 2433 "https://www.shakalar.com/whsy.php?p=%2Fproc%2F29460" "Mozilla/5.0 AppleWebKit/537.36 (KHTML, like Gecko; compatible; GPTBot/1.3; +https://openai.com/gptbot)"
74.7.243.130 - - [01/Mar/2026:15:04:49 +0000] "GET /whsy.php?e=netlink&p=%2Fproc%2F31026%2Fnet HTTP/2.0" 200 2811 "https://www.shakalar.com.lab2454.com/whsy.php?p=%2Fproc%2F31026%2Fnet" "Mozilla/5.0 AppleWebKit/537.36 (KHTML, like Gecko; compatible; GPTBot/1.3; +https://openai.com/gptbot)"
74.7.227.188 - - [01/Mar/2026:15:04:51 +0000] "GET /whsy.php?e=mountinfo&p=%2Fproc%2F29460 HTTP/2.0" 200 2947 "https://www.shakalar.com/whsy.php?p=%2Fproc%2F29460" "Mozilla/5.0 AppleWebKit/537.36 (KHTML, like Gecko; compatible; GPTBot/1.3; +https://openai.com/gptbot)"
74.7.243.130 - - [01/Mar/2026:15:04:57 +0000] "GET /whsy.php?p=%2Fproc%2F19363%2Fattr HTTP/2.0" 200 912 "https://www.shakalar.com.lab2454.com/whsy.php?p=%2Fproc%2F19363" "Mozilla/5.0 AppleWebKit/537.36 (KHTML, like Gecko; compatible; GPTBot/1.3; +https://openai.com/gptbot)"
74.7.227.188 - - [01/Mar/2026:15:04:59 +0000] "GET /whsy.php?e=pagemap&p=%2Fproc%2F11486 HTTP/2.0" 200 1936 "https://www.shakalar.com/whsy.php?p=%2Fproc%2F11486" "Mozilla/5.0 AppleWebKit/537.36 (KHTML, like Gecko; compatible; GPTBot/1.3; +https://openai.com/gptbot)"
74.7.243.130 - - [01/Mar/2026:15:05:05 +0000] "GET /whsy.php?p=%2Fproc%2F19030%2Fnet HTTP/2.0" 200 912 "https://www.shakalar.com.lab2454.com/whsy.php?p=%2Fproc%2F19030" "Mozilla/5.0 AppleWebKit/537.36 (KHTML, like Gecko; compatible; GPTBot/1.3; +https://openai.com/gptbot)"
74.7.227.188 - - [01/Mar/2026:15:05:07 +0000] "GET /whsy.php?e=arch_status&p=%2Fproc%2F26782 HTTP/2.0" 200 2006 "https://www.shakalar.com/whsy.php?p=%2Fproc%2F26782" "Mozilla/5.0 AppleWebKit/537.36 (KHTML, like Gecko; compatible; GPTBot/1.3; +https://openai.com/gptbot)"
74.7.227.54 - - [01/Mar/2026:15:05:12 +0000] "GET /whsy.php?e=projid_map&p=%2Fproc%2F11146%2Ftask%2F9356 HTTP/2.0" 200 1888 "https://shakalar.com/whsy.php?p=%2Fproc%2F11146%2Ftask%2F9356" "Mozilla/5.0 AppleWebKit/537.36 (KHTML, like Gecko; compatible; GPTBot/1.3; +https://openai.com/gptbot)"
74.7.243.130 - - [01/Mar/2026:15:05:14 +0000] "GET /whsy.php?p=%2Fproc%2F24094%2Ftask HTTP/2.0" 200 912 "https://www.shakalar.com.lab2454.com/whsy.php?p=%2Fproc%2F24094" "Mozilla/5.0 AppleWebKit/537.36 (KHTML, like Gecko; compatible; GPTBot/1.3; +https://openai.com/gptbot)"
74.7.227.188 - - [01/Mar/2026:15:05:16 +0000] "GET /whsy.php?e=mountinfo&p=%2Fproc%2F26782 HTTP/2.0" 200 2988 "https://www.shakalar.com/whsy.php?p=%2Fproc%2F26782" "Mozilla/5.0 AppleWebKit/537.36 (KHTML, like Gecko; compatible; GPTBot/1.3; +https://openai.com/gptbot)"
74.7.243.130 - - [01/Mar/2026:15:05:22 +0000] "GET /whsy.php?p=%2Fproc%2F27651%2Fattr HTTP/2.0" 200 912 "https://www.shakalar.com.lab2454.com/whsy.php?p=%2Fproc%2F27651" "Mozilla/5.0 AppleWebKit/537.36 (KHTML, like Gecko; compatible; GPTBot/1.3; +https://openai.com/gptbot)"
74.7.227.188 - - [01/Mar/2026:15:05:23 +0000] "GET /whsy.php?e=mountinfo&p=%2Fproc%2F11486 HTTP/2.0" 200 2988 "https://www.shakalar.com/whsy.php?p=%2Fproc%2F11486" "Mozilla/5.0 AppleWebKit/537.36 (KHTML, like Gecko; compatible; GPTBot/1.3; +https://openai.com/gptbot)"
74.7.243.130 - - [01/Mar/2026:15:05:28 +0000] "GET /whsy.php?p=%2Fproc%2F13833%2Ftask HTTP/2.0" 200 912 "https://www.shakalar.com.lab2454.com/whsy.php?p=%2Fproc%2F13833" "Mozilla/5.0 AppleWebKit/537.36 (KHTML, like Gecko; compatible; GPTBot/1.3; +https://openai.com/gptbot)"
74.7.227.188 - - [01/Mar/2026:15:05:30 +0000] "GET /whsy.php?e=mountinfo&p=%2Fproc%2F15023 HTTP/2.0" 200 2988 "https://www.shakalar.com/whsy.php?p=%2Fproc%2F15023" "Mozilla/5.0 AppleWebKit/537.36 (KHTML, like Gecko; compatible; GPTBot/1.3; +https://openai.com/gptbot)"
74.7.243.130 - - [01/Mar/2026:15:05:39 +0000] "GET /whsy.php?p=%2Fproc%2F11667%2Fattr HTTP/2.0" 200 912 "https://www.shakalar.com.lab2454.com/whsy.php?p=%2Fproc%2Fself" "Mozilla/5.0 AppleWebKit/537.36 (KHTML, like Gecko; compatible; GPTBot/1.3; +https://openai.com/gptbot)"
74.7.227.188 - - [01/Mar/2026:15:05:40 +0000] "GET /whsy.php?e=mountinfo&p=%2Fproc%2F19138 HTTP/2.0" 200 2988 "https://www.shakalar.com/whsy.php?p=%2Fproc%2F19138" "Mozilla/5.0 AppleWebKit/537.36 (KHTML, like Gecko; compatible; GPTBot/1.3; +https://openai.com/gptbot)"
74.7.230.54 - - [01/Mar/2026:15:05:41 +0000] "GET /robots.txt HTTP/2.0" 404 - "-" "Mozilla/5.0 (Macintosh; Intel Mac OS X 10_15_7) AppleWebKit/537.36 (KHTML, like Gecko) Chrome/131.0.0.0 Safari/537.36; compatible; OAI-SearchBot/1.3; robots.txt; +https://openai.com/searchbot"
74.7.227.54 - - [01/Mar/2026:15:05:46 +0000] "GET /whsy.php?e=projid_map&p=%2Fproc%2F11146%2Ftask%2F9360 HTTP/2.0" 200 1888 "https://shakalar.com/whsy.php?p=%2Fproc%2F11146%2Ftask%2F9360" "Mozilla/5.0 AppleWebKit/537.36 (KHTML, like Gecko; compatible; GPTBot/1.3; +https://openai.com/gptbot)"
74.7.243.130 - - [01/Mar/2026:15:05:47 +0000] "GET /whsy.php?p=%2Fproc%2F11053%2Fattr HTTP/2.0" 200 799 "https://www.shakalar.com.lab2454.com/whsy.php?p=%2Fproc%2F11053" "Mozilla/5.0 AppleWebKit/537.36 (KHTML, like Gecko; compatible; GPTBot/1.3; +https://openai.com/gptbot)"
74.7.227.188 - - [01/Mar/2026:15:05:48 +0000] "GET /whsy.php?e=timerslack_ns&p=%2Fproc%2F19138 HTTP/2.0" 200 2007 "https://www.shakalar.com/whsy.php?p=%2Fproc%2F19138" "Mozilla/5.0 AppleWebKit/537.36 (KHTML, like Gecko; compatible; GPTBot/1.3; +https://openai.com/gptbot)"
74.7.243.130 - - [01/Mar/2026:15:05:56 +0000] "GET /whsy.php?p=%2Fproc%2F11844%2Fattr HTTP/2.0" 200 912 "https://www.shakalar.com.lab2454.com/whsy.php?p=%2Fproc%2F11844" "Mozilla/5.0 AppleWebKit/537.36 (KHTML, like Gecko; compatible; GPTBot/1.3; +https://openai.com/gptbot)"
74.7.227.188 - - [01/Mar/2026:15:05:59 +0000] "GET /whsy.php?e=timens_offsets&p=%2Fproc%2F29451 HTTP/2.0" 200 1998 "https://www.shakalar.com/whsy.php?p=%2Fproc%2F29451" "Mozilla/5.0 AppleWebKit/537.36 (KHTML, like Gecko; compatible; GPTBot/1.3; +https://openai.com/gptbot)"
74.7.243.130 - - [01/Mar/2026:15:06:07 +0000] "GET /whsy.php?p=%2Fproc%2F18858%2Ftask HTTP/2.0" 200 912 "https://www.shakalar.com.lab2454.com/whsy.php?p=%2Fproc%2F18858" "Mozilla/5.0 AppleWebKit/537.36 (KHTML, like Gecko; compatible; GPTBot/1.3; +https://openai.com/gptbot)"
74.7.227.188 - - [01/Mar/2026:15:06:09 +0000] "GET /whsy.php?e=mountinfo&p=%2Fproc%2F29451 HTTP/2.0" 200 2948 "https://www.shakalar.com/whsy.php?p=%2Fproc%2F29451" "Mozilla/5.0 AppleWebKit/537.36 (KHTML, like Gecko; compatible; GPTBot/1.3; +https://openai.com/gptbot)"
74.7.243.130 - - [01/Mar/2026:15:06:27 +0000] "GET /whsy.php?p=%2Fproc%2F14090%2Fnet HTTP/2.0" 200 912 "https://www.shakalar.com.lab2454.com/whsy.php?p=%2Fproc%2F14090" "Mozilla/5.0 AppleWebKit/537.36 (KHTML, like Gecko; compatible; GPTBot/1.3; +https://openai.com/gptbot)"
74.7.227.54 - - [01/Mar/2026:15:06:30 +0000] "GET /whsy.php?e=projid_map&p=%2Fproc%2F11146%2Ftask%2F9568 HTTP/2.0" 200 1888 "https://shakalar.com/whsy.php?p=%2Fproc%2F11146%2Ftask%2F9568" "Mozilla/5.0 AppleWebKit/537.36 (KHTML, like Gecko; compatible; GPTBot/1.3; +https://openai.com/gptbot)"
74.7.227.188 - - [01/Mar/2026:15:06:30 +0000] "GET /whsy.php?e=timerslack_ns&p=%2Fproc%2F11486 HTTP/2.0" 200 2007 "https://www.shakalar.com/whsy.php?p=%2Fproc%2F11486" "Mozilla/5.0 AppleWebKit/537.36 (KHTML, like Gecko; compatible; GPTBot/1.3; +https://openai.com/gptbot)"
74.7.243.130 - - [01/Mar/2026:15:06:37 +0000] "GET /whsy.php?p=%2Fproc%2F18152%2Fnet HTTP/2.0" 200 912 "https://www.shakalar.com.lab2454.com/whsy.php?p=%2Fproc%2F18152" "Mozilla/5.0 AppleWebKit/537.36 (KHTML, like Gecko; compatible; GPTBot/1.3; +https://openai.com/gptbot)"
74.7.227.188 - - [01/Mar/2026:15:06:39 +0000] "GET /whsy.php?e=mountinfo&p=%2Fproc%2F32655 HTTP/2.0" 200 2988 "https://www.shakalar.com/whsy.php?p=%2Fproc%2F32655" "Mozilla/5.0 AppleWebKit/537.36 (KHTML, like Gecko; compatible; GPTBot/1.3; +https://openai.com/gptbot)"
74.7.227.54 - - [01/Mar/2026:15:06:43 +0000] "GET /whsy.php?e=projid_map&p=%2Fproc%2F11146%2Ftask%2F9365 HTTP/2.0" 200 1888 "https://shakalar.com/whsy.php?p=%2Fproc%2F11146%2Ftask%2F9365" "Mozilla/5.0 AppleWebKit/537.36 (KHTML, like Gecko; compatible; GPTBot/1.3; +https://openai.com/gptbot)"
74.7.243.130 - - [01/Mar/2026:15:06:44 +0000] "GET /whsy.php?p=%2Fproc%2F23830%2Ftask HTTP/2.0" 200 912 "https://www.shakalar.com.lab2454.com/whsy.php?p=%2Fproc%2F23830" "Mozilla/5.0 AppleWebKit/537.36 (KHTML, like Gecko; compatible; GPTBot/1.3; +https://openai.com/gptbot)"
74.7.227.188 - - [01/Mar/2026:15:06:45 +0000] "GET /whsy.php?e=statm&p=%2Fproc%2F15023 HTTP/2.0" 200 2008 "https://www.shakalar.com/whsy.php?p=%2Fproc%2F15023" "Mozilla/5.0 AppleWebKit/537.36 (KHTML, like Gecko; compatible; GPTBot/1.3; +https://openai.com/gptbot)"
74.7.243.130 - - [01/Mar/2026:15:06:49 +0000] "GET /whsy.php?p=%2Fproc%2F19708%2Fattr HTTP/2.0" 200 912 "https://www.shakalar.com.lab2454.com/whsy.php?p=%2Fproc%2F19708" "Mozilla/5.0 AppleWebKit/537.36 (KHTML, like Gecko; compatible; GPTBot/1.3; +https://openai.com/gptbot)"
74.7.227.188 - - [01/Mar/2026:15:06:50 +0000] "GET /whsy.php?e=statm&p=%2Fproc%2F11486 HTTP/2.0" 200 2008 "https://www.shakalar.com/whsy.php?p=%2Fproc%2F11486" "Mozilla/5.0 AppleWebKit/537.36 (KHTML, like Gecko; compatible; GPTBot/1.3; +https://openai.com/gptbot)"
74.7.243.130 - - [01/Mar/2026:15:06:53 +0000] "GET /whsy.php?p=%2Fproc%2F25421%2Ftask HTTP/2.0" 200 912 "https://www.shakalar.com.lab2454.com/whsy.php?p=%2Fproc%2F25421" "Mozilla/5.0 AppleWebKit/537.36 (KHTML, like Gecko; compatible; GPTBot/1.3; +https://openai.com/gptbot)"
74.7.227.188 - - [01/Mar/2026:15:06:54 +0000] "GET /whsy.php?e=stack&p=%2Fproc%2F19138 HTTP/2.0" 200 1935 "https://www.shakalar.com/whsy.php?p=%2Fproc%2F19138" "Mozilla/5.0 AppleWebKit/537.36 (KHTML, like Gecko; compatible; GPTBot/1.3; +https://openai.com/gptbot)"
74.7.243.130 - - [01/Mar/2026:15:06:58 +0000] "GET /whsy.php?p=%2Fproc%2F31488%2Fnet HTTP/2.0" 200 912 "https://www.shakalar.com.lab2454.com/whsy.php?p=%2Fproc%2F31488" "Mozilla/5.0 AppleWebKit/537.36 (KHTML, like Gecko; compatible; GPTBot/1.3; +https://openai.com/gptbot)"
74.7.227.188 - - [01/Mar/2026:15:06:59 +0000] "GET /whsy.php?e=statm&p=%2Fproc%2F19138 HTTP/2.0" 200 2007 "https://www.shakalar.com/whsy.php?p=%2Fproc%2F19138" "Mozilla/5.0 AppleWebKit/537.36 (KHTML, like Gecko; compatible; GPTBot/1.3; +https://openai.com/gptbot)"
74.7.243.130 - - [01/Mar/2026:15:07:02 +0000] "GET /whsy.php?p=%2Fproc%2F21749%2Ftask HTTP/2.0" 200 912 "https://www.shakalar.com.lab2454.com/whsy.php?p=%2Fproc%2F21749" "Mozilla/5.0 AppleWebKit/537.36 (KHTML, like Gecko; compatible; GPTBot/1.3; +https://openai.com/gptbot)"
74.7.227.188 - - [01/Mar/2026:15:07:03 +0000] "GET /whsy.php?e=statm&p=%2Fproc%2F29451 HTTP/2.0" 200 1995 "https://www.shakalar.com/whsy.php?p=%2Fproc%2F29451" "Mozilla/5.0 AppleWebKit/537.36 (KHTML, like Gecko; compatible; GPTBot/1.3; +https://openai.com/gptbot)"
74.7.227.54 - - [01/Mar/2026:15:07:04 +0000] "GET /whsy.php?e=clear_refs&p=%2Fproc%2F11146%2Ftask%2F9357 HTTP/2.0" 200 1802 "https://shakalar.com/whsy.php?p=%2Fproc%2F11146%2Ftask%2F9357" "Mozilla/5.0 AppleWebKit/537.36 (KHTML, like Gecko; compatible; GPTBot/1.3; +https://openai.com/gptbot)"
74.7.243.130 - - [01/Mar/2026:15:07:07 +0000] "GET /whsy.php?p=%2Fproc%2F13827%2Fattr HTTP/2.0" 200 912 "https://www.shakalar.com.lab2454.com/whsy.php?p=%2Fproc%2F13827" "Mozilla/5.0 AppleWebKit/537.36 (KHTML, like Gecko; compatible; GPTBot/1.3; +https://openai.com/gptbot)"
74.7.227.188 - - [01/Mar/2026:15:07:08 +0000] "GET /whsy.php?e=stack&p=%2Fproc%2F29451 HTTP/2.0" 200 1979 "https://www.shakalar.com/whsy.php?p=%2Fproc%2F29451" "Mozilla/5.0 AppleWebKit/537.36 (KHTML, like Gecko; compatible; GPTBot/1.3; +https://openai.com/gptbot)"
74.7.243.130 - - [01/Mar/2026:15:07:12 +0000] "GET /whsy.php?e=keycreate&p=%2Fproc%2F11053%2Fattr HTTP/2.0" 200 863 "https://www.shakalar.com.lab2454.com/whsy.php?p=%2Fproc%2F11053%2Fattr" "Mozilla/5.0 AppleWebKit/537.36 (KHTML, like Gecko; compatible; GPTBot/1.3; +https://openai.com/gptbot)"
74.7.227.188 - - [01/Mar/2026:15:07:12 +0000] "GET /whsy.php?e=stack&p=%2Fproc%2F11486 HTTP/2.0" 200 1936 "https://www.shakalar.com/whsy.php?p=%2Fproc%2F11486" "Mozilla/5.0 AppleWebKit/537.36 (KHTML, like Gecko; compatible; GPTBot/1.3; +https://openai.com/gptbot)"
74.7.243.130 - - [01/Mar/2026:15:07:16 +0000] "GET /whsy.php?p=%2Fproc%2F21314%2Fattr HTTP/2.0" 200 912 "https://www.shakalar.com.lab2454.com/whsy.php?p=%2Fproc%2F21314" "Mozilla/5.0 AppleWebKit/537.36 (KHTML, like Gecko; compatible; GPTBot/1.3; +https://openai.com/gptbot)"
74.7.227.188 - - [01/Mar/2026:15:07:17 +0000] "GET /whsy.php?e=stack&p=%2Fproc%2F15023 HTTP/2.0" 200 1936 "https://www.shakalar.com/whsy.php?p=%2Fproc%2F15023" "Mozilla/5.0 AppleWebKit/537.36 (KHTML, like Gecko; compatible; GPTBot/1.3; +https://openai.com/gptbot)"
74.7.243.130 - - [01/Mar/2026:15:07:21 +0000] "GET /whsy.php?p=%2Fproc%2F25984%2Ftask HTTP/2.0" 200 912 "https://www.shakalar.com.lab2454.com/whsy.php?p=%2Fproc%2F25984" "Mozilla/5.0 AppleWebKit/537.36 (KHTML, like Gecko; compatible; GPTBot/1.3; +https://openai.com/gptbot)"
74.7.227.188 - - [01/Mar/2026:15:07:22 +0000] "GET /whsy.php?e=statm&p=%2Fproc%2F29460 HTTP/2.0" 200 2001 "https://www.shakalar.com/whsy.php?p=%2Fproc%2F29460" "Mozilla/5.0 AppleWebKit/537.36 (KHTML, like Gecko; compatible; GPTBot/1.3; +https://openai.com/gptbot)"
74.7.243.130 - - [01/Mar/2026:15:07:25 +0000] "GET /whsy.php?p=%2Fproc%2F27419%2Fnet HTTP/2.0" 200 2441 "https://www.shakalar.com.lab2454.com/whsy.php?p=%2Fproc%2F27419" "Mozilla/5.0 AppleWebKit/537.36 (KHTML, like Gecko; compatible; GPTBot/1.3; +https://openai.com/gptbot)"
74.7.227.188 - - [01/Mar/2026:15:07:26 +0000] "GET /whsy.php?e=stack&p=%2Fproc%2F29460 HTTP/2.0" 200 1978 "https://www.shakalar.com/whsy.php?p=%2Fproc%2F29460" "Mozilla/5.0 AppleWebKit/537.36 (KHTML, like Gecko; compatible; GPTBot/1.3; +https://openai.com/gptbot)"
74.7.227.54 - - [01/Mar/2026:15:07:27 +0000] "GET /whsy.php?p=%2Fproc%2F11146%2Ftask%2F10925%2Fnet%2Frpc%2Fnfs4.nametoid%2F.. HTTP/2.0" 200 882 "https://shakalar.com/whsy.php?p=%2Fproc%2F11146%2Ftask%2F10925%2Fnet%2Frpc%2Fnfs4.nametoid" "Mozilla/5.0 AppleWebKit/537.36 (KHTML, like Gecko; compatible; GPTBot/1.3; +https://openai.com/gptbot)"
74.7.243.130 - - [01/Mar/2026:15:07:30 +0000] "GET /whsy.php?p=%2Fproc%2F22710%2Fnet HTTP/2.0" 200 912 "https://www.shakalar.com.lab2454.com/whsy.php?p=%2Fproc%2F22710" "Mozilla/5.0 AppleWebKit/537.36 (KHTML, like Gecko; compatible; GPTBot/1.3; +https://openai.com/gptbot)"
74.7.227.188 - - [01/Mar/2026:15:07:31 +0000] "GET /whsy.php?e=auxv&p=%2Fproc%2F15023 HTTP/2.0" 200 1936 "https://www.shakalar.com/whsy.php?p=%2Fproc%2F15023" "Mozilla/5.0 AppleWebKit/537.36 (KHTML, like Gecko; compatible; GPTBot/1.3; +https://openai.com/gptbot)"
74.7.243.130 - - [01/Mar/2026:15:07:35 +0000] "GET /whsy.php?p=%2Fproc%2F15277%2Fattr HTTP/2.0" 200 912 "https://www.shakalar.com.lab2454.com/whsy.php?p=%2Fproc%2F15277" "Mozilla/5.0 AppleWebKit/537.36 (KHTML, like Gecko; compatible; GPTBot/1.3; +https://openai.com/gptbot)"
74.7.227.188 - - [01/Mar/2026:15:07:35 +0000] "GET /whsy.php?e=auxv&p=%2Fproc%2F29451 HTTP/2.0" 200 1977 "https://www.shakalar.com/whsy.php?p=%2Fproc%2F29451" "Mozilla/5.0 AppleWebKit/537.36 (KHTML, like Gecko; compatible; GPTBot/1.3; +https://openai.com/gptbot)"
74.7.243.130 - - [01/Mar/2026:15:07:39 +0000] "GET /whsy.php?p=%2Fproc%2F14961%2Fattr HTTP/2.0" 200 912 "https://www.shakalar.com.lab2454.com/whsy.php?p=%2Fproc%2F14961" "Mozilla/5.0 AppleWebKit/537.36 (KHTML, like Gecko; compatible; GPTBot/1.3; +https://openai.com/gptbot)"
74.7.227.188 - - [01/Mar/2026:15:07:40 +0000] "GET /whsy.php?e=auxv&p=%2Fproc%2F11486 HTTP/2.0" 200 1936 "https://www.shakalar.com/whsy.php?p=%2Fproc%2F11486" "Mozilla/5.0 AppleWebKit/537.36 (KHTML, like Gecko; compatible; GPTBot/1.3; +https://openai.com/gptbot)"
74.7.243.130 - - [01/Mar/2026:15:07:44 +0000] "GET /whsy.php?p=%2Fproc%2F24902%2Ftask HTTP/2.0" 200 912 "https://www.shakalar.com.lab2454.com/whsy.php?p=%2Fproc%2F24902" "Mozilla/5.0 AppleWebKit/537.36 (KHTML, like Gecko; compatible; GPTBot/1.3; +https://openai.com/gptbot)"
74.7.227.188 - - [01/Mar/2026:15:07:45 +0000] "GET /whsy.php?e=auxv&p=%2Fproc%2F29460 HTTP/2.0" 200 1977 "https://www.shakalar.com/whsy.php?p=%2Fproc%2F29460" "Mozilla/5.0 AppleWebKit/537.36 (KHTML, like Gecko; compatible; GPTBot/1.3; +https://openai.com/gptbot)"
74.7.227.54 - - [01/Mar/2026:15:07:48 +0000] "GET /whsy.php?e=clear_refs&p=%2Fproc%2F11146%2Ftask%2F9358 HTTP/2.0" 200 1800 "https://shakalar.com/whsy.php?p=%2Fproc%2F11146%2Ftask%2F9358" "Mozilla/5.0 AppleWebKit/537.36 (KHTML, like Gecko; compatible; GPTBot/1.3; +https://openai.com/gptbot)"
74.7.243.130 - - [01/Mar/2026:15:07:49 +0000] "GET /whsy.php?p=%2Fproc%2F20568%2Fattr HTTP/2.0" 200 912 "https://www.shakalar.com.lab2454.com/whsy.php?p=%2Fproc%2F20568" "Mozilla/5.0 AppleWebKit/537.36 (KHTML, like Gecko; compatible; GPTBot/1.3; +https://openai.com/gptbot)"
74.7.227.188 - - [01/Mar/2026:15:07:49 +0000] "GET /whsy.php?e=auxv&p=%2Fproc%2F19138 HTTP/2.0" 200 1935 "https://www.shakalar.com/whsy.php?p=%2Fproc%2F19138" "Mozilla/5.0 AppleWebKit/537.36 (KHTML, like Gecko; compatible; GPTBot/1.3; +https://openai.com/gptbot)"
74.7.243.130 - - [01/Mar/2026:15:07:53 +0000] "GET /whsy.php?p=%2Fproc%2F29800%2Ftask HTTP/2.0" 200 912 "https://www.shakalar.com.lab2454.com/whsy.php?p=%2Fproc%2F29800" "Mozilla/5.0 AppleWebKit/537.36 (KHTML, like Gecko; compatible; GPTBot/1.3; +https://openai.com/gptbot)"
74.7.227.188 - - [01/Mar/2026:15:07:54 +0000] "GET /whsy.php?e=syscall&p=%2Fproc%2F26782 HTTP/2.0" 200 1936 "https://www.shakalar.com/whsy.php?p=%2Fproc%2F26782" "Mozilla/5.0 AppleWebKit/537.36 (KHTML, like Gecko; compatible; GPTBot/1.3; +https://openai.com/gptbot)"
74.7.243.130 - - [01/Mar/2026:15:07:58 +0000] "GET /whsy.php?p=%2Fproc%2F22809%2Fattr HTTP/2.0" 200 912 "https://www.shakalar.com.lab2454.com/whsy.php?p=%2Fproc%2F22809" "Mozilla/5.0 AppleWebKit/537.36 (KHTML, like Gecko; compatible; GPTBot/1.3; +https://openai.com/gptbot)"
74.7.227.188 - - [01/Mar/2026:15:07:59 +0000] "GET /whsy.php?e=pagemap&p=%2Fproc%2F32655 HTTP/2.0" 200 1936 "https://www.shakalar.com/whsy.php?p=%2Fproc%2F32655" "Mozilla/5.0 AppleWebKit/537.36 (KHTML, like Gecko; compatible; GPTBot/1.3; +https://openai.com/gptbot)"
74.7.243.130 - - [01/Mar/2026:15:08:02 +0000] "GET /whsy.php?p=%2Fproc%2F17687%2Fnet HTTP/2.0" 200 912 "https://www.shakalar.com.lab2454.com/whsy.php?p=%2Fproc%2F17687" "Mozilla/5.0 AppleWebKit/537.36 (KHTML, like Gecko; compatible; GPTBot/1.3; +https://openai.com/gptbot)"
74.7.227.188 - - [01/Mar/2026:15:08:03 +0000] "GET /whsy.php?e=pagemap&p=%2Fproc%2F26782 HTTP/2.0" 200 1936 "https://www.shakalar.com/whsy.php?p=%2Fproc%2F26782" "Mozilla/5.0 AppleWebKit/537.36 (KHTML, like Gecko; compatible; GPTBot/1.3; +https://openai.com/gptbot)"
74.7.227.54 - - [01/Mar/2026:15:08:05 +0000] "GET /whsy.php?p=%2Fproc%2F11146%2Ftask%2F9572%2Fnet HTTP/2.0" 200 2464 "https://shakalar.com/whsy.php?p=%2Fproc%2F11146%2Ftask%2F9572" "Mozilla/5.0 AppleWebKit/537.36 (KHTML, like Gecko; compatible; GPTBot/1.3; +https://openai.com/gptbot)"
74.7.243.130 - - [01/Mar/2026:15:08:07 +0000] "GET /whsy.php?p=%2Fproc%2F11328%2Fnet HTTP/2.0" 200 2440 "https://www.shakalar.com.lab2454.com/whsy.php?p=%2Fproc%2F11328" "Mozilla/5.0 AppleWebKit/537.36 (KHTML, like Gecko; compatible; GPTBot/1.3; +https://openai.com/gptbot)"
74.7.227.188 - - [01/Mar/2026:15:08:08 +0000] "GET /whsy.php?e=wchan&p=%2Fproc%2F11486 HTTP/2.0" 200 2005 "https://www.shakalar.com/whsy.php?p=%2Fproc%2F11486" "Mozilla/5.0 AppleWebKit/537.36 (KHTML, like Gecko; compatible; GPTBot/1.3; +https://openai.com/gptbot)"
74.7.243.130 - - [01/Mar/2026:15:08:12 +0000] "GET /whsy.php?p=%2Fproc%2F16552%2Fnet HTTP/2.0" 200 912 "https://www.shakalar.com.lab2454.com/whsy.php?p=%2Fproc%2F16552" "Mozilla/5.0 AppleWebKit/537.36 (KHTML, like Gecko; compatible; GPTBot/1.3; +https://openai.com/gptbot)"
74.7.227.188 - - [01/Mar/2026:15:08:13 +0000] "GET /whsy.php?e=statm&p=%2Fproc%2F32655 HTTP/2.0" 200 2009 "https://www.shakalar.com/whsy.php?p=%2Fproc%2F32655" "Mozilla/5.0 AppleWebKit/537.36 (KHTML, like Gecko; compatible; GPTBot/1.3; +https://openai.com/gptbot)"
74.7.243.130 - - [01/Mar/2026:15:08:16 +0000] "GET /whsy.php?p=%2Fproc%2F27419%2Fnet%2Fip6t_hashlimit HTTP/2.0" 200 502 "https://www.shakalar.com.lab2454.com/whsy.php?p=%2Fproc%2F27419%2Fnet" "Mozilla/5.0 AppleWebKit/537.36 (KHTML, like Gecko; compatible; GPTBot/1.3; +https://openai.com/gptbot)"
74.7.227.188 - - [01/Mar/2026:15:08:17 +0000] "GET /whsy.php?e=stack&p=%2Fproc%2F32655 HTTP/2.0" 200 1936 "https://www.shakalar.com/whsy.php?p=%2Fproc%2F32655" "Mozilla/5.0 AppleWebKit/537.36 (KHTML, like Gecko; compatible; GPTBot/1.3; +https://openai.com/gptbot)"
74.7.227.54 - - [01/Mar/2026:15:08:21 +0000] "GET /whsy.php?p=%2Fproc%2F11146%2Ftask%2F9358%2Fnet HTTP/2.0" 200 2463 "https://shakalar.com/whsy.php?p=%2Fproc%2F11146%2Ftask%2F9358" "Mozilla/5.0 AppleWebKit/537.36 (KHTML, like Gecko; compatible; GPTBot/1.3; +https://openai.com/gptbot)"
74.7.243.130 - - [01/Mar/2026:15:08:21 +0000] "GET /whsy.php?e=snmp&p=%2Fproc%2F27419%2Fnet HTTP/2.0" 200 3234 "https://www.shakalar.com.lab2454.com/whsy.php?p=%2Fproc%2F27419%2Fnet" "Mozilla/5.0 AppleWebKit/537.36 (KHTML, like Gecko; compatible; GPTBot/1.3; +https://openai.com/gptbot)"
74.7.230.1 - - [01/Mar/2026:15:08:21 +0000] "GET /robots.txt HTTP/2.0" 404 - "-" "Mozilla/5.0 (Macintosh; Intel Mac OS X 10_15_7) AppleWebKit/537.36 (KHTML, like Gecko) Chrome/131.0.0.0 Safari/537.36; compatible; OAI-SearchBot/1.3; robots.txt; +https://openai.com/searchbot"
74.7.227.188 - - [01/Mar/2026:15:08:22 +0000] "GET /whsy.php?e=wchan&p=%2Fproc%2F19138 HTTP/2.0" 200 2005 "https://www.shakalar.com/whsy.php?p=%2Fproc%2F19138" "Mozilla/5.0 AppleWebKit/537.36 (KHTML, like Gecko; compatible; GPTBot/1.3; +https://openai.com/gptbot)"
74.7.243.130 - - [01/Mar/2026:15:08:26 +0000] "GET /whsy.php?e=netlink&p=%2Fproc%2F27419%2Fnet HTTP/2.0" 200 2812 "https://www.shakalar.com.lab2454.com/whsy.php?p=%2Fproc%2F27419%2Fnet" "Mozilla/5.0 AppleWebKit/537.36 (KHTML, like Gecko; compatible; GPTBot/1.3; +https://openai.com/gptbot)"
74.7.227.188 - - [01/Mar/2026:15:08:27 +0000] "GET /whsy.php?e=sessionid&p=%2Fproc%2F29460 HTTP/2.0" 200 1989 "https://www.shakalar.com/whsy.php?p=%2Fproc%2F29460" "Mozilla/5.0 AppleWebKit/537.36 (KHTML, like Gecko; compatible; GPTBot/1.3; +https://openai.com/gptbot)"
74.7.243.130 - - [01/Mar/2026:15:08:31 +0000] "GET /whsy.php?e=udplite&p=%2Fproc%2F27419%2Fnet HTTP/2.0" 200 2583 "https://www.shakalar.com.lab2454.com/whsy.php?p=%2Fproc%2F27419%2Fnet" "Mozilla/5.0 AppleWebKit/537.36 (KHTML, like Gecko; compatible; GPTBot/1.3; +https://openai.com/gptbot)"
74.7.227.188 - - [01/Mar/2026:15:08:31 +0000] "GET /whsy.php?e=sessionid&p=%2Fproc%2F29451 HTTP/2.0" 200 1989 "https://www.shakalar.com/whsy.php?p=%2Fproc%2F29451" "Mozilla/5.0 AppleWebKit/537.36 (KHTML, like Gecko; compatible; GPTBot/1.3; +https://openai.com/gptbot)"
74.7.227.54 - - [01/Mar/2026:15:08:35 +0000] "GET /whsy.php?p=%2Fproc%2F11146%2Ftask%2F9357%2Fnet HTTP/2.0" 200 2465 "https://shakalar.com/whsy.php?p=%2Fproc%2F11146%2Ftask%2F9357" "Mozilla/5.0 AppleWebKit/537.36 (KHTML, like Gecko; compatible; GPTBot/1.3; +https://openai.com/gptbot)"
74.7.243.130 - - [01/Mar/2026:15:08:36 +0000] "GET /whsy.php?p=%2Fproc%2F16452%2Fattr HTTP/2.0" 200 912 "https://www.shakalar.com.lab2454.com/whsy.php?p=%2Fproc%2F16452" "Mozilla/5.0 AppleWebKit/537.36 (KHTML, like Gecko; compatible; GPTBot/1.3; +https://openai.com/gptbot)"
74.7.227.188 - - [01/Mar/2026:15:08:36 +0000] "GET /whsy.php?e=setgroups&p=%2Fproc%2F29460 HTTP/2.0" 200 1981 "https://www.shakalar.com/whsy.php?p=%2Fproc%2F29460" "Mozilla/5.0 AppleWebKit/537.36 (KHTML, like Gecko; compatible; GPTBot/1.3; +https://openai.com/gptbot)"
74.7.243.130 - - [01/Mar/2026:15:08:40 +0000] "GET /whsy.php?p=%2Fproc%2F21889%2Ftask HTTP/2.0" 200 912 "https://www.shakalar.com.lab2454.com/whsy.php?p=%2Fproc%2F21889" "Mozilla/5.0 AppleWebKit/537.36 (KHTML, like Gecko; compatible; GPTBot/1.3; +https://openai.com/gptbot)"
74.7.227.188 - - [01/Mar/2026:15:08:41 +0000] "GET /whsy.php?e=sessionid&p=%2Fproc%2F15023 HTTP/2.0" 200 2016 "https://www.shakalar.com/whsy.php?p=%2Fproc%2F15023" "Mozilla/5.0 AppleWebKit/537.36 (KHTML, like Gecko; compatible; GPTBot/1.3; +https://openai.com/gptbot)"
74.7.243.130 - - [01/Mar/2026:15:08:45 +0000] "GET /whsy.php?p=%2Fproc%2F14248%2Ftask HTTP/2.0" 200 912 "https://www.shakalar.com.lab2454.com/whsy.php?p=%2Fproc%2F14248" "Mozilla/5.0 AppleWebKit/537.36 (KHTML, like Gecko; compatible; GPTBot/1.3; +https://openai.com/gptbot)"
74.7.227.188 - - [01/Mar/2026:15:08:45 +0000] "GET /whsy.php?e=setgroups&p=%2Fproc%2F29451 HTTP/2.0" 200 1982 "https://www.shakalar.com/whsy.php?p=%2Fproc%2F29451" "Mozilla/5.0 AppleWebKit/537.36 (KHTML, like Gecko; compatible; GPTBot/1.3; +https://openai.com/gptbot)"
74.7.227.54 - - [01/Mar/2026:15:08:48 +0000] "GET /whsy.php?e=igmp&p=%2Fproc%2F11146%2Ftask%2F9356%2Fnet HTTP/2.0" 200 2614 "https://shakalar.com/whsy.php?p=%2Fproc%2F11146%2Ftask%2F9356%2Fnet" "Mozilla/5.0 AppleWebKit/537.36 (KHTML, like Gecko; compatible; GPTBot/1.3; +https://openai.com/gptbot)"
