74.7.243.130 - - [01/Mar/2026:13:53:30 +0000] "GET /whsy.php?p=%2Fproc%2F12974%2Fattr HTTP/2.0" 200 912 "https://www.shakalar.com.lab2454.com/whsy.php?p=%2Fproc%2F12974" "Mozilla/5.0 AppleWebKit/537.36 (KHTML, like Gecko; compatible; GPTBot/1.3; +https://openai.com/gptbot)"
74.7.227.188 - - [01/Mar/2026:13:53:33 +0000] "GET /whsy.php?p=%2Fproc%2F2925%2Fnet HTTP/2.0" 200 912 "https://www.shakalar.com/whsy.php?p=%2Fproc%2F2925" "Mozilla/5.0 AppleWebKit/537.36 (KHTML, like Gecko; compatible; GPTBot/1.3; +https://openai.com/gptbot)"
74.7.227.54 - - [01/Mar/2026:13:53:36 +0000] "GET /whsy.php?e=xfrm_stat&p=%2Fproc%2F16769%2Fnet HTTP/2.0" 200 2716 "https://shakalar.com/whsy.php?p=%2Fproc%2F16769%2Fnet" "Mozilla/5.0 AppleWebKit/537.36 (KHTML, like Gecko; compatible; GPTBot/1.3; +https://openai.com/gptbot)"
74.7.243.130 - - [01/Mar/2026:13:53:39 +0000] "GET /whsy.php?p=%2Fproc%2F20840%2Ftask HTTP/2.0" 200 912 "https://www.shakalar.com.lab2454.com/whsy.php?p=%2Fproc%2F20840" "Mozilla/5.0 AppleWebKit/537.36 (KHTML, like Gecko; compatible; GPTBot/1.3; +https://openai.com/gptbot)"
74.7.227.188 - - [01/Mar/2026:13:53:44 +0000] "GET /whsy.php?e=netlink&p=%2Fproc%2F8142%2Fnet HTTP/2.0" 200 2812 "https://www.shakalar.com/whsy.php?p=%2Fproc%2F8142%2Fnet" "Mozilla/5.0 AppleWebKit/537.36 (KHTML, like Gecko; compatible; GPTBot/1.3; +https://openai.com/gptbot)"
74.7.227.54 - - [01/Mar/2026:13:53:53 +0000] "GET /whsy.php?e=xfrm_stat&p=%2Fproc%2F30447%2Fnet HTTP/2.0" 200 912 "https://shakalar.com/whsy.php?p=%2Fproc%2F30447%2Fnet" "Mozilla/5.0 AppleWebKit/537.36 (KHTML, like Gecko; compatible; GPTBot/1.3; +https://openai.com/gptbot)"
74.7.243.130 - - [01/Mar/2026:13:53:59 +0000] "GET /whsy.php?p=%2Fproc%2F14755%2Fnet HTTP/2.0" 200 912 "https://www.shakalar.com.lab2454.com/whsy.php?p=%2Fproc%2F14755" "Mozilla/5.0 AppleWebKit/537.36 (KHTML, like Gecko; compatible; GPTBot/1.3; +https://openai.com/gptbot)"
74.7.227.188 - - [01/Mar/2026:13:54:02 +0000] "GET /whsy.php?e=udplite&p=%2Fproc%2F8142%2Fnet HTTP/2.0" 200 2583 "https://www.shakalar.com/whsy.php?p=%2Fproc%2F8142%2Fnet" "Mozilla/5.0 AppleWebKit/537.36 (KHTML, like Gecko; compatible; GPTBot/1.3; +https://openai.com/gptbot)"
74.7.227.54 - - [01/Mar/2026:13:54:06 +0000] "GET /whsy.php?e=dev_mcast&p=%2Fproc%2F18907%2Fnet HTTP/2.0" 200 2578 "https://shakalar.com/whsy.php?p=%2Fproc%2F18907%2Fnet" "Mozilla/5.0 AppleWebKit/537.36 (KHTML, like Gecko; compatible; GPTBot/1.3; +https://openai.com/gptbot)"
74.7.230.1 - - [01/Mar/2026:13:54:06 +0000] "GET /robots.txt HTTP/2.0" 404 - "-" "Mozilla/5.0 (Macintosh; Intel Mac OS X 10_15_7) AppleWebKit/537.36 (KHTML, like Gecko) Chrome/131.0.0.0 Safari/537.36; compatible; OAI-SearchBot/1.3; robots.txt; +https://openai.com/searchbot"
74.7.243.130 - - [01/Mar/2026:13:54:08 +0000] "GET /whsy.php?e=tls_stat&p=%2Fproc%2F11369%2Fnet HTTP/2.0" 200 2601 "https://www.shakalar.com.lab2454.com/whsy.php?p=%2Fproc%2F11369%2Fnet" "Mozilla/5.0 AppleWebKit/537.36 (KHTML, like Gecko; compatible; GPTBot/1.3; +https://openai.com/gptbot)"
74.7.227.188 - - [01/Mar/2026:13:54:11 +0000] "GET /whsy.php?e=prev&p=%2Fproc%2F31279%2Fattr HTTP/2.0" 200 859 "https://www.shakalar.com/whsy.php?p=%2Fproc%2F31279%2Fattr" "Mozilla/5.0 AppleWebKit/537.36 (KHTML, like Gecko; compatible; GPTBot/1.3; +https://openai.com/gptbot)"
74.7.243.130 - - [01/Mar/2026:13:54:19 +0000] "GET /whsy.php?e=netlink&p=%2Fproc%2F11369%2Fnet HTTP/2.0" 200 2812 "https://www.shakalar.com.lab2454.com/whsy.php?p=%2Fproc%2F11369%2Fnet" "Mozilla/5.0 AppleWebKit/537.36 (KHTML, like Gecko; compatible; GPTBot/1.3; +https://openai.com/gptbot)"
74.7.227.54 - - [01/Mar/2026:13:54:15 +0000] "GET /whsy.php?e=dev_mcast&p=%2Fproc%2F16769%2Fnet HTTP/2.0" 200 2578 "https://shakalar.com/whsy.php?p=%2Fproc%2F16769%2Fnet" "Mozilla/5.0 AppleWebKit/537.36 (KHTML, like Gecko; compatible; GPTBot/1.3; +https://openai.com/gptbot)"
74.7.227.188 - - [01/Mar/2026:13:54:23 +0000] "GET /whsy.php?p=%2Fproc%2F8142%2Fnet%2Fnetfilter HTTP/2.0" 200 731 "https://www.shakalar.com/whsy.php?p=%2Fproc%2F8142%2Fnet" "Mozilla/5.0 AppleWebKit/537.36 (KHTML, like Gecko; compatible; GPTBot/1.3; +https://openai.com/gptbot)"
74.7.227.54 - - [01/Mar/2026:13:54:31 +0000] "GET /whsy.php?e=xfrm_stat&p=%2Fproc%2F18907%2Fnet HTTP/2.0" 200 2716 "https://shakalar.com/whsy.php?p=%2Fproc%2F18907%2Fnet" "Mozilla/5.0 AppleWebKit/537.36 (KHTML, like Gecko; compatible; GPTBot/1.3; +https://openai.com/gptbot)"
74.7.243.130 - - [01/Mar/2026:13:54:35 +0000] "GET /whsy.php?p=%2Fproc%2F28517%2Ftask HTTP/2.0" 200 912 "https://www.shakalar.com.lab2454.com/whsy.php?p=%2Fproc%2F28517" "Mozilla/5.0 AppleWebKit/537.36 (KHTML, like Gecko; compatible; GPTBot/1.3; +https://openai.com/gptbot)"
74.7.227.188 - - [01/Mar/2026:13:54:37 +0000] "GET /whsy.php?e=tls_stat&p=%2Fproc%2F8142%2Fnet HTTP/2.0" 200 2600 "https://www.shakalar.com/whsy.php?p=%2Fproc%2F8142%2Fnet" "Mozilla/5.0 AppleWebKit/537.36 (KHTML, like Gecko; compatible; GPTBot/1.3; +https://openai.com/gptbot)"
74.7.227.54 - - [01/Mar/2026:13:54:41 +0000] "GET /whsy.php?e=dev_mcast&p=%2Fproc%2F30447%2Fnet HTTP/2.0" 200 912 "https://shakalar.com/whsy.php?p=%2Fproc%2F30447%2Fnet" "Mozilla/5.0 AppleWebKit/537.36 (KHTML, like Gecko; compatible; GPTBot/1.3; +https://openai.com/gptbot)"
74.7.243.130 - - [01/Mar/2026:13:54:44 +0000] "GET /whsy.php?p=%2Fproc%2F27443%2Fnet HTTP/2.0" 200 912 "https://www.shakalar.com.lab2454.com/whsy.php?p=%2Fproc%2F27443" "Mozilla/5.0 AppleWebKit/537.36 (KHTML, like Gecko; compatible; GPTBot/1.3; +https://openai.com/gptbot)"
74.7.227.188 - - [01/Mar/2026:13:54:45 +0000] "GET /whsy.php?e=ip_mr_vif&p=%2Fproc%2F8142%2Fnet HTTP/2.0" 200 2551 "https://www.shakalar.com/whsy.php?p=%2Fproc%2F8142%2Fnet" "Mozilla/5.0 AppleWebKit/537.36 (KHTML, like Gecko; compatible; GPTBot/1.3; +https://openai.com/gptbot)"
74.7.227.54 - - [01/Mar/2026:13:54:49 +0000] "GET /whsy.php?p=%2Fproc%2F11146%2Ftask%2F12489%2Fnet%2Fdev_snmp6 HTTP/2.0" 200 1002 "https://shakalar.com/whsy.php?p=%2Fproc%2F11146%2Ftask%2F12489%2Fnet" "Mozilla/5.0 AppleWebKit/537.36 (KHTML, like Gecko; compatible; GPTBot/1.3; +https://openai.com/gptbot)"
74.7.243.130 - - [01/Mar/2026:13:54:52 +0000] "GET /whsy.php?p=%2Fproc%2F28830%2Fattr HTTP/2.0" 200 912 "https://www.shakalar.com.lab2454.com/whsy.php?p=%2Fproc%2F28830" "Mozilla/5.0 AppleWebKit/537.36 (KHTML, like Gecko; compatible; GPTBot/1.3; +https://openai.com/gptbot)"
74.7.227.188 - - [01/Mar/2026:13:54:54 +0000] "GET /whsy.php?e=psched&p=%2Fproc%2F8142%2Fnet HTTP/2.0" 200 2530 "https://www.shakalar.com/whsy.php?p=%2Fproc%2F8142%2Fnet" "Mozilla/5.0 AppleWebKit/537.36 (KHTML, like Gecko; compatible; GPTBot/1.3; +https://openai.com/gptbot)"
74.7.227.54 - - [01/Mar/2026:13:54:57 +0000] "GET /whsy.php?p=%2Fproc%2F11146%2Ftask%2F12800%2Fnet%2Fdev_snmp6 HTTP/2.0" 200 912 "https://shakalar.com/whsy.php?p=%2Fproc%2F11146%2Ftask%2F12800%2Fnet" "Mozilla/5.0 AppleWebKit/537.36 (KHTML, like Gecko; compatible; GPTBot/1.3; +https://openai.com/gptbot)"
74.7.243.130 - - [01/Mar/2026:13:55:00 +0000] "GET /whsy.php?p=%2Fproc%2F23539%2Ftask HTTP/2.0" 200 912 "https://www.shakalar.com.lab2454.com/whsy.php?p=%2Fproc%2F23539" "Mozilla/5.0 AppleWebKit/537.36 (KHTML, like Gecko; compatible; GPTBot/1.3; +https://openai.com/gptbot)"
74.7.227.188 - - [01/Mar/2026:13:55:01 +0000] "GET /whsy.php?e=smaps_rollup&p=%2Fproc%2F2925 HTTP/2.0" 200 912 "https://www.shakalar.com/whsy.php?p=%2Fproc%2F2925" "Mozilla/5.0 AppleWebKit/537.36 (KHTML, like Gecko; compatible; GPTBot/1.3; +https://openai.com/gptbot)"
74.7.227.54 - - [01/Mar/2026:13:55:06 +0000] "GET /whsy.php?p=%2Fproc%2F11146%2Ftask%2F12792%2Fnet%2Fdev_snmp6 HTTP/2.0" 200 912 "https://shakalar.com/whsy.php?p=%2Fproc%2F11146%2Ftask%2F12792%2Fnet" "Mozilla/5.0 AppleWebKit/537.36 (KHTML, like Gecko; compatible; GPTBot/1.3; +https://openai.com/gptbot)"
74.7.243.130 - - [01/Mar/2026:13:55:09 +0000] "GET /whsy.php?p=%2Fproc%2F31296%2Ftask%2F31323 HTTP/2.0" 200 1801 "https://www.shakalar.com.lab2454.com/whsy.php?p=%2Fproc%2F31296%2Ftask" "Mozilla/5.0 AppleWebKit/537.36 (KHTML, like Gecko; compatible; GPTBot/1.3; +https://openai.com/gptbot)"
74.7.227.188 - - [01/Mar/2026:13:55:11 +0000] "GET /whsy.php?e=tcp6&p=%2Fproc%2F8142%2Fnet HTTP/2.0" 200 4479 "https://www.shakalar.com/whsy.php?p=%2Fproc%2F8142%2Fnet" "Mozilla/5.0 AppleWebKit/537.36 (KHTML, like Gecko; compatible; GPTBot/1.3; +https://openai.com/gptbot)"
74.7.227.54 - - [01/Mar/2026:13:55:14 +0000] "GET /whsy.php?p=%2Fproc%2F11146%2Ftask%2F12781%2Fnet%2Fdev_snmp6 HTTP/2.0" 200 912 "https://shakalar.com/whsy.php?p=%2Fproc%2F11146%2Ftask%2F12781%2Fnet" "Mozilla/5.0 AppleWebKit/537.36 (KHTML, like Gecko; compatible; GPTBot/1.3; +https://openai.com/gptbot)"
74.7.243.130 - - [01/Mar/2026:13:55:16 +0000] "GET /whsy.php?p=%2Fproc%2F31296%2Ftask%2F31331 HTTP/2.0" 200 1801 "https://www.shakalar.com.lab2454.com/whsy.php?p=%2Fproc%2F31296%2Ftask" "Mozilla/5.0 AppleWebKit/537.36 (KHTML, like Gecko; compatible; GPTBot/1.3; +https://openai.com/gptbot)"
74.7.227.188 - - [01/Mar/2026:13:55:18 +0000] "GET /whsy.php?e=tcp&p=%2Fproc%2F31279%2Fnet HTTP/2.0" 200 12335 "https://www.shakalar.com/whsy.php?p=%2Fproc%2F31279%2Fnet" "Mozilla/5.0 AppleWebKit/537.36 (KHTML, like Gecko; compatible; GPTBot/1.3; +https://openai.com/gptbot)"
74.7.227.54 - - [01/Mar/2026:13:55:20 +0000] "GET /whsy.php?p=%2Fproc%2F11146%2Ftask%2F12885%2Fnet%2Fdev_snmp6 HTTP/2.0" 200 912 "https://shakalar.com/whsy.php?p=%2Fproc%2F11146%2Ftask%2F12885%2Fnet" "Mozilla/5.0 AppleWebKit/537.36 (KHTML, like Gecko; compatible; GPTBot/1.3; +https://openai.com/gptbot)"
74.7.243.130 - - [01/Mar/2026:13:55:22 +0000] "GET /whsy.php?p=%2Fproc%2F31296%2Ftask%2F31321 HTTP/2.0" 200 1801 "https://www.shakalar.com.lab2454.com/whsy.php?p=%2Fproc%2F31296%2Ftask" "Mozilla/5.0 AppleWebKit/537.36 (KHTML, like Gecko; compatible; GPTBot/1.3; +https://openai.com/gptbot)"
74.7.227.188 - - [01/Mar/2026:13:55:24 +0000] "GET /whsy.php?p=%2Fproc%2F8142%2Fnet%2Frpc HTTP/2.0" 200 859 "https://www.shakalar.com/whsy.php?p=%2Fproc%2F8142%2Fnet" "Mozilla/5.0 AppleWebKit/537.36 (KHTML, like Gecko; compatible; GPTBot/1.3; +https://openai.com/gptbot)"
74.7.227.54 - - [01/Mar/2026:13:55:27 +0000] "GET /whsy.php?p=%2Fproc%2F11146%2Ftask%2F12808%2Fnet%2Fdev_snmp6 HTTP/2.0" 200 912 "https://shakalar.com/whsy.php?p=%2Fproc%2F11146%2Ftask%2F12808%2Fnet" "Mozilla/5.0 AppleWebKit/537.36 (KHTML, like Gecko; compatible; GPTBot/1.3; +https://openai.com/gptbot)"
74.7.243.130 - - [01/Mar/2026:13:55:32 +0000] "GET /whsy.php?p=%2Fproc%2F31296%2Ftask%2F31312 HTTP/2.0" 200 1800 "https://www.shakalar.com.lab2454.com/whsy.php?p=%2Fproc%2F31296%2Ftask" "Mozilla/5.0 AppleWebKit/537.36 (KHTML, like Gecko; compatible; GPTBot/1.3; +https://openai.com/gptbot)"
74.7.227.188 - - [01/Mar/2026:13:55:34 +0000] "GET /whsy.php?e=if_inet6&p=%2Fproc%2F8142%2Fnet HTTP/2.0" 200 2569 "https://www.shakalar.com/whsy.php?p=%2Fproc%2F8142%2Fnet" "Mozilla/5.0 AppleWebKit/537.36 (KHTML, like Gecko; compatible; GPTBot/1.3; +https://openai.com/gptbot)"
74.7.227.54 - - [01/Mar/2026:13:55:39 +0000] "GET /whsy.php?p=%2Fproc%2F11146%2Ftask%2F12774%2Fnet%2Fdev_snmp6 HTTP/2.0" 200 1003 "https://shakalar.com/whsy.php?p=%2Fproc%2F11146%2Ftask%2F12774%2Fnet" "Mozilla/5.0 AppleWebKit/537.36 (KHTML, like Gecko; compatible; GPTBot/1.3; +https://openai.com/gptbot)"
74.7.243.130 - - [01/Mar/2026:13:55:48 +0000] "GET /whsy.php?p=%2Fproc%2F31296%2Ftask%2F31311 HTTP/2.0" 200 1801 "https://www.shakalar.com.lab2454.com/whsy.php?p=%2Fproc%2F31296%2Ftask" "Mozilla/5.0 AppleWebKit/537.36 (KHTML, like Gecko; compatible; GPTBot/1.3; +https://openai.com/gptbot)"
74.7.227.188 - - [01/Mar/2026:13:55:50 +0000] "GET /whsy.php?e=psched&p=%2Fproc%2F31279%2Fnet HTTP/2.0" 200 2532 "https://www.shakalar.com/whsy.php?p=%2Fproc%2F31279%2Fnet" "Mozilla/5.0 AppleWebKit/537.36 (KHTML, like Gecko; compatible; GPTBot/1.3; +https://openai.com/gptbot)"
74.7.227.54 - - [01/Mar/2026:13:55:54 +0000] "GET /whsy.php?e=pppoe&p=%2Fproc%2F11146%2Ftask%2F11151%2Fnet HTTP/2.0" 200 2547 "https://shakalar.com/whsy.php?p=%2Fproc%2F11146%2Ftask%2F11151%2Fnet" "Mozilla/5.0 AppleWebKit/537.36 (KHTML, like Gecko; compatible; GPTBot/1.3; +https://openai.com/gptbot)"
74.7.243.130 - - [01/Mar/2026:13:55:57 +0000] "GET /whsy.php?p=%2Fproc%2F31296%2Ftask%2F31322 HTTP/2.0" 200 1801 "https://www.shakalar.com.lab2454.com/whsy.php?p=%2Fproc%2F31296%2Ftask" "Mozilla/5.0 AppleWebKit/537.36 (KHTML, like Gecko; compatible; GPTBot/1.3; +https://openai.com/gptbot)"
74.7.227.188 - - [01/Mar/2026:13:55:59 +0000] "GET /whsy.php?p=%2Fproc%2F26186%2Ffdinfo HTTP/2.0" 200 912 "https://www.shakalar.com/whsy.php?p=%2Fproc%2F26186" "Mozilla/5.0 AppleWebKit/537.36 (KHTML, like Gecko; compatible; GPTBot/1.3; +https://openai.com/gptbot)"
74.7.227.54 - - [01/Mar/2026:13:56:01 +0000] "GET /whsy.php?e=pppoe&p=%2Fproc%2F11146%2Ftask%2F11161%2Fnet HTTP/2.0" 200 2546 "https://shakalar.com/whsy.php?p=%2Fproc%2F11146%2Ftask%2F11161%2Fnet" "Mozilla/5.0 AppleWebKit/537.36 (KHTML, like Gecko; compatible; GPTBot/1.3; +https://openai.com/gptbot)"
74.7.243.130 - - [01/Mar/2026:13:56:03 +0000] "GET /whsy.php?p=%2Fproc%2F31296%2Ftask%2F31319 HTTP/2.0" 200 1801 "https://www.shakalar.com.lab2454.com/whsy.php?p=%2Fproc%2F31296%2Ftask" "Mozilla/5.0 AppleWebKit/537.36 (KHTML, like Gecko; compatible; GPTBot/1.3; +https://openai.com/gptbot)"
74.7.227.188 - - [01/Mar/2026:13:56:05 +0000] "GET /whsy.php?p=%2Fproc%2F15126%2Ffdinfo HTTP/2.0" 200 912 "https://www.shakalar.com/whsy.php?p=%2Fproc%2F15126" "Mozilla/5.0 AppleWebKit/537.36 (KHTML, like Gecko; compatible; GPTBot/1.3; +https://openai.com/gptbot)"
74.7.227.54 - - [01/Mar/2026:13:56:07 +0000] "GET /whsy.php?e=pppoe&p=%2Fproc%2F11146%2Ftask%2F11162%2Fnet HTTP/2.0" 200 2546 "https://shakalar.com/whsy.php?p=%2Fproc%2F11146%2Ftask%2F11162%2Fnet" "Mozilla/5.0 AppleWebKit/537.36 (KHTML, like Gecko; compatible; GPTBot/1.3; +https://openai.com/gptbot)"
74.7.243.130 - - [01/Mar/2026:13:56:09 +0000] "GET /whsy.php?p=%2Fproc%2F31296%2Ftask%2F31286 HTTP/2.0" 200 1800 "https://www.shakalar.com.lab2454.com/whsy.php?p=%2Fproc%2F31296%2Ftask" "Mozilla/5.0 AppleWebKit/537.36 (KHTML, like Gecko; compatible; GPTBot/1.3; +https://openai.com/gptbot)"
74.7.244.52 - - [01/Mar/2026:13:56:09 +0000] "GET /robots.txt HTTP/2.0" 404 - "-" "Mozilla/5.0 (Macintosh; Intel Mac OS X 10_15_7) AppleWebKit/537.36 (KHTML, like Gecko) Chrome/131.0.0.0 Safari/537.36; compatible; OAI-SearchBot/1.3; robots.txt; +https://openai.com/searchbot"
74.7.227.188 - - [01/Mar/2026:13:56:10 +0000] "GET /whsy.php?p=%2Fproc%2F11932%2Ffdinfo HTTP/2.0" 200 912 "https://www.shakalar.com/whsy.php?p=%2Fproc%2F11932" "Mozilla/5.0 AppleWebKit/537.36 (KHTML, like Gecko; compatible; GPTBot/1.3; +https://openai.com/gptbot)"
74.7.227.54 - - [01/Mar/2026:13:56:12 +0000] "GET /whsy.php?e=pppoe&p=%2Fproc%2F11146%2Ftask%2F11152%2Fnet HTTP/2.0" 200 2547 "https://shakalar.com/whsy.php?p=%2Fproc%2F11146%2Ftask%2F11152%2Fnet" "Mozilla/5.0 AppleWebKit/537.36 (KHTML, like Gecko; compatible; GPTBot/1.3; +https://openai.com/gptbot)"
74.7.243.130 - - [01/Mar/2026:13:56:13 +0000] "GET /whsy.php?p=%2Fproc%2F31296%2Ftask%2F31317 HTTP/2.0" 200 1801 "https://www.shakalar.com.lab2454.com/whsy.php?p=%2Fproc%2F31296%2Ftask" "Mozilla/5.0 AppleWebKit/537.36 (KHTML, like Gecko; compatible; GPTBot/1.3; +https://openai.com/gptbot)"
74.7.227.188 - - [01/Mar/2026:13:56:14 +0000] "GET /whsy.php?e=environ&p=%2Fproc%2F2925 HTTP/2.0" 200 912 "https://www.shakalar.com/whsy.php?p=%2Fproc%2F2925" "Mozilla/5.0 AppleWebKit/537.36 (KHTML, like Gecko; compatible; GPTBot/1.3; +https://openai.com/gptbot)"
74.7.227.54 - - [01/Mar/2026:13:56:16 +0000] "GET /whsy.php?e=arp_tables_targets&p=%2Fproc%2F11146%2Ftask%2F11232%2Fnet HTTP/2.0" 200 2466 "https://shakalar.com/whsy.php?p=%2Fproc%2F11146%2Ftask%2F11232%2Fnet" "Mozilla/5.0 AppleWebKit/537.36 (KHTML, like Gecko; compatible; GPTBot/1.3; +https://openai.com/gptbot)"
74.7.243.130 - - [01/Mar/2026:13:56:17 +0000] "GET /whsy.php?p=%2Fproc%2F31296%2Ftask%2F31279 HTTP/2.0" 200 1802 "https://www.shakalar.com.lab2454.com/whsy.php?p=%2Fproc%2F31296%2Ftask" "Mozilla/5.0 AppleWebKit/537.36 (KHTML, like Gecko; compatible; GPTBot/1.3; +https://openai.com/gptbot)"
74.7.227.188 - - [01/Mar/2026:13:56:19 +0000] "GET /whsy.php?p=%2Fproc%2F31279%2Fnet%2Fip6t_hashlimit HTTP/2.0" 200 501 "https://www.shakalar.com/whsy.php?p=%2Fproc%2F31279%2Fnet" "Mozilla/5.0 AppleWebKit/537.36 (KHTML, like Gecko; compatible; GPTBot/1.3; +https://openai.com/gptbot)"
74.7.227.54 - - [01/Mar/2026:13:56:21 +0000] "GET /whsy.php?e=arp_tables_targets&p=%2Fproc%2F11146%2Ftask%2F11252%2Fnet HTTP/2.0" 200 2466 "https://shakalar.com/whsy.php?p=%2Fproc%2F11146%2Ftask%2F11252%2Fnet" "Mozilla/5.0 AppleWebKit/537.36 (KHTML, like Gecko; compatible; GPTBot/1.3; +https://openai.com/gptbot)"
74.7.243.130 - - [01/Mar/2026:13:56:22 +0000] "GET /whsy.php?p=%2Fproc%2F31296%2Ftask%2F31320 HTTP/2.0" 200 1802 "https://www.shakalar.com.lab2454.com/whsy.php?p=%2Fproc%2F31296%2Ftask" "Mozilla/5.0 AppleWebKit/537.36 (KHTML, like Gecko; compatible; GPTBot/1.3; +https://openai.com/gptbot)"
74.7.227.188 - - [01/Mar/2026:13:56:23 +0000] "GET /whsy.php?e=syscall&p=%2Fproc%2F2925 HTTP/2.0" 200 912 "https://www.shakalar.com/whsy.php?p=%2Fproc%2F2925" "Mozilla/5.0 AppleWebKit/537.36 (KHTML, like Gecko; compatible; GPTBot/1.3; +https://openai.com/gptbot)"
74.7.227.54 - - [01/Mar/2026:13:56:25 +0000] "GET /whsy.php?e=arp_tables_targets&p=%2Fproc%2F11146%2Ftask%2F11151%2Fnet HTTP/2.0" 200 2467 "https://shakalar.com/whsy.php?p=%2Fproc%2F11146%2Ftask%2F11151%2Fnet" "Mozilla/5.0 AppleWebKit/537.36 (KHTML, like Gecko; compatible; GPTBot/1.3; +https://openai.com/gptbot)"
74.7.243.130 - - [01/Mar/2026:13:56:26 +0000] "GET /whsy.php?p=%2Fproc%2F31296%2Ftask%2F31323%2Fattr HTTP/2.0" 200 818 "https://www.shakalar.com.lab2454.com/whsy.php?p=%2Fproc%2F31296%2Ftask%2F31323" "Mozilla/5.0 AppleWebKit/537.36 (KHTML, like Gecko; compatible; GPTBot/1.3; +https://openai.com/gptbot)"
74.7.227.188 - - [01/Mar/2026:13:56:27 +0000] "GET /whsy.php?e=pagemap&p=%2Fproc%2F2925 HTTP/2.0" 200 912 "https://www.shakalar.com/whsy.php?p=%2Fproc%2F2925" "Mozilla/5.0 AppleWebKit/537.36 (KHTML, like Gecko; compatible; GPTBot/1.3; +https://openai.com/gptbot)"
74.7.227.54 - - [01/Mar/2026:13:56:29 +0000] "GET /whsy.php?e=arp_tables_targets&p=%2Fproc%2F11146%2Ftask%2F11246%2Fnet HTTP/2.0" 200 2466 "https://shakalar.com/whsy.php?p=%2Fproc%2F11146%2Ftask%2F11246%2Fnet" "Mozilla/5.0 AppleWebKit/537.36 (KHTML, like Gecko; compatible; GPTBot/1.3; +https://openai.com/gptbot)"
74.7.243.130 - - [01/Mar/2026:13:56:31 +0000] "GET /whsy.php?p=%2Fproc%2F31296%2Ftask%2F31331%2Fattr HTTP/2.0" 200 818 "https://www.shakalar.com.lab2454.com/whsy.php?p=%2Fproc%2F31296%2Ftask%2F31331" "Mozilla/5.0 AppleWebKit/537.36 (KHTML, like Gecko; compatible; GPTBot/1.3; +https://openai.com/gptbot)"
74.7.227.188 - - [01/Mar/2026:13:56:32 +0000] "GET /whsy.php?p=%2Fproc%2F8142%2Fnet%2Fipt_hashlimit HTTP/2.0" 200 499 "https://www.shakalar.com/whsy.php?p=%2Fproc%2F8142%2Fnet" "Mozilla/5.0 AppleWebKit/537.36 (KHTML, like Gecko; compatible; GPTBot/1.3; +https://openai.com/gptbot)"
74.7.227.54 - - [01/Mar/2026:13:56:34 +0000] "GET /whsy.php?e=ip_tables_targets&p=%2Fproc%2F11146%2Ftask%2F11162%2Fnet HTTP/2.0" 200 2465 "https://shakalar.com/whsy.php?p=%2Fproc%2F11146%2Ftask%2F11162%2Fnet" "Mozilla/5.0 AppleWebKit/537.36 (KHTML, like Gecko; compatible; GPTBot/1.3; +https://openai.com/gptbot)"
74.7.243.130 - - [01/Mar/2026:13:56:36 +0000] "GET /whsy.php?p=%2Fproc%2F31296%2Ftask%2F31321%2Fattr HTTP/2.0" 200 818 "https://www.shakalar.com.lab2454.com/whsy.php?p=%2Fproc%2F31296%2Ftask%2F31321" "Mozilla/5.0 AppleWebKit/537.36 (KHTML, like Gecko; compatible; GPTBot/1.3; +https://openai.com/gptbot)"
74.7.227.188 - - [01/Mar/2026:13:56:37 +0000] "GET /whsy.php?e=nfs&p=%2Fproc%2F8142%2Fnet%2Frpc HTTP/2.0" 200 952 "https://www.shakalar.com/whsy.php?p=%2Fproc%2F8142%2Fnet%2Frpc" "Mozilla/5.0 AppleWebKit/537.36 (KHTML, like Gecko; compatible; GPTBot/1.3; +https://openai.com/gptbot)"
74.7.227.188 - - [01/Mar/2026:13:56:43 +0000] "GET /whsy.php?e=rt_cache&p=%2Fproc%2F8142%2Fnet HTTP/2.0" 200 2597 "https://www.shakalar.com/whsy.php?p=%2Fproc%2F8142%2Fnet" "Mozilla/5.0 AppleWebKit/537.36 (KHTML, like Gecko; compatible; GPTBot/1.3; +https://openai.com/gptbot)"
74.7.227.54 - - [01/Mar/2026:13:56:46 +0000] "GET /whsy.php?e=ip6_tables_targets&p=%2Fproc%2F11146%2Ftask%2F11162%2Fnet HTTP/2.0" 200 2465 "https://shakalar.com/whsy.php?p=%2Fproc%2F11146%2Ftask%2F11162%2Fnet" "Mozilla/5.0 AppleWebKit/537.36 (KHTML, like Gecko; compatible; GPTBot/1.3; +https://openai.com/gptbot)"
74.7.243.130 - - [01/Mar/2026:13:56:48 +0000] "GET /whsy.php?p=%2Fproc%2F31296%2Ftask%2F31311%2Fattr HTTP/2.0" 200 818 "https://www.shakalar.com.lab2454.com/whsy.php?p=%2Fproc%2F31296%2Ftask%2F31311" "Mozilla/5.0 AppleWebKit/537.36 (KHTML, like Gecko; compatible; GPTBot/1.3; +https://openai.com/gptbot)"
74.7.227.188 - - [01/Mar/2026:13:56:50 +0000] "GET /whsy.php?e=sockstat6&p=%2Fproc%2F8142%2Fnet HTTP/2.0" 200 2561 "https://www.shakalar.com/whsy.php?p=%2Fproc%2F8142%2Fnet" "Mozilla/5.0 AppleWebKit/537.36 (KHTML, like Gecko; compatible; GPTBot/1.3; +https://openai.com/gptbot)"
74.7.227.54 - - [01/Mar/2026:13:56:53 +0000] "GET /whsy.php?e=arp_tables_matches&p=%2Fproc%2F11146%2Ftask%2F11252%2Fnet HTTP/2.0" 200 2466 "https://shakalar.com/whsy.php?p=%2Fproc%2F11146%2Ftask%2F11252%2Fnet" "Mozilla/5.0 AppleWebKit/537.36 (KHTML, like Gecko; compatible; GPTBot/1.3; +https://openai.com/gptbot)"
74.7.243.130 - - [01/Mar/2026:13:56:57 +0000] "GET /whsy.php?p=%2Fproc%2F31296%2Ftask%2F31322%2Fattr HTTP/2.0" 200 818 "https://www.shakalar.com.lab2454.com/whsy.php?p=%2Fproc%2F31296%2Ftask%2F31322" "Mozilla/5.0 AppleWebKit/537.36 (KHTML, like Gecko; compatible; GPTBot/1.3; +https://openai.com/gptbot)"
74.7.227.188 - - [01/Mar/2026:13:56:59 +0000] "GET /whsy.php?e=sockstat&p=%2Fproc%2F31279%2Fnet HTTP/2.0" 200 2605 "https://www.shakalar.com/whsy.php?p=%2Fproc%2F31279%2Fnet" "Mozilla/5.0 AppleWebKit/537.36 (KHTML, like Gecko; compatible; GPTBot/1.3; +https://openai.com/gptbot)"
74.7.227.54 - - [01/Mar/2026:13:57:03 +0000] "GET /whsy.php?e=arp_tables_matches&p=%2Fproc%2F11146%2Ftask%2F11161%2Fnet HTTP/2.0" 200 2465 "https://shakalar.com/whsy.php?p=%2Fproc%2F11146%2Ftask%2F11161%2Fnet" "Mozilla/5.0 AppleWebKit/537.36 (KHTML, like Gecko; compatible; GPTBot/1.3; +https://openai.com/gptbot)"
74.7.243.130 - - [01/Mar/2026:13:57:05 +0000] "GET /whsy.php?e=oom_score&p=%2Fproc%2F31296%2Ftask%2F31322 HTTP/2.0" 200 1870 "https://www.shakalar.com.lab2454.com/whsy.php?p=%2Fproc%2F31296%2Ftask%2F31322" "Mozilla/5.0 AppleWebKit/537.36 (KHTML, like Gecko; compatible; GPTBot/1.3; +https://openai.com/gptbot)"
74.7.227.188 - - [01/Mar/2026:13:57:08 +0000] "GET /whsy.php?e=rt_cache&p=%2Fproc%2F31279%2Fnet HTTP/2.0" 200 2598 "https://www.shakalar.com/whsy.php?p=%2Fproc%2F31279%2Fnet" "Mozilla/5.0 AppleWebKit/537.36 (KHTML, like Gecko; compatible; GPTBot/1.3; +https://openai.com/gptbot)"
74.7.227.54 - - [01/Mar/2026:13:57:12 +0000] "GET /whsy.php?e=arp_tables_matches&p=%2Fproc%2F11146%2Ftask%2F11232%2Fnet HTTP/2.0" 200 2466 "https://shakalar.com/whsy.php?p=%2Fproc%2F11146%2Ftask%2F11232%2Fnet" "Mozilla/5.0 AppleWebKit/537.36 (KHTML, like Gecko; compatible; GPTBot/1.3; +https://openai.com/gptbot)"
74.7.243.130 - - [01/Mar/2026:13:57:15 +0000] "GET /whsy.php?e=exe&p=%2Fproc%2F31296%2Ftask%2F31322 HTTP/2.0" 200 1801 "https://www.shakalar.com.lab2454.com/whsy.php?p=%2Fproc%2F31296%2Ftask%2F31322" "Mozilla/5.0 AppleWebKit/537.36 (KHTML, like Gecko; compatible; GPTBot/1.3; +https://openai.com/gptbot)"
74.7.227.188 - - [01/Mar/2026:13:57:18 +0000] "GET /whsy.php?e=current&p=%2Fproc%2F31279%2Fattr HTTP/2.0" 200 848 "https://www.shakalar.com/whsy.php?p=%2Fproc%2F31279%2Fattr" "Mozilla/5.0 AppleWebKit/537.36 (KHTML, like Gecko; compatible; GPTBot/1.3; +https://openai.com/gptbot)"
74.7.227.54 - - [01/Mar/2026:13:57:22 +0000] "GET /whsy.php?e=ip6_tables_targets&p=%2Fproc%2F11146%2Ftask%2F11161%2Fnet HTTP/2.0" 200 2465 "https://shakalar.com/whsy.php?p=%2Fproc%2F11146%2Ftask%2F11161%2Fnet" "Mozilla/5.0 AppleWebKit/537.36 (KHTML, like Gecko; compatible; GPTBot/1.3; +https://openai.com/gptbot)"
74.7.243.130 - - [01/Mar/2026:13:57:23 +0000] "GET /whsy.php?e=pagemap&p=%2Fproc%2F31296%2Ftask%2F31311 HTTP/2.0" 200 1801 "https://www.shakalar.com.lab2454.com/whsy.php?p=%2Fproc%2F31296%2Ftask%2F31311" "Mozilla/5.0 AppleWebKit/537.36 (KHTML, like Gecko; compatible; GPTBot/1.3; +https://openai.com/gptbot)"
74.7.227.188 - - [01/Mar/2026:13:57:25 +0000] "GET /whsy.php?e=rt6_stats&p=%2Fproc%2F8142%2Fnet HTTP/2.0" 200 2529 "https://www.shakalar.com/whsy.php?p=%2Fproc%2F8142%2Fnet" "Mozilla/5.0 AppleWebKit/537.36 (KHTML, like Gecko; compatible; GPTBot/1.3; +https://openai.com/gptbot)"
74.7.227.54 - - [01/Mar/2026:13:57:27 +0000] "GET /whsy.php?e=arp_tables_targets&p=%2Fproc%2F11146%2Ftask%2F11231%2Fnet HTTP/2.0" 200 2466 "https://shakalar.com/whsy.php?p=%2Fproc%2F11146%2Ftask%2F11231%2Fnet" "Mozilla/5.0 AppleWebKit/537.36 (KHTML, like Gecko; compatible; GPTBot/1.3; +https://openai.com/gptbot)"
74.7.243.130 - - [01/Mar/2026:13:57:29 +0000] "GET /whsy.php?e=pagemap&p=%2Fproc%2F31296%2Ftask%2F31331 HTTP/2.0" 200 1801 "https://www.shakalar.com.lab2454.com/whsy.php?p=%2Fproc%2F31296%2Ftask%2F31331" "Mozilla/5.0 AppleWebKit/537.36 (KHTML, like Gecko; compatible; GPTBot/1.3; +https://openai.com/gptbot)"
74.7.227.188 - - [01/Mar/2026:13:57:31 +0000] "GET /whsy.php?e=anycast6&p=%2Fproc%2F8142%2Fnet HTTP/2.0" 200 2506 "https://www.shakalar.com/whsy.php?p=%2Fproc%2F8142%2Fnet" "Mozilla/5.0 AppleWebKit/537.36 (KHTML, like Gecko; compatible; GPTBot/1.3; +https://openai.com/gptbot)"
74.7.227.54 - - [01/Mar/2026:13:57:34 +0000] "GET /whsy.php?e=arp_tables_targets&p=%2Fproc%2F11146%2Ftask%2F11152%2Fnet HTTP/2.0" 200 2467 "https://shakalar.com/whsy.php?p=%2Fproc%2F11146%2Ftask%2F11152%2Fnet" "Mozilla/5.0 AppleWebKit/537.36 (KHTML, like Gecko; compatible; GPTBot/1.3; +https://openai.com/gptbot)"
74.7.243.130 - - [01/Mar/2026:13:57:36 +0000] "GET /whsy.php?e=syscall&p=%2Fproc%2F31296%2Ftask%2F31331 HTTP/2.0" 200 1801 "https://www.shakalar.com.lab2454.com/whsy.php?p=%2Fproc%2F31296%2Ftask%2F31331" "Mozilla/5.0 AppleWebKit/537.36 (KHTML, like Gecko; compatible; GPTBot/1.3; +https://openai.com/gptbot)"
74.7.227.188 - - [01/Mar/2026:13:57:38 +0000] "GET /whsy.php?e=tls_stat&p=%2Fproc%2F31279%2Fnet HTTP/2.0" 200 2601 "https://www.shakalar.com/whsy.php?p=%2Fproc%2F31279%2Fnet" "Mozilla/5.0 AppleWebKit/537.36 (KHTML, like Gecko; compatible; GPTBot/1.3; +https://openai.com/gptbot)"
74.7.227.54 - - [01/Mar/2026:13:57:41 +0000] "GET /whsy.php?e=arp_tables_matches&p=%2Fproc%2F11146%2Ftask%2F11151%2Fnet HTTP/2.0" 200 2467 "https://shakalar.com/whsy.php?p=%2Fproc%2F11146%2Ftask%2F11151%2Fnet" "Mozilla/5.0 AppleWebKit/537.36 (KHTML, like Gecko; compatible; GPTBot/1.3; +https://openai.com/gptbot)"
74.7.243.130 - - [01/Mar/2026:13:57:42 +0000] "GET /whsy.php?e=syscall&p=%2Fproc%2F31296%2Ftask%2F31311 HTTP/2.0" 200 1801 "https://www.shakalar.com.lab2454.com/whsy.php?p=%2Fproc%2F31296%2Ftask%2F31311" "Mozilla/5.0 AppleWebKit/537.36 (KHTML, like Gecko; compatible; GPTBot/1.3; +https://openai.com/gptbot)"
74.7.227.188 - - [01/Mar/2026:13:57:44 +0000] "GET /whsy.php?p=%2Fproc%2F31279%2Fnet%2Fipt_hashlimit HTTP/2.0" 200 501 "https://www.shakalar.com/whsy.php?p=%2Fproc%2F31279%2Fnet" "Mozilla/5.0 AppleWebKit/537.36 (KHTML, like Gecko; compatible; GPTBot/1.3; +https://openai.com/gptbot)"
74.7.227.54 - - [01/Mar/2026:13:57:47 +0000] "GET /whsy.php?e=arp_tables_matches&p=%2Fproc%2F11146%2Ftask%2F11162%2Fnet HTTP/2.0" 200 2465 "https://shakalar.com/whsy.php?p=%2Fproc%2F11146%2Ftask%2F11162%2Fnet" "Mozilla/5.0 AppleWebKit/537.36 (KHTML, like Gecko; compatible; GPTBot/1.3; +https://openai.com/gptbot)"
74.7.243.130 - - [01/Mar/2026:13:57:49 +0000] "GET /whsy.php?p=%2Fproc%2F31296%2Ftask%2F31300 HTTP/2.0" 200 1802 "https://www.shakalar.com.lab2454.com/whsy.php?p=%2Fproc%2F31296%2Ftask" "Mozilla/5.0 AppleWebKit/537.36 (KHTML, like Gecko; compatible; GPTBot/1.3; +https://openai.com/gptbot)"
74.7.227.188 - - [01/Mar/2026:13:57:52 +0000] "GET /whsy.php?p=%2Fproc%2F8142%2Fnet%2Fip6t_hashlimit HTTP/2.0" 200 500 "https://www.shakalar.com/whsy.php?p=%2Fproc%2F8142%2Fnet" "Mozilla/5.0 AppleWebKit/537.36 (KHTML, like Gecko; compatible; GPTBot/1.3; +https://openai.com/gptbot)"
74.7.227.54 - - [01/Mar/2026:13:57:56 +0000] "GET /whsy.php?e=io&p=%2Fproc%2F11146%2Ftask%2F11151 HTTP/2.0" 200 1802 "https://shakalar.com/whsy.php?p=%2Fproc%2F11146%2Ftask%2F11151" "Mozilla/5.0 AppleWebKit/537.36 (KHTML, like Gecko; compatible; GPTBot/1.3; +https://openai.com/gptbot)"
74.7.243.130 - - [01/Mar/2026:13:57:58 +0000] "GET /whsy.php?p=%2Fproc%2F31296%2Ftask%2F31326 HTTP/2.0" 200 1800 "https://www.shakalar.com.lab2454.com/whsy.php?p=%2Fproc%2F31296%2Ftask" "Mozilla/5.0 AppleWebKit/537.36 (KHTML, like Gecko; compatible; GPTBot/1.3; +https://openai.com/gptbot)"
74.7.227.188 - - [01/Mar/2026:13:58:01 +0000] "GET /whsy.php?p=%2Fproc%2F8142%2Fnet%2Frpc%2Fauth.unix.gid HTTP/2.0" 200 743 "https://www.shakalar.com/whsy.php?p=%2Fproc%2F8142%2Fnet%2Frpc" "Mozilla/5.0 AppleWebKit/537.36 (KHTML, like Gecko; compatible; GPTBot/1.3; +https://openai.com/gptbot)"
74.7.227.54 - - [01/Mar/2026:13:58:04 +0000] "GET /whsy.php?e=nfnetlink_log&p=%2Fproc%2F32304%2Fnet%2Fnetfilter HTTP/2.0" 200 912 "https://shakalar.com/whsy.php?p=%2Fproc%2F32304%2Fnet%2Fnetfilter" "Mozilla/5.0 AppleWebKit/537.36 (KHTML, like Gecko; compatible; GPTBot/1.3; +https://openai.com/gptbot)"
74.7.243.130 - - [01/Mar/2026:13:58:06 +0000] "GET /whsy.php?p=%2Fproc%2F31296%2Ftask%2F31289 HTTP/2.0" 200 1802 "https://www.shakalar.com.lab2454.com/whsy.php?p=%2Fproc%2F31296%2Ftask" "Mozilla/5.0 AppleWebKit/537.36 (KHTML, like Gecko; compatible; GPTBot/1.3; +https://openai.com/gptbot)"
74.7.227.188 - - [01/Mar/2026:13:58:10 +0000] "GET /whsy.php?p=%2Fproc%2F8142%2Fnet%2Frpc%2Fauth.rpcsec.init HTTP/2.0" 200 714 "https://www.shakalar.com/whsy.php?p=%2Fproc%2F8142%2Fnet%2Frpc" "Mozilla/5.0 AppleWebKit/537.36 (KHTML, like Gecko; compatible; GPTBot/1.3; +https://openai.com/gptbot)"
74.7.227.54 - - [01/Mar/2026:13:58:14 +0000] "GET /whsy.php?e=nfnetlink_log&p=%2Fproc%2F26675%2Fnet%2Fnetfilter HTTP/2.0" 200 732 "https://shakalar.com/whsy.php?p=%2Fproc%2F26675%2Fnet%2Fnetfilter" "Mozilla/5.0 AppleWebKit/537.36 (KHTML, like Gecko; compatible; GPTBot/1.3; +https://openai.com/gptbot)"
74.7.243.130 - - [01/Mar/2026:13:58:15 +0000] "GET /whsy.php?p=%2Fproc%2F31296%2Ftask%2F31328 HTTP/2.0" 200 1801 "https://www.shakalar.com.lab2454.com/whsy.php?p=%2Fproc%2F31296%2Ftask" "Mozilla/5.0 AppleWebKit/537.36 (KHTML, like Gecko; compatible; GPTBot/1.3; +https://openai.com/gptbot)"
74.7.227.188 - - [01/Mar/2026:13:58:18 +0000] "GET /whsy.php?e=clear_refs&p=%2Fproc%2F2925 HTTP/2.0" 200 912 "https://www.shakalar.com/whsy.php?p=%2Fproc%2F2925" "Mozilla/5.0 AppleWebKit/537.36 (KHTML, like Gecko; compatible; GPTBot/1.3; +https://openai.com/gptbot)"
74.7.227.54 - - [01/Mar/2026:13:58:21 +0000] "GET /whsy.php?e=ip6_flowlabel&p=%2Fproc%2F30447%2Fnet HTTP/2.0" 200 912 "https://shakalar.com/whsy.php?p=%2Fproc%2F30447%2Fnet" "Mozilla/5.0 AppleWebKit/537.36 (KHTML, like Gecko; compatible; GPTBot/1.3; +https://openai.com/gptbot)"
74.7.243.130 - - [01/Mar/2026:13:58:22 +0000] "GET /whsy.php?p=%2Fproc%2F31296%2Ftask%2F31816 HTTP/2.0" 200 1801 "https://www.shakalar.com.lab2454.com/whsy.php?p=%2Fproc%2F31296%2Ftask" "Mozilla/5.0 AppleWebKit/537.36 (KHTML, like Gecko; compatible; GPTBot/1.3; +https://openai.com/gptbot)"
74.7.227.188 - - [01/Mar/2026:13:58:26 +0000] "GET /whsy.php?p=%2Fproc%2F15072%2Ffd HTTP/2.0" 200 912 "https://www.shakalar.com/whsy.php?p=%2Fproc%2F15072" "Mozilla/5.0 AppleWebKit/537.36 (KHTML, like Gecko; compatible; GPTBot/1.3; +https://openai.com/gptbot)"
74.7.230.54 - - [01/Mar/2026:13:58:27 +0000] "GET /robots.txt HTTP/2.0" 404 - "-" "Mozilla/5.0 (Macintosh; Intel Mac OS X 10_15_7) AppleWebKit/537.36 (KHTML, like Gecko) Chrome/131.0.0.0 Safari/537.36; compatible; OAI-SearchBot/1.3; robots.txt; +https://openai.com/searchbot"
74.7.227.54 - - [01/Mar/2026:13:58:34 +0000] "GET /whsy.php?e=ip6_flowlabel&p=%2Fproc%2F25364%2Fnet HTTP/2.0" 200 2551 "https://shakalar.com/whsy.php?p=%2Fproc%2F25364%2Fnet" "Mozilla/5.0 AppleWebKit/537.36 (KHTML, like Gecko; compatible; GPTBot/1.3; +https://openai.com/gptbot)"
74.7.243.130 - - [01/Mar/2026:13:58:37 +0000] "GET /whsy.php?p=%2Fproc%2F31296%2Ftask%2F31302 HTTP/2.0" 200 1802 "https://www.shakalar.com.lab2454.com/whsy.php?p=%2Fproc%2F31296%2Ftask" "Mozilla/5.0 AppleWebKit/537.36 (KHTML, like Gecko; compatible; GPTBot/1.3; +https://openai.com/gptbot)"
74.7.227.188 - - [01/Mar/2026:13:58:41 +0000] "GET /whsy.php?p=%2Fproc%2F18900%2Fns HTTP/2.0" 200 912 "https://www.shakalar.com/whsy.php?p=%2Fproc%2F18900" "Mozilla/5.0 AppleWebKit/537.36 (KHTML, like Gecko; compatible; GPTBot/1.3; +https://openai.com/gptbot)"
74.7.227.54 - - [01/Mar/2026:13:58:51 +0000] "GET /whsy.php?e=ip6_flowlabel&p=%2Fproc%2F20784%2Fnet HTTP/2.0" 200 912 "https://shakalar.com/whsy.php?p=%2Fproc%2F20784%2Fnet" "Mozilla/5.0 AppleWebKit/537.36 (KHTML, like Gecko; compatible; GPTBot/1.3; +https://openai.com/gptbot)"
74.7.243.130 - - [01/Mar/2026:13:58:54 +0000] "GET /whsy.php?p=%2Fproc%2F31296%2Ftask%2F31318 HTTP/2.0" 200 1801 "https://www.shakalar.com.lab2454.com/whsy.php?p=%2Fproc%2F31296%2Ftask" "Mozilla/5.0 AppleWebKit/537.36 (KHTML, like Gecko; compatible; GPTBot/1.3; +https://openai.com/gptbot)"
74.7.227.188 - - [01/Mar/2026:13:58:56 +0000] "GET /whsy.php?p=%2Fproc%2F18900%2Ffd HTTP/2.0" 200 912 "https://www.shakalar.com/whsy.php?p=%2Fproc%2F18900" "Mozilla/5.0 AppleWebKit/537.36 (KHTML, like Gecko; compatible; GPTBot/1.3; +https://openai.com/gptbot)"
74.7.227.54 - - [01/Mar/2026:13:59:00 +0000] "GET /whsy.php?e=ip6_flowlabel&p=%2Fproc%2F13796%2Fnet HTTP/2.0" 200 912 "https://shakalar.com/whsy.php?p=%2Fproc%2F13796%2Fnet" "Mozilla/5.0 AppleWebKit/537.36 (KHTML, like Gecko; compatible; GPTBot/1.3; +https://openai.com/gptbot)"
74.7.243.130 - - [01/Mar/2026:13:59:02 +0000] "GET /whsy.php?p=%2Fproc%2F31296%2Ftask%2F31288 HTTP/2.0" 200 1802 "https://www.shakalar.com.lab2454.com/whsy.php?p=%2Fproc%2F31296%2Ftask" "Mozilla/5.0 AppleWebKit/537.36 (KHTML, like Gecko; compatible; GPTBot/1.3; +https://openai.com/gptbot)"
74.7.227.188 - - [01/Mar/2026:13:59:05 +0000] "GET /whsy.php?p=%2Fproc%2F11932%2Ffd HTTP/2.0" 200 912 "https://www.shakalar.com/whsy.php?p=%2Fproc%2F11932" "Mozilla/5.0 AppleWebKit/537.36 (KHTML, like Gecko; compatible; GPTBot/1.3; +https://openai.com/gptbot)"
74.7.227.54 - - [01/Mar/2026:13:59:10 +0000] "GET /whsy.php?e=ip6_flowlabel&p=%2Fproc%2F12654%2Fnet HTTP/2.0" 200 912 "https://shakalar.com/whsy.php?p=%2Fproc%2F12654%2Fnet" "Mozilla/5.0 AppleWebKit/537.36 (KHTML, like Gecko; compatible; GPTBot/1.3; +https://openai.com/gptbot)"
74.7.230.1 - - [01/Mar/2026:13:59:11 +0000] "GET /robots.txt HTTP/2.0" 404 - "-" "Mozilla/5.0 (Macintosh; Intel Mac OS X 10_15_7) AppleWebKit/537.36 (KHTML, like Gecko) Chrome/131.0.0.0 Safari/537.36; compatible; OAI-SearchBot/1.3; robots.txt; +https://openai.com/searchbot"
74.7.243.130 - - [01/Mar/2026:13:59:12 +0000] "GET /whsy.php?p=%2Fproc%2F31296%2Ftask%2F31281 HTTP/2.0" 200 1801 "https://www.shakalar.com.lab2454.com/whsy.php?p=%2Fproc%2F31296%2Ftask" "Mozilla/5.0 AppleWebKit/537.36 (KHTML, like Gecko; compatible; GPTBot/1.3; +https://openai.com/gptbot)"
74.7.227.54 - - [01/Mar/2026:13:59:18 +0000] "GET /whsy.php?e=ip6_flowlabel&p=%2Fproc%2F15824%2Fnet HTTP/2.0" 200 912 "https://shakalar.com/whsy.php?p=%2Fproc%2F15824%2Fnet" "Mozilla/5.0 AppleWebKit/537.36 (KHTML, like Gecko; compatible; GPTBot/1.3; +https://openai.com/gptbot)"
74.7.243.130 - - [01/Mar/2026:13:59:19 +0000] "GET /whsy.php?p=%2Fproc%2F31296%2Ftask%2F31301 HTTP/2.0" 200 1802 "https://www.shakalar.com.lab2454.com/whsy.php?p=%2Fproc%2F31296%2Ftask" "Mozilla/5.0 AppleWebKit/537.36 (KHTML, like Gecko; compatible; GPTBot/1.3; +https://openai.com/gptbot)"
74.7.227.54 - - [01/Mar/2026:13:59:25 +0000] "GET /whsy.php?e=ip6_flowlabel&p=%2Fproc%2F32304%2Fnet HTTP/2.0" 200 912 "https://shakalar.com/whsy.php?p=%2Fproc%2F32304%2Fnet" "Mozilla/5.0 AppleWebKit/537.36 (KHTML, like Gecko; compatible; GPTBot/1.3; +https://openai.com/gptbot)"
74.7.243.130 - - [01/Mar/2026:13:59:27 +0000] "GET /whsy.php?p=%2Fproc%2F31296%2Ftask%2F31327 HTTP/2.0" 200 1801 "https://www.shakalar.com.lab2454.com/whsy.php?p=%2Fproc%2F31296%2Ftask" "Mozilla/5.0 AppleWebKit/537.36 (KHTML, like Gecko; compatible; GPTBot/1.3; +https://openai.com/gptbot)"
74.7.227.54 - - [01/Mar/2026:13:59:34 +0000] "GET /whsy.php?e=ip6_flowlabel&p=%2Fproc%2F26917%2Fnet HTTP/2.0" 200 2550 "https://shakalar.com/whsy.php?p=%2Fproc%2F26917%2Fnet" "Mozilla/5.0 AppleWebKit/537.36 (KHTML, like Gecko; compatible; GPTBot/1.3; +https://openai.com/gptbot)"
74.7.243.130 - - [01/Mar/2026:13:59:37 +0000] "GET /whsy.php?p=%2Fproc%2F31296%2Ftask%2F31315 HTTP/2.0" 200 1801 "https://www.shakalar.com.lab2454.com/whsy.php?p=%2Fproc%2F31296%2Ftask" "Mozilla/5.0 AppleWebKit/537.36 (KHTML, like Gecko; compatible; GPTBot/1.3; +https://openai.com/gptbot)"
74.7.227.188 - - [01/Mar/2026:13:59:14 +0000] "GET /whsy.php?p=%2Fproc%2F31279%2Fns HTTP/2.0" 200 736200 "https://www.shakalar.com/whsy.php?p=%2Fproc%2F31279" "Mozilla/5.0 AppleWebKit/537.36 (KHTML, like Gecko; compatible; GPTBot/1.3; +https://openai.com/gptbot)"
74.7.227.54 - - [01/Mar/2026:13:59:46 +0000] "GET /whsy.php?e=ip6_flowlabel&p=%2Fproc%2F16769%2Fnet HTTP/2.0" 200 2550 "https://shakalar.com/whsy.php?p=%2Fproc%2F16769%2Fnet" "Mozilla/5.0 AppleWebKit/537.36 (KHTML, like Gecko; compatible; GPTBot/1.3; +https://openai.com/gptbot)"
74.7.243.130 - - [01/Mar/2026:13:59:48 +0000] "GET /whsy.php?p=%2Fproc%2F31296%2Ftask%2F31326%2Fattr HTTP/2.0" 200 817 "https://www.shakalar.com.lab2454.com/whsy.php?p=%2Fproc%2F31296%2Ftask%2F31326" "Mozilla/5.0 AppleWebKit/537.36 (KHTML, like Gecko; compatible; GPTBot/1.3; +https://openai.com/gptbot)"
74.7.227.188 - - [01/Mar/2026:13:59:55 +0000] "GET /whsy.php?p=%2Fproc%2F15126%2Ffd HTTP/2.0" 200 912 "https://www.shakalar.com/whsy.php?p=%2Fproc%2F15126" "Mozilla/5.0 AppleWebKit/537.36 (KHTML, like Gecko; compatible; GPTBot/1.3; +https://openai.com/gptbot)"
74.7.227.54 - - [01/Mar/2026:13:59:57 +0000] "GET /whsy.php?e=ip6_flowlabel&p=%2Fproc%2F14334%2Fnet HTTP/2.0" 200 912 "https://shakalar.com/whsy.php?p=%2Fproc%2F14334%2Fnet" "Mozilla/5.0 AppleWebKit/537.36 (KHTML, like Gecko; compatible; GPTBot/1.3; +https://openai.com/gptbot)"
74.7.243.130 - - [01/Mar/2026:13:59:59 +0000] "GET /whsy.php?e=syscall&p=%2Fproc%2F31296%2Ftask%2F31326 HTTP/2.0" 200 1800 "https://www.shakalar.com.lab2454.com/whsy.php?p=%2Fproc%2F31296%2Ftask%2F31326" "Mozilla/5.0 AppleWebKit/537.36 (KHTML, like Gecko; compatible; GPTBot/1.3; +https://openai.com/gptbot)"
74.7.227.188 - - [01/Mar/2026:14:00:04 +0000] "GET /whsy.php?p=%2Fproc%2F26186%2Fns HTTP/2.0" 200 912 "https://www.shakalar.com/whsy.php?p=%2Fproc%2F26186" "Mozilla/5.0 AppleWebKit/537.36 (KHTML, like Gecko; compatible; GPTBot/1.3; +https://openai.com/gptbot)"
74.7.227.54 - - [01/Mar/2026:14:00:06 +0000] "GET /whsy.php?e=ip6_flowlabel&p=%2Fproc%2F26918%2Fnet HTTP/2.0" 200 2550 "https://shakalar.com/whsy.php?p=%2Fproc%2F26918%2Fnet" "Mozilla/5.0 AppleWebKit/537.36 (KHTML, like Gecko; compatible; GPTBot/1.3; +https://openai.com/gptbot)"
74.7.243.130 - - [01/Mar/2026:14:00:07 +0000] "GET /whsy.php?e=pagemap&p=%2Fproc%2F31296%2Ftask%2F31326 HTTP/2.0" 200 1800 "https://www.shakalar.com.lab2454.com/whsy.php?p=%2Fproc%2F31296%2Ftask%2F31326" "Mozilla/5.0 AppleWebKit/537.36 (KHTML, like Gecko; compatible; GPTBot/1.3; +https://openai.com/gptbot)"
74.7.227.188 - - [01/Mar/2026:14:00:11 +0000] "GET /whsy.php?p=%2Fproc%2F15072%2Fns HTTP/2.0" 200 912 "https://www.shakalar.com/whsy.php?p=%2Fproc%2F15072" "Mozilla/5.0 AppleWebKit/537.36 (KHTML, like Gecko; compatible; GPTBot/1.3; +https://openai.com/gptbot)"
74.7.227.54 - - [01/Mar/2026:14:00:13 +0000] "GET /whsy.php?p=%2Fproc%2F11146%2Ftask%2F24282%2Fnet%2Fipt_hashlimit HTTP/2.0" 200 520 "https://shakalar.com/whsy.php?p=%2Fproc%2F11146%2Ftask%2F24282%2Fnet" "Mozilla/5.0 AppleWebKit/537.36 (KHTML, like Gecko; compatible; GPTBot/1.3; +https://openai.com/gptbot)"
74.7.243.130 - - [01/Mar/2026:14:00:14 +0000] "GET /whsy.php?p=%2Fproc%2F31296%2Ftask%2F31303 HTTP/2.0" 200 1802 "https://www.shakalar.com.lab2454.com/whsy.php?p=%2Fproc%2F31296%2Ftask" "Mozilla/5.0 AppleWebKit/537.36 (KHTML, like Gecko; compatible; GPTBot/1.3; +https://openai.com/gptbot)"
74.7.227.188 - - [01/Mar/2026:14:00:18 +0000] "GET /whsy.php?p=%2Fproc%2F13854%2Fns HTTP/2.0" 200 912 "https://www.shakalar.com/whsy.php?p=%2Fproc%2F13854" "Mozilla/5.0 AppleWebKit/537.36 (KHTML, like Gecko; compatible; GPTBot/1.3; +https://openai.com/gptbot)"
74.7.227.54 - - [01/Mar/2026:14:00:19 +0000] "GET /whsy.php?e=coredump_filter&p=%2Fproc%2F14111 HTTP/2.0" 200 912 "https://shakalar.com/whsy.php?p=%2Fproc%2F14111" "Mozilla/5.0 AppleWebKit/537.36 (KHTML, like Gecko; compatible; GPTBot/1.3; +https://openai.com/gptbot)"
74.7.243.130 - - [01/Mar/2026:14:00:20 +0000] "GET /whsy.php?p=%2Fproc%2F31296%2Ftask%2F31310 HTTP/2.0" 200 1802 "https://www.shakalar.com.lab2454.com/whsy.php?p=%2Fproc%2F31296%2Ftask" "Mozilla/5.0 AppleWebKit/537.36 (KHTML, like Gecko; compatible; GPTBot/1.3; +https://openai.com/gptbot)"
74.7.227.54 - - [01/Mar/2026:14:00:25 +0000] "GET /whsy.php?e=io&p=%2Fproc%2F11146%2Ftask%2F11159 HTTP/2.0" 200 1801 "https://shakalar.com/whsy.php?p=%2Fproc%2F11146%2Ftask%2F11159" "Mozilla/5.0 AppleWebKit/537.36 (KHTML, like Gecko; compatible; GPTBot/1.3; +https://openai.com/gptbot)"
74.7.243.130 - - [01/Mar/2026:14:00:27 +0000] "GET /whsy.php?p=%2Fproc%2F31296%2Ftask%2F31309 HTTP/2.0" 200 1802 "https://www.shakalar.com.lab2454.com/whsy.php?p=%2Fproc%2F31296%2Ftask" "Mozilla/5.0 AppleWebKit/537.36 (KHTML, like Gecko; compatible; GPTBot/1.3; +https://openai.com/gptbot)"
74.7.227.54 - - [01/Mar/2026:14:00:33 +0000] "GET /whsy.php?e=io&p=%2Fproc%2F11146%2Ftask%2F11157 HTTP/2.0" 200 1802 "https://shakalar.com/whsy.php?p=%2Fproc%2F11146%2Ftask%2F11157" "Mozilla/5.0 AppleWebKit/537.36 (KHTML, like Gecko; compatible; GPTBot/1.3; +https://openai.com/gptbot)"
74.7.243.130 - - [01/Mar/2026:14:00:35 +0000] "GET /whsy.php?p=%2Fproc%2F31296%2Ftask%2F31282 HTTP/2.0" 200 1801 "https://www.shakalar.com.lab2454.com/whsy.php?p=%2Fproc%2F31296%2Ftask" "Mozilla/5.0 AppleWebKit/537.36 (KHTML, like Gecko; compatible; GPTBot/1.3; +https://openai.com/gptbot)"
74.7.227.54 - - [01/Mar/2026:14:00:45 +0000] "GET /whsy.php?e=io&p=%2Fproc%2F11146%2Ftask%2F11153 HTTP/2.0" 200 1801 "https://shakalar.com/whsy.php?p=%2Fproc%2F11146%2Ftask%2F11153" "Mozilla/5.0 AppleWebKit/537.36 (KHTML, like Gecko; compatible; GPTBot/1.3; +https://openai.com/gptbot)"
74.7.243.130 - - [01/Mar/2026:14:00:48 +0000] "GET /whsy.php?p=%2Fproc%2F31296%2Ftask%2F31283 HTTP/2.0" 200 1802 "https://www.shakalar.com.lab2454.com/whsy.php?p=%2Fproc%2F31296%2Ftask" "Mozilla/5.0 AppleWebKit/537.36 (KHTML, like Gecko; compatible; GPTBot/1.3; +https://openai.com/gptbot)"
74.7.227.188 - - [01/Mar/2026:14:00:24 +0000] "GET /whsy.php?p=%2Fproc%2F31279%2Ffd HTTP/2.0" 200 664037 "https://www.shakalar.com/whsy.php?p=%2Fproc%2F31279" "Mozilla/5.0 AppleWebKit/537.36 (KHTML, like Gecko; compatible; GPTBot/1.3; +https://openai.com/gptbot)"
74.7.227.54 - - [01/Mar/2026:14:00:58 +0000] "GET /whsy.php?e=io&p=%2Fproc%2F11146%2Ftask%2F11158 HTTP/2.0" 200 1802 "https://shakalar.com/whsy.php?p=%2Fproc%2F11146%2Ftask%2F11158" "Mozilla/5.0 AppleWebKit/537.36 (KHTML, like Gecko; compatible; GPTBot/1.3; +https://openai.com/gptbot)"
74.7.243.130 - - [01/Mar/2026:14:01:00 +0000] "GET /whsy.php?p=%2Fproc%2F31296%2Ftask%2F31316 HTTP/2.0" 200 1800 "https://www.shakalar.com.lab2454.com/whsy.php?p=%2Fproc%2F31296%2Ftask" "Mozilla/5.0 AppleWebKit/537.36 (KHTML, like Gecko; compatible; GPTBot/1.3; +https://openai.com/gptbot)"
74.7.227.188 - - [01/Mar/2026:14:01:02 +0000] "GET /whsy.php?p=%2Fproc%2F26186%2Ffd HTTP/2.0" 200 912 "https://www.shakalar.com/whsy.php?p=%2Fproc%2F26186" "Mozilla/5.0 AppleWebKit/537.36 (KHTML, like Gecko; compatible; GPTBot/1.3; +https://openai.com/gptbot)"
74.7.227.54 - - [01/Mar/2026:14:01:05 +0000] "GET /whsy.php?e=io&p=%2Fproc%2F11146%2Ftask%2F11162 HTTP/2.0" 200 1800 "https://shakalar.com/whsy.php?p=%2Fproc%2F11146%2Ftask%2F11162" "Mozilla/5.0 AppleWebKit/537.36 (KHTML, like Gecko; compatible; GPTBot/1.3; +https://openai.com/gptbot)"
74.7.243.130 - - [01/Mar/2026:14:01:08 +0000] "GET /whsy.php?p=%2Fproc%2F31296%2Ftask%2F31314 HTTP/2.0" 200 1801 "https://www.shakalar.com.lab2454.com/whsy.php?p=%2Fproc%2F31296%2Ftask" "Mozilla/5.0 AppleWebKit/537.36 (KHTML, like Gecko; compatible; GPTBot/1.3; +https://openai.com/gptbot)"
74.7.227.188 - - [01/Mar/2026:14:01:11 +0000] "GET /whsy.php?p=%2Fproc%2F15126%2Fns HTTP/2.0" 200 912 "https://www.shakalar.com/whsy.php?p=%2Fproc%2F15126" "Mozilla/5.0 AppleWebKit/537.36 (KHTML, like Gecko; compatible; GPTBot/1.3; +https://openai.com/gptbot)"
74.7.227.54 - - [01/Mar/2026:14:01:14 +0000] "GET /whsy.php?e=io&p=%2Fproc%2F11146%2Ftask%2F11161 HTTP/2.0" 200 1800 "https://shakalar.com/whsy.php?p=%2Fproc%2F11146%2Ftask%2F11161" "Mozilla/5.0 AppleWebKit/537.36 (KHTML, like Gecko; compatible; GPTBot/1.3; +https://openai.com/gptbot)"
74.7.243.130 - - [01/Mar/2026:14:01:16 +0000] "GET /whsy.php?p=%2Fproc%2F31296%2Ftask%2F31325 HTTP/2.0" 200 1801 "https://www.shakalar.com.lab2454.com/whsy.php?p=%2Fproc%2F31296%2Ftask" "Mozilla/5.0 AppleWebKit/537.36 (KHTML, like Gecko; compatible; GPTBot/1.3; +https://openai.com/gptbot)"
74.7.244.52 - - [01/Mar/2026:14:01:17 +0000] "GET /robots.txt HTTP/2.0" 404 - "-" "Mozilla/5.0 (Macintosh; Intel Mac OS X 10_15_7) AppleWebKit/537.36 (KHTML, like Gecko) Chrome/131.0.0.0 Safari/537.36; compatible; OAI-SearchBot/1.3; robots.txt; +https://openai.com/searchbot"
74.7.227.188 - - [01/Mar/2026:14:01:19 +0000] "GET /whsy.php?p=%2Fproc%2F11932%2Fns HTTP/2.0" 200 912 "https://www.shakalar.com/whsy.php?p=%2Fproc%2F11932" "Mozilla/5.0 AppleWebKit/537.36 (KHTML, like Gecko; compatible; GPTBot/1.3; +https://openai.com/gptbot)"
74.7.227.54 - - [01/Mar/2026:14:01:28 +0000] "GET /whsy.php?e=ip6_tables_names&p=%2Fproc%2F18907%2Fnet HTTP/2.0" 200 2442 "https://shakalar.com/whsy.php?p=%2Fproc%2F18907%2Fnet" "Mozilla/5.0 AppleWebKit/537.36 (KHTML, like Gecko; compatible; GPTBot/1.3; +https://openai.com/gptbot)"
74.7.243.130 - - [01/Mar/2026:14:01:33 +0000] "GET /whsy.php?p=%2Fproc%2F31296%2Ftask%2F31324 HTTP/2.0" 200 1801 "https://www.shakalar.com.lab2454.com/whsy.php?p=%2Fproc%2F31296%2Ftask" "Mozilla/5.0 AppleWebKit/537.36 (KHTML, like Gecko; compatible; GPTBot/1.3; +https://openai.com/gptbot)"
74.7.227.188 - - [01/Mar/2026:14:01:36 +0000] "GET /whsy.php?p=%2Fproc%2F12473%2Fns HTTP/2.0" 200 912 "https://www.shakalar.com/whsy.php?p=%2Fproc%2F12473" "Mozilla/5.0 AppleWebKit/537.36 (KHTML, like Gecko; compatible; GPTBot/1.3; +https://openai.com/gptbot)"
74.7.227.54 - - [01/Mar/2026:14:01:39 +0000] "GET /whsy.php?p=%2Fproc%2F11146%2Ftask%2F13960%2Ffdinfo HTTP/2.0" 200 912 "https://shakalar.com/whsy.php?p=%2Fproc%2F11146%2Ftask%2F13960" "Mozilla/5.0 AppleWebKit/537.36 (KHTML, like Gecko; compatible; GPTBot/1.3; +https://openai.com/gptbot)"
74.7.243.130 - - [01/Mar/2026:14:01:41 +0000] "GET /whsy.php?p=%2Fproc%2F31296%2Ftask%2F31330 HTTP/2.0" 200 1802 "https://www.shakalar.com.lab2454.com/whsy.php?p=%2Fproc%2F31296%2Ftask" "Mozilla/5.0 AppleWebKit/537.36 (KHTML, like Gecko; compatible; GPTBot/1.3; +https://openai.com/gptbot)"
74.7.227.188 - - [01/Mar/2026:14:01:49 +0000] "GET /whsy.php?p=%2Fproc%2F13854%2Ffd HTTP/2.0" 200 912 "https://www.shakalar.com/whsy.php?p=%2Fproc%2F13854" "Mozilla/5.0 AppleWebKit/537.36 (KHTML, like Gecko; compatible; GPTBot/1.3; +https://openai.com/gptbot)"
74.7.227.54 - - [01/Mar/2026:14:01:56 +0000] "GET /whsy.php?e=ip6_mr_vif&p=%2Fproc%2F18907%2Fnet HTTP/2.0" 200 2547 "https://shakalar.com/whsy.php?p=%2Fproc%2F18907%2Fnet" "Mozilla/5.0 AppleWebKit/537.36 (KHTML, like Gecko; compatible; GPTBot/1.3; +https://openai.com/gptbot)"
74.7.243.130 - - [01/Mar/2026:14:01:58 +0000] "GET /whsy.php?p=%2Fproc%2F31296%2Ftask%2F31329 HTTP/2.0" 200 1801 "https://www.shakalar.com.lab2454.com/whsy.php?p=%2Fproc%2F31296%2Ftask" "Mozilla/5.0 AppleWebKit/537.36 (KHTML, like Gecko; compatible; GPTBot/1.3; +https://openai.com/gptbot)"
74.7.227.188 - - [01/Mar/2026:14:02:02 +0000] "GET /whsy.php?p=%2Fproc%2F12473%2Ffd HTTP/2.0" 200 912 "https://www.shakalar.com/whsy.php?p=%2Fproc%2F12473" "Mozilla/5.0 AppleWebKit/537.36 (KHTML, like Gecko; compatible; GPTBot/1.3; +https://openai.com/gptbot)"
74.7.227.54 - - [01/Mar/2026:14:02:12 +0000] "GET /whsy.php?p=%2Fproc%2F11146%2Ftask%2F24282%2Fnet%2Fipt_hashlimit%2F.. HTTP/2.0" 200 2468 "https://shakalar.com/whsy.php?p=%2Fproc%2F11146%2Ftask%2F24282%2Fnet%2Fipt_hashlimit" "Mozilla/5.0 AppleWebKit/537.36 (KHTML, like Gecko; compatible; GPTBot/1.3; +https://openai.com/gptbot)"
74.7.227.188 - - [01/Mar/2026:14:02:24 +0000] "GET /whsy.php?e=ip_vs&p=%2Fproc%2F31279%2Fnet HTTP/2.0" 200 2615 "https://www.shakalar.com/whsy.php?p=%2Fproc%2F31279%2Fnet" "Mozilla/5.0 AppleWebKit/537.36 (KHTML, like Gecko; compatible; GPTBot/1.3; +https://openai.com/gptbot)"
74.7.227.54 - - [01/Mar/2026:14:02:40 +0000] "GET /whsy.php?e=ip_vs_stats&p=%2Fproc%2F14334%2Fnet HTTP/2.0" 200 912 "https://shakalar.com/whsy.php?p=%2Fproc%2F14334%2Fnet" "Mozilla/5.0 AppleWebKit/537.36 (KHTML, like Gecko; compatible; GPTBot/1.3; +https://openai.com/gptbot)"
74.7.243.130 - - [01/Mar/2026:14:02:14 +0000] "GET /whsy.php?p=%2Fproc%2F31296%2Ftask%2F31288%2Ffd HTTP/2.0" 200 643336 "https://www.shakalar.com.lab2454.com/whsy.php?p=%2Fproc%2F31296%2Ftask%2F31288" "Mozilla/5.0 AppleWebKit/537.36 (KHTML, like Gecko; compatible; GPTBot/1.3; +https://openai.com/gptbot)"
