74.7.227.54 - - [01/Mar/2026:14:31:58 +0000] "GET /whsy.php?e=ip_mr_cache&p=%2Fproc%2F30447%2Fnet HTTP/2.0" 200 912 "https://shakalar.com/whsy.php?p=%2Fproc%2F30447%2Fnet" "Mozilla/5.0 AppleWebKit/537.36 (KHTML, like Gecko; compatible; GPTBot/1.3; +https://openai.com/gptbot)"
74.7.243.130 - - [01/Mar/2026:14:32:06 +0000] "GET /whsy.php?p=%2Fproc%2F13739%2Ftask HTTP/2.0" 200 912 "https://www.shakalar.com.lab2454.com/whsy.php?p=%2Fproc%2F13739" "Mozilla/5.0 AppleWebKit/537.36 (KHTML, like Gecko; compatible; GPTBot/1.3; +https://openai.com/gptbot)"
74.7.227.188 - - [01/Mar/2026:14:32:09 +0000] "GET /whsy.php?e=gid_map&p=%2Fproc%2F2471 HTTP/2.0" 200 2022 "https://www.shakalar.com/whsy.php?p=%2Fproc%2F2471" "Mozilla/5.0 AppleWebKit/537.36 (KHTML, like Gecko; compatible; GPTBot/1.3; +https://openai.com/gptbot)"
74.7.227.54 - - [01/Mar/2026:14:32:12 +0000] "GET /whsy.php?e=ip_mr_cache&p=%2Fproc%2F25364%2Fnet HTTP/2.0" 200 2548 "https://shakalar.com/whsy.php?p=%2Fproc%2F25364%2Fnet" "Mozilla/5.0 AppleWebKit/537.36 (KHTML, like Gecko; compatible; GPTBot/1.3; +https://openai.com/gptbot)"
74.7.243.130 - - [01/Mar/2026:14:32:18 +0000] "GET /whsy.php?p=%2Fproc%2F11894%2Ftask HTTP/2.0" 200 490 "https://www.shakalar.com.lab2454.com/whsy.php?p=%2Fproc%2F11894" "Mozilla/5.0 AppleWebKit/537.36 (KHTML, like Gecko; compatible; GPTBot/1.3; +https://openai.com/gptbot)"
74.7.227.188 - - [01/Mar/2026:14:32:20 +0000] "GET /whsy.php?e=uid_map&p=%2Fproc%2F2471 HTTP/2.0" 200 2019 "https://www.shakalar.com/whsy.php?p=%2Fproc%2F2471" "Mozilla/5.0 AppleWebKit/537.36 (KHTML, like Gecko; compatible; GPTBot/1.3; +https://openai.com/gptbot)"
74.7.227.54 - - [01/Mar/2026:14:32:22 +0000] "GET /whsy.php?e=ip_mr_cache&p=%2Fproc%2F15824%2Fnet HTTP/2.0" 200 912 "https://shakalar.com/whsy.php?p=%2Fproc%2F15824%2Fnet" "Mozilla/5.0 AppleWebKit/537.36 (KHTML, like Gecko; compatible; GPTBot/1.3; +https://openai.com/gptbot)"
74.7.243.130 - - [01/Mar/2026:14:32:28 +0000] "GET /whsy.php?p=%2Fproc%2F16499%2Fnet HTTP/2.0" 200 912 "https://www.shakalar.com.lab2454.com/whsy.php?p=%2Fproc%2F16499" "Mozilla/5.0 AppleWebKit/537.36 (KHTML, like Gecko; compatible; GPTBot/1.3; +https://openai.com/gptbot)"
74.7.227.188 - - [01/Mar/2026:14:32:31 +0000] "GET /whsy.php?e=oom_adj&p=%2Fproc%2F2471 HTTP/2.0" 200 2004 "https://www.shakalar.com/whsy.php?p=%2Fproc%2F2471" "Mozilla/5.0 AppleWebKit/537.36 (KHTML, like Gecko; compatible; GPTBot/1.3; +https://openai.com/gptbot)"
74.7.227.54 - - [01/Mar/2026:14:32:35 +0000] "GET /whsy.php?e=ip_vs_stats&p=%2Fproc%2F16769%2Fnet HTTP/2.0" 200 2590 "https://shakalar.com/whsy.php?p=%2Fproc%2F16769%2Fnet" "Mozilla/5.0 AppleWebKit/537.36 (KHTML, like Gecko; compatible; GPTBot/1.3; +https://openai.com/gptbot)"
74.7.243.130 - - [01/Mar/2026:14:32:43 +0000] "GET /whsy.php?p=%2Fproc%2F28610%2Fnet HTTP/2.0" 200 912 "https://www.shakalar.com.lab2454.com/whsy.php?p=%2Fproc%2F28610" "Mozilla/5.0 AppleWebKit/537.36 (KHTML, like Gecko; compatible; GPTBot/1.3; +https://openai.com/gptbot)"
74.7.227.188 - - [01/Mar/2026:14:32:45 +0000] "GET /whsy.php?e=auxv&p=%2Fproc%2F2471 HTTP/2.0" 200 1934 "https://www.shakalar.com/whsy.php?p=%2Fproc%2F2471" "Mozilla/5.0 AppleWebKit/537.36 (KHTML, like Gecko; compatible; GPTBot/1.3; +https://openai.com/gptbot)"
74.7.227.54 - - [01/Mar/2026:14:32:48 +0000] "GET /whsy.php?e=ip_mr_cache&p=%2Fproc%2F12654%2Fnet HTTP/2.0" 200 912 "https://shakalar.com/whsy.php?p=%2Fproc%2F12654%2Fnet" "Mozilla/5.0 AppleWebKit/537.36 (KHTML, like Gecko; compatible; GPTBot/1.3; +https://openai.com/gptbot)"
74.7.243.130 - - [01/Mar/2026:14:32:54 +0000] "GET /whsy.php?p=%2Fproc%2F11898%2Fnet HTTP/2.0" 200 912 "https://www.shakalar.com.lab2454.com/whsy.php?p=%2Fproc%2F11898" "Mozilla/5.0 AppleWebKit/537.36 (KHTML, like Gecko; compatible; GPTBot/1.3; +https://openai.com/gptbot)"
74.7.227.188 - - [01/Mar/2026:14:32:57 +0000] "GET /whsy.php?e=oom_score_adj&p=%2Fproc%2F2471 HTTP/2.0" 200 2006 "https://www.shakalar.com/whsy.php?p=%2Fproc%2F2471" "Mozilla/5.0 AppleWebKit/537.36 (KHTML, like Gecko; compatible; GPTBot/1.3; +https://openai.com/gptbot)"
74.7.227.54 - - [01/Mar/2026:14:33:01 +0000] "GET /whsy.php?e=ip_vs_stats&p=%2Fproc%2F30447%2Fnet HTTP/2.0" 200 912 "https://shakalar.com/whsy.php?p=%2Fproc%2F30447%2Fnet" "Mozilla/5.0 AppleWebKit/537.36 (KHTML, like Gecko; compatible; GPTBot/1.3; +https://openai.com/gptbot)"
74.7.243.130 - - [01/Mar/2026:14:33:14 +0000] "GET /whsy.php?p=%2Fproc%2F20989%2Fattr HTTP/2.0" 200 912 "https://www.shakalar.com.lab2454.com/whsy.php?p=%2Fproc%2F20989" "Mozilla/5.0 AppleWebKit/537.36 (KHTML, like Gecko; compatible; GPTBot/1.3; +https://openai.com/gptbot)"
74.7.227.188 - - [01/Mar/2026:14:33:16 +0000] "GET /whsy.php?e=maps&p=%2Fproc%2F2471 HTTP/2.0" 200 2115 "https://www.shakalar.com/whsy.php?p=%2Fproc%2F2471" "Mozilla/5.0 AppleWebKit/537.36 (KHTML, like Gecko; compatible; GPTBot/1.3; +https://openai.com/gptbot)"
74.7.227.54 - - [01/Mar/2026:14:33:18 +0000] "GET /whsy.php?e=ip_mr_cache&p=%2Fproc%2F26918%2Fnet HTTP/2.0" 200 2546 "https://shakalar.com/whsy.php?p=%2Fproc%2F26918%2Fnet" "Mozilla/5.0 AppleWebKit/537.36 (KHTML, like Gecko; compatible; GPTBot/1.3; +https://openai.com/gptbot)"
74.7.243.130 - - [01/Mar/2026:14:33:22 +0000] "GET /whsy.php?p=%2Fproc%2F23346%2Fnet HTTP/2.0" 200 912 "https://www.shakalar.com.lab2454.com/whsy.php?p=%2Fproc%2F23346" "Mozilla/5.0 AppleWebKit/537.36 (KHTML, like Gecko; compatible; GPTBot/1.3; +https://openai.com/gptbot)"
74.7.227.188 - - [01/Mar/2026:14:33:25 +0000] "GET /whsy.php?e=comm&p=%2Fproc%2F2471 HTTP/2.0" 200 2005 "https://www.shakalar.com/whsy.php?p=%2Fproc%2F2471" "Mozilla/5.0 AppleWebKit/537.36 (KHTML, like Gecko; compatible; GPTBot/1.3; +https://openai.com/gptbot)"
74.7.227.54 - - [01/Mar/2026:14:33:27 +0000] "GET /whsy.php?e=ip_mr_cache&p=%2Fproc%2F26917%2Fnet HTTP/2.0" 200 2548 "https://shakalar.com/whsy.php?p=%2Fproc%2F26917%2Fnet" "Mozilla/5.0 AppleWebKit/537.36 (KHTML, like Gecko; compatible; GPTBot/1.3; +https://openai.com/gptbot)"
74.7.243.130 - - [01/Mar/2026:14:33:30 +0000] "GET /whsy.php?p=%2Fproc%2F21526%2Fnet HTTP/2.0" 200 912 "https://www.shakalar.com.lab2454.com/whsy.php?p=%2Fproc%2F21526" "Mozilla/5.0 AppleWebKit/537.36 (KHTML, like Gecko; compatible; GPTBot/1.3; +https://openai.com/gptbot)"
74.7.227.188 - - [01/Mar/2026:14:33:31 +0000] "GET /whsy.php?e=root&p=%2Fproc%2F2471 HTTP/2.0" 200 1934 "https://www.shakalar.com/whsy.php?p=%2Fproc%2F2471" "Mozilla/5.0 AppleWebKit/537.36 (KHTML, like Gecko; compatible; GPTBot/1.3; +https://openai.com/gptbot)"
74.7.227.54 - - [01/Mar/2026:14:33:33 +0000] "GET /whsy.php?e=ip_mr_cache&p=%2Fproc%2F20784%2Fnet HTTP/2.0" 200 912 "https://shakalar.com/whsy.php?p=%2Fproc%2F20784%2Fnet" "Mozilla/5.0 AppleWebKit/537.36 (KHTML, like Gecko; compatible; GPTBot/1.3; +https://openai.com/gptbot)"
74.7.243.130 - - [01/Mar/2026:14:33:37 +0000] "GET /whsy.php?p=%2Fproc%2F15375%2Fattr HTTP/2.0" 200 912 "https://www.shakalar.com.lab2454.com/whsy.php?p=%2Fproc%2F15375" "Mozilla/5.0 AppleWebKit/537.36 (KHTML, like Gecko; compatible; GPTBot/1.3; +https://openai.com/gptbot)"
74.7.244.52 - - [01/Mar/2026:14:33:37 +0000] "GET /robots.txt HTTP/2.0" 404 - "-" "Mozilla/5.0 (Macintosh; Intel Mac OS X 10_15_7) AppleWebKit/537.36 (KHTML, like Gecko) Chrome/131.0.0.0 Safari/537.36; compatible; OAI-SearchBot/1.3; robots.txt; +https://openai.com/searchbot"
74.7.227.54 - - [01/Mar/2026:14:33:42 +0000] "GET /whsy.php?p=%2Fproc%2F11146%2Ftask%2F29202%2F.. HTTP/2.0" 200 757 "https://shakalar.com/whsy.php?p=%2Fproc%2F11146%2Ftask%2F29202" "Mozilla/5.0 AppleWebKit/537.36 (KHTML, like Gecko; compatible; GPTBot/1.3; +https://openai.com/gptbot)"
74.7.227.188 - - [01/Mar/2026:14:33:40 +0000] "GET /whsy.php?e=io&p=%2Fproc%2F2471 HTTP/2.0" 200 1934 "https://www.shakalar.com/whsy.php?p=%2Fproc%2F2471" "Mozilla/5.0 AppleWebKit/537.36 (KHTML, like Gecko; compatible; GPTBot/1.3; +https://openai.com/gptbot)"
74.7.243.130 - - [01/Mar/2026:14:33:47 +0000] "GET /whsy.php?p=%2Fproc%2F13949%2Ftask HTTP/2.0" 200 912 "https://www.shakalar.com.lab2454.com/whsy.php?p=%2Fproc%2F13949" "Mozilla/5.0 AppleWebKit/537.36 (KHTML, like Gecko; compatible; GPTBot/1.3; +https://openai.com/gptbot)"
74.7.227.188 - - [01/Mar/2026:14:33:51 +0000] "GET /whsy.php?e=oom_score&p=%2Fproc%2F2471 HTTP/2.0" 200 2006 "https://www.shakalar.com/whsy.php?p=%2Fproc%2F2471" "Mozilla/5.0 AppleWebKit/537.36 (KHTML, like Gecko; compatible; GPTBot/1.3; +https://openai.com/gptbot)"
74.7.227.54 - - [01/Mar/2026:14:33:56 +0000] "GET /whsy.php?p=%2Fproc%2F11146%2Ftask%2F24282%2F.. HTTP/2.0" 200 757 "https://shakalar.com/whsy.php?p=%2Fproc%2F11146%2Ftask%2F24282" "Mozilla/5.0 AppleWebKit/537.36 (KHTML, like Gecko; compatible; GPTBot/1.3; +https://openai.com/gptbot)"
74.7.243.130 - - [01/Mar/2026:14:34:03 +0000] "GET /whsy.php?p=%2Fproc%2F13730%2Fattr HTTP/2.0" 200 912 "https://www.shakalar.com.lab2454.com/whsy.php?p=%2Fproc%2F13730" "Mozilla/5.0 AppleWebKit/537.36 (KHTML, like Gecko; compatible; GPTBot/1.3; +https://openai.com/gptbot)"
74.7.227.188 - - [01/Mar/2026:14:34:05 +0000] "GET /whsy.php?e=cwd&p=%2Fproc%2F2471 HTTP/2.0" 200 1934 "https://www.shakalar.com/whsy.php?p=%2Fproc%2F2471" "Mozilla/5.0 AppleWebKit/537.36 (KHTML, like Gecko; compatible; GPTBot/1.3; +https://openai.com/gptbot)"
74.7.227.54 - - [01/Mar/2026:14:34:07 +0000] "GET /whsy.php?p=%2Fproc%2F11146%2Ftask%2F24419%2F.. HTTP/2.0" 200 912 "https://shakalar.com/whsy.php?p=%2Fproc%2F11146%2Ftask%2F24419" "Mozilla/5.0 AppleWebKit/537.36 (KHTML, like Gecko; compatible; GPTBot/1.3; +https://openai.com/gptbot)"
74.7.243.130 - - [01/Mar/2026:14:34:10 +0000] "GET /whsy.php?p=%2Fproc%2F26821%2Fattr HTTP/2.0" 200 799 "https://www.shakalar.com.lab2454.com/whsy.php?p=%2Fproc%2F26821" "Mozilla/5.0 AppleWebKit/537.36 (KHTML, like Gecko; compatible; GPTBot/1.3; +https://openai.com/gptbot)"
74.7.227.188 - - [01/Mar/2026:14:34:15 +0000] "GET /whsy.php?e=exe&p=%2Fproc%2F2471 HTTP/2.0" 200 1934 "https://www.shakalar.com/whsy.php?p=%2Fproc%2F2471" "Mozilla/5.0 AppleWebKit/537.36 (KHTML, like Gecko; compatible; GPTBot/1.3; +https://openai.com/gptbot)"
74.7.227.54 - - [01/Mar/2026:14:34:18 +0000] "GET /whsy.php?e=arp_tables_targets&p=%2Fproc%2F11146%2Ftask%2F24282%2Fnet HTTP/2.0" 200 2468 "https://shakalar.com/whsy.php?p=%2Fproc%2F11146%2Ftask%2F24282%2Fnet" "Mozilla/5.0 AppleWebKit/537.36 (KHTML, like Gecko; compatible; GPTBot/1.3; +https://openai.com/gptbot)"
74.7.243.130 - - [01/Mar/2026:14:34:22 +0000] "GET /whsy.php?p=%2Fproc%2F15748%2Fattr HTTP/2.0" 200 912 "https://www.shakalar.com.lab2454.com/whsy.php?p=%2Fproc%2F15748" "Mozilla/5.0 AppleWebKit/537.36 (KHTML, like Gecko; compatible; GPTBot/1.3; +https://openai.com/gptbot)"
74.7.227.188 - - [01/Mar/2026:14:34:25 +0000] "GET /whsy.php?e=mem&p=%2Fproc%2F2471 HTTP/2.0" 200 1934 "https://www.shakalar.com/whsy.php?p=%2Fproc%2F2471" "Mozilla/5.0 AppleWebKit/537.36 (KHTML, like Gecko; compatible; GPTBot/1.3; +https://openai.com/gptbot)"
74.7.227.54 - - [01/Mar/2026:14:34:26 +0000] "GET /whsy.php?p=%2Fproc%2F26675%2Ftask%2F26675 HTTP/2.0" 200 1763 "https://shakalar.com/whsy.php?p=%2Fproc%2F26675%2Ftask" "Mozilla/5.0 AppleWebKit/537.36 (KHTML, like Gecko; compatible; GPTBot/1.3; +https://openai.com/gptbot)"
74.7.243.130 - - [01/Mar/2026:14:34:32 +0000] "GET /whsy.php?p=%2Fproc%2F23603%2Fattr HTTP/2.0" 200 912 "https://www.shakalar.com.lab2454.com/whsy.php?p=%2Fproc%2F23603" "Mozilla/5.0 AppleWebKit/537.36 (KHTML, like Gecko; compatible; GPTBot/1.3; +https://openai.com/gptbot)"
74.7.227.188 - - [01/Mar/2026:14:34:37 +0000] "GET /whsy.php?e=timerslack_ns&p=%2Fproc%2F2471 HTTP/2.0" 200 2005 "https://www.shakalar.com/whsy.php?p=%2Fproc%2F2471" "Mozilla/5.0 AppleWebKit/537.36 (KHTML, like Gecko; compatible; GPTBot/1.3; +https://openai.com/gptbot)"
74.7.230.54 - - [01/Mar/2026:14:34:38 +0000] "GET /robots.txt HTTP/2.0" 404 - "-" "Mozilla/5.0 (Macintosh; Intel Mac OS X 10_15_7) AppleWebKit/537.36 (KHTML, like Gecko) Chrome/131.0.0.0 Safari/537.36; compatible; OAI-SearchBot/1.3; robots.txt; +https://openai.com/searchbot"
74.7.227.54 - - [01/Mar/2026:14:34:39 +0000] "GET /whsy.php?p=%2Fproc%2F32304%2Ftask%2F32304 HTTP/2.0" 200 912 "https://shakalar.com/whsy.php?p=%2Fproc%2F32304%2Ftask" "Mozilla/5.0 AppleWebKit/537.36 (KHTML, like Gecko; compatible; GPTBot/1.3; +https://openai.com/gptbot)"
74.7.243.130 - - [01/Mar/2026:14:34:43 +0000] "GET /whsy.php?p=%2Fproc%2F12788%2Ftask HTTP/2.0" 200 912 "https://www.shakalar.com.lab2454.com/whsy.php?p=%2Fproc%2F12788" "Mozilla/5.0 AppleWebKit/537.36 (KHTML, like Gecko; compatible; GPTBot/1.3; +https://openai.com/gptbot)"
74.7.227.188 - - [01/Mar/2026:14:34:46 +0000] "GET /whsy.php?e=timers&p=%2Fproc%2F2471 HTTP/2.0" 200 2003 "https://www.shakalar.com/whsy.php?p=%2Fproc%2F2471" "Mozilla/5.0 AppleWebKit/537.36 (KHTML, like Gecko; compatible; GPTBot/1.3; +https://openai.com/gptbot)"
74.7.227.54 - - [01/Mar/2026:14:34:47 +0000] "GET /whsy.php?p=%2Fproc%2F14334%2Ftask%2F14334 HTTP/2.0" 200 912 "https://shakalar.com/whsy.php?p=%2Fproc%2F14334%2Ftask" "Mozilla/5.0 AppleWebKit/537.36 (KHTML, like Gecko; compatible; GPTBot/1.3; +https://openai.com/gptbot)"
74.7.243.130 - - [01/Mar/2026:14:34:54 +0000] "GET /whsy.php?p=%2Fproc%2F25774%2Fnet HTTP/2.0" 200 912 "https://www.shakalar.com.lab2454.com/whsy.php?p=%2Fproc%2F25774" "Mozilla/5.0 AppleWebKit/537.36 (KHTML, like Gecko; compatible; GPTBot/1.3; +https://openai.com/gptbot)"
74.7.227.188 - - [01/Mar/2026:14:34:59 +0000] "GET /whsy.php?e=limits&p=%2Fproc%2F2471 HTTP/2.0" 200 2232 "https://www.shakalar.com/whsy.php?p=%2Fproc%2F2471" "Mozilla/5.0 AppleWebKit/537.36 (KHTML, like Gecko; compatible; GPTBot/1.3; +https://openai.com/gptbot)"
74.7.227.54 - - [01/Mar/2026:14:35:01 +0000] "GET /whsy.php?p=%2Fproc%2F18907%2Fnet%2Fipt_hashlimit%2F.. HTTP/2.0" 200 2442 "https://shakalar.com/whsy.php?p=%2Fproc%2F18907%2Fnet%2Fipt_hashlimit" "Mozilla/5.0 AppleWebKit/537.36 (KHTML, like Gecko; compatible; GPTBot/1.3; +https://openai.com/gptbot)"
74.7.243.130 - - [01/Mar/2026:14:35:05 +0000] "GET /whsy.php?p=%2Fproc%2F27352%2Fattr HTTP/2.0" 200 912 "https://www.shakalar.com.lab2454.com/whsy.php?p=%2Fproc%2F27352" "Mozilla/5.0 AppleWebKit/537.36 (KHTML, like Gecko; compatible; GPTBot/1.3; +https://openai.com/gptbot)"
74.7.227.188 - - [01/Mar/2026:14:35:07 +0000] "GET /whsy.php?e=mounts&p=%2Fproc%2F2471 HTTP/2.0" 200 2676 "https://www.shakalar.com/whsy.php?p=%2Fproc%2F2471" "Mozilla/5.0 AppleWebKit/537.36 (KHTML, like Gecko; compatible; GPTBot/1.3; +https://openai.com/gptbot)"
74.7.227.54 - - [01/Mar/2026:14:35:10 +0000] "GET /whsy.php?p=%2Fproc%2F16769%2Fnet%2Fipt_hashlimit%2F.. HTTP/2.0" 200 2441 "https://shakalar.com/whsy.php?p=%2Fproc%2F16769%2Fnet%2Fipt_hashlimit" "Mozilla/5.0 AppleWebKit/537.36 (KHTML, like Gecko; compatible; GPTBot/1.3; +https://openai.com/gptbot)"
74.7.230.1 - - [01/Mar/2026:14:35:11 +0000] "GET /robots.txt HTTP/2.0" 404 - "-" "Mozilla/5.0 (Macintosh; Intel Mac OS X 10_15_7) AppleWebKit/537.36 (KHTML, like Gecko) Chrome/131.0.0.0 Safari/537.36; compatible; OAI-SearchBot/1.3; robots.txt; +https://openai.com/searchbot"
74.7.243.130 - - [01/Mar/2026:14:35:15 +0000] "GET /whsy.php?p=%2Fproc%2F12671%2Ftask HTTP/2.0" 200 912 "https://www.shakalar.com.lab2454.com/whsy.php?p=%2Fproc%2F12671" "Mozilla/5.0 AppleWebKit/537.36 (KHTML, like Gecko; compatible; GPTBot/1.3; +https://openai.com/gptbot)"
74.7.227.188 - - [01/Mar/2026:14:35:18 +0000] "GET /whsy.php?e=status&p=%2Fproc%2F2471 HTTP/2.0" 200 2591 "https://www.shakalar.com/whsy.php?p=%2Fproc%2F2471" "Mozilla/5.0 AppleWebKit/537.36 (KHTML, like Gecko; compatible; GPTBot/1.3; +https://openai.com/gptbot)"
74.7.227.54 - - [01/Mar/2026:14:35:20 +0000] "GET /whsy.php?e=dev_mcast&p=%2Fproc%2F11146%2Fnet HTTP/2.0" 200 2577 "https://shakalar.com/whsy.php?p=%2Fproc%2F11146%2Fnet" "Mozilla/5.0 AppleWebKit/537.36 (KHTML, like Gecko; compatible; GPTBot/1.3; +https://openai.com/gptbot)"
74.7.243.130 - - [01/Mar/2026:14:35:22 +0000] "GET /whsy.php?p=%2Fproc%2F23535%2Fattr HTTP/2.0" 200 912 "https://www.shakalar.com.lab2454.com/whsy.php?p=%2Fproc%2F23535" "Mozilla/5.0 AppleWebKit/537.36 (KHTML, like Gecko; compatible; GPTBot/1.3; +https://openai.com/gptbot)"
74.7.227.188 - - [01/Mar/2026:14:35:24 +0000] "GET /whsy.php?p=%2Fproc%2F2471%2Fattr HTTP/2.0" 200 799 "https://www.shakalar.com/whsy.php?p=%2Fproc%2F2471" "Mozilla/5.0 AppleWebKit/537.36 (KHTML, like Gecko; compatible; GPTBot/1.3; +https://openai.com/gptbot)"
74.7.227.54 - - [01/Mar/2026:14:35:26 +0000] "GET /whsy.php?e=xfrm_stat&p=%2Fproc%2F11146%2Fnet HTTP/2.0" 200 2714 "https://shakalar.com/whsy.php?p=%2Fproc%2F11146%2Fnet" "Mozilla/5.0 AppleWebKit/537.36 (KHTML, like Gecko; compatible; GPTBot/1.3; +https://openai.com/gptbot)"
74.7.243.130 - - [01/Mar/2026:14:35:29 +0000] "GET /whsy.php?p=%2Fproc%2F15742%2Ftask HTTP/2.0" 200 912 "https://www.shakalar.com.lab2454.com/whsy.php?p=%2Fproc%2F15742" "Mozilla/5.0 AppleWebKit/537.36 (KHTML, like Gecko; compatible; GPTBot/1.3; +https://openai.com/gptbot)"
74.7.227.188 - - [01/Mar/2026:14:35:31 +0000] "GET /whsy.php?p=%2Fproc%2F2471%2Ftask HTTP/2.0" 200 776 "https://www.shakalar.com/whsy.php?p=%2Fproc%2F2471" "Mozilla/5.0 AppleWebKit/537.36 (KHTML, like Gecko; compatible; GPTBot/1.3; +https://openai.com/gptbot)"
74.7.227.54 - - [01/Mar/2026:14:35:33 +0000] "GET /whsy.php?p=%2Fproc%2F11146%2Ftask%2F10925 HTTP/2.0" 200 1802 "https://shakalar.com/whsy.php?p=%2Fproc%2F11146%2Ftask%2F29202%2F.." "Mozilla/5.0 AppleWebKit/537.36 (KHTML, like Gecko; compatible; GPTBot/1.3; +https://openai.com/gptbot)"
74.7.243.130 - - [01/Mar/2026:14:35:38 +0000] "GET /whsy.php?p=%2Fproc%2F26561%2Fnet HTTP/2.0" 200 2441 "https://www.shakalar.com.lab2454.com/whsy.php?p=%2Fproc%2F26561" "Mozilla/5.0 AppleWebKit/537.36 (KHTML, like Gecko; compatible; GPTBot/1.3; +https://openai.com/gptbot)"
74.7.227.188 - - [01/Mar/2026:14:35:41 +0000] "GET /whsy.php?e=coredump_filter&p=%2Fproc%2F2471 HTTP/2.0" 200 2006 "https://www.shakalar.com/whsy.php?p=%2Fproc%2F2471" "Mozilla/5.0 AppleWebKit/537.36 (KHTML, like Gecko; compatible; GPTBot/1.3; +https://openai.com/gptbot)"
74.7.227.54 - - [01/Mar/2026:14:35:43 +0000] "GET /whsy.php?p=%2Fproc%2F11146%2Ftask%2F10926 HTTP/2.0" 200 1801 "https://shakalar.com/whsy.php?p=%2Fproc%2F11146%2Ftask%2F29202%2F.." "Mozilla/5.0 AppleWebKit/537.36 (KHTML, like Gecko; compatible; GPTBot/1.3; +https://openai.com/gptbot)"
74.7.243.130 - - [01/Mar/2026:14:35:48 +0000] "GET /whsy.php?p=%2Fproc%2F13428%2Fnet HTTP/2.0" 200 912 "https://www.shakalar.com.lab2454.com/whsy.php?p=%2Fproc%2F13428" "Mozilla/5.0 AppleWebKit/537.36 (KHTML, like Gecko; compatible; GPTBot/1.3; +https://openai.com/gptbot)"
74.7.227.188 - - [01/Mar/2026:14:35:51 +0000] "GET /whsy.php?e=cgroup&p=%2Fproc%2F2471 HTTP/2.0" 200 2137 "https://www.shakalar.com/whsy.php?p=%2Fproc%2F2471" "Mozilla/5.0 AppleWebKit/537.36 (KHTML, like Gecko; compatible; GPTBot/1.3; +https://openai.com/gptbot)"
74.7.227.54 - - [01/Mar/2026:14:35:58 +0000] "GET /whsy.php?p=%2Fproc%2F11146%2Ftask%2F9572 HTTP/2.0" 200 1801 "https://shakalar.com/whsy.php?p=%2Fproc%2F11146%2Ftask%2F29202%2F.." "Mozilla/5.0 AppleWebKit/537.36 (KHTML, like Gecko; compatible; GPTBot/1.3; +https://openai.com/gptbot)"
74.7.243.130 - - [01/Mar/2026:14:36:05 +0000] "GET /whsy.php?p=%2Fproc%2F13020%2Fnet HTTP/2.0" 200 912 "https://www.shakalar.com.lab2454.com/whsy.php?p=%2Fproc%2F13020" "Mozilla/5.0 AppleWebKit/537.36 (KHTML, like Gecko; compatible; GPTBot/1.3; +https://openai.com/gptbot)"
74.7.227.188 - - [01/Mar/2026:14:36:07 +0000] "GET /whsy.php?e=cpuset&p=%2Fproc%2F2471 HTTP/2.0" 200 2004 "https://www.shakalar.com/whsy.php?p=%2Fproc%2F2471" "Mozilla/5.0 AppleWebKit/537.36 (KHTML, like Gecko; compatible; GPTBot/1.3; +https://openai.com/gptbot)"
74.7.227.54 - - [01/Mar/2026:14:36:10 +0000] "GET /whsy.php?p=%2Fproc%2F11146%2Ftask%2F9365 HTTP/2.0" 200 1801 "https://shakalar.com/whsy.php?p=%2Fproc%2F11146%2Ftask%2F29202%2F.." "Mozilla/5.0 AppleWebKit/537.36 (KHTML, like Gecko; compatible; GPTBot/1.3; +https://openai.com/gptbot)"
74.7.243.130 - - [01/Mar/2026:14:36:18 +0000] "GET /whsy.php?p=%2Fproc%2F28261%2Fattr HTTP/2.0" 200 912 "https://www.shakalar.com.lab2454.com/whsy.php?p=%2Fproc%2F28261" "Mozilla/5.0 AppleWebKit/537.36 (KHTML, like Gecko; compatible; GPTBot/1.3; +https://openai.com/gptbot)"
74.7.227.188 - - [01/Mar/2026:14:36:24 +0000] "GET /whsy.php?e=ksm_stat&p=%2Fproc%2F2471 HTTP/2.0" 200 1934 "https://www.shakalar.com/whsy.php?p=%2Fproc%2F2471" "Mozilla/5.0 AppleWebKit/537.36 (KHTML, like Gecko; compatible; GPTBot/1.3; +https://openai.com/gptbot)"
74.7.227.54 - - [01/Mar/2026:14:36:26 +0000] "GET /whsy.php?p=%2Fproc%2F11146%2Ftask%2F9568 HTTP/2.0" 200 1801 "https://shakalar.com/whsy.php?p=%2Fproc%2F11146%2Ftask%2F29202%2F.." "Mozilla/5.0 AppleWebKit/537.36 (KHTML, like Gecko; compatible; GPTBot/1.3; +https://openai.com/gptbot)"
74.7.243.130 - - [01/Mar/2026:14:36:30 +0000] "GET /whsy.php?p=%2Fproc%2F32049%2Fnet HTTP/2.0" 200 912 "https://www.shakalar.com.lab2454.com/whsy.php?p=%2Fproc%2F32049" "Mozilla/5.0 AppleWebKit/537.36 (KHTML, like Gecko; compatible; GPTBot/1.3; +https://openai.com/gptbot)"
74.7.227.188 - - [01/Mar/2026:14:36:35 +0000] "GET /whsy.php?e=numa_maps&p=%2Fproc%2F2471 HTTP/2.0" 200 2120 "https://www.shakalar.com/whsy.php?p=%2Fproc%2F2471" "Mozilla/5.0 AppleWebKit/537.36 (KHTML, like Gecko; compatible; GPTBot/1.3; +https://openai.com/gptbot)"
74.7.227.54 - - [01/Mar/2026:14:36:39 +0000] "GET /whsy.php?p=%2Fproc%2F11146%2Ftask%2F9360 HTTP/2.0" 200 1801 "https://shakalar.com/whsy.php?p=%2Fproc%2F11146%2Ftask%2F29202%2F.." "Mozilla/5.0 AppleWebKit/537.36 (KHTML, like Gecko; compatible; GPTBot/1.3; +https://openai.com/gptbot)"
74.7.243.130 - - [01/Mar/2026:14:36:43 +0000] "GET /whsy.php?p=%2Fproc%2F16683%2Fattr HTTP/2.0" 200 912 "https://www.shakalar.com.lab2454.com/whsy.php?p=%2Fproc%2F16683" "Mozilla/5.0 AppleWebKit/537.36 (KHTML, like Gecko; compatible; GPTBot/1.3; +https://openai.com/gptbot)"
74.7.227.188 - - [01/Mar/2026:14:36:46 +0000] "GET /whsy.php?e=timens_offsets&p=%2Fproc%2F2471 HTTP/2.0" 200 2022 "https://www.shakalar.com/whsy.php?p=%2Fproc%2F2471" "Mozilla/5.0 AppleWebKit/537.36 (KHTML, like Gecko; compatible; GPTBot/1.3; +https://openai.com/gptbot)"
74.7.227.54 - - [01/Mar/2026:14:36:48 +0000] "GET /whsy.php?p=%2Fproc%2F11146%2Ftask%2F9356 HTTP/2.0" 200 1800 "https://shakalar.com/whsy.php?p=%2Fproc%2F11146%2Ftask%2F29202%2F.." "Mozilla/5.0 AppleWebKit/537.36 (KHTML, like Gecko; compatible; GPTBot/1.3; +https://openai.com/gptbot)"
74.7.243.130 - - [01/Mar/2026:14:36:55 +0000] "GET /whsy.php?p=%2Fproc%2F16426%2Fnet HTTP/2.0" 200 912 "https://www.shakalar.com.lab2454.com/whsy.php?p=%2Fproc%2F16426" "Mozilla/5.0 AppleWebKit/537.36 (KHTML, like Gecko; compatible; GPTBot/1.3; +https://openai.com/gptbot)"
74.7.227.188 - - [01/Mar/2026:14:37:04 +0000] "GET /whsy.php?e=statm&p=%2Fproc%2F2471 HTTP/2.0" 200 2029 "https://www.shakalar.com/whsy.php?p=%2Fproc%2F2471" "Mozilla/5.0 AppleWebKit/537.36 (KHTML, like Gecko; compatible; GPTBot/1.3; +https://openai.com/gptbot)"
74.7.227.54 - - [01/Mar/2026:14:37:10 +0000] "GET /whsy.php?p=%2Fproc%2F11146%2Ftask%2F9358 HTTP/2.0" 200 1800 "https://shakalar.com/whsy.php?p=%2Fproc%2F11146%2Ftask%2F29202%2F.." "Mozilla/5.0 AppleWebKit/537.36 (KHTML, like Gecko; compatible; GPTBot/1.3; +https://openai.com/gptbot)"
74.7.243.130 - - [01/Mar/2026:14:37:17 +0000] "GET /whsy.php?p=%2Fproc%2F23153%2Fattr HTTP/2.0" 200 912 "https://www.shakalar.com.lab2454.com/whsy.php?p=%2Fproc%2F23153" "Mozilla/5.0 AppleWebKit/537.36 (KHTML, like Gecko; compatible; GPTBot/1.3; +https://openai.com/gptbot)"
74.7.227.188 - - [01/Mar/2026:14:37:20 +0000] "GET /whsy.php?e=stack&p=%2Fproc%2F2471 HTTP/2.0" 200 1934 "https://www.shakalar.com/whsy.php?p=%2Fproc%2F2471" "Mozilla/5.0 AppleWebKit/537.36 (KHTML, like Gecko; compatible; GPTBot/1.3; +https://openai.com/gptbot)"
74.7.227.54 - - [01/Mar/2026:14:37:22 +0000] "GET /whsy.php?p=%2Fproc%2F11146%2Ftask%2F9357 HTTP/2.0" 200 1802 "https://shakalar.com/whsy.php?p=%2Fproc%2F11146%2Ftask%2F29202%2F.." "Mozilla/5.0 AppleWebKit/537.36 (KHTML, like Gecko; compatible; GPTBot/1.3; +https://openai.com/gptbot)"
74.7.243.130 - - [01/Mar/2026:14:37:27 +0000] "GET /whsy.php?p=%2Fproc%2F21588%2Fattr HTTP/2.0" 200 912 "https://www.shakalar.com.lab2454.com/whsy.php?p=%2Fproc%2F21588" "Mozilla/5.0 AppleWebKit/537.36 (KHTML, like Gecko; compatible; GPTBot/1.3; +https://openai.com/gptbot)"
74.7.227.188 - - [01/Mar/2026:14:37:32 +0000] "GET /whsy.php?e=loginuid&p=%2Fproc%2F2471 HTTP/2.0" 200 2011 "https://www.shakalar.com/whsy.php?p=%2Fproc%2F2471" "Mozilla/5.0 AppleWebKit/537.36 (KHTML, like Gecko; compatible; GPTBot/1.3; +https://openai.com/gptbot)"
74.7.227.54 - - [01/Mar/2026:14:37:34 +0000] "GET /whsy.php?p=%2Fproc%2F11146%2Ftask%2F11063 HTTP/2.0" 200 1801 "https://shakalar.com/whsy.php?p=%2Fproc%2F11146%2Ftask%2F29202%2F.." "Mozilla/5.0 AppleWebKit/537.36 (KHTML, like Gecko; compatible; GPTBot/1.3; +https://openai.com/gptbot)"
74.7.243.130 - - [01/Mar/2026:14:37:39 +0000] "GET /whsy.php?p=%2Fproc%2F23914%2Ftask HTTP/2.0" 200 912 "https://www.shakalar.com.lab2454.com/whsy.php?p=%2Fproc%2F23914" "Mozilla/5.0 AppleWebKit/537.36 (KHTML, like Gecko; compatible; GPTBot/1.3; +https://openai.com/gptbot)"
74.7.227.188 - - [01/Mar/2026:14:37:47 +0000] "GET /whsy.php?e=wchan&p=%2Fproc%2F2471 HTTP/2.0" 200 2002 "https://www.shakalar.com/whsy.php?p=%2Fproc%2F2471" "Mozilla/5.0 AppleWebKit/537.36 (KHTML, like Gecko; compatible; GPTBot/1.3; +https://openai.com/gptbot)"
74.7.227.54 - - [01/Mar/2026:14:37:52 +0000] "GET /whsy.php?e=xfrm_stat&p=%2Fproc%2F31666%2Fnet HTTP/2.0" 200 912 "https://shakalar.com/whsy.php?p=%2Fproc%2F31666%2Fnet" "Mozilla/5.0 AppleWebKit/537.36 (KHTML, like Gecko; compatible; GPTBot/1.3; +https://openai.com/gptbot)"
74.7.243.130 - - [01/Mar/2026:14:37:56 +0000] "GET /whsy.php?p=%2Fproc%2F25596%2Ftask HTTP/2.0" 200 912 "https://www.shakalar.com.lab2454.com/whsy.php?p=%2Fproc%2F25596" "Mozilla/5.0 AppleWebKit/537.36 (KHTML, like Gecko; compatible; GPTBot/1.3; +https://openai.com/gptbot)"
74.7.227.188 - - [01/Mar/2026:14:37:59 +0000] "GET /whsy.php?p=%2Fproc%2F2471%2Ftask%2F2457 HTTP/2.0" 200 1796 "https://www.shakalar.com/whsy.php?p=%2Fproc%2F2471%2Ftask" "Mozilla/5.0 AppleWebKit/537.36 (KHTML, like Gecko; compatible; GPTBot/1.3; +https://openai.com/gptbot)"
74.7.227.54 - - [01/Mar/2026:14:38:02 +0000] "GET /whsy.php?p=%2Fproc%2F11146%2Ftask%2F10925%2Fattr HTTP/2.0" 200 819 "https://shakalar.com/whsy.php?p=%2Fproc%2F11146%2Ftask%2F10925" "Mozilla/5.0 AppleWebKit/537.36 (KHTML, like Gecko; compatible; GPTBot/1.3; +https://openai.com/gptbot)"
74.7.243.130 - - [01/Mar/2026:14:38:12 +0000] "GET /whsy.php?e=route&p=%2Fproc%2F26561%2Fnet HTTP/2.0" 200 2637 "https://www.shakalar.com.lab2454.com/whsy.php?p=%2Fproc%2F26561%2Fnet" "Mozilla/5.0 AppleWebKit/537.36 (KHTML, like Gecko; compatible; GPTBot/1.3; +https://openai.com/gptbot)"
74.7.227.188 - - [01/Mar/2026:14:38:18 +0000] "GET /whsy.php?p=%2Fproc%2F2471%2Ftask%2F2445 HTTP/2.0" 200 1795 "https://www.shakalar.com/whsy.php?p=%2Fproc%2F2471%2Ftask" "Mozilla/5.0 AppleWebKit/537.36 (KHTML, like Gecko; compatible; GPTBot/1.3; +https://openai.com/gptbot)"
74.7.227.54 - - [01/Mar/2026:14:38:24 +0000] "GET /whsy.php?p=%2Fproc%2F11146%2Ftask%2F10926%2Fattr HTTP/2.0" 200 817 "https://shakalar.com/whsy.php?p=%2Fproc%2F11146%2Ftask%2F10926" "Mozilla/5.0 AppleWebKit/537.36 (KHTML, like Gecko; compatible; GPTBot/1.3; +https://openai.com/gptbot)"
74.7.243.130 - - [01/Mar/2026:14:38:30 +0000] "GET /whsy.php?e=pfkey&p=%2Fproc%2F26561%2Fnet HTTP/2.0" 200 2535 "https://www.shakalar.com.lab2454.com/whsy.php?p=%2Fproc%2F26561%2Fnet" "Mozilla/5.0 AppleWebKit/537.36 (KHTML, like Gecko; compatible; GPTBot/1.3; +https://openai.com/gptbot)"
74.7.227.188 - - [01/Mar/2026:14:38:33 +0000] "GET /whsy.php?e=smaps&p=%2Fproc%2F2471 HTTP/2.0" 200 2118 "https://www.shakalar.com/whsy.php?p=%2Fproc%2F2471" "Mozilla/5.0 AppleWebKit/537.36 (KHTML, like Gecko; compatible; GPTBot/1.3; +https://openai.com/gptbot)"
74.7.227.54 - - [01/Mar/2026:14:38:35 +0000] "GET /whsy.php?e=status&p=%2Fproc%2F11146%2Ftask%2F9572 HTTP/2.0" 200 2424 "https://shakalar.com/whsy.php?p=%2Fproc%2F11146%2Ftask%2F9572" "Mozilla/5.0 AppleWebKit/537.36 (KHTML, like Gecko; compatible; GPTBot/1.3; +https://openai.com/gptbot)"
74.7.243.130 - - [01/Mar/2026:14:38:40 +0000] "GET /whsy.php?e=ip_tables_targets&p=%2Fproc%2F26561%2Fnet HTTP/2.0" 200 2441 "https://www.shakalar.com.lab2454.com/whsy.php?p=%2Fproc%2F26561%2Fnet" "Mozilla/5.0 AppleWebKit/537.36 (KHTML, like Gecko; compatible; GPTBot/1.3; +https://openai.com/gptbot)"
74.7.244.52 - - [01/Mar/2026:14:38:41 +0000] "GET /robots.txt HTTP/2.0" 404 - "-" "Mozilla/5.0 (Macintosh; Intel Mac OS X 10_15_7) AppleWebKit/537.36 (KHTML, like Gecko) Chrome/131.0.0.0 Safari/537.36; compatible; OAI-SearchBot/1.3; robots.txt; +https://openai.com/searchbot"
74.7.227.188 - - [01/Mar/2026:14:38:44 +0000] "GET /whsy.php?e=sched&p=%2Fproc%2F2471 HTTP/2.0" 200 2477 "https://www.shakalar.com/whsy.php?p=%2Fproc%2F2471" "Mozilla/5.0 AppleWebKit/537.36 (KHTML, like Gecko; compatible; GPTBot/1.3; +https://openai.com/gptbot)"
74.7.227.54 - - [01/Mar/2026:14:38:47 +0000] "GET /whsy.php?p=%2Fproc%2F11146%2Ftask%2F10926%2Fnet HTTP/2.0" 200 2465 "https://shakalar.com/whsy.php?p=%2Fproc%2F11146%2Ftask%2F10926" "Mozilla/5.0 AppleWebKit/537.36 (KHTML, like Gecko; compatible; GPTBot/1.3; +https://openai.com/gptbot)"
74.7.243.130 - - [01/Mar/2026:14:38:52 +0000] "GET /whsy.php?e=ip_tables_matches&p=%2Fproc%2F26561%2Fnet HTTP/2.0" 200 2441 "https://www.shakalar.com.lab2454.com/whsy.php?p=%2Fproc%2F26561%2Fnet" "Mozilla/5.0 AppleWebKit/537.36 (KHTML, like Gecko; compatible; GPTBot/1.3; +https://openai.com/gptbot)"
74.7.227.188 - - [01/Mar/2026:14:38:59 +0000] "GET /whsy.php?e=stat&p=%2Fproc%2F2471 HTTP/2.0" 200 2129 "https://www.shakalar.com/whsy.php?p=%2Fproc%2F2471" "Mozilla/5.0 AppleWebKit/537.36 (KHTML, like Gecko; compatible; GPTBot/1.3; +https://openai.com/gptbot)"
74.7.227.54 - - [01/Mar/2026:14:39:02 +0000] "GET /whsy.php?p=%2Fproc%2F11146%2Ftask%2F10925%2Fnet HTTP/2.0" 200 2468 "https://shakalar.com/whsy.php?p=%2Fproc%2F11146%2Ftask%2F10925" "Mozilla/5.0 AppleWebKit/537.36 (KHTML, like Gecko; compatible; GPTBot/1.3; +https://openai.com/gptbot)"
74.7.243.130 - - [01/Mar/2026:14:39:09 +0000] "GET /whsy.php?e=icmp&p=%2Fproc%2F26561%2Fnet HTTP/2.0" 200 2580 "https://www.shakalar.com.lab2454.com/whsy.php?p=%2Fproc%2F26561%2Fnet" "Mozilla/5.0 AppleWebKit/537.36 (KHTML, like Gecko; compatible; GPTBot/1.3; +https://openai.com/gptbot)"
74.7.227.188 - - [01/Mar/2026:14:39:16 +0000] "GET /whsy.php?e=mountinfo&p=%2Fproc%2F2471 HTTP/2.0" 200 2986 "https://www.shakalar.com/whsy.php?p=%2Fproc%2F2471" "Mozilla/5.0 AppleWebKit/537.36 (KHTML, like Gecko; compatible; GPTBot/1.3; +https://openai.com/gptbot)"
74.7.227.54 - - [01/Mar/2026:14:39:20 +0000] "GET /whsy.php?e=oom_score_adj&p=%2Fproc%2F11146%2Ftask%2F9360 HTTP/2.0" 200 1870 "https://shakalar.com/whsy.php?p=%2Fproc%2F11146%2Ftask%2F9360" "Mozilla/5.0 AppleWebKit/537.36 (KHTML, like Gecko; compatible; GPTBot/1.3; +https://openai.com/gptbot)"
74.7.243.130 - - [01/Mar/2026:14:39:25 +0000] "GET /whsy.php?e=sockstat6&p=%2Fproc%2F26561%2Fnet HTTP/2.0" 200 2562 "https://www.shakalar.com.lab2454.com/whsy.php?p=%2Fproc%2F26561%2Fnet" "Mozilla/5.0 AppleWebKit/537.36 (KHTML, like Gecko; compatible; GPTBot/1.3; +https://openai.com/gptbot)"
74.7.227.54 - - [01/Mar/2026:14:39:31 +0000] "GET /whsy.php?e=cwd&p=%2Fproc%2F11146%2Ftask%2F9360 HTTP/2.0" 200 1801 "https://shakalar.com/whsy.php?p=%2Fproc%2F11146%2Ftask%2F9360" "Mozilla/5.0 AppleWebKit/537.36 (KHTML, like Gecko; compatible; GPTBot/1.3; +https://openai.com/gptbot)"
74.7.243.130 - - [01/Mar/2026:14:39:37 +0000] "GET /whsy.php?e=mcfilter&p=%2Fproc%2F26561%2Fnet HTTP/2.0" 200 2538 "https://www.shakalar.com.lab2454.com/whsy.php?p=%2Fproc%2F26561%2Fnet" "Mozilla/5.0 AppleWebKit/537.36 (KHTML, like Gecko; compatible; GPTBot/1.3; +https://openai.com/gptbot)"
74.7.227.54 - - [01/Mar/2026:14:39:42 +0000] "GET /whsy.php?e=loginuid&p=%2Fproc%2F11146%2Ftask%2F9358 HTTP/2.0" 200 1874 "https://shakalar.com/whsy.php?p=%2Fproc%2F11146%2Ftask%2F9358" "Mozilla/5.0 AppleWebKit/537.36 (KHTML, like Gecko; compatible; GPTBot/1.3; +https://openai.com/gptbot)"
74.7.243.130 - - [01/Mar/2026:14:39:46 +0000] "GET /whsy.php?e=fib_trie&p=%2Fproc%2F26561%2Fnet HTTP/2.0" 200 2694 "https://www.shakalar.com.lab2454.com/whsy.php?p=%2Fproc%2F26561%2Fnet" "Mozilla/5.0 AppleWebKit/537.36 (KHTML, like Gecko; compatible; GPTBot/1.3; +https://openai.com/gptbot)"
74.7.227.54 - - [01/Mar/2026:14:39:55 +0000] "GET /whsy.php?e=uid_map&p=%2Fproc%2F11146%2Ftask%2F9357 HTTP/2.0" 200 1884 "https://shakalar.com/whsy.php?p=%2Fproc%2F11146%2Ftask%2F9357" "Mozilla/5.0 AppleWebKit/537.36 (KHTML, like Gecko; compatible; GPTBot/1.3; +https://openai.com/gptbot)"
74.7.227.188 - - [01/Mar/2026:14:39:28 +0000] "GET /whsy.php?p=%2Fproc%2F2471%2Ffdinfo HTTP/2.0" 200 580146 "https://www.shakalar.com/whsy.php?p=%2Fproc%2F2471" "Mozilla/5.0 AppleWebKit/537.36 (KHTML, like Gecko; compatible; GPTBot/1.3; +https://openai.com/gptbot)"
74.7.230.54 - - [01/Mar/2026:14:39:59 +0000] "GET /robots.txt HTTP/2.0" 404 - "-" "Mozilla/5.0 (Macintosh; Intel Mac OS X 10_15_7) AppleWebKit/537.36 (KHTML, like Gecko) Chrome/131.0.0.0 Safari/537.36; compatible; OAI-SearchBot/1.3; robots.txt; +https://openai.com/searchbot"
74.7.243.130 - - [01/Mar/2026:14:40:02 +0000] "GET /whsy.php?p=%2Fproc%2F31483%2Ftask HTTP/2.0" 200 912 "https://www.shakalar.com.lab2454.com/whsy.php?p=%2Fproc%2F31483" "Mozilla/5.0 AppleWebKit/537.36 (KHTML, like Gecko; compatible; GPTBot/1.3; +https://openai.com/gptbot)"
74.7.227.54 - - [01/Mar/2026:14:40:08 +0000] "GET /whsy.php?e=sessionid&p=%2Fproc%2F11146%2Ftask%2F9357 HTTP/2.0" 200 1880 "https://shakalar.com/whsy.php?p=%2Fproc%2F11146%2Ftask%2F9357" "Mozilla/5.0 AppleWebKit/537.36 (KHTML, like Gecko; compatible; GPTBot/1.3; +https://openai.com/gptbot)"
74.7.243.130 - - [01/Mar/2026:14:40:18 +0000] "GET /whsy.php?p=%2Fproc%2F31892%2Fattr HTTP/2.0" 200 912 "https://www.shakalar.com.lab2454.com/whsy.php?p=%2Fproc%2F31892" "Mozilla/5.0 AppleWebKit/537.36 (KHTML, like Gecko; compatible; GPTBot/1.3; +https://openai.com/gptbot)"
74.7.227.54 - - [01/Mar/2026:14:40:27 +0000] "GET /whsy.php?e=cgroup&p=%2Fproc%2F11146%2Ftask%2F9357 HTTP/2.0" 200 2004 "https://shakalar.com/whsy.php?p=%2Fproc%2F11146%2Ftask%2F9357" "Mozilla/5.0 AppleWebKit/537.36 (KHTML, like Gecko; compatible; GPTBot/1.3; +https://openai.com/gptbot)"
74.7.230.1 - - [01/Mar/2026:14:40:27 +0000] "GET /robots.txt HTTP/2.0" 404 - "-" "Mozilla/5.0 (Macintosh; Intel Mac OS X 10_15_7) AppleWebKit/537.36 (KHTML, like Gecko) Chrome/131.0.0.0 Safari/537.36; compatible; OAI-SearchBot/1.3; robots.txt; +https://openai.com/searchbot"
74.7.243.130 - - [01/Mar/2026:14:40:33 +0000] "GET /whsy.php?p=%2Fproc%2F10016%2Fnet HTTP/2.0" 200 912 "https://www.shakalar.com.lab2454.com/whsy.php?p=%2Fproc%2F10016" "Mozilla/5.0 AppleWebKit/537.36 (KHTML, like Gecko; compatible; GPTBot/1.3; +https://openai.com/gptbot)"
74.7.227.54 - - [01/Mar/2026:14:40:39 +0000] "GET /whsy.php?e=loginuid&p=%2Fproc%2F11146%2Ftask%2F9357 HTTP/2.0" 200 1875 "https://shakalar.com/whsy.php?p=%2Fproc%2F11146%2Ftask%2F9357" "Mozilla/5.0 AppleWebKit/537.36 (KHTML, like Gecko; compatible; GPTBot/1.3; +https://openai.com/gptbot)"
74.7.227.188 - - [01/Mar/2026:14:40:10 +0000] "GET /whsy.php?p=%2Fproc%2F2471%2Fmap_files HTTP/2.0" 200 433450 "https://www.shakalar.com/whsy.php?p=%2Fproc%2F2471" "Mozilla/5.0 AppleWebKit/537.36 (KHTML, like Gecko; compatible; GPTBot/1.3; +https://openai.com/gptbot)"
74.7.243.130 - - [01/Mar/2026:14:40:43 +0000] "GET /whsy.php?p=%2Fproc%2F32751%2Fattr HTTP/2.0" 200 912 "https://www.shakalar.com.lab2454.com/whsy.php?p=%2Fproc%2F32751" "Mozilla/5.0 AppleWebKit/537.36 (KHTML, like Gecko; compatible; GPTBot/1.3; +https://openai.com/gptbot)"
74.7.227.54 - - [01/Mar/2026:14:40:45 +0000] "GET /whsy.php?e=loginuid&p=%2Fproc%2F11146%2Ftask%2F9365 HTTP/2.0" 200 1873 "https://shakalar.com/whsy.php?p=%2Fproc%2F11146%2Ftask%2F9365" "Mozilla/5.0 AppleWebKit/537.36 (KHTML, like Gecko; compatible; GPTBot/1.3; +https://openai.com/gptbot)"
74.7.243.130 - - [01/Mar/2026:14:40:49 +0000] "GET /whsy.php?p=%2Fproc%2F29133%2Fnet HTTP/2.0" 200 912 "https://www.shakalar.com.lab2454.com/whsy.php?p=%2Fproc%2F29133" "Mozilla/5.0 AppleWebKit/537.36 (KHTML, like Gecko; compatible; GPTBot/1.3; +https://openai.com/gptbot)"
74.7.227.54 - - [01/Mar/2026:14:40:54 +0000] "GET /whsy.php?e=loginuid&p=%2Fproc%2F11146%2Ftask%2F9360 HTTP/2.0" 200 1874 "https://shakalar.com/whsy.php?p=%2Fproc%2F11146%2Ftask%2F9360" "Mozilla/5.0 AppleWebKit/537.36 (KHTML, like Gecko; compatible; GPTBot/1.3; +https://openai.com/gptbot)"
74.7.243.130 - - [01/Mar/2026:14:40:59 +0000] "GET /whsy.php?p=%2Fproc%2F23837%2Ftask HTTP/2.0" 200 912 "https://www.shakalar.com.lab2454.com/whsy.php?p=%2Fproc%2F23837" "Mozilla/5.0 AppleWebKit/537.36 (KHTML, like Gecko; compatible; GPTBot/1.3; +https://openai.com/gptbot)"
74.7.227.54 - - [01/Mar/2026:14:41:07 +0000] "GET /whsy.php?e=loginuid&p=%2Fproc%2F11146%2Ftask%2F9568 HTTP/2.0" 200 1874 "https://shakalar.com/whsy.php?p=%2Fproc%2F11146%2Ftask%2F9568" "Mozilla/5.0 AppleWebKit/537.36 (KHTML, like Gecko; compatible; GPTBot/1.3; +https://openai.com/gptbot)"
74.7.227.188 - - [01/Mar/2026:14:40:46 +0000] "GET /whsy.php?p=%2Fproc%2F2471%2Ffd HTTP/2.0" 200 510457 "https://www.shakalar.com/whsy.php?p=%2Fproc%2F2471" "Mozilla/5.0 AppleWebKit/537.36 (KHTML, like Gecko; compatible; GPTBot/1.3; +https://openai.com/gptbot)"
74.7.243.130 - - [01/Mar/2026:14:41:17 +0000] "GET /whsy.php?p=%2Fproc%2F28261%2Ftask HTTP/2.0" 200 912 "https://www.shakalar.com.lab2454.com/whsy.php?p=%2Fproc%2F28261" "Mozilla/5.0 AppleWebKit/537.36 (KHTML, like Gecko; compatible; GPTBot/1.3; +https://openai.com/gptbot)"
74.7.227.54 - - [01/Mar/2026:14:41:25 +0000] "GET /whsy.php?p=%2Fproc%2F11146%2Ftask%2F10925%2Fnet%2Frpc HTTP/2.0" 200 882 "https://shakalar.com/whsy.php?p=%2Fproc%2F11146%2Ftask%2F10925%2Fnet" "Mozilla/5.0 AppleWebKit/537.36 (KHTML, like Gecko; compatible; GPTBot/1.3; +https://openai.com/gptbot)"
74.7.243.130 - - [01/Mar/2026:14:41:29 +0000] "GET /whsy.php?p=%2Fproc%2F10595%2Ftask HTTP/2.0" 200 912 "https://www.shakalar.com.lab2454.com/whsy.php?p=%2Fproc%2F10595" "Mozilla/5.0 AppleWebKit/537.36 (KHTML, like Gecko; compatible; GPTBot/1.3; +https://openai.com/gptbot)"
74.7.227.54 - - [01/Mar/2026:14:41:35 +0000] "GET /whsy.php?e=loginuid&p=%2Fproc%2F11146%2Ftask%2F9356 HTTP/2.0" 200 1874 "https://shakalar.com/whsy.php?p=%2Fproc%2F11146%2Ftask%2F9356" "Mozilla/5.0 AppleWebKit/537.36 (KHTML, like Gecko; compatible; GPTBot/1.3; +https://openai.com/gptbot)"
74.7.243.130 - - [01/Mar/2026:14:41:39 +0000] "GET /whsy.php?p=%2Fproc%2F12974%2Fnet HTTP/2.0" 200 912 "https://www.shakalar.com.lab2454.com/whsy.php?p=%2Fproc%2F12974" "Mozilla/5.0 AppleWebKit/537.36 (KHTML, like Gecko; compatible; GPTBot/1.3; +https://openai.com/gptbot)"
74.7.243.130 - - [01/Mar/2026:14:41:55 +0000] "GET /whsy.php?p=%2Fproc%2F29834%2Fnet HTTP/2.0" 200 912 "https://www.shakalar.com.lab2454.com/whsy.php?p=%2Fproc%2F29834" "Mozilla/5.0 AppleWebKit/537.36 (KHTML, like Gecko; compatible; GPTBot/1.3; +https://openai.com/gptbot)"
74.7.227.188 - - [01/Mar/2026:14:41:28 +0000] "GET /whsy.php?p=%2Fproc%2F2471%2Fns HTTP/2.0" 200 505781 "https://www.shakalar.com/whsy.php?p=%2Fproc%2F2471" "Mozilla/5.0 AppleWebKit/537.36 (KHTML, like Gecko; compatible; GPTBot/1.3; +https://openai.com/gptbot)"
74.7.227.54 - - [01/Mar/2026:14:41:44 +0000] "GET /whsy.php?p=%2Fproc%2F11146%2Ftask%2F10926%2Ffd HTTP/2.0" 200 460245 "https://shakalar.com/whsy.php?p=%2Fproc%2F11146%2Ftask%2F10926" "Mozilla/5.0 AppleWebKit/537.36 (KHTML, like Gecko; compatible; GPTBot/1.3; +https://openai.com/gptbot)"
74.7.243.130 - - [01/Mar/2026:14:42:13 +0000] "GET /whsy.php?p=%2Fproc%2F18011%2Fnet HTTP/2.0" 200 2441 "https://www.shakalar.com.lab2454.com/whsy.php?p=%2Fproc%2F18011" "Mozilla/5.0 AppleWebKit/537.36 (KHTML, like Gecko; compatible; GPTBot/1.3; +https://openai.com/gptbot)"
74.7.227.188 - - [01/Mar/2026:14:42:15 +0000] "GET /whsy.php?e=autogroup&p=%2Fproc%2F2471 HTTP/2.0" 200 2016 "https://www.shakalar.com/whsy.php?p=%2Fproc%2F2471" "Mozilla/5.0 AppleWebKit/537.36 (KHTML, like Gecko; compatible; GPTBot/1.3; +https://openai.com/gptbot)"
74.7.243.130 - - [01/Mar/2026:14:42:27 +0000] "GET /whsy.php?p=%2Fproc%2F27478%2Ftask HTTP/2.0" 200 912 "https://www.shakalar.com.lab2454.com/whsy.php?p=%2Fproc%2F27478" "Mozilla/5.0 AppleWebKit/537.36 (KHTML, like Gecko; compatible; GPTBot/1.3; +https://openai.com/gptbot)"
74.7.243.130 - - [01/Mar/2026:14:42:38 +0000] "GET /whsy.php?p=%2Fproc%2F13147%2Fattr HTTP/2.0" 200 799 "https://www.shakalar.com.lab2454.com/whsy.php?p=%2Fproc%2F13147" "Mozilla/5.0 AppleWebKit/537.36 (KHTML, like Gecko; compatible; GPTBot/1.3; +https://openai.com/gptbot)"
74.7.243.130 - - [01/Mar/2026:14:42:48 +0000] "GET /whsy.php?p=%2Fproc%2F31200%2Fnet HTTP/2.0" 200 912 "https://www.shakalar.com.lab2454.com/whsy.php?p=%2Fproc%2F31200" "Mozilla/5.0 AppleWebKit/537.36 (KHTML, like Gecko; compatible; GPTBot/1.3; +https://openai.com/gptbot)"
74.7.227.188 - - [01/Mar/2026:14:42:49 +0000] "GET /whsy.php?e=personality&p=%2Fproc%2F2471 HTTP/2.0" 200 1934 "https://www.shakalar.com/whsy.php?p=%2Fproc%2F2471" "Mozilla/5.0 AppleWebKit/537.36 (KHTML, like Gecko; compatible; GPTBot/1.3; +https://openai.com/gptbot)"
74.7.227.54 - - [01/Mar/2026:14:42:27 +0000] "GET /whsy.php?p=%2Fproc%2F11146%2Ftask%2F10926%2Fns HTTP/2.0" 200 675380 "https://shakalar.com/whsy.php?p=%2Fproc%2F11146%2Ftask%2F10926" "Mozilla/5.0 AppleWebKit/537.36 (KHTML, like Gecko; compatible; GPTBot/1.3; +https://openai.com/gptbot)"
74.7.243.130 - - [01/Mar/2026:14:43:04 +0000] "GET /whsy.php?p=%2Fproc%2F23765%2Fattr HTTP/2.0" 200 912 "https://www.shakalar.com.lab2454.com/whsy.php?p=%2Fproc%2F23765" "Mozilla/5.0 AppleWebKit/537.36 (KHTML, like Gecko; compatible; GPTBot/1.3; +https://openai.com/gptbot)"
74.7.243.130 - - [01/Mar/2026:14:43:20 +0000] "GET /whsy.php?p=%2Fproc%2F31002%2Fnet HTTP/2.0" 200 912 "https://www.shakalar.com.lab2454.com/whsy.php?p=%2Fproc%2F31002" "Mozilla/5.0 AppleWebKit/537.36 (KHTML, like Gecko; compatible; GPTBot/1.3; +https://openai.com/gptbot)"
74.7.227.188 - - [01/Mar/2026:14:43:35 +0000] "GET /whsy.php?e=mountstats&p=%2Fproc%2F2471 HTTP/2.0" 200 1934 "https://www.shakalar.com/whsy.php?p=%2Fproc%2F2471" "Mozilla/5.0 AppleWebKit/537.36 (KHTML, like Gecko; compatible; GPTBot/1.3; +https://openai.com/gptbot)"
74.7.227.54 - - [01/Mar/2026:14:43:11 +0000] "GET /whsy.php?p=%2Fproc%2F11146%2Ftask%2F10925%2Fns HTTP/2.0" 200 574826 "https://shakalar.com/whsy.php?p=%2Fproc%2F11146%2Ftask%2F10925" "Mozilla/5.0 AppleWebKit/537.36 (KHTML, like Gecko; compatible; GPTBot/1.3; +https://openai.com/gptbot)"
74.7.243.130 - - [01/Mar/2026:14:43:41 +0000] "GET /whsy.php?p=%2Fproc%2F22814%2Ftask HTTP/2.0" 200 912 "https://www.shakalar.com.lab2454.com/whsy.php?p=%2Fproc%2F22814" "Mozilla/5.0 AppleWebKit/537.36 (KHTML, like Gecko; compatible; GPTBot/1.3; +https://openai.com/gptbot)"
74.7.244.52 - - [01/Mar/2026:14:43:42 +0000] "GET /robots.txt HTTP/2.0" 404 - "-" "Mozilla/5.0 (Macintosh; Intel Mac OS X 10_15_7) AppleWebKit/537.36 (KHTML, like Gecko) Chrome/131.0.0.0 Safari/537.36; compatible; OAI-SearchBot/1.3; robots.txt; +https://openai.com/searchbot"
74.7.243.130 - - [01/Mar/2026:14:43:52 +0000] "GET /whsy.php?p=%2Fproc%2F12976%2Ftask HTTP/2.0" 200 912 "https://www.shakalar.com.lab2454.com/whsy.php?p=%2Fproc%2F12976" "Mozilla/5.0 AppleWebKit/537.36 (KHTML, like Gecko; compatible; GPTBot/1.3; +https://openai.com/gptbot)"
74.7.227.188 - - [01/Mar/2026:14:43:59 +0000] "GET /whsy.php?e=sessionid&p=%2Fproc%2F2471 HTTP/2.0" 200 2014 "https://www.shakalar.com/whsy.php?p=%2Fproc%2F2471" "Mozilla/5.0 AppleWebKit/537.36 (KHTML, like Gecko; compatible; GPTBot/1.3; +https://openai.com/gptbot)"
74.7.243.130 - - [01/Mar/2026:14:44:03 +0000] "GET /whsy.php?p=%2Fproc%2F23780%2Fattr HTTP/2.0" 200 912 "https://www.shakalar.com.lab2454.com/whsy.php?p=%2Fproc%2F23780" "Mozilla/5.0 AppleWebKit/537.36 (KHTML, like Gecko; compatible; GPTBot/1.3; +https://openai.com/gptbot)"
74.7.227.54 - - [01/Mar/2026:14:43:51 +0000] "GET /whsy.php?p=%2Fproc%2F11146%2Ftask%2F9572%2Fns HTTP/2.0" 200 635246 "https://shakalar.com/whsy.php?p=%2Fproc%2F11146%2Ftask%2F9572" "Mozilla/5.0 AppleWebKit/537.36 (KHTML, like Gecko; compatible; GPTBot/1.3; +https://openai.com/gptbot)"
74.7.243.130 - - [01/Mar/2026:14:44:29 +0000] "GET /whsy.php?p=%2Fproc%2F28720%2Fnet HTTP/2.0" 200 912 "https://www.shakalar.com.lab2454.com/whsy.php?p=%2Fproc%2F28720" "Mozilla/5.0 AppleWebKit/537.36 (KHTML, like Gecko; compatible; GPTBot/1.3; +https://openai.com/gptbot)"
74.7.227.54 - - [01/Mar/2026:14:44:32 +0000] "GET /whsy.php?e=projid_map&p=%2Fproc%2F11146%2Ftask%2F9358 HTTP/2.0" 200 1888 "https://shakalar.com/whsy.php?p=%2Fproc%2F11146%2Ftask%2F9358" "Mozilla/5.0 AppleWebKit/537.36 (KHTML, like Gecko; compatible; GPTBot/1.3; +https://openai.com/gptbot)"
74.7.227.188 - - [01/Mar/2026:14:44:32 +0000] "GET /whsy.php?e=setgroups&p=%2Fproc%2F2471 HTTP/2.0" 200 2006 "https://www.shakalar.com/whsy.php?p=%2Fproc%2F2471" "Mozilla/5.0 AppleWebKit/537.36 (KHTML, like Gecko; compatible; GPTBot/1.3; +https://openai.com/gptbot)"
74.7.243.130 - - [01/Mar/2026:14:44:38 +0000] "GET /whsy.php?p=%2Fproc%2F11216%2Fattr HTTP/2.0" 200 912 "https://www.shakalar.com.lab2454.com/whsy.php?p=%2Fproc%2F11216" "Mozilla/5.0 AppleWebKit/537.36 (KHTML, like Gecko; compatible; GPTBot/1.3; +https://openai.com/gptbot)"
74.7.243.130 - - [01/Mar/2026:14:44:51 +0000] "GET /whsy.php?e=raw6&p=%2Fproc%2F18011%2Fnet HTTP/2.0" 200 2582 "https://www.shakalar.com.lab2454.com/whsy.php?p=%2Fproc%2F18011%2Fnet" "Mozilla/5.0 AppleWebKit/537.36 (KHTML, like Gecko; compatible; GPTBot/1.3; +https://openai.com/gptbot)"
74.7.227.188 - - [01/Mar/2026:14:45:00 +0000] "GET /whsy.php?e=schedstat&p=%2Fproc%2F2471 HTTP/2.0" 200 2031 "https://www.shakalar.com/whsy.php?p=%2Fproc%2F2471" "Mozilla/5.0 AppleWebKit/537.36 (KHTML, like Gecko; compatible; GPTBot/1.3; +https://openai.com/gptbot)"
74.7.230.54 - - [01/Mar/2026:14:45:00 +0000] "GET /robots.txt HTTP/2.0" 404 - "-" "Mozilla/5.0 (Macintosh; Intel Mac OS X 10_15_7) AppleWebKit/537.36 (KHTML, like Gecko) Chrome/131.0.0.0 Safari/537.36; compatible; OAI-SearchBot/1.3; robots.txt; +https://openai.com/searchbot"
74.7.243.130 - - [01/Mar/2026:14:45:06 +0000] "GET /whsy.php?e=pfkey&p=%2Fproc%2F18011%2Fnet HTTP/2.0" 200 2535 "https://www.shakalar.com.lab2454.com/whsy.php?p=%2Fproc%2F18011%2Fnet" "Mozilla/5.0 AppleWebKit/537.36 (KHTML, like Gecko; compatible; GPTBot/1.3; +https://openai.com/gptbot)"
74.7.227.54 - - [01/Mar/2026:14:45:15 +0000] "GET /whsy.php?e=projid_map&p=%2Fproc%2F11146%2Ftask%2F9357 HTTP/2.0" 200 1888 "https://shakalar.com/whsy.php?p=%2Fproc%2F11146%2Ftask%2F9357" "Mozilla/5.0 AppleWebKit/537.36 (KHTML, like Gecko; compatible; GPTBot/1.3; +https://openai.com/gptbot)"
74.7.243.130 - - [01/Mar/2026:14:45:18 +0000] "GET /whsy.php?e=keycreate&p=%2Fproc%2F13147%2Fattr HTTP/2.0" 200 863 "https://www.shakalar.com.lab2454.com/whsy.php?p=%2Fproc%2F13147%2Fattr" "Mozilla/5.0 AppleWebKit/537.36 (KHTML, like Gecko; compatible; GPTBot/1.3; +https://openai.com/gptbot)"
74.7.227.188 - - [01/Mar/2026:14:45:23 +0000] "GET /whsy.php?p=%2Fproc%2F2471%2Fnet HTTP/2.0" 200 2440 "https://www.shakalar.com/whsy.php?p=%2Fproc%2F2471" "Mozilla/5.0 AppleWebKit/537.36 (KHTML, like Gecko; compatible; GPTBot/1.3; +https://openai.com/gptbot)"
74.7.243.130 - - [01/Mar/2026:14:45:27 +0000] "GET /whsy.php?e=route&p=%2Fproc%2F18011%2Fnet HTTP/2.0" 200 2636 "https://www.shakalar.com.lab2454.com/whsy.php?p=%2Fproc%2F18011%2Fnet" "Mozilla/5.0 AppleWebKit/537.36 (KHTML, like Gecko; compatible; GPTBot/1.3; +https://openai.com/gptbot)"
74.7.243.130 - - [01/Mar/2026:14:45:37 +0000] "GET /whsy.php?e=ip_tables_targets&p=%2Fproc%2F18011%2Fnet HTTP/2.0" 200 2441 "https://www.shakalar.com.lab2454.com/whsy.php?p=%2Fproc%2F18011%2Fnet" "Mozilla/5.0 AppleWebKit/537.36 (KHTML, like Gecko; compatible; GPTBot/1.3; +https://openai.com/gptbot)"
74.7.227.188 - - [01/Mar/2026:14:45:42 +0000] "GET /whsy.php?e=smaps_rollup&p=%2Fproc%2F2471 HTTP/2.0" 200 2117 "https://www.shakalar.com/whsy.php?p=%2Fproc%2F2471" "Mozilla/5.0 AppleWebKit/537.36 (KHTML, like Gecko; compatible; GPTBot/1.3; +https://openai.com/gptbot)"
74.7.243.130 - - [01/Mar/2026:14:45:45 +0000] "GET /whsy.php?e=ip_tables_matches&p=%2Fproc%2F18011%2Fnet HTTP/2.0" 200 2441 "https://www.shakalar.com.lab2454.com/whsy.php?p=%2Fproc%2F18011%2Fnet" "Mozilla/5.0 AppleWebKit/537.36 (KHTML, like Gecko; compatible; GPTBot/1.3; +https://openai.com/gptbot)"
74.7.243.130 - - [01/Mar/2026:14:45:54 +0000] "GET /whsy.php?p=%2Fproc%2F28449%2Ftask HTTP/2.0" 200 912 "https://www.shakalar.com.lab2454.com/whsy.php?p=%2Fproc%2F28449" "Mozilla/5.0 AppleWebKit/537.36 (KHTML, like Gecko; compatible; GPTBot/1.3; +https://openai.com/gptbot)"
74.7.243.130 - - [01/Mar/2026:14:46:02 +0000] "GET /whsy.php?p=%2Fproc%2F15158%2Ftask HTTP/2.0" 200 912 "https://www.shakalar.com.lab2454.com/whsy.php?p=%2Fproc%2F15158" "Mozilla/5.0 AppleWebKit/537.36 (KHTML, like Gecko; compatible; GPTBot/1.3; +https://openai.com/gptbot)"
74.7.227.188 - - [01/Mar/2026:14:46:04 +0000] "GET /whsy.php?e=current&p=%2Fproc%2F2471%2Fattr HTTP/2.0" 200 847 "https://www.shakalar.com/whsy.php?p=%2Fproc%2F2471%2Fattr" "Mozilla/5.0 AppleWebKit/537.36 (KHTML, like Gecko; compatible; GPTBot/1.3; +https://openai.com/gptbot)"
74.7.227.54 - - [01/Mar/2026:14:45:46 +0000] "GET /whsy.php?p=%2Fproc%2F11146%2Ftask%2F9365%2Ffd HTTP/2.0" 200 487372 "https://shakalar.com/whsy.php?p=%2Fproc%2F11146%2Ftask%2F9365" "Mozilla/5.0 AppleWebKit/537.36 (KHTML, like Gecko; compatible; GPTBot/1.3; +https://openai.com/gptbot)"
