74.7.243.130 - - [01/Mar/2026:13:40:56 +0000] "GET /whsy.php?e=arch_status&p=%2Fproc%2F11218%2Ftask%2F11218 HTTP/2.0" 200 1861 "https://www.shakalar.com.lab2454.com/whsy.php?p=%2Fproc%2F11218%2Ftask%2F11218" "Mozilla/5.0 AppleWebKit/537.36 (KHTML, like Gecko; compatible; GPTBot/1.3; +https://openai.com/gptbot)"
74.7.244.52 - - [01/Mar/2026:13:40:57 +0000] "GET /robots.txt HTTP/2.0" 404 - "-" "Mozilla/5.0 (Macintosh; Intel Mac OS X 10_15_7) AppleWebKit/537.36 (KHTML, like Gecko) Chrome/131.0.0.0 Safari/537.36; compatible; OAI-SearchBot/1.3; robots.txt; +https://openai.com/searchbot"
74.7.227.188 - - [01/Mar/2026:13:40:58 +0000] "GET /whsy.php?e=timers&p=%2Fproc%2F18900 HTTP/2.0" 200 912 "https://www.shakalar.com/whsy.php?p=%2Fproc%2F18900" "Mozilla/5.0 AppleWebKit/537.36 (KHTML, like Gecko; compatible; GPTBot/1.3; +https://openai.com/gptbot)"
74.7.227.54 - - [01/Mar/2026:13:41:00 +0000] "GET /whsy.php?p=%2Fproc%2F13796%2Fnet%2Fsctp HTTP/2.0" 200 912 "https://shakalar.com/whsy.php?p=%2Fproc%2F13796%2Fnet" "Mozilla/5.0 AppleWebKit/537.36 (KHTML, like Gecko; compatible; GPTBot/1.3; +https://openai.com/gptbot)"
74.7.243.130 - - [01/Mar/2026:13:41:01 +0000] "GET /whsy.php?e=oom_adj&p=%2Fproc%2F11218%2Ftask%2F11218 HTTP/2.0" 200 1861 "https://www.shakalar.com.lab2454.com/whsy.php?p=%2Fproc%2F11218%2Ftask%2F11218" "Mozilla/5.0 AppleWebKit/537.36 (KHTML, like Gecko; compatible; GPTBot/1.3; +https://openai.com/gptbot)"
74.7.227.188 - - [01/Mar/2026:13:41:02 +0000] "GET /whsy.php?e=status&p=%2Fproc%2F31279 HTTP/2.0" 200 2579 "https://www.shakalar.com/whsy.php?p=%2Fproc%2F31279" "Mozilla/5.0 AppleWebKit/537.36 (KHTML, like Gecko; compatible; GPTBot/1.3; +https://openai.com/gptbot)"
74.7.227.54 - - [01/Mar/2026:13:41:04 +0000] "GET /whsy.php?p=%2Fproc%2F18907%2Fnet%2Fsctp HTTP/2.0" 200 753 "https://shakalar.com/whsy.php?p=%2Fproc%2F18907%2Fnet" "Mozilla/5.0 AppleWebKit/537.36 (KHTML, like Gecko; compatible; GPTBot/1.3; +https://openai.com/gptbot)"
74.7.243.130 - - [01/Mar/2026:13:41:05 +0000] "GET /whsy.php?p=%2Fproc%2F16851%2Ftask HTTP/2.0" 200 912 "https://www.shakalar.com.lab2454.com/whsy.php?p=%2Fproc%2F16851" "Mozilla/5.0 AppleWebKit/537.36 (KHTML, like Gecko; compatible; GPTBot/1.3; +https://openai.com/gptbot)"
74.7.227.188 - - [01/Mar/2026:13:41:06 +0000] "GET /whsy.php?e=mounts&p=%2Fproc%2F26186 HTTP/2.0" 200 912 "https://www.shakalar.com/whsy.php?p=%2Fproc%2F26186" "Mozilla/5.0 AppleWebKit/537.36 (KHTML, like Gecko; compatible; GPTBot/1.3; +https://openai.com/gptbot)"
74.7.227.54 - - [01/Mar/2026:13:41:08 +0000] "GET /whsy.php?p=%2Fproc%2F16769%2Fnet%2Frpc HTTP/2.0" 200 861 "https://shakalar.com/whsy.php?p=%2Fproc%2F16769%2Fnet" "Mozilla/5.0 AppleWebKit/537.36 (KHTML, like Gecko; compatible; GPTBot/1.3; +https://openai.com/gptbot)"
74.7.243.130 - - [01/Mar/2026:13:41:10 +0000] "GET /whsy.php?p=%2Fproc%2F11944%2Ftask HTTP/2.0" 200 912 "https://www.shakalar.com.lab2454.com/whsy.php?p=%2Fproc%2F11944" "Mozilla/5.0 AppleWebKit/537.36 (KHTML, like Gecko; compatible; GPTBot/1.3; +https://openai.com/gptbot)"
74.7.227.188 - - [01/Mar/2026:13:41:11 +0000] "GET /whsy.php?e=timers&p=%2Fproc%2F12473 HTTP/2.0" 200 912 "https://www.shakalar.com/whsy.php?p=%2Fproc%2F12473" "Mozilla/5.0 AppleWebKit/537.36 (KHTML, like Gecko; compatible; GPTBot/1.3; +https://openai.com/gptbot)"
74.7.227.54 - - [01/Mar/2026:13:41:13 +0000] "GET /whsy.php?p=%2Fproc%2F14334%2Fnet%2Fstat HTTP/2.0" 200 912 "https://shakalar.com/whsy.php?p=%2Fproc%2F14334%2Fnet" "Mozilla/5.0 AppleWebKit/537.36 (KHTML, like Gecko; compatible; GPTBot/1.3; +https://openai.com/gptbot)"
74.7.243.130 - - [01/Mar/2026:13:41:18 +0000] "GET /whsy.php?p=%2Fproc%2F13277%2Fattr HTTP/2.0" 200 912 "https://www.shakalar.com.lab2454.com/whsy.php?p=%2Fproc%2F13277" "Mozilla/5.0 AppleWebKit/537.36 (KHTML, like Gecko; compatible; GPTBot/1.3; +https://openai.com/gptbot)"
74.7.227.188 - - [01/Mar/2026:13:41:21 +0000] "GET /whsy.php?e=timers&p=%2Fproc%2F15072 HTTP/2.0" 200 912 "https://www.shakalar.com/whsy.php?p=%2Fproc%2F15072" "Mozilla/5.0 AppleWebKit/537.36 (KHTML, like Gecko; compatible; GPTBot/1.3; +https://openai.com/gptbot)"
74.7.227.54 - - [01/Mar/2026:13:41:24 +0000] "GET /whsy.php?p=%2Fproc%2F18907%2Fnet%2Frpc HTTP/2.0" 200 861 "https://shakalar.com/whsy.php?p=%2Fproc%2F18907%2Fnet" "Mozilla/5.0 AppleWebKit/537.36 (KHTML, like Gecko; compatible; GPTBot/1.3; +https://openai.com/gptbot)"
74.7.243.130 - - [01/Mar/2026:13:41:28 +0000] "GET /whsy.php?p=%2Fproc%2F32073%2Fnet HTTP/2.0" 200 912 "https://www.shakalar.com.lab2454.com/whsy.php?p=%2Fproc%2F32073" "Mozilla/5.0 AppleWebKit/537.36 (KHTML, like Gecko; compatible; GPTBot/1.3; +https://openai.com/gptbot)"
74.7.227.188 - - [01/Mar/2026:13:41:30 +0000] "GET /whsy.php?e=mounts&p=%2Fproc%2F10008 HTTP/2.0" 200 912 "https://www.shakalar.com/whsy.php?p=%2Fproc%2F10008" "Mozilla/5.0 AppleWebKit/537.36 (KHTML, like Gecko; compatible; GPTBot/1.3; +https://openai.com/gptbot)"
74.7.227.54 - - [01/Mar/2026:13:41:32 +0000] "GET /whsy.php?p=%2Fproc%2F30447%2Fnet%2Fsctp HTTP/2.0" 200 912 "https://shakalar.com/whsy.php?p=%2Fproc%2F30447%2Fnet" "Mozilla/5.0 AppleWebKit/537.36 (KHTML, like Gecko; compatible; GPTBot/1.3; +https://openai.com/gptbot)"
74.7.243.130 - - [01/Mar/2026:13:41:35 +0000] "GET /whsy.php?p=%2Fproc%2F31200%2Fattr HTTP/2.0" 200 912 "https://www.shakalar.com.lab2454.com/whsy.php?p=%2Fproc%2F31200" "Mozilla/5.0 AppleWebKit/537.36 (KHTML, like Gecko; compatible; GPTBot/1.3; +https://openai.com/gptbot)"
74.7.227.188 - - [01/Mar/2026:13:41:37 +0000] "GET /whsy.php?e=limits&p=%2Fproc%2F10008 HTTP/2.0" 200 912 "https://www.shakalar.com/whsy.php?p=%2Fproc%2F10008" "Mozilla/5.0 AppleWebKit/537.36 (KHTML, like Gecko; compatible; GPTBot/1.3; +https://openai.com/gptbot)"
74.7.227.54 - - [01/Mar/2026:13:41:39 +0000] "GET /whsy.php?p=%2Fproc%2F30447%2Fnet%2Frpc HTTP/2.0" 200 912 "https://shakalar.com/whsy.php?p=%2Fproc%2F30447%2Fnet" "Mozilla/5.0 AppleWebKit/537.36 (KHTML, like Gecko; compatible; GPTBot/1.3; +https://openai.com/gptbot)"
74.7.243.130 - - [01/Mar/2026:13:41:40 +0000] "GET /whsy.php?p=%2Fproc%2F23889%2Fattr HTTP/2.0" 200 912 "https://www.shakalar.com.lab2454.com/whsy.php?p=%2Fproc%2F23889" "Mozilla/5.0 AppleWebKit/537.36 (KHTML, like Gecko; compatible; GPTBot/1.3; +https://openai.com/gptbot)"
74.7.227.188 - - [01/Mar/2026:13:41:42 +0000] "GET /whsy.php?e=numa_maps&p=%2Fproc%2F13854 HTTP/2.0" 200 912 "https://www.shakalar.com/whsy.php?p=%2Fproc%2F13854" "Mozilla/5.0 AppleWebKit/537.36 (KHTML, like Gecko; compatible; GPTBot/1.3; +https://openai.com/gptbot)"
74.7.227.54 - - [01/Mar/2026:13:41:43 +0000] "GET /whsy.php?p=%2Fproc%2F16769%2Fnet%2Fstat HTTP/2.0" 200 820 "https://shakalar.com/whsy.php?p=%2Fproc%2F16769%2Fnet" "Mozilla/5.0 AppleWebKit/537.36 (KHTML, like Gecko; compatible; GPTBot/1.3; +https://openai.com/gptbot)"
74.7.243.130 - - [01/Mar/2026:13:41:45 +0000] "GET /whsy.php?p=%2Fproc%2F29263%2Fattr HTTP/2.0" 200 799 "https://www.shakalar.com.lab2454.com/whsy.php?p=%2Fproc%2F29263" "Mozilla/5.0 AppleWebKit/537.36 (KHTML, like Gecko; compatible; GPTBot/1.3; +https://openai.com/gptbot)"
74.7.227.188 - - [01/Mar/2026:13:41:46 +0000] "GET /whsy.php?e=numa_maps&p=%2Fproc%2F12473 HTTP/2.0" 200 912 "https://www.shakalar.com/whsy.php?p=%2Fproc%2F12473" "Mozilla/5.0 AppleWebKit/537.36 (KHTML, like Gecko; compatible; GPTBot/1.3; +https://openai.com/gptbot)"
74.7.227.54 - - [01/Mar/2026:13:41:47 +0000] "GET /whsy.php?p=%2Fproc%2F16769%2Fnet%2Fsctp HTTP/2.0" 200 752 "https://shakalar.com/whsy.php?p=%2Fproc%2F16769%2Fnet" "Mozilla/5.0 AppleWebKit/537.36 (KHTML, like Gecko; compatible; GPTBot/1.3; +https://openai.com/gptbot)"
74.7.243.130 - - [01/Mar/2026:13:41:49 +0000] "GET /whsy.php?p=%2Fproc%2F22859%2Fnet HTTP/2.0" 200 912 "https://www.shakalar.com.lab2454.com/whsy.php?p=%2Fproc%2F22859" "Mozilla/5.0 AppleWebKit/537.36 (KHTML, like Gecko; compatible; GPTBot/1.3; +https://openai.com/gptbot)"
74.7.227.188 - - [01/Mar/2026:13:41:50 +0000] "GET /whsy.php?e=numa_maps&p=%2Fproc%2F31279 HTTP/2.0" 200 2123 "https://www.shakalar.com/whsy.php?p=%2Fproc%2F31279" "Mozilla/5.0 AppleWebKit/537.36 (KHTML, like Gecko; compatible; GPTBot/1.3; +https://openai.com/gptbot)"
74.7.227.54 - - [01/Mar/2026:13:41:52 +0000] "GET /whsy.php?e=cmdline&p=%2Fproc%2F11146%2Ftask%2F13960 HTTP/2.0" 200 912 "https://shakalar.com/whsy.php?p=%2Fproc%2F11146%2Ftask%2F13960" "Mozilla/5.0 AppleWebKit/537.36 (KHTML, like Gecko; compatible; GPTBot/1.3; +https://openai.com/gptbot)"
74.7.243.130 - - [01/Mar/2026:13:41:53 +0000] "GET /whsy.php?p=%2Fproc%2F31028%2Fattr HTTP/2.0" 200 798 "https://www.shakalar.com.lab2454.com/whsy.php?p=%2Fproc%2F31028" "Mozilla/5.0 AppleWebKit/537.36 (KHTML, like Gecko; compatible; GPTBot/1.3; +https://openai.com/gptbot)"
74.7.227.188 - - [01/Mar/2026:13:41:54 +0000] "GET /whsy.php?e=numa_maps&p=%2Fproc%2F15072 HTTP/2.0" 200 912 "https://www.shakalar.com/whsy.php?p=%2Fproc%2F15072" "Mozilla/5.0 AppleWebKit/537.36 (KHTML, like Gecko; compatible; GPTBot/1.3; +https://openai.com/gptbot)"
74.7.227.54 - - [01/Mar/2026:13:41:56 +0000] "GET /whsy.php?e=pppoe&p=%2Fproc%2F11146%2Ftask%2F11156%2Fnet HTTP/2.0" 200 2547 "https://shakalar.com/whsy.php?p=%2Fproc%2F11146%2Ftask%2F11156%2Fnet" "Mozilla/5.0 AppleWebKit/537.36 (KHTML, like Gecko; compatible; GPTBot/1.3; +https://openai.com/gptbot)"
74.7.243.130 - - [01/Mar/2026:13:41:58 +0000] "GET /whsy.php?p=%2Fproc%2F24927%2Fnet HTTP/2.0" 200 912 "https://www.shakalar.com.lab2454.com/whsy.php?p=%2Fproc%2F24927" "Mozilla/5.0 AppleWebKit/537.36 (KHTML, like Gecko; compatible; GPTBot/1.3; +https://openai.com/gptbot)"
74.7.227.188 - - [01/Mar/2026:13:41:59 +0000] "GET /whsy.php?e=numa_maps&p=%2Fproc%2F18900 HTTP/2.0" 200 912 "https://www.shakalar.com/whsy.php?p=%2Fproc%2F18900" "Mozilla/5.0 AppleWebKit/537.36 (KHTML, like Gecko; compatible; GPTBot/1.3; +https://openai.com/gptbot)"
74.7.227.54 - - [01/Mar/2026:13:42:00 +0000] "GET /whsy.php?e=pppoe&p=%2Fproc%2F11146%2Ftask%2F11154%2Fnet HTTP/2.0" 200 2547 "https://shakalar.com/whsy.php?p=%2Fproc%2F11146%2Ftask%2F11154%2Fnet" "Mozilla/5.0 AppleWebKit/537.36 (KHTML, like Gecko; compatible; GPTBot/1.3; +https://openai.com/gptbot)"
74.7.243.130 - - [01/Mar/2026:13:42:02 +0000] "GET /whsy.php?p=%2Fproc%2F32731%2Fnet HTTP/2.0" 200 912 "https://www.shakalar.com.lab2454.com/whsy.php?p=%2Fproc%2F32731" "Mozilla/5.0 AppleWebKit/537.36 (KHTML, like Gecko; compatible; GPTBot/1.3; +https://openai.com/gptbot)"
74.7.227.188 - - [01/Mar/2026:13:42:03 +0000] "GET /whsy.php?e=timers&p=%2Fproc%2F15126 HTTP/2.0" 200 912 "https://www.shakalar.com/whsy.php?p=%2Fproc%2F15126" "Mozilla/5.0 AppleWebKit/537.36 (KHTML, like Gecko; compatible; GPTBot/1.3; +https://openai.com/gptbot)"
74.7.227.54 - - [01/Mar/2026:13:42:05 +0000] "GET /whsy.php?e=pppoe&p=%2Fproc%2F11146%2Ftask%2F11160%2Fnet HTTP/2.0" 200 2546 "https://shakalar.com/whsy.php?p=%2Fproc%2F11146%2Ftask%2F11160%2Fnet" "Mozilla/5.0 AppleWebKit/537.36 (KHTML, like Gecko; compatible; GPTBot/1.3; +https://openai.com/gptbot)"
74.7.243.130 - - [01/Mar/2026:13:42:07 +0000] "GET /whsy.php?p=%2Fproc%2F17842%2Ftask HTTP/2.0" 200 912 "https://www.shakalar.com.lab2454.com/whsy.php?p=%2Fproc%2F17842" "Mozilla/5.0 AppleWebKit/537.36 (KHTML, like Gecko; compatible; GPTBot/1.3; +https://openai.com/gptbot)"
74.7.227.188 - - [01/Mar/2026:13:42:08 +0000] "GET /whsy.php?e=timers&p=%2Fproc%2F11932 HTTP/2.0" 200 912 "https://www.shakalar.com/whsy.php?p=%2Fproc%2F11932" "Mozilla/5.0 AppleWebKit/537.36 (KHTML, like Gecko; compatible; GPTBot/1.3; +https://openai.com/gptbot)"
74.7.227.54 - - [01/Mar/2026:13:42:10 +0000] "GET /whsy.php?p=%2Fproc%2F16769%2Fnet%2Frpc%2Fnfsd.export HTTP/2.0" 200 742 "https://shakalar.com/whsy.php?p=%2Fproc%2F16769%2Fnet%2Frpc" "Mozilla/5.0 AppleWebKit/537.36 (KHTML, like Gecko; compatible; GPTBot/1.3; +https://openai.com/gptbot)"
74.7.243.130 - - [01/Mar/2026:13:42:11 +0000] "GET /whsy.php?p=%2Fproc%2F31928%2Fnet HTTP/2.0" 200 912 "https://www.shakalar.com.lab2454.com/whsy.php?p=%2Fproc%2F31928" "Mozilla/5.0 AppleWebKit/537.36 (KHTML, like Gecko; compatible; GPTBot/1.3; +https://openai.com/gptbot)"
74.7.227.188 - - [01/Mar/2026:13:42:13 +0000] "GET /whsy.php?e=timers&p=%2Fproc%2F26186 HTTP/2.0" 200 912 "https://www.shakalar.com/whsy.php?p=%2Fproc%2F26186" "Mozilla/5.0 AppleWebKit/537.36 (KHTML, like Gecko; compatible; GPTBot/1.3; +https://openai.com/gptbot)"
74.7.227.54 - - [01/Mar/2026:13:42:15 +0000] "GET /whsy.php?p=%2Fproc%2F16769%2Fnet%2Frpc%2Fauth.unix.gid HTTP/2.0" 200 745 "https://shakalar.com/whsy.php?p=%2Fproc%2F16769%2Fnet%2Frpc" "Mozilla/5.0 AppleWebKit/537.36 (KHTML, like Gecko; compatible; GPTBot/1.3; +https://openai.com/gptbot)"
74.7.227.188 - - [01/Mar/2026:13:42:18 +0000] "GET /whsy.php?p=%2Fproc%2F11932%2Fattr HTTP/2.0" 200 912 "https://www.shakalar.com/whsy.php?p=%2Fproc%2F11932" "Mozilla/5.0 AppleWebKit/537.36 (KHTML, like Gecko; compatible; GPTBot/1.3; +https://openai.com/gptbot)"
74.7.227.54 - - [01/Mar/2026:13:42:22 +0000] "GET /whsy.php?p=%2Fproc%2F18907%2Fnet%2Frpc%2Fnfs4.nametoid HTTP/2.0" 200 743 "https://shakalar.com/whsy.php?p=%2Fproc%2F18907%2Fnet%2Frpc" "Mozilla/5.0 AppleWebKit/537.36 (KHTML, like Gecko; compatible; GPTBot/1.3; +https://openai.com/gptbot)"
74.7.243.130 - - [01/Mar/2026:13:42:35 +0000] "GET /whsy.php?p=%2Fproc%2F26025%2Fattr HTTP/2.0" 200 912 "https://www.shakalar.com.lab2454.com/whsy.php?p=%2Fproc%2F26025" "Mozilla/5.0 AppleWebKit/537.36 (KHTML, like Gecko; compatible; GPTBot/1.3; +https://openai.com/gptbot)"
74.7.227.188 - - [01/Mar/2026:13:42:43 +0000] "GET /whsy.php?p=%2Fproc%2F15072%2Fattr HTTP/2.0" 200 912 "https://www.shakalar.com/whsy.php?p=%2Fproc%2F15072" "Mozilla/5.0 AppleWebKit/537.36 (KHTML, like Gecko; compatible; GPTBot/1.3; +https://openai.com/gptbot)"
74.7.227.54 - - [01/Mar/2026:13:42:46 +0000] "GET /whsy.php?p=%2Fproc%2F18907%2Fnet%2Frpc%2Fnfsd.export HTTP/2.0" 200 742 "https://shakalar.com/whsy.php?p=%2Fproc%2F18907%2Fnet%2Frpc" "Mozilla/5.0 AppleWebKit/537.36 (KHTML, like Gecko; compatible; GPTBot/1.3; +https://openai.com/gptbot)"
74.7.243.130 - - [01/Mar/2026:13:42:48 +0000] "GET /whsy.php?p=%2Fproc%2F12593%2Fnet HTTP/2.0" 200 912 "https://www.shakalar.com.lab2454.com/whsy.php?p=%2Fproc%2F12593" "Mozilla/5.0 AppleWebKit/537.36 (KHTML, like Gecko; compatible; GPTBot/1.3; +https://openai.com/gptbot)"
74.7.227.188 - - [01/Mar/2026:13:42:50 +0000] "GET /whsy.php?p=%2Fproc%2F18900%2Fattr HTTP/2.0" 200 912 "https://www.shakalar.com/whsy.php?p=%2Fproc%2F18900" "Mozilla/5.0 AppleWebKit/537.36 (KHTML, like Gecko; compatible; GPTBot/1.3; +https://openai.com/gptbot)"
74.7.227.54 - - [01/Mar/2026:13:42:53 +0000] "GET /whsy.php?p=%2Fproc%2F18907%2Fnet%2Frpc%2Fauth.unix.gid HTTP/2.0" 200 746 "https://shakalar.com/whsy.php?p=%2Fproc%2F18907%2Fnet%2Frpc" "Mozilla/5.0 AppleWebKit/537.36 (KHTML, like Gecko; compatible; GPTBot/1.3; +https://openai.com/gptbot)"
74.7.243.130 - - [01/Mar/2026:13:42:54 +0000] "GET /whsy.php?p=%2Fproc%2F14093%2Fattr HTTP/2.0" 200 912 "https://www.shakalar.com.lab2454.com/whsy.php?p=%2Fproc%2F14093" "Mozilla/5.0 AppleWebKit/537.36 (KHTML, like Gecko; compatible; GPTBot/1.3; +https://openai.com/gptbot)"
74.7.227.188 - - [01/Mar/2026:13:42:55 +0000] "GET /whsy.php?p=%2Fproc%2F31279%2Fnet HTTP/2.0" 200 2441 "https://www.shakalar.com/whsy.php?p=%2Fproc%2F31279" "Mozilla/5.0 AppleWebKit/537.36 (KHTML, like Gecko; compatible; GPTBot/1.3; +https://openai.com/gptbot)"
74.7.227.54 - - [01/Mar/2026:13:42:57 +0000] "GET /whsy.php?p=%2Fproc%2F18907%2Fnet%2Frpc%2Fnfs4.idtoname HTTP/2.0" 200 743 "https://shakalar.com/whsy.php?p=%2Fproc%2F18907%2Fnet%2Frpc" "Mozilla/5.0 AppleWebKit/537.36 (KHTML, like Gecko; compatible; GPTBot/1.3; +https://openai.com/gptbot)"
74.7.243.130 - - [01/Mar/2026:13:42:58 +0000] "GET /whsy.php?p=%2Fproc%2F26164%2Ftask HTTP/2.0" 200 912 "https://www.shakalar.com.lab2454.com/whsy.php?p=%2Fproc%2F26164" "Mozilla/5.0 AppleWebKit/537.36 (KHTML, like Gecko; compatible; GPTBot/1.3; +https://openai.com/gptbot)"
74.7.227.188 - - [01/Mar/2026:13:43:00 +0000] "GET /whsy.php?p=%2Fproc%2F11932%2Fnet HTTP/2.0" 200 912 "https://www.shakalar.com/whsy.php?p=%2Fproc%2F11932" "Mozilla/5.0 AppleWebKit/537.36 (KHTML, like Gecko; compatible; GPTBot/1.3; +https://openai.com/gptbot)"
74.7.230.54 - - [01/Mar/2026:13:43:00 +0000] "GET /robots.txt HTTP/2.0" 404 - "-" "Mozilla/5.0 (Macintosh; Intel Mac OS X 10_15_7) AppleWebKit/537.36 (KHTML, like Gecko) Chrome/131.0.0.0 Safari/537.36; compatible; OAI-SearchBot/1.3; robots.txt; +https://openai.com/searchbot"
74.7.227.54 - - [01/Mar/2026:13:43:01 +0000] "GET /whsy.php?p=%2Fproc%2F16769%2Fnet%2Frpc%2Fnfs4.idtoname HTTP/2.0" 200 743 "https://shakalar.com/whsy.php?p=%2Fproc%2F16769%2Fnet%2Frpc" "Mozilla/5.0 AppleWebKit/537.36 (KHTML, like Gecko; compatible; GPTBot/1.3; +https://openai.com/gptbot)"
74.7.243.130 - - [01/Mar/2026:13:43:03 +0000] "GET /whsy.php?p=%2Fproc%2F17784%2Fnet HTTP/2.0" 200 912 "https://www.shakalar.com.lab2454.com/whsy.php?p=%2Fproc%2F17784" "Mozilla/5.0 AppleWebKit/537.36 (KHTML, like Gecko; compatible; GPTBot/1.3; +https://openai.com/gptbot)"
74.7.227.188 - - [01/Mar/2026:13:43:04 +0000] "GET /whsy.php?p=%2Fproc%2F18900%2Ftask HTTP/2.0" 200 912 "https://www.shakalar.com/whsy.php?p=%2Fproc%2F18900" "Mozilla/5.0 AppleWebKit/537.36 (KHTML, like Gecko; compatible; GPTBot/1.3; +https://openai.com/gptbot)"
74.7.227.54 - - [01/Mar/2026:13:43:06 +0000] "GET /whsy.php?p=%2Fproc%2F16769%2Fnet%2Frpc%2Fnfs4.nametoid HTTP/2.0" 200 743 "https://shakalar.com/whsy.php?p=%2Fproc%2F16769%2Fnet%2Frpc" "Mozilla/5.0 AppleWebKit/537.36 (KHTML, like Gecko; compatible; GPTBot/1.3; +https://openai.com/gptbot)"
74.7.243.130 - - [01/Mar/2026:13:43:07 +0000] "GET /whsy.php?e=prev&p=%2Fproc%2F31028%2Fattr HTTP/2.0" 200 858 "https://www.shakalar.com.lab2454.com/whsy.php?p=%2Fproc%2F31028%2Fattr" "Mozilla/5.0 AppleWebKit/537.36 (KHTML, like Gecko; compatible; GPTBot/1.3; +https://openai.com/gptbot)"
74.7.227.188 - - [01/Mar/2026:13:43:09 +0000] "GET /whsy.php?p=%2Fproc%2F13854%2Fattr HTTP/2.0" 200 912 "https://www.shakalar.com/whsy.php?p=%2Fproc%2F13854" "Mozilla/5.0 AppleWebKit/537.36 (KHTML, like Gecko; compatible; GPTBot/1.3; +https://openai.com/gptbot)"
74.7.227.54 - - [01/Mar/2026:13:43:11 +0000] "GET /whsy.php?p=%2Fproc%2F16769%2Fnet%2Frpc%2Fauth.rpcsec.context HTTP/2.0" 200 718 "https://shakalar.com/whsy.php?p=%2Fproc%2F16769%2Fnet%2Frpc" "Mozilla/5.0 AppleWebKit/537.36 (KHTML, like Gecko; compatible; GPTBot/1.3; +https://openai.com/gptbot)"
74.7.243.130 - - [01/Mar/2026:13:43:12 +0000] "GET /whsy.php?e=keycreate&p=%2Fproc%2F31028%2Fattr HTTP/2.0" 200 862 "https://www.shakalar.com.lab2454.com/whsy.php?p=%2Fproc%2F31028%2Fattr" "Mozilla/5.0 AppleWebKit/537.36 (KHTML, like Gecko; compatible; GPTBot/1.3; +https://openai.com/gptbot)"
74.7.227.188 - - [01/Mar/2026:13:43:13 +0000] "GET /whsy.php?p=%2Fproc%2F15126%2Fattr HTTP/2.0" 200 912 "https://www.shakalar.com/whsy.php?p=%2Fproc%2F15126" "Mozilla/5.0 AppleWebKit/537.36 (KHTML, like Gecko; compatible; GPTBot/1.3; +https://openai.com/gptbot)"
74.7.227.54 - - [01/Mar/2026:13:43:15 +0000] "GET /whsy.php?p=%2Fproc%2F18907%2Fnet%2Frpc%2Fauth.rpcsec.context HTTP/2.0" 200 718 "https://shakalar.com/whsy.php?p=%2Fproc%2F18907%2Fnet%2Frpc" "Mozilla/5.0 AppleWebKit/537.36 (KHTML, like Gecko; compatible; GPTBot/1.3; +https://openai.com/gptbot)"
74.7.243.130 - - [01/Mar/2026:13:43:17 +0000] "GET /whsy.php?p=%2Fproc%2F11041%2Fnet HTTP/2.0" 200 912 "https://www.shakalar.com.lab2454.com/whsy.php?p=%2Fproc%2F11041" "Mozilla/5.0 AppleWebKit/537.36 (KHTML, like Gecko; compatible; GPTBot/1.3; +https://openai.com/gptbot)"
74.7.227.188 - - [01/Mar/2026:13:43:18 +0000] "GET /whsy.php?p=%2Fproc%2F12473%2Ftask HTTP/2.0" 200 912 "https://www.shakalar.com/whsy.php?p=%2Fproc%2F12473" "Mozilla/5.0 AppleWebKit/537.36 (KHTML, like Gecko; compatible; GPTBot/1.3; +https://openai.com/gptbot)"
74.7.227.54 - - [01/Mar/2026:13:43:20 +0000] "GET /whsy.php?p=%2Fproc%2F16769%2Fnet%2Frpc%2Fauth.unix.ip HTTP/2.0" 200 744 "https://shakalar.com/whsy.php?p=%2Fproc%2F16769%2Fnet%2Frpc" "Mozilla/5.0 AppleWebKit/537.36 (KHTML, like Gecko; compatible; GPTBot/1.3; +https://openai.com/gptbot)"
74.7.243.130 - - [01/Mar/2026:13:43:21 +0000] "GET /whsy.php?p=%2Fproc%2F26649%2Ftask HTTP/2.0" 200 912 "https://www.shakalar.com.lab2454.com/whsy.php?p=%2Fproc%2F26649" "Mozilla/5.0 AppleWebKit/537.36 (KHTML, like Gecko; compatible; GPTBot/1.3; +https://openai.com/gptbot)"
74.7.227.188 - - [01/Mar/2026:13:43:22 +0000] "GET /whsy.php?p=%2Fproc%2F31279%2Fattr HTTP/2.0" 200 799 "https://www.shakalar.com/whsy.php?p=%2Fproc%2F31279" "Mozilla/5.0 AppleWebKit/537.36 (KHTML, like Gecko; compatible; GPTBot/1.3; +https://openai.com/gptbot)"
74.7.227.54 - - [01/Mar/2026:13:43:24 +0000] "GET /whsy.php?p=%2Fproc%2F18907%2Fnet%2Frpc%2Fauth.rpcsec.init HTTP/2.0" 200 716 "https://shakalar.com/whsy.php?p=%2Fproc%2F18907%2Fnet%2Frpc" "Mozilla/5.0 AppleWebKit/537.36 (KHTML, like Gecko; compatible; GPTBot/1.3; +https://openai.com/gptbot)"
74.7.243.130 - - [01/Mar/2026:13:43:25 +0000] "GET /whsy.php?p=%2Fproc%2F14279%2Fattr HTTP/2.0" 200 912 "https://www.shakalar.com.lab2454.com/whsy.php?p=%2Fproc%2F14279" "Mozilla/5.0 AppleWebKit/537.36 (KHTML, like Gecko; compatible; GPTBot/1.3; +https://openai.com/gptbot)"
74.7.227.188 - - [01/Mar/2026:13:43:26 +0000] "GET /whsy.php?p=%2Fproc%2F31279%2Ftask HTTP/2.0" 200 780 "https://www.shakalar.com/whsy.php?p=%2Fproc%2F31279" "Mozilla/5.0 AppleWebKit/537.36 (KHTML, like Gecko; compatible; GPTBot/1.3; +https://openai.com/gptbot)"
74.7.227.54 - - [01/Mar/2026:13:43:28 +0000] "GET /whsy.php?p=%2Fproc%2F16769%2Fnet%2Frpc%2Fauth.rpcsec.init HTTP/2.0" 200 716 "https://shakalar.com/whsy.php?p=%2Fproc%2F16769%2Fnet%2Frpc" "Mozilla/5.0 AppleWebKit/537.36 (KHTML, like Gecko; compatible; GPTBot/1.3; +https://openai.com/gptbot)"
74.7.230.1 - - [01/Mar/2026:13:43:28 +0000] "GET /robots.txt HTTP/2.0" 404 - "-" "Mozilla/5.0 (Macintosh; Intel Mac OS X 10_15_7) AppleWebKit/537.36 (KHTML, like Gecko) Chrome/131.0.0.0 Safari/537.36; compatible; OAI-SearchBot/1.3; robots.txt; +https://openai.com/searchbot"
74.7.243.130 - - [01/Mar/2026:13:43:29 +0000] "GET /whsy.php?p=%2Fproc%2F10901%2Fnet HTTP/2.0" 200 912 "https://www.shakalar.com.lab2454.com/whsy.php?p=%2Fproc%2F10901" "Mozilla/5.0 AppleWebKit/537.36 (KHTML, like Gecko; compatible; GPTBot/1.3; +https://openai.com/gptbot)"
74.7.227.188 - - [01/Mar/2026:13:43:31 +0000] "GET /whsy.php?p=%2Fproc%2F15126%2Ftask HTTP/2.0" 200 912 "https://www.shakalar.com/whsy.php?p=%2Fproc%2F15126" "Mozilla/5.0 AppleWebKit/537.36 (KHTML, like Gecko; compatible; GPTBot/1.3; +https://openai.com/gptbot)"
74.7.227.54 - - [01/Mar/2026:13:43:32 +0000] "GET /whsy.php?p=%2Fproc%2F18907%2Fnet%2Frpc%2Fauth.unix.ip HTTP/2.0" 200 745 "https://shakalar.com/whsy.php?p=%2Fproc%2F18907%2Fnet%2Frpc" "Mozilla/5.0 AppleWebKit/537.36 (KHTML, like Gecko; compatible; GPTBot/1.3; +https://openai.com/gptbot)"
74.7.243.130 - - [01/Mar/2026:13:43:34 +0000] "GET /whsy.php?p=%2Fproc%2F16552%2Ftask HTTP/2.0" 200 912 "https://www.shakalar.com.lab2454.com/whsy.php?p=%2Fproc%2F16552" "Mozilla/5.0 AppleWebKit/537.36 (KHTML, like Gecko; compatible; GPTBot/1.3; +https://openai.com/gptbot)"
74.7.227.188 - - [01/Mar/2026:13:43:35 +0000] "GET /whsy.php?p=%2Fproc%2F26186%2Ftask HTTP/2.0" 200 912 "https://www.shakalar.com/whsy.php?p=%2Fproc%2F26186" "Mozilla/5.0 AppleWebKit/537.36 (KHTML, like Gecko; compatible; GPTBot/1.3; +https://openai.com/gptbot)"
74.7.227.54 - - [01/Mar/2026:13:43:37 +0000] "GET /whsy.php?p=%2Fproc%2F16769%2Fnet%2Frpc%2Fnfsd.fh HTTP/2.0" 200 739 "https://shakalar.com/whsy.php?p=%2Fproc%2F16769%2Fnet%2Frpc" "Mozilla/5.0 AppleWebKit/537.36 (KHTML, like Gecko; compatible; GPTBot/1.3; +https://openai.com/gptbot)"
74.7.243.130 - - [01/Mar/2026:13:43:38 +0000] "GET /whsy.php?p=%2Fproc%2F31028%2Fnet HTTP/2.0" 200 2441 "https://www.shakalar.com.lab2454.com/whsy.php?p=%2Fproc%2F31028" "Mozilla/5.0 AppleWebKit/537.36 (KHTML, like Gecko; compatible; GPTBot/1.3; +https://openai.com/gptbot)"
74.7.227.188 - - [01/Mar/2026:13:43:40 +0000] "GET /whsy.php?p=%2Fproc%2F11932%2Ftask HTTP/2.0" 200 912 "https://www.shakalar.com/whsy.php?p=%2Fproc%2F11932" "Mozilla/5.0 AppleWebKit/537.36 (KHTML, like Gecko; compatible; GPTBot/1.3; +https://openai.com/gptbot)"
74.7.227.54 - - [01/Mar/2026:13:43:41 +0000] "GET /whsy.php?p=%2Fproc%2F18907%2Fnet%2Frpc%2Fnfsd.fh HTTP/2.0" 200 740 "https://shakalar.com/whsy.php?p=%2Fproc%2F18907%2Fnet%2Frpc" "Mozilla/5.0 AppleWebKit/537.36 (KHTML, like Gecko; compatible; GPTBot/1.3; +https://openai.com/gptbot)"
74.7.243.130 - - [01/Mar/2026:13:43:43 +0000] "GET /whsy.php?p=%2Fproc%2F27601%2Ftask HTTP/2.0" 200 912 "https://www.shakalar.com.lab2454.com/whsy.php?p=%2Fproc%2F27601" "Mozilla/5.0 AppleWebKit/537.36 (KHTML, like Gecko; compatible; GPTBot/1.3; +https://openai.com/gptbot)"
74.7.227.188 - - [01/Mar/2026:13:43:44 +0000] "GET /whsy.php?e=ip6_tables_targets&p=%2Fproc%2F31279%2Fnet HTTP/2.0" 200 2441 "https://www.shakalar.com/whsy.php?p=%2Fproc%2F31279%2Fnet" "Mozilla/5.0 AppleWebKit/537.36 (KHTML, like Gecko; compatible; GPTBot/1.3; +https://openai.com/gptbot)"
74.7.227.54 - - [01/Mar/2026:13:43:46 +0000] "GET /whsy.php?p=%2Fproc%2F18907%2Fnet%2Frpc%2Fnfs4.nametoid%2F.. HTTP/2.0" 200 861 "https://shakalar.com/whsy.php?p=%2Fproc%2F18907%2Fnet%2Frpc%2Fnfs4.nametoid" "Mozilla/5.0 AppleWebKit/537.36 (KHTML, like Gecko; compatible; GPTBot/1.3; +https://openai.com/gptbot)"
74.7.243.130 - - [01/Mar/2026:13:43:47 +0000] "GET /whsy.php?p=%2Fproc%2F21802%2Fattr HTTP/2.0" 200 912 "https://www.shakalar.com.lab2454.com/whsy.php?p=%2Fproc%2F21802" "Mozilla/5.0 AppleWebKit/537.36 (KHTML, like Gecko; compatible; GPTBot/1.3; +https://openai.com/gptbot)"
74.7.227.188 - - [01/Mar/2026:13:43:48 +0000] "GET /whsy.php?e=pfkey&p=%2Fproc%2F31279%2Fnet HTTP/2.0" 200 2535 "https://www.shakalar.com/whsy.php?p=%2Fproc%2F31279%2Fnet" "Mozilla/5.0 AppleWebKit/537.36 (KHTML, like Gecko; compatible; GPTBot/1.3; +https://openai.com/gptbot)"
74.7.227.54 - - [01/Mar/2026:13:43:50 +0000] "GET /whsy.php?p=%2Fproc%2F18907%2Fnet%2Frpc%2Fnfs4.idtoname%2F.. HTTP/2.0" 200 861 "https://shakalar.com/whsy.php?p=%2Fproc%2F18907%2Fnet%2Frpc%2Fnfs4.idtoname" "Mozilla/5.0 AppleWebKit/537.36 (KHTML, like Gecko; compatible; GPTBot/1.3; +https://openai.com/gptbot)"
74.7.243.130 - - [01/Mar/2026:13:43:51 +0000] "GET /whsy.php?p=%2Fproc%2F13452%2Fattr HTTP/2.0" 200 912 "https://www.shakalar.com.lab2454.com/whsy.php?p=%2Fproc%2F13452" "Mozilla/5.0 AppleWebKit/537.36 (KHTML, like Gecko; compatible; GPTBot/1.3; +https://openai.com/gptbot)"
74.7.227.188 - - [01/Mar/2026:13:43:53 +0000] "GET /whsy.php?e=route&p=%2Fproc%2F31279%2Fnet HTTP/2.0" 200 2637 "https://www.shakalar.com/whsy.php?p=%2Fproc%2F31279%2Fnet" "Mozilla/5.0 AppleWebKit/537.36 (KHTML, like Gecko; compatible; GPTBot/1.3; +https://openai.com/gptbot)"
74.7.227.54 - - [01/Mar/2026:13:43:54 +0000] "GET /whsy.php?e=pppoe&p=%2Fproc%2F11146%2Ftask%2F11155%2Fnet HTTP/2.0" 200 2548 "https://shakalar.com/whsy.php?p=%2Fproc%2F11146%2Ftask%2F11155%2Fnet" "Mozilla/5.0 AppleWebKit/537.36 (KHTML, like Gecko; compatible; GPTBot/1.3; +https://openai.com/gptbot)"
74.7.243.130 - - [01/Mar/2026:13:43:56 +0000] "GET /whsy.php?p=%2Fproc%2F31483%2Fattr HTTP/2.0" 200 912 "https://www.shakalar.com.lab2454.com/whsy.php?p=%2Fproc%2F31483" "Mozilla/5.0 AppleWebKit/537.36 (KHTML, like Gecko; compatible; GPTBot/1.3; +https://openai.com/gptbot)"
74.7.227.188 - - [01/Mar/2026:13:43:57 +0000] "GET /whsy.php?e=icmp&p=%2Fproc%2F31279%2Fnet HTTP/2.0" 200 2580 "https://www.shakalar.com/whsy.php?p=%2Fproc%2F31279%2Fnet" "Mozilla/5.0 AppleWebKit/537.36 (KHTML, like Gecko; compatible; GPTBot/1.3; +https://openai.com/gptbot)"
74.7.227.54 - - [01/Mar/2026:13:43:59 +0000] "GET /whsy.php?p=%2Fproc%2F16769%2Fnet%2Frpc%2Fauth.rpcsec.context%2F.. HTTP/2.0" 200 861 "https://shakalar.com/whsy.php?p=%2Fproc%2F16769%2Fnet%2Frpc%2Fauth.rpcsec.context" "Mozilla/5.0 AppleWebKit/537.36 (KHTML, like Gecko; compatible; GPTBot/1.3; +https://openai.com/gptbot)"
74.7.243.130 - - [01/Mar/2026:13:44:00 +0000] "GET /whsy.php?p=%2Fproc%2F19150%2Fattr HTTP/2.0" 200 912 "https://www.shakalar.com.lab2454.com/whsy.php?p=%2Fproc%2F19150" "Mozilla/5.0 AppleWebKit/537.36 (KHTML, like Gecko; compatible; GPTBot/1.3; +https://openai.com/gptbot)"
74.7.227.188 - - [01/Mar/2026:13:44:01 +0000] "GET /whsy.php?p=%2Fproc%2F26186%2Fnet HTTP/2.0" 200 912 "https://www.shakalar.com/whsy.php?p=%2Fproc%2F26186" "Mozilla/5.0 AppleWebKit/537.36 (KHTML, like Gecko; compatible; GPTBot/1.3; +https://openai.com/gptbot)"
74.7.227.54 - - [01/Mar/2026:13:44:03 +0000] "GET /whsy.php?p=%2Fproc%2F18907%2Fnet%2Frpc%2Fauth.rpcsec.context%2F.. HTTP/2.0" 200 861 "https://shakalar.com/whsy.php?p=%2Fproc%2F18907%2Fnet%2Frpc%2Fauth.rpcsec.context" "Mozilla/5.0 AppleWebKit/537.36 (KHTML, like Gecko; compatible; GPTBot/1.3; +https://openai.com/gptbot)"
74.7.243.130 - - [01/Mar/2026:13:44:04 +0000] "GET /whsy.php?p=%2Fproc%2F32681%2Ftask HTTP/2.0" 200 912 "https://www.shakalar.com.lab2454.com/whsy.php?p=%2Fproc%2F32681" "Mozilla/5.0 AppleWebKit/537.36 (KHTML, like Gecko; compatible; GPTBot/1.3; +https://openai.com/gptbot)"
74.7.227.188 - - [01/Mar/2026:13:44:06 +0000] "GET /whsy.php?p=%2Fproc%2F15072%2Fnet HTTP/2.0" 200 912 "https://www.shakalar.com/whsy.php?p=%2Fproc%2F15072" "Mozilla/5.0 AppleWebKit/537.36 (KHTML, like Gecko; compatible; GPTBot/1.3; +https://openai.com/gptbot)"
74.7.227.54 - - [01/Mar/2026:13:44:07 +0000] "GET /whsy.php?e=nfnetlink_log&p=%2Fproc%2F26917%2Fnet%2Fnetfilter HTTP/2.0" 200 732 "https://shakalar.com/whsy.php?p=%2Fproc%2F26917%2Fnet%2Fnetfilter" "Mozilla/5.0 AppleWebKit/537.36 (KHTML, like Gecko; compatible; GPTBot/1.3; +https://openai.com/gptbot)"
74.7.243.130 - - [01/Mar/2026:13:44:09 +0000] "GET /whsy.php?p=%2Fproc%2F29570%2Fattr HTTP/2.0" 200 912 "https://www.shakalar.com.lab2454.com/whsy.php?p=%2Fproc%2F29570" "Mozilla/5.0 AppleWebKit/537.36 (KHTML, like Gecko; compatible; GPTBot/1.3; +https://openai.com/gptbot)"
74.7.227.188 - - [01/Mar/2026:13:44:10 +0000] "GET /whsy.php?e=exec&p=%2Fproc%2F31279%2Fattr HTTP/2.0" 200 859 "https://www.shakalar.com/whsy.php?p=%2Fproc%2F31279%2Fattr" "Mozilla/5.0 AppleWebKit/537.36 (KHTML, like Gecko; compatible; GPTBot/1.3; +https://openai.com/gptbot)"
74.7.227.54 - - [01/Mar/2026:13:44:12 +0000] "GET /whsy.php?e=channel&p=%2Fproc%2F18907%2Fnet%2Frpc%2Fauth.rpcsec.init HTTP/2.0" 200 716 "https://shakalar.com/whsy.php?p=%2Fproc%2F18907%2Fnet%2Frpc%2Fauth.rpcsec.init" "Mozilla/5.0 AppleWebKit/537.36 (KHTML, like Gecko; compatible; GPTBot/1.3; +https://openai.com/gptbot)"
74.7.243.130 - - [01/Mar/2026:13:44:13 +0000] "GET /whsy.php?p=%2Fproc%2F29118%2Fnet HTTP/2.0" 200 912 "https://www.shakalar.com.lab2454.com/whsy.php?p=%2Fproc%2F29118" "Mozilla/5.0 AppleWebKit/537.36 (KHTML, like Gecko; compatible; GPTBot/1.3; +https://openai.com/gptbot)"
74.7.227.188 - - [01/Mar/2026:13:44:15 +0000] "GET /whsy.php?p=%2Fproc%2F31279%2Ftask%2F31279 HTTP/2.0" 200 1795 "https://www.shakalar.com/whsy.php?p=%2Fproc%2F31279%2Ftask" "Mozilla/5.0 AppleWebKit/537.36 (KHTML, like Gecko; compatible; GPTBot/1.3; +https://openai.com/gptbot)"
74.7.227.54 - - [01/Mar/2026:13:44:16 +0000] "GET /whsy.php?e=nfnetlink_log&p=%2Fproc%2F16769%2Fnet%2Fnetfilter HTTP/2.0" 200 732 "https://shakalar.com/whsy.php?p=%2Fproc%2F16769%2Fnet%2Fnetfilter" "Mozilla/5.0 AppleWebKit/537.36 (KHTML, like Gecko; compatible; GPTBot/1.3; +https://openai.com/gptbot)"
74.7.243.130 - - [01/Mar/2026:13:44:18 +0000] "GET /whsy.php?p=%2Fproc%2F31741%2Ftask HTTP/2.0" 200 912 "https://www.shakalar.com.lab2454.com/whsy.php?p=%2Fproc%2F31741" "Mozilla/5.0 AppleWebKit/537.36 (KHTML, like Gecko; compatible; GPTBot/1.3; +https://openai.com/gptbot)"
74.7.227.188 - - [01/Mar/2026:13:44:19 +0000] "GET /whsy.php?p=%2Fproc%2F26186%2Fattr HTTP/2.0" 200 912 "https://www.shakalar.com/whsy.php?p=%2Fproc%2F26186" "Mozilla/5.0 AppleWebKit/537.36 (KHTML, like Gecko; compatible; GPTBot/1.3; +https://openai.com/gptbot)"
74.7.227.54 - - [01/Mar/2026:13:44:21 +0000] "GET /whsy.php?e=nfnetlink_log&p=%2Fproc%2F26918%2Fnet%2Fnetfilter HTTP/2.0" 200 731 "https://shakalar.com/whsy.php?p=%2Fproc%2F26918%2Fnet%2Fnetfilter" "Mozilla/5.0 AppleWebKit/537.36 (KHTML, like Gecko; compatible; GPTBot/1.3; +https://openai.com/gptbot)"
74.7.243.130 - - [01/Mar/2026:13:44:22 +0000] "GET /whsy.php?p=%2Fproc%2F24162%2Fattr HTTP/2.0" 200 912 "https://www.shakalar.com.lab2454.com/whsy.php?p=%2Fproc%2F24162" "Mozilla/5.0 AppleWebKit/537.36 (KHTML, like Gecko; compatible; GPTBot/1.3; +https://openai.com/gptbot)"
74.7.227.188 - - [01/Mar/2026:13:44:24 +0000] "GET /whsy.php?p=%2Fproc%2F15072%2Ftask HTTP/2.0" 200 912 "https://www.shakalar.com/whsy.php?p=%2Fproc%2F15072" "Mozilla/5.0 AppleWebKit/537.36 (KHTML, like Gecko; compatible; GPTBot/1.3; +https://openai.com/gptbot)"
74.7.227.54 - - [01/Mar/2026:13:44:25 +0000] "GET /whsy.php?e=nfnetlink_log&p=%2Fproc%2F18907%2Fnet%2Fnetfilter HTTP/2.0" 200 732 "https://shakalar.com/whsy.php?p=%2Fproc%2F18907%2Fnet%2Fnetfilter" "Mozilla/5.0 AppleWebKit/537.36 (KHTML, like Gecko; compatible; GPTBot/1.3; +https://openai.com/gptbot)"
74.7.243.130 - - [01/Mar/2026:13:44:27 +0000] "GET /whsy.php?p=%2Fproc%2F31028%2Fnet%2Fip6t_hashlimit HTTP/2.0" 200 501 "https://www.shakalar.com.lab2454.com/whsy.php?p=%2Fproc%2F31028%2Fnet" "Mozilla/5.0 AppleWebKit/537.36 (KHTML, like Gecko; compatible; GPTBot/1.3; +https://openai.com/gptbot)"
74.7.227.188 - - [01/Mar/2026:13:44:28 +0000] "GET /whsy.php?p=%2Fproc%2F18900%2Fnet HTTP/2.0" 200 912 "https://www.shakalar.com/whsy.php?p=%2Fproc%2F18900" "Mozilla/5.0 AppleWebKit/537.36 (KHTML, like Gecko; compatible; GPTBot/1.3; +https://openai.com/gptbot)"
74.7.227.54 - - [01/Mar/2026:13:44:30 +0000] "GET /whsy.php?e=nfnetlink_log&p=%2Fproc%2F25364%2Fnet%2Fnetfilter HTTP/2.0" 200 732 "https://shakalar.com/whsy.php?p=%2Fproc%2F25364%2Fnet%2Fnetfilter" "Mozilla/5.0 AppleWebKit/537.36 (KHTML, like Gecko; compatible; GPTBot/1.3; +https://openai.com/gptbot)"
74.7.243.130 - - [01/Mar/2026:13:44:31 +0000] "GET /whsy.php?e=snmp&p=%2Fproc%2F31028%2Fnet HTTP/2.0" 200 3233 "https://www.shakalar.com.lab2454.com/whsy.php?p=%2Fproc%2F31028%2Fnet" "Mozilla/5.0 AppleWebKit/537.36 (KHTML, like Gecko; compatible; GPTBot/1.3; +https://openai.com/gptbot)"
74.7.227.188 - - [01/Mar/2026:13:44:33 +0000] "GET /whsy.php?p=%2Fproc%2F12473%2Fnet HTTP/2.0" 200 912 "https://www.shakalar.com/whsy.php?p=%2Fproc%2F12473" "Mozilla/5.0 AppleWebKit/537.36 (KHTML, like Gecko; compatible; GPTBot/1.3; +https://openai.com/gptbot)"
74.7.227.54 - - [01/Mar/2026:13:44:35 +0000] "GET /whsy.php?e=keycreate&p=%2Fproc%2F11146%2Fattr HTTP/2.0" 200 862 "https://shakalar.com/whsy.php?p=%2Fproc%2F11146%2Fattr" "Mozilla/5.0 AppleWebKit/537.36 (KHTML, like Gecko; compatible; GPTBot/1.3; +https://openai.com/gptbot)"
74.7.243.130 - - [01/Mar/2026:13:44:36 +0000] "GET /whsy.php?e=netlink&p=%2Fproc%2F31028%2Fnet HTTP/2.0" 200 2812 "https://www.shakalar.com.lab2454.com/whsy.php?p=%2Fproc%2F31028%2Fnet" "Mozilla/5.0 AppleWebKit/537.36 (KHTML, like Gecko; compatible; GPTBot/1.3; +https://openai.com/gptbot)"
74.7.227.188 - - [01/Mar/2026:13:44:37 +0000] "GET /whsy.php?p=%2Fproc%2F15126%2Fnet HTTP/2.0" 200 912 "https://www.shakalar.com/whsy.php?p=%2Fproc%2F15126" "Mozilla/5.0 AppleWebKit/537.36 (KHTML, like Gecko; compatible; GPTBot/1.3; +https://openai.com/gptbot)"
74.7.227.54 - - [01/Mar/2026:13:44:39 +0000] "GET /whsy.php?e=keycreate&p=%2Fproc%2F31666%2Fattr HTTP/2.0" 200 912 "https://shakalar.com/whsy.php?p=%2Fproc%2F31666%2Fattr" "Mozilla/5.0 AppleWebKit/537.36 (KHTML, like Gecko; compatible; GPTBot/1.3; +https://openai.com/gptbot)"
74.7.243.130 - - [01/Mar/2026:13:44:41 +0000] "GET /whsy.php?e=udplite&p=%2Fproc%2F31028%2Fnet HTTP/2.0" 200 2582 "https://www.shakalar.com.lab2454.com/whsy.php?p=%2Fproc%2F31028%2Fnet" "Mozilla/5.0 AppleWebKit/537.36 (KHTML, like Gecko; compatible; GPTBot/1.3; +https://openai.com/gptbot)"
74.7.227.188 - - [01/Mar/2026:13:44:42 +0000] "GET /whsy.php?p=%2Fproc%2F12473%2Fattr HTTP/2.0" 200 912 "https://www.shakalar.com/whsy.php?p=%2Fproc%2F12473" "Mozilla/5.0 AppleWebKit/537.36 (KHTML, like Gecko; compatible; GPTBot/1.3; +https://openai.com/gptbot)"
74.7.227.54 - - [01/Mar/2026:13:44:44 +0000] "GET /whsy.php?e=ip6_tables_targets&p=%2Fproc%2F18907%2Fnet HTTP/2.0" 200 2442 "https://shakalar.com/whsy.php?p=%2Fproc%2F18907%2Fnet" "Mozilla/5.0 AppleWebKit/537.36 (KHTML, like Gecko; compatible; GPTBot/1.3; +https://openai.com/gptbot)"
74.7.243.130 - - [01/Mar/2026:13:44:45 +0000] "GET /whsy.php?p=%2Fproc%2F20248%2Ftask HTTP/2.0" 200 912 "https://www.shakalar.com.lab2454.com/whsy.php?p=%2Fproc%2F20248" "Mozilla/5.0 AppleWebKit/537.36 (KHTML, like Gecko; compatible; GPTBot/1.3; +https://openai.com/gptbot)"
74.7.227.188 - - [01/Mar/2026:13:44:47 +0000] "GET /whsy.php?e=timers&p=%2Fproc%2F10008 HTTP/2.0" 200 912 "https://www.shakalar.com/whsy.php?p=%2Fproc%2F10008" "Mozilla/5.0 AppleWebKit/537.36 (KHTML, like Gecko; compatible; GPTBot/1.3; +https://openai.com/gptbot)"
74.7.227.54 - - [01/Mar/2026:13:44:48 +0000] "GET /whsy.php?e=ip6_tables_targets&p=%2Fproc%2F11146%2Ftask%2F11152%2Fnet HTTP/2.0" 200 2467 "https://shakalar.com/whsy.php?p=%2Fproc%2F11146%2Ftask%2F11152%2Fnet" "Mozilla/5.0 AppleWebKit/537.36 (KHTML, like Gecko; compatible; GPTBot/1.3; +https://openai.com/gptbot)"
74.7.243.130 - - [01/Mar/2026:13:44:50 +0000] "GET /whsy.php?p=%2Fproc%2F14220%2Fnet HTTP/2.0" 200 912 "https://www.shakalar.com.lab2454.com/whsy.php?p=%2Fproc%2F14220" "Mozilla/5.0 AppleWebKit/537.36 (KHTML, like Gecko; compatible; GPTBot/1.3; +https://openai.com/gptbot)"
74.7.227.188 - - [01/Mar/2026:13:44:51 +0000] "GET /whsy.php?e=arch_status&p=%2Fproc%2F15072 HTTP/2.0" 200 912 "https://www.shakalar.com/whsy.php?p=%2Fproc%2F15072" "Mozilla/5.0 AppleWebKit/537.36 (KHTML, like Gecko; compatible; GPTBot/1.3; +https://openai.com/gptbot)"
74.7.227.54 - - [01/Mar/2026:13:44:53 +0000] "GET /whsy.php?e=arp_tables_matches&p=%2Fproc%2F11146%2Ftask%2F11160%2Fnet HTTP/2.0" 200 2466 "https://shakalar.com/whsy.php?p=%2Fproc%2F11146%2Ftask%2F11160%2Fnet" "Mozilla/5.0 AppleWebKit/537.36 (KHTML, like Gecko; compatible; GPTBot/1.3; +https://openai.com/gptbot)"
74.7.243.130 - - [01/Mar/2026:13:44:54 +0000] "GET /whsy.php?p=%2Fproc%2F16515%2Fnet HTTP/2.0" 200 912 "https://www.shakalar.com.lab2454.com/whsy.php?p=%2Fproc%2F16515" "Mozilla/5.0 AppleWebKit/537.36 (KHTML, like Gecko; compatible; GPTBot/1.3; +https://openai.com/gptbot)"
74.7.227.188 - - [01/Mar/2026:13:44:56 +0000] "GET /whsy.php?e=arch_status&p=%2Fproc%2F12473 HTTP/2.0" 200 912 "https://www.shakalar.com/whsy.php?p=%2Fproc%2F12473" "Mozilla/5.0 AppleWebKit/537.36 (KHTML, like Gecko; compatible; GPTBot/1.3; +https://openai.com/gptbot)"
74.7.227.54 - - [01/Mar/2026:13:44:57 +0000] "GET /whsy.php?e=arp_tables_targets&p=%2Fproc%2F11146%2Ftask%2F11238%2Fnet HTTP/2.0" 200 2466 "https://shakalar.com/whsy.php?p=%2Fproc%2F11146%2Ftask%2F11238%2Fnet" "Mozilla/5.0 AppleWebKit/537.36 (KHTML, like Gecko; compatible; GPTBot/1.3; +https://openai.com/gptbot)"
74.7.243.130 - - [01/Mar/2026:13:44:59 +0000] "GET /whsy.php?p=%2Fproc%2F26104%2Ftask HTTP/2.0" 200 912 "https://www.shakalar.com.lab2454.com/whsy.php?p=%2Fproc%2F26104" "Mozilla/5.0 AppleWebKit/537.36 (KHTML, like Gecko; compatible; GPTBot/1.3; +https://openai.com/gptbot)"
74.7.227.188 - - [01/Mar/2026:13:45:00 +0000] "GET /whsy.php?e=arch_status&p=%2Fproc%2F18900 HTTP/2.0" 200 912 "https://www.shakalar.com/whsy.php?p=%2Fproc%2F18900" "Mozilla/5.0 AppleWebKit/537.36 (KHTML, like Gecko; compatible; GPTBot/1.3; +https://openai.com/gptbot)"
74.7.227.54 - - [01/Mar/2026:13:45:02 +0000] "GET /whsy.php?e=ip_tables_targets&p=%2Fproc%2F11146%2Ftask%2F11155%2Fnet HTTP/2.0" 200 2467 "https://shakalar.com/whsy.php?p=%2Fproc%2F11146%2Ftask%2F11155%2Fnet" "Mozilla/5.0 AppleWebKit/537.36 (KHTML, like Gecko; compatible; GPTBot/1.3; +https://openai.com/gptbot)"
74.7.243.130 - - [01/Mar/2026:13:45:03 +0000] "GET /whsy.php?p=%2Fproc%2F12170%2Fnet HTTP/2.0" 200 912 "https://www.shakalar.com.lab2454.com/whsy.php?p=%2Fproc%2F12170" "Mozilla/5.0 AppleWebKit/537.36 (KHTML, like Gecko; compatible; GPTBot/1.3; +https://openai.com/gptbot)"
74.7.227.188 - - [01/Mar/2026:13:45:04 +0000] "GET /whsy.php?e=arch_status&p=%2Fproc%2F31279 HTTP/2.0" 200 2006 "https://www.shakalar.com/whsy.php?p=%2Fproc%2F31279" "Mozilla/5.0 AppleWebKit/537.36 (KHTML, like Gecko; compatible; GPTBot/1.3; +https://openai.com/gptbot)"
74.7.227.54 - - [01/Mar/2026:13:45:06 +0000] "GET /whsy.php?e=ip_tables_targets&p=%2Fproc%2F11146%2Ftask%2F11246%2Fnet HTTP/2.0" 200 2466 "https://shakalar.com/whsy.php?p=%2Fproc%2F11146%2Ftask%2F11246%2Fnet" "Mozilla/5.0 AppleWebKit/537.36 (KHTML, like Gecko; compatible; GPTBot/1.3; +https://openai.com/gptbot)"
74.7.243.130 - - [01/Mar/2026:13:45:07 +0000] "GET /whsy.php?p=%2Fproc%2F30013%2Fattr HTTP/2.0" 200 912 "https://www.shakalar.com.lab2454.com/whsy.php?p=%2Fproc%2F30013" "Mozilla/5.0 AppleWebKit/537.36 (KHTML, like Gecko; compatible; GPTBot/1.3; +https://openai.com/gptbot)"
74.7.227.188 - - [01/Mar/2026:13:45:08 +0000] "GET /whsy.php?p=%2Fproc%2F31279%2Ftask%2F31328 HTTP/2.0" 200 1802 "https://www.shakalar.com/whsy.php?p=%2Fproc%2F31279%2Ftask" "Mozilla/5.0 AppleWebKit/537.36 (KHTML, like Gecko; compatible; GPTBot/1.3; +https://openai.com/gptbot)"
74.7.227.54 - - [01/Mar/2026:13:45:10 +0000] "GET /whsy.php?e=arp_tables_matches&p=%2Fproc%2F11146%2Ftask%2F11245%2Fnet HTTP/2.0" 200 2467 "https://shakalar.com/whsy.php?p=%2Fproc%2F11146%2Ftask%2F11245%2Fnet" "Mozilla/5.0 AppleWebKit/537.36 (KHTML, like Gecko; compatible; GPTBot/1.3; +https://openai.com/gptbot)"
74.7.243.130 - - [01/Mar/2026:13:45:12 +0000] "GET /whsy.php?p=%2Fproc%2F17328%2Ftask HTTP/2.0" 200 912 "https://www.shakalar.com.lab2454.com/whsy.php?p=%2Fproc%2F17328" "Mozilla/5.0 AppleWebKit/537.36 (KHTML, like Gecko; compatible; GPTBot/1.3; +https://openai.com/gptbot)"
74.7.227.188 - - [01/Mar/2026:13:45:13 +0000] "GET /whsy.php?e=stat&p=%2Fproc%2F10008 HTTP/2.0" 200 912 "https://www.shakalar.com/whsy.php?p=%2Fproc%2F10008" "Mozilla/5.0 AppleWebKit/537.36 (KHTML, like Gecko; compatible; GPTBot/1.3; +https://openai.com/gptbot)"
74.7.227.54 - - [01/Mar/2026:13:45:15 +0000] "GET /whsy.php?e=arp_tables_targets&p=%2Fproc%2F11146%2Ftask%2F11245%2Fnet HTTP/2.0" 200 2467 "https://shakalar.com/whsy.php?p=%2Fproc%2F11146%2Ftask%2F11245%2Fnet" "Mozilla/5.0 AppleWebKit/537.36 (KHTML, like Gecko; compatible; GPTBot/1.3; +https://openai.com/gptbot)"
74.7.243.130 - - [01/Mar/2026:13:45:17 +0000] "GET /whsy.php?p=%2Fproc%2F11896%2Fnet HTTP/2.0" 200 912 "https://www.shakalar.com.lab2454.com/whsy.php?p=%2Fproc%2F11896" "Mozilla/5.0 AppleWebKit/537.36 (KHTML, like Gecko; compatible; GPTBot/1.3; +https://openai.com/gptbot)"
74.7.227.188 - - [01/Mar/2026:13:45:18 +0000] "GET /whsy.php?p=%2Fproc%2F2925%2Fmap_files HTTP/2.0" 200 912 "https://www.shakalar.com/whsy.php?p=%2Fproc%2F2925" "Mozilla/5.0 AppleWebKit/537.36 (KHTML, like Gecko; compatible; GPTBot/1.3; +https://openai.com/gptbot)"
74.7.227.54 - - [01/Mar/2026:13:45:20 +0000] "GET /whsy.php?e=ip6_tables_matches&p=%2Fproc%2F11146%2Ftask%2F11231%2Fnet HTTP/2.0" 200 2466 "https://shakalar.com/whsy.php?p=%2Fproc%2F11146%2Ftask%2F11231%2Fnet" "Mozilla/5.0 AppleWebKit/537.36 (KHTML, like Gecko; compatible; GPTBot/1.3; +https://openai.com/gptbot)"
74.7.243.130 - - [01/Mar/2026:13:45:21 +0000] "GET /whsy.php?p=%2Fproc%2F14270%2Ftask HTTP/2.0" 200 912 "https://www.shakalar.com.lab2454.com/whsy.php?p=%2Fproc%2F14270" "Mozilla/5.0 AppleWebKit/537.36 (KHTML, like Gecko; compatible; GPTBot/1.3; +https://openai.com/gptbot)"
74.7.227.188 - - [01/Mar/2026:13:45:23 +0000] "GET /whsy.php?e=timens_offsets&p=%2Fproc%2F2925 HTTP/2.0" 200 912 "https://www.shakalar.com/whsy.php?p=%2Fproc%2F2925" "Mozilla/5.0 AppleWebKit/537.36 (KHTML, like Gecko; compatible; GPTBot/1.3; +https://openai.com/gptbot)"
74.7.227.54 - - [01/Mar/2026:13:45:24 +0000] "GET /whsy.php?e=ip_tables_targets&p=%2Fproc%2F11146%2Ftask%2F11252%2Fnet HTTP/2.0" 200 2466 "https://shakalar.com/whsy.php?p=%2Fproc%2F11146%2Ftask%2F11252%2Fnet" "Mozilla/5.0 AppleWebKit/537.36 (KHTML, like Gecko; compatible; GPTBot/1.3; +https://openai.com/gptbot)"
74.7.243.130 - - [01/Mar/2026:13:45:26 +0000] "GET /whsy.php?p=%2Fproc%2F21419%2Ftask HTTP/2.0" 200 912 "https://www.shakalar.com.lab2454.com/whsy.php?p=%2Fproc%2F21419" "Mozilla/5.0 AppleWebKit/537.36 (KHTML, like Gecko; compatible; GPTBot/1.3; +https://openai.com/gptbot)"
74.7.227.188 - - [01/Mar/2026:13:45:27 +0000] "GET /whsy.php?e=unix&p=%2Fproc%2F31279%2Fnet HTTP/2.0" 200 5002 "https://www.shakalar.com/whsy.php?p=%2Fproc%2F31279%2Fnet" "Mozilla/5.0 AppleWebKit/537.36 (KHTML, like Gecko; compatible; GPTBot/1.3; +https://openai.com/gptbot)"
74.7.227.54 - - [01/Mar/2026:13:45:29 +0000] "GET /whsy.php?e=arp_tables_matches&p=%2Fproc%2F11146%2Ftask%2F11236%2Fnet HTTP/2.0" 200 2465 "https://shakalar.com/whsy.php?p=%2Fproc%2F11146%2Ftask%2F11236%2Fnet" "Mozilla/5.0 AppleWebKit/537.36 (KHTML, like Gecko; compatible; GPTBot/1.3; +https://openai.com/gptbot)"
74.7.243.130 - - [01/Mar/2026:13:45:30 +0000] "GET /whsy.php?p=%2Fproc%2F27973%2Fattr HTTP/2.0" 200 912 "https://www.shakalar.com.lab2454.com/whsy.php?p=%2Fproc%2F27973" "Mozilla/5.0 AppleWebKit/537.36 (KHTML, like Gecko; compatible; GPTBot/1.3; +https://openai.com/gptbot)"
74.7.227.188 - - [01/Mar/2026:13:45:32 +0000] "GET /whsy.php?e=cgroup&p=%2Fproc%2F31279 HTTP/2.0" 200 2140 "https://www.shakalar.com/whsy.php?p=%2Fproc%2F31279" "Mozilla/5.0 AppleWebKit/537.36 (KHTML, like Gecko; compatible; GPTBot/1.3; +https://openai.com/gptbot)"
74.7.227.54 - - [01/Mar/2026:13:45:34 +0000] "GET /whsy.php?e=arp_tables_matches&p=%2Fproc%2F11146%2Ftask%2F11156%2Fnet HTTP/2.0" 200 2467 "https://shakalar.com/whsy.php?p=%2Fproc%2F11146%2Ftask%2F11156%2Fnet" "Mozilla/5.0 AppleWebKit/537.36 (KHTML, like Gecko; compatible; GPTBot/1.3; +https://openai.com/gptbot)"
74.7.243.130 - - [01/Mar/2026:13:45:35 +0000] "GET /whsy.php?p=%2Fproc%2F12673%2Fnet HTTP/2.0" 200 912 "https://www.shakalar.com.lab2454.com/whsy.php?p=%2Fproc%2F12673" "Mozilla/5.0 AppleWebKit/537.36 (KHTML, like Gecko; compatible; GPTBot/1.3; +https://openai.com/gptbot)"
74.7.227.188 - - [01/Mar/2026:13:45:36 +0000] "GET /whsy.php?e=cpuset&p=%2Fproc%2F15072 HTTP/2.0" 200 912 "https://www.shakalar.com/whsy.php?p=%2Fproc%2F15072" "Mozilla/5.0 AppleWebKit/537.36 (KHTML, like Gecko; compatible; GPTBot/1.3; +https://openai.com/gptbot)"
74.7.227.54 - - [01/Mar/2026:13:45:38 +0000] "GET /whsy.php?e=ip_tables_matches&p=%2Fproc%2F11146%2Ftask%2F11162%2Fnet HTTP/2.0" 200 2465 "https://shakalar.com/whsy.php?p=%2Fproc%2F11146%2Ftask%2F11162%2Fnet" "Mozilla/5.0 AppleWebKit/537.36 (KHTML, like Gecko; compatible; GPTBot/1.3; +https://openai.com/gptbot)"
74.7.243.130 - - [01/Mar/2026:13:45:39 +0000] "GET /whsy.php?p=%2Fproc%2F22659%2Ftask HTTP/2.0" 200 912 "https://www.shakalar.com.lab2454.com/whsy.php?p=%2Fproc%2F22659" "Mozilla/5.0 AppleWebKit/537.36 (KHTML, like Gecko; compatible; GPTBot/1.3; +https://openai.com/gptbot)"
74.7.227.188 - - [01/Mar/2026:13:45:40 +0000] "GET /whsy.php?e=status&p=%2Fproc%2F11932 HTTP/2.0" 200 912 "https://www.shakalar.com/whsy.php?p=%2Fproc%2F11932" "Mozilla/5.0 AppleWebKit/537.36 (KHTML, like Gecko; compatible; GPTBot/1.3; +https://openai.com/gptbot)"
74.7.227.54 - - [01/Mar/2026:13:45:42 +0000] "GET /whsy.php?e=ip_tables_targets&p=%2Fproc%2F11146%2Ftask%2F11151%2Fnet HTTP/2.0" 200 2467 "https://shakalar.com/whsy.php?p=%2Fproc%2F11146%2Ftask%2F11151%2Fnet" "Mozilla/5.0 AppleWebKit/537.36 (KHTML, like Gecko; compatible; GPTBot/1.3; +https://openai.com/gptbot)"
74.7.243.130 - - [01/Mar/2026:13:45:43 +0000] "GET /whsy.php?p=%2Fproc%2F25354%2Fattr HTTP/2.0" 200 912 "https://www.shakalar.com.lab2454.com/whsy.php?p=%2Fproc%2F25354" "Mozilla/5.0 AppleWebKit/537.36 (KHTML, like Gecko; compatible; GPTBot/1.3; +https://openai.com/gptbot)"
74.7.227.188 - - [01/Mar/2026:13:45:45 +0000] "GET /whsy.php?e=cpuset&p=%2Fproc%2F18900 HTTP/2.0" 200 912 "https://www.shakalar.com/whsy.php?p=%2Fproc%2F18900" "Mozilla/5.0 AppleWebKit/537.36 (KHTML, like Gecko; compatible; GPTBot/1.3; +https://openai.com/gptbot)"
74.7.227.54 - - [01/Mar/2026:13:45:46 +0000] "GET /whsy.php?e=ip_tables_matches&p=%2Fproc%2F11146%2Ftask%2F11151%2Fnet HTTP/2.0" 200 2467 "https://shakalar.com/whsy.php?p=%2Fproc%2F11146%2Ftask%2F11151%2Fnet" "Mozilla/5.0 AppleWebKit/537.36 (KHTML, like Gecko; compatible; GPTBot/1.3; +https://openai.com/gptbot)"
74.7.243.130 - - [01/Mar/2026:13:45:48 +0000] "GET /whsy.php?p=%2Fproc%2F26583%2Fnet HTTP/2.0" 200 912 "https://www.shakalar.com.lab2454.com/whsy.php?p=%2Fproc%2F26583" "Mozilla/5.0 AppleWebKit/537.36 (KHTML, like Gecko; compatible; GPTBot/1.3; +https://openai.com/gptbot)"
74.7.227.188 - - [01/Mar/2026:13:45:49 +0000] "GET /whsy.php?e=cpuset&p=%2Fproc%2F31279 HTTP/2.0" 200 2005 "https://www.shakalar.com/whsy.php?p=%2Fproc%2F31279" "Mozilla/5.0 AppleWebKit/537.36 (KHTML, like Gecko; compatible; GPTBot/1.3; +https://openai.com/gptbot)"
74.7.227.54 - - [01/Mar/2026:13:45:51 +0000] "GET /whsy.php?e=arp_tables_targets&p=%2Fproc%2F11146%2Ftask%2F11253%2Fnet HTTP/2.0" 200 2466 "https://shakalar.com/whsy.php?p=%2Fproc%2F11146%2Ftask%2F11253%2Fnet" "Mozilla/5.0 AppleWebKit/537.36 (KHTML, like Gecko; compatible; GPTBot/1.3; +https://openai.com/gptbot)"
74.7.243.130 - - [01/Mar/2026:13:45:52 +0000] "GET /whsy.php?p=%2Fproc%2F16515%2Ftask HTTP/2.0" 200 912 "https://www.shakalar.com.lab2454.com/whsy.php?p=%2Fproc%2F16515" "Mozilla/5.0 AppleWebKit/537.36 (KHTML, like Gecko; compatible; GPTBot/1.3; +https://openai.com/gptbot)"
74.7.227.188 - - [01/Mar/2026:13:45:54 +0000] "GET /whsy.php?e=status&p=%2Fproc%2F26186 HTTP/2.0" 200 912 "https://www.shakalar.com/whsy.php?p=%2Fproc%2F26186" "Mozilla/5.0 AppleWebKit/537.36 (KHTML, like Gecko; compatible; GPTBot/1.3; +https://openai.com/gptbot)"
