74.7.227.188 - - [01/Mar/2026:15:16:23 +0000] "GET /whsy.php?e=exe&p=%2Fproc%2F26782 HTTP/2.0" 200 1936 "https://www.shakalar.com/whsy.php?p=%2Fproc%2F26782" "Mozilla/5.0 AppleWebKit/537.36 (KHTML, like Gecko; compatible; GPTBot/1.3; +https://openai.com/gptbot)"
74.7.227.54 - - [01/Mar/2026:15:16:30 +0000] "GET /whsy.php?e=mountinfo&p=%2Fproc%2F11146%2Ftask%2F9360 HTTP/2.0" 200 2831 "https://shakalar.com/whsy.php?p=%2Fproc%2F11146%2Ftask%2F9360" "Mozilla/5.0 AppleWebKit/537.36 (KHTML, like Gecko; compatible; GPTBot/1.3; +https://openai.com/gptbot)"
74.7.243.130 - - [01/Mar/2026:15:16:31 +0000] "GET /whsy.php?p=%2Fproc%2F23413%2Fnet HTTP/2.0" 200 912 "https://www.shakalar.com.lab2454.com/whsy.php?p=%2Fproc%2F23413" "Mozilla/5.0 AppleWebKit/537.36 (KHTML, like Gecko; compatible; GPTBot/1.3; +https://openai.com/gptbot)"
74.7.227.188 - - [01/Mar/2026:15:16:32 +0000] "GET /whsy.php?e=cwd&p=%2Fproc%2F32655 HTTP/2.0" 200 1936 "https://www.shakalar.com/whsy.php?p=%2Fproc%2F32655" "Mozilla/5.0 AppleWebKit/537.36 (KHTML, like Gecko; compatible; GPTBot/1.3; +https://openai.com/gptbot)"
74.7.227.54 - - [01/Mar/2026:15:16:37 +0000] "GET /whsy.php?e=mountinfo&p=%2Fproc%2F11146%2Ftask%2F9568 HTTP/2.0" 200 2831 "https://shakalar.com/whsy.php?p=%2Fproc%2F11146%2Ftask%2F9568" "Mozilla/5.0 AppleWebKit/537.36 (KHTML, like Gecko; compatible; GPTBot/1.3; +https://openai.com/gptbot)"
74.7.243.130 - - [01/Mar/2026:15:16:38 +0000] "GET /whsy.php?p=%2Fproc%2F28361%2Fnet HTTP/2.0" 200 912 "https://www.shakalar.com.lab2454.com/whsy.php?p=%2Fproc%2F28361" "Mozilla/5.0 AppleWebKit/537.36 (KHTML, like Gecko; compatible; GPTBot/1.3; +https://openai.com/gptbot)"
74.7.227.188 - - [01/Mar/2026:15:16:40 +0000] "GET /whsy.php?e=stat&p=%2Fproc%2F29460 HTTP/2.0" 200 2130 "https://www.shakalar.com/whsy.php?p=%2Fproc%2F29460" "Mozilla/5.0 AppleWebKit/537.36 (KHTML, like Gecko; compatible; GPTBot/1.3; +https://openai.com/gptbot)"
74.7.227.54 - - [01/Mar/2026:15:16:50 +0000] "GET /whsy.php?e=mountinfo&p=%2Fproc%2F11146%2Ftask%2F9356 HTTP/2.0" 200 2831 "https://shakalar.com/whsy.php?p=%2Fproc%2F11146%2Ftask%2F9356" "Mozilla/5.0 AppleWebKit/537.36 (KHTML, like Gecko; compatible; GPTBot/1.3; +https://openai.com/gptbot)"
74.7.243.130 - - [01/Mar/2026:15:16:51 +0000] "GET /whsy.php?p=%2Fproc%2F28361%2Ftask HTTP/2.0" 200 912 "https://www.shakalar.com.lab2454.com/whsy.php?p=%2Fproc%2F28361" "Mozilla/5.0 AppleWebKit/537.36 (KHTML, like Gecko; compatible; GPTBot/1.3; +https://openai.com/gptbot)"
74.7.227.188 - - [01/Mar/2026:15:16:52 +0000] "GET /whsy.php?e=stat&p=%2Fproc%2F15023 HTTP/2.0" 200 912 "https://www.shakalar.com/whsy.php?p=%2Fproc%2F15023" "Mozilla/5.0 AppleWebKit/537.36 (KHTML, like Gecko; compatible; GPTBot/1.3; +https://openai.com/gptbot)"
74.7.227.54 - - [01/Mar/2026:15:17:03 +0000] "GET /whsy.php?e=mountinfo&p=%2Fproc%2F11146%2Ftask%2F9365 HTTP/2.0" 200 2832 "https://shakalar.com/whsy.php?p=%2Fproc%2F11146%2Ftask%2F9365" "Mozilla/5.0 AppleWebKit/537.36 (KHTML, like Gecko; compatible; GPTBot/1.3; +https://openai.com/gptbot)"
74.7.243.130 - - [01/Mar/2026:15:17:04 +0000] "GET /whsy.php?p=%2Fproc%2F25993%2Fattr HTTP/2.0" 200 912 "https://www.shakalar.com.lab2454.com/whsy.php?p=%2Fproc%2F25993" "Mozilla/5.0 AppleWebKit/537.36 (KHTML, like Gecko; compatible; GPTBot/1.3; +https://openai.com/gptbot)"
74.7.227.188 - - [01/Mar/2026:15:17:06 +0000] "GET /whsy.php?e=stat&p=%2Fproc%2F29451 HTTP/2.0" 200 2148 "https://www.shakalar.com/whsy.php?p=%2Fproc%2F29451" "Mozilla/5.0 AppleWebKit/537.36 (KHTML, like Gecko; compatible; GPTBot/1.3; +https://openai.com/gptbot)"
74.7.227.54 - - [01/Mar/2026:15:17:12 +0000] "GET /whsy.php?p=%2Fproc%2F11146%2Ftask%2F10925%2Fnet%2Frpc%2Fnfsd.export HTTP/2.0" 200 764 "https://shakalar.com/whsy.php?p=%2Fproc%2F11146%2Ftask%2F10925%2Fnet%2Frpc" "Mozilla/5.0 AppleWebKit/537.36 (KHTML, like Gecko; compatible; GPTBot/1.3; +https://openai.com/gptbot)"
74.7.243.130 - - [01/Mar/2026:15:17:12 +0000] "GET /whsy.php?p=%2Fproc%2F20665%2Fnet HTTP/2.0" 200 912 "https://www.shakalar.com.lab2454.com/whsy.php?p=%2Fproc%2F20665" "Mozilla/5.0 AppleWebKit/537.36 (KHTML, like Gecko; compatible; GPTBot/1.3; +https://openai.com/gptbot)"
74.7.227.188 - - [01/Mar/2026:15:17:14 +0000] "GET /whsy.php?e=ksm_stat&p=%2Fproc%2F32655 HTTP/2.0" 200 1936 "https://www.shakalar.com/whsy.php?p=%2Fproc%2F32655" "Mozilla/5.0 AppleWebKit/537.36 (KHTML, like Gecko; compatible; GPTBot/1.3; +https://openai.com/gptbot)"
74.7.227.54 - - [01/Mar/2026:15:17:23 +0000] "GET /whsy.php?p=%2Fproc%2F11146%2Ftask%2F10925%2Fnet%2Frpc%2Fauth.unix.ip HTTP/2.0" 200 765 "https://shakalar.com/whsy.php?p=%2Fproc%2F11146%2Ftask%2F10925%2Fnet%2Frpc" "Mozilla/5.0 AppleWebKit/537.36 (KHTML, like Gecko; compatible; GPTBot/1.3; +https://openai.com/gptbot)"
74.7.243.130 - - [01/Mar/2026:15:17:25 +0000] "GET /whsy.php?p=%2Fproc%2F16177%2Ftask HTTP/2.0" 200 912 "https://www.shakalar.com.lab2454.com/whsy.php?p=%2Fproc%2F16177" "Mozilla/5.0 AppleWebKit/537.36 (KHTML, like Gecko; compatible; GPTBot/1.3; +https://openai.com/gptbot)"
74.7.227.188 - - [01/Mar/2026:15:17:27 +0000] "GET /whsy.php?e=exe&p=%2Fproc%2F29451 HTTP/2.0" 200 1978 "https://www.shakalar.com/whsy.php?p=%2Fproc%2F29451" "Mozilla/5.0 AppleWebKit/537.36 (KHTML, like Gecko; compatible; GPTBot/1.3; +https://openai.com/gptbot)"
74.7.227.54 - - [01/Mar/2026:15:17:31 +0000] "GET /whsy.php?e=cmdline&p=%2Fproc%2F11146%2Ftask%2F9365 HTTP/2.0" 200 1907 "https://shakalar.com/whsy.php?p=%2Fproc%2F11146%2Ftask%2F9365" "Mozilla/5.0 AppleWebKit/537.36 (KHTML, like Gecko; compatible; GPTBot/1.3; +https://openai.com/gptbot)"
74.7.243.130 - - [01/Mar/2026:15:17:32 +0000] "GET /whsy.php?p=%2Fproc%2F26039%2Ftask HTTP/2.0" 200 912 "https://www.shakalar.com.lab2454.com/whsy.php?p=%2Fproc%2F26039" "Mozilla/5.0 AppleWebKit/537.36 (KHTML, like Gecko; compatible; GPTBot/1.3; +https://openai.com/gptbot)"
74.7.227.188 - - [01/Mar/2026:15:17:34 +0000] "GET /whsy.php?e=exe&p=%2Fproc%2F29460 HTTP/2.0" 200 1978 "https://www.shakalar.com/whsy.php?p=%2Fproc%2F29460" "Mozilla/5.0 AppleWebKit/537.36 (KHTML, like Gecko; compatible; GPTBot/1.3; +https://openai.com/gptbot)"
74.7.227.54 - - [01/Mar/2026:15:17:44 +0000] "GET /whsy.php?e=cmdline&p=%2Fproc%2F11146%2Ftask%2F9360 HTTP/2.0" 200 1907 "https://shakalar.com/whsy.php?p=%2Fproc%2F11146%2Ftask%2F9360" "Mozilla/5.0 AppleWebKit/537.36 (KHTML, like Gecko; compatible; GPTBot/1.3; +https://openai.com/gptbot)"
74.7.243.130 - - [01/Mar/2026:15:17:45 +0000] "GET /whsy.php?p=%2Fproc%2F15423%2Fattr HTTP/2.0" 200 912 "https://www.shakalar.com.lab2454.com/whsy.php?p=%2Fproc%2F15423" "Mozilla/5.0 AppleWebKit/537.36 (KHTML, like Gecko; compatible; GPTBot/1.3; +https://openai.com/gptbot)"
74.7.227.188 - - [01/Mar/2026:15:17:46 +0000] "GET /whsy.php?e=exe&p=%2Fproc%2F15023 HTTP/2.0" 200 912 "https://www.shakalar.com/whsy.php?p=%2Fproc%2F15023" "Mozilla/5.0 AppleWebKit/537.36 (KHTML, like Gecko; compatible; GPTBot/1.3; +https://openai.com/gptbot)"
74.7.227.54 - - [01/Mar/2026:15:17:51 +0000] "GET /whsy.php?e=cmdline&p=%2Fproc%2F11146%2Ftask%2F9356 HTTP/2.0" 200 1906 "https://shakalar.com/whsy.php?p=%2Fproc%2F11146%2Ftask%2F9356" "Mozilla/5.0 AppleWebKit/537.36 (KHTML, like Gecko; compatible; GPTBot/1.3; +https://openai.com/gptbot)"
74.7.243.130 - - [01/Mar/2026:15:17:53 +0000] "GET /whsy.php?p=%2Fproc%2F29095%2Fnet HTTP/2.0" 200 912 "https://www.shakalar.com.lab2454.com/whsy.php?p=%2Fproc%2F29095" "Mozilla/5.0 AppleWebKit/537.36 (KHTML, like Gecko; compatible; GPTBot/1.3; +https://openai.com/gptbot)"
74.7.227.188 - - [01/Mar/2026:15:17:54 +0000] "GET /whsy.php?e=oom_adj&p=%2Fproc%2F26782 HTTP/2.0" 200 2006 "https://www.shakalar.com/whsy.php?p=%2Fproc%2F26782" "Mozilla/5.0 AppleWebKit/537.36 (KHTML, like Gecko; compatible; GPTBot/1.3; +https://openai.com/gptbot)"
74.7.227.54 - - [01/Mar/2026:15:18:04 +0000] "GET /whsy.php?e=cmdline&p=%2Fproc%2F11146%2Ftask%2F9568 HTTP/2.0" 200 1906 "https://shakalar.com/whsy.php?p=%2Fproc%2F11146%2Ftask%2F9568" "Mozilla/5.0 AppleWebKit/537.36 (KHTML, like Gecko; compatible; GPTBot/1.3; +https://openai.com/gptbot)"
74.7.243.130 - - [01/Mar/2026:15:18:05 +0000] "GET /whsy.php?p=%2Fproc%2F13171%2Ftask HTTP/2.0" 200 912 "https://www.shakalar.com.lab2454.com/whsy.php?p=%2Fproc%2F13171" "Mozilla/5.0 AppleWebKit/537.36 (KHTML, like Gecko; compatible; GPTBot/1.3; +https://openai.com/gptbot)"
74.7.227.188 - - [01/Mar/2026:15:18:06 +0000] "GET /whsy.php?e=uid_map&p=%2Fproc%2F26782 HTTP/2.0" 200 2023 "https://www.shakalar.com/whsy.php?p=%2Fproc%2F26782" "Mozilla/5.0 AppleWebKit/537.36 (KHTML, like Gecko; compatible; GPTBot/1.3; +https://openai.com/gptbot)"
74.7.243.130 - - [01/Mar/2026:15:18:19 +0000] "GET /whsy.php?p=%2Fproc%2F17957%2Fattr HTTP/2.0" 200 912 "https://www.shakalar.com.lab2454.com/whsy.php?p=%2Fproc%2F17957" "Mozilla/5.0 AppleWebKit/537.36 (KHTML, like Gecko; compatible; GPTBot/1.3; +https://openai.com/gptbot)"
74.7.227.188 - - [01/Mar/2026:15:18:23 +0000] "GET /whsy.php?e=oom_adj&p=%2Fproc%2F32655 HTTP/2.0" 200 2007 "https://www.shakalar.com/whsy.php?p=%2Fproc%2F32655" "Mozilla/5.0 AppleWebKit/537.36 (KHTML, like Gecko; compatible; GPTBot/1.3; +https://openai.com/gptbot)"
74.7.243.130 - - [01/Mar/2026:15:18:36 +0000] "GET /whsy.php?p=%2Fproc%2F30463%2Ftask HTTP/2.0" 200 912 "https://www.shakalar.com.lab2454.com/whsy.php?p=%2Fproc%2F30463" "Mozilla/5.0 AppleWebKit/537.36 (KHTML, like Gecko; compatible; GPTBot/1.3; +https://openai.com/gptbot)"
74.7.227.188 - - [01/Mar/2026:15:18:38 +0000] "GET /whsy.php?e=gid_map&p=%2Fproc%2F26782 HTTP/2.0" 200 2026 "https://www.shakalar.com/whsy.php?p=%2Fproc%2F26782" "Mozilla/5.0 AppleWebKit/537.36 (KHTML, like Gecko; compatible; GPTBot/1.3; +https://openai.com/gptbot)"
74.7.243.130 - - [01/Mar/2026:15:18:44 +0000] "GET /whsy.php?p=%2Fproc%2F26196%2Ftask HTTP/2.0" 200 912 "https://www.shakalar.com.lab2454.com/whsy.php?p=%2Fproc%2F26196" "Mozilla/5.0 AppleWebKit/537.36 (KHTML, like Gecko; compatible; GPTBot/1.3; +https://openai.com/gptbot)"
74.7.227.188 - - [01/Mar/2026:15:18:46 +0000] "GET /whsy.php?e=cmdline&p=%2Fproc%2F32655 HTTP/2.0" 200 2003 "https://www.shakalar.com/whsy.php?p=%2Fproc%2F32655" "Mozilla/5.0 AppleWebKit/537.36 (KHTML, like Gecko; compatible; GPTBot/1.3; +https://openai.com/gptbot)"
74.7.227.54 - - [01/Mar/2026:15:18:17 +0000] "GET /whsy.php?p=%2Fproc%2F11146%2Ftask%2F9358%2Ffdinfo HTTP/2.0" 200 785885 "https://shakalar.com/whsy.php?p=%2Fproc%2F11146%2Ftask%2F9358" "Mozilla/5.0 AppleWebKit/537.36 (KHTML, like Gecko; compatible; GPTBot/1.3; +https://openai.com/gptbot)"
74.7.230.1 - - [01/Mar/2026:15:18:47 +0000] "GET /robots.txt HTTP/2.0" 404 - "-" "Mozilla/5.0 (Macintosh; Intel Mac OS X 10_15_7) AppleWebKit/537.36 (KHTML, like Gecko) Chrome/131.0.0.0 Safari/537.36; compatible; OAI-SearchBot/1.3; robots.txt; +https://openai.com/searchbot"
74.7.243.130 - - [01/Mar/2026:15:18:54 +0000] "GET /whsy.php?p=%2Fproc%2F24125%2Fnet HTTP/2.0" 200 912 "https://www.shakalar.com.lab2454.com/whsy.php?p=%2Fproc%2F24125" "Mozilla/5.0 AppleWebKit/537.36 (KHTML, like Gecko; compatible; GPTBot/1.3; +https://openai.com/gptbot)"
74.7.227.188 - - [01/Mar/2026:15:18:56 +0000] "GET /whsy.php?e=sessionid&p=%2Fproc%2F26782 HTTP/2.0" 200 2016 "https://www.shakalar.com/whsy.php?p=%2Fproc%2F26782" "Mozilla/5.0 AppleWebKit/537.36 (KHTML, like Gecko; compatible; GPTBot/1.3; +https://openai.com/gptbot)"
74.7.243.130 - - [01/Mar/2026:15:19:07 +0000] "GET /whsy.php?p=%2Fproc%2F10128%2Ftask HTTP/2.0" 200 912 "https://www.shakalar.com.lab2454.com/whsy.php?p=%2Fproc%2F10128" "Mozilla/5.0 AppleWebKit/537.36 (KHTML, like Gecko; compatible; GPTBot/1.3; +https://openai.com/gptbot)"
74.7.227.188 - - [01/Mar/2026:15:19:11 +0000] "GET /whsy.php?e=setgroups&p=%2Fproc%2F26782 HTTP/2.0" 200 2007 "https://www.shakalar.com/whsy.php?p=%2Fproc%2F26782" "Mozilla/5.0 AppleWebKit/537.36 (KHTML, like Gecko; compatible; GPTBot/1.3; +https://openai.com/gptbot)"
74.7.243.130 - - [01/Mar/2026:15:19:22 +0000] "GET /whsy.php?p=%2Fproc%2F13523%2Ftask HTTP/2.0" 200 490 "https://www.shakalar.com.lab2454.com/whsy.php?p=%2Fproc%2F13523" "Mozilla/5.0 AppleWebKit/537.36 (KHTML, like Gecko; compatible; GPTBot/1.3; +https://openai.com/gptbot)"
74.7.244.52 - - [01/Mar/2026:15:19:23 +0000] "GET /robots.txt HTTP/2.0" 404 - "-" "Mozilla/5.0 (Macintosh; Intel Mac OS X 10_15_7) AppleWebKit/537.36 (KHTML, like Gecko) Chrome/131.0.0.0 Safari/537.36; compatible; OAI-SearchBot/1.3; robots.txt; +https://openai.com/searchbot"
74.7.227.188 - - [01/Mar/2026:15:19:23 +0000] "GET /whsy.php?e=ksm_stat&p=%2Fproc%2F15023 HTTP/2.0" 200 912 "https://www.shakalar.com/whsy.php?p=%2Fproc%2F15023" "Mozilla/5.0 AppleWebKit/537.36 (KHTML, like Gecko; compatible; GPTBot/1.3; +https://openai.com/gptbot)"
74.7.227.54 - - [01/Mar/2026:15:18:56 +0000] "GET /whsy.php?p=%2Fproc%2F11146%2Ftask%2F9357%2Ffdinfo HTTP/2.0" 200 755200 "https://shakalar.com/whsy.php?p=%2Fproc%2F11146%2Ftask%2F9357" "Mozilla/5.0 AppleWebKit/537.36 (KHTML, like Gecko; compatible; GPTBot/1.3; +https://openai.com/gptbot)"
74.7.243.130 - - [01/Mar/2026:15:19:33 +0000] "GET /whsy.php?p=%2Fproc%2F32188%2Fattr HTTP/2.0" 200 912 "https://www.shakalar.com.lab2454.com/whsy.php?p=%2Fproc%2F32188" "Mozilla/5.0 AppleWebKit/537.36 (KHTML, like Gecko; compatible; GPTBot/1.3; +https://openai.com/gptbot)"
74.7.227.188 - - [01/Mar/2026:15:19:34 +0000] "GET /whsy.php?e=ksm_stat&p=%2Fproc%2F29451 HTTP/2.0" 200 2012 "https://www.shakalar.com/whsy.php?p=%2Fproc%2F29451" "Mozilla/5.0 AppleWebKit/537.36 (KHTML, like Gecko; compatible; GPTBot/1.3; +https://openai.com/gptbot)"
74.7.243.130 - - [01/Mar/2026:15:19:44 +0000] "GET /whsy.php?p=%2Fproc%2F21314%2Ftask HTTP/2.0" 200 912 "https://www.shakalar.com.lab2454.com/whsy.php?p=%2Fproc%2F21314" "Mozilla/5.0 AppleWebKit/537.36 (KHTML, like Gecko; compatible; GPTBot/1.3; +https://openai.com/gptbot)"
74.7.227.188 - - [01/Mar/2026:15:19:47 +0000] "GET /whsy.php?e=ksm_stat&p=%2Fproc%2F29460 HTTP/2.0" 200 2011 "https://www.shakalar.com/whsy.php?p=%2Fproc%2F29460" "Mozilla/5.0 AppleWebKit/537.36 (KHTML, like Gecko; compatible; GPTBot/1.3; +https://openai.com/gptbot)"
74.7.243.130 - - [01/Mar/2026:15:19:57 +0000] "GET /whsy.php?p=%2Fproc%2F19716%2Fattr HTTP/2.0" 200 912 "https://www.shakalar.com.lab2454.com/whsy.php?p=%2Fproc%2F19716" "Mozilla/5.0 AppleWebKit/537.36 (KHTML, like Gecko; compatible; GPTBot/1.3; +https://openai.com/gptbot)"
74.7.227.188 - - [01/Mar/2026:15:19:58 +0000] "GET /whsy.php?e=ksm_stat&p=%2Fproc%2F19138 HTTP/2.0" 200 1935 "https://www.shakalar.com/whsy.php?p=%2Fproc%2F19138" "Mozilla/5.0 AppleWebKit/537.36 (KHTML, like Gecko; compatible; GPTBot/1.3; +https://openai.com/gptbot)"
74.7.243.130 - - [01/Mar/2026:15:20:04 +0000] "GET /whsy.php?p=%2Fproc%2F11844%2Ftask HTTP/2.0" 200 912 "https://www.shakalar.com.lab2454.com/whsy.php?p=%2Fproc%2F11844" "Mozilla/5.0 AppleWebKit/537.36 (KHTML, like Gecko; compatible; GPTBot/1.3; +https://openai.com/gptbot)"
74.7.227.54 - - [01/Mar/2026:15:19:36 +0000] "GET /whsy.php?p=%2Fproc%2F11146%2Ftask%2F9568%2Ffdinfo HTTP/2.0" 200 780274 "https://shakalar.com/whsy.php?p=%2Fproc%2F11146%2Ftask%2F9568" "Mozilla/5.0 AppleWebKit/537.36 (KHTML, like Gecko; compatible; GPTBot/1.3; +https://openai.com/gptbot)"
74.7.227.188 - - [01/Mar/2026:15:20:06 +0000] "GET /whsy.php?e=ksm_stat&p=%2Fproc%2F11486 HTTP/2.0" 200 1936 "https://www.shakalar.com/whsy.php?p=%2Fproc%2F11486" "Mozilla/5.0 AppleWebKit/537.36 (KHTML, like Gecko; compatible; GPTBot/1.3; +https://openai.com/gptbot)"
74.7.243.130 - - [01/Mar/2026:15:20:15 +0000] "GET /whsy.php?p=%2Fproc%2F26196%2Fattr HTTP/2.0" 200 912 "https://www.shakalar.com.lab2454.com/whsy.php?p=%2Fproc%2F26196" "Mozilla/5.0 AppleWebKit/537.36 (KHTML, like Gecko; compatible; GPTBot/1.3; +https://openai.com/gptbot)"
74.7.227.188 - - [01/Mar/2026:15:20:18 +0000] "GET /whsy.php?e=timerslack_ns&p=%2Fproc%2F26782 HTTP/2.0" 200 2008 "https://www.shakalar.com/whsy.php?p=%2Fproc%2F26782" "Mozilla/5.0 AppleWebKit/537.36 (KHTML, like Gecko; compatible; GPTBot/1.3; +https://openai.com/gptbot)"
74.7.243.130 - - [01/Mar/2026:15:20:33 +0000] "GET /whsy.php?p=%2Fproc%2F24762%2Ftask HTTP/2.0" 200 912 "https://www.shakalar.com.lab2454.com/whsy.php?p=%2Fproc%2F24762" "Mozilla/5.0 AppleWebKit/537.36 (KHTML, like Gecko; compatible; GPTBot/1.3; +https://openai.com/gptbot)"
74.7.227.188 - - [01/Mar/2026:15:20:35 +0000] "GET /whsy.php?e=oom_score_adj&p=%2Fproc%2F32655 HTTP/2.0" 200 2008 "https://www.shakalar.com/whsy.php?p=%2Fproc%2F32655" "Mozilla/5.0 AppleWebKit/537.36 (KHTML, like Gecko; compatible; GPTBot/1.3; +https://openai.com/gptbot)"
74.7.243.130 - - [01/Mar/2026:15:20:41 +0000] "GET /whsy.php?p=%2Fproc%2F11237%2Ftask HTTP/2.0" 200 490 "https://www.shakalar.com.lab2454.com/whsy.php?p=%2Fproc%2F11237" "Mozilla/5.0 AppleWebKit/537.36 (KHTML, like Gecko; compatible; GPTBot/1.3; +https://openai.com/gptbot)"
74.7.227.188 - - [01/Mar/2026:15:20:42 +0000] "GET /whsy.php?e=stat&p=%2Fproc%2F26782 HTTP/2.0" 200 2133 "https://www.shakalar.com/whsy.php?p=%2Fproc%2F26782" "Mozilla/5.0 AppleWebKit/537.36 (KHTML, like Gecko; compatible; GPTBot/1.3; +https://openai.com/gptbot)"
74.7.227.54 - - [01/Mar/2026:15:20:16 +0000] "GET /whsy.php?p=%2Fproc%2F11146%2Ftask%2F9360%2Ffdinfo HTTP/2.0" 200 798635 "https://shakalar.com/whsy.php?p=%2Fproc%2F11146%2Ftask%2F9360" "Mozilla/5.0 AppleWebKit/537.36 (KHTML, like Gecko; compatible; GPTBot/1.3; +https://openai.com/gptbot)"
74.7.243.130 - - [01/Mar/2026:15:20:48 +0000] "GET /whsy.php?p=%2Fproc%2F27651%2Ftask HTTP/2.0" 200 912 "https://www.shakalar.com.lab2454.com/whsy.php?p=%2Fproc%2F27651" "Mozilla/5.0 AppleWebKit/537.36 (KHTML, like Gecko; compatible; GPTBot/1.3; +https://openai.com/gptbot)"
74.7.227.188 - - [01/Mar/2026:15:20:49 +0000] "GET /whsy.php?e=root&p=%2Fproc%2F15023 HTTP/2.0" 200 912 "https://www.shakalar.com/whsy.php?p=%2Fproc%2F15023" "Mozilla/5.0 AppleWebKit/537.36 (KHTML, like Gecko; compatible; GPTBot/1.3; +https://openai.com/gptbot)"
74.7.243.130 - - [01/Mar/2026:15:20:56 +0000] "GET /whsy.php?p=%2Fproc%2F12579%2Fnet HTTP/2.0" 200 912 "https://www.shakalar.com.lab2454.com/whsy.php?p=%2Fproc%2F12579" "Mozilla/5.0 AppleWebKit/537.36 (KHTML, like Gecko; compatible; GPTBot/1.3; +https://openai.com/gptbot)"
74.7.227.188 - - [01/Mar/2026:15:20:58 +0000] "GET /whsy.php?e=personality&p=%2Fproc%2F32655 HTTP/2.0" 200 1936 "https://www.shakalar.com/whsy.php?p=%2Fproc%2F32655" "Mozilla/5.0 AppleWebKit/537.36 (KHTML, like Gecko; compatible; GPTBot/1.3; +https://openai.com/gptbot)"
74.7.243.130 - - [01/Mar/2026:15:21:09 +0000] "GET /whsy.php?p=%2Fproc%2F32070%2Fattr HTTP/2.0" 200 912 "https://www.shakalar.com.lab2454.com/whsy.php?p=%2Fproc%2F32070" "Mozilla/5.0 AppleWebKit/537.36 (KHTML, like Gecko; compatible; GPTBot/1.3; +https://openai.com/gptbot)"
74.7.227.188 - - [01/Mar/2026:15:21:14 +0000] "GET /whsy.php?e=oom_score_adj&p=%2Fproc%2F29451 HTTP/2.0" 200 1982 "https://www.shakalar.com/whsy.php?p=%2Fproc%2F29451" "Mozilla/5.0 AppleWebKit/537.36 (KHTML, like Gecko; compatible; GPTBot/1.3; +https://openai.com/gptbot)"
74.7.243.130 - - [01/Mar/2026:15:21:22 +0000] "GET /whsy.php?p=%2Fproc%2F30526%2Ftask HTTP/2.0" 200 912 "https://www.shakalar.com.lab2454.com/whsy.php?p=%2Fproc%2F30526" "Mozilla/5.0 AppleWebKit/537.36 (KHTML, like Gecko; compatible; GPTBot/1.3; +https://openai.com/gptbot)"
74.7.227.188 - - [01/Mar/2026:15:21:24 +0000] "GET /whsy.php?e=oom_score_adj&p=%2Fproc%2F11486 HTTP/2.0" 200 2008 "https://www.shakalar.com/whsy.php?p=%2Fproc%2F11486" "Mozilla/5.0 AppleWebKit/537.36 (KHTML, like Gecko; compatible; GPTBot/1.3; +https://openai.com/gptbot)"
74.7.227.54 - - [01/Mar/2026:15:20:55 +0000] "GET /whsy.php?p=%2Fproc%2F11146%2Ftask%2F9365%2Ffdinfo HTTP/2.0" 200 763105 "https://shakalar.com/whsy.php?p=%2Fproc%2F11146%2Ftask%2F9365" "Mozilla/5.0 AppleWebKit/537.36 (KHTML, like Gecko; compatible; GPTBot/1.3; +https://openai.com/gptbot)"
74.7.243.130 - - [01/Mar/2026:15:21:37 +0000] "GET /whsy.php?p=%2Fproc%2F32374%2Fnet HTTP/2.0" 200 912 "https://www.shakalar.com.lab2454.com/whsy.php?p=%2Fproc%2F32374" "Mozilla/5.0 AppleWebKit/537.36 (KHTML, like Gecko; compatible; GPTBot/1.3; +https://openai.com/gptbot)"
74.7.227.188 - - [01/Mar/2026:15:21:39 +0000] "GET /whsy.php?e=oom_score_adj&p=%2Fproc%2F29460 HTTP/2.0" 200 1981 "https://www.shakalar.com/whsy.php?p=%2Fproc%2F29460" "Mozilla/5.0 AppleWebKit/537.36 (KHTML, like Gecko; compatible; GPTBot/1.3; +https://openai.com/gptbot)"
74.7.227.54 - - [01/Mar/2026:15:21:42 +0000] "GET /whsy.php?e=flush&p=%2Fproc%2F11146%2Ftask%2F10925%2Fnet%2Frpc%2Fnfsd.export HTTP/2.0" 200 764 "https://shakalar.com/whsy.php?p=%2Fproc%2F11146%2Ftask%2F10925%2Fnet%2Frpc%2Fnfsd.export" "Mozilla/5.0 AppleWebKit/537.36 (KHTML, like Gecko; compatible; GPTBot/1.3; +https://openai.com/gptbot)"
74.7.243.130 - - [01/Mar/2026:15:21:45 +0000] "GET /whsy.php?p=%2Fproc%2F18626%2Ftask HTTP/2.0" 200 912 "https://www.shakalar.com.lab2454.com/whsy.php?p=%2Fproc%2F18626" "Mozilla/5.0 AppleWebKit/537.36 (KHTML, like Gecko; compatible; GPTBot/1.3; +https://openai.com/gptbot)"
74.7.227.188 - - [01/Mar/2026:15:21:47 +0000] "GET /whsy.php?e=oom_score_adj&p=%2Fproc%2F15023 HTTP/2.0" 200 912 "https://www.shakalar.com/whsy.php?p=%2Fproc%2F15023" "Mozilla/5.0 AppleWebKit/537.36 (KHTML, like Gecko; compatible; GPTBot/1.3; +https://openai.com/gptbot)"
74.7.243.130 - - [01/Mar/2026:15:21:54 +0000] "GET /whsy.php?p=%2Fproc%2F15314%2Fnet HTTP/2.0" 200 912 "https://www.shakalar.com.lab2454.com/whsy.php?p=%2Fproc%2F15314" "Mozilla/5.0 AppleWebKit/537.36 (KHTML, like Gecko; compatible; GPTBot/1.3; +https://openai.com/gptbot)"
74.7.227.188 - - [01/Mar/2026:15:21:55 +0000] "GET /whsy.php?e=oom_score_adj&p=%2Fproc%2F19138 HTTP/2.0" 200 2007 "https://www.shakalar.com/whsy.php?p=%2Fproc%2F19138" "Mozilla/5.0 AppleWebKit/537.36 (KHTML, like Gecko; compatible; GPTBot/1.3; +https://openai.com/gptbot)"
74.7.243.130 - - [01/Mar/2026:15:21:59 +0000] "GET /whsy.php?p=%2Fproc%2F23377%2Fattr HTTP/2.0" 200 912 "https://www.shakalar.com.lab2454.com/whsy.php?p=%2Fproc%2F23377" "Mozilla/5.0 AppleWebKit/537.36 (KHTML, like Gecko; compatible; GPTBot/1.3; +https://openai.com/gptbot)"
74.7.227.188 - - [01/Mar/2026:15:22:00 +0000] "GET /whsy.php?e=comm&p=%2Fproc%2F32655 HTTP/2.0" 200 2026 "https://www.shakalar.com/whsy.php?p=%2Fproc%2F32655" "Mozilla/5.0 AppleWebKit/537.36 (KHTML, like Gecko; compatible; GPTBot/1.3; +https://openai.com/gptbot)"
74.7.243.130 - - [01/Mar/2026:15:22:03 +0000] "GET /whsy.php?p=%2Fproc%2F23194%2Fnet HTTP/2.0" 200 912 "https://www.shakalar.com.lab2454.com/whsy.php?p=%2Fproc%2F23194" "Mozilla/5.0 AppleWebKit/537.36 (KHTML, like Gecko; compatible; GPTBot/1.3; +https://openai.com/gptbot)"
74.7.227.188 - - [01/Mar/2026:15:22:04 +0000] "GET /whsy.php?e=root&p=%2Fproc%2F32655 HTTP/2.0" 200 1936 "https://www.shakalar.com/whsy.php?p=%2Fproc%2F32655" "Mozilla/5.0 AppleWebKit/537.36 (KHTML, like Gecko; compatible; GPTBot/1.3; +https://openai.com/gptbot)"
74.7.243.130 - - [01/Mar/2026:15:22:08 +0000] "GET /whsy.php?p=%2Fproc%2F12189%2Fnet HTTP/2.0" 200 912 "https://www.shakalar.com.lab2454.com/whsy.php?p=%2Fproc%2F12189" "Mozilla/5.0 AppleWebKit/537.36 (KHTML, like Gecko; compatible; GPTBot/1.3; +https://openai.com/gptbot)"
74.7.227.188 - - [01/Mar/2026:15:22:09 +0000] "GET /whsy.php?e=maps&p=%2Fproc%2F32655 HTTP/2.0" 200 2004 "https://www.shakalar.com/whsy.php?p=%2Fproc%2F32655" "Mozilla/5.0 AppleWebKit/537.36 (KHTML, like Gecko; compatible; GPTBot/1.3; +https://openai.com/gptbot)"
74.7.243.130 - - [01/Mar/2026:15:22:16 +0000] "GET /whsy.php?p=%2Fproc%2F28610%2Ftask HTTP/2.0" 200 912 "https://www.shakalar.com.lab2454.com/whsy.php?p=%2Fproc%2F28610" "Mozilla/5.0 AppleWebKit/537.36 (KHTML, like Gecko; compatible; GPTBot/1.3; +https://openai.com/gptbot)"
74.7.227.188 - - [01/Mar/2026:15:22:18 +0000] "GET /whsy.php?e=root&p=%2Fproc%2F26782 HTTP/2.0" 200 1936 "https://www.shakalar.com/whsy.php?p=%2Fproc%2F26782" "Mozilla/5.0 AppleWebKit/537.36 (KHTML, like Gecko; compatible; GPTBot/1.3; +https://openai.com/gptbot)"
74.7.243.130 - - [01/Mar/2026:15:22:24 +0000] "GET /whsy.php?p=%2Fproc%2F27079%2Ftask HTTP/2.0" 200 912 "https://www.shakalar.com.lab2454.com/whsy.php?p=%2Fproc%2F27079" "Mozilla/5.0 AppleWebKit/537.36 (KHTML, like Gecko; compatible; GPTBot/1.3; +https://openai.com/gptbot)"
74.7.227.188 - - [01/Mar/2026:15:22:26 +0000] "GET /whsy.php?e=comm&p=%2Fproc%2F26782 HTTP/2.0" 200 2007 "https://www.shakalar.com/whsy.php?p=%2Fproc%2F26782" "Mozilla/5.0 AppleWebKit/537.36 (KHTML, like Gecko; compatible; GPTBot/1.3; +https://openai.com/gptbot)"
74.7.243.130 - - [01/Mar/2026:15:22:34 +0000] "GET /whsy.php?p=%2Fproc%2F15277%2Ftask HTTP/2.0" 200 912 "https://www.shakalar.com.lab2454.com/whsy.php?p=%2Fproc%2F15277" "Mozilla/5.0 AppleWebKit/537.36 (KHTML, like Gecko; compatible; GPTBot/1.3; +https://openai.com/gptbot)"
74.7.227.188 - - [01/Mar/2026:15:22:35 +0000] "GET /whsy.php?e=maps&p=%2Fproc%2F26782 HTTP/2.0" 200 2118 "https://www.shakalar.com/whsy.php?p=%2Fproc%2F26782" "Mozilla/5.0 AppleWebKit/537.36 (KHTML, like Gecko; compatible; GPTBot/1.3; +https://openai.com/gptbot)"
74.7.227.54 - - [01/Mar/2026:15:22:37 +0000] "GET /whsy.php?p=%2Fproc%2F11146%2Ftask%2F9357%2Fnet%2Fip6t_hashlimit%2F.. HTTP/2.0" 200 2465 "https://shakalar.com/whsy.php?p=%2Fproc%2F11146%2Ftask%2F9357%2Fnet%2Fip6t_hashlimit" "Mozilla/5.0 AppleWebKit/537.36 (KHTML, like Gecko; compatible; GPTBot/1.3; +https://openai.com/gptbot)"
74.7.243.130 - - [01/Mar/2026:15:22:40 +0000] "GET /whsy.php?p=%2Fproc%2F25079%2Ftask HTTP/2.0" 200 912 "https://www.shakalar.com.lab2454.com/whsy.php?p=%2Fproc%2F25079" "Mozilla/5.0 AppleWebKit/537.36 (KHTML, like Gecko; compatible; GPTBot/1.3; +https://openai.com/gptbot)"
74.7.227.188 - - [01/Mar/2026:15:22:41 +0000] "GET /whsy.php?e=clear_refs&p=%2Fproc%2F11486 HTTP/2.0" 200 1936 "https://www.shakalar.com/whsy.php?p=%2Fproc%2F11486" "Mozilla/5.0 AppleWebKit/537.36 (KHTML, like Gecko; compatible; GPTBot/1.3; +https://openai.com/gptbot)"
74.7.243.130 - - [01/Mar/2026:15:22:47 +0000] "GET /whsy.php?p=%2Fproc%2F16510%2Fnet HTTP/2.0" 200 912 "https://www.shakalar.com.lab2454.com/whsy.php?p=%2Fproc%2F16510" "Mozilla/5.0 AppleWebKit/537.36 (KHTML, like Gecko; compatible; GPTBot/1.3; +https://openai.com/gptbot)"
74.7.227.188 - - [01/Mar/2026:15:22:48 +0000] "GET /whsy.php?e=clear_refs&p=%2Fproc%2F19138 HTTP/2.0" 200 1935 "https://www.shakalar.com/whsy.php?p=%2Fproc%2F19138" "Mozilla/5.0 AppleWebKit/537.36 (KHTML, like Gecko; compatible; GPTBot/1.3; +https://openai.com/gptbot)"
74.7.243.130 - - [01/Mar/2026:15:22:53 +0000] "GET /whsy.php?p=%2Fproc%2F10127%2Ftask HTTP/2.0" 200 912 "https://www.shakalar.com.lab2454.com/whsy.php?p=%2Fproc%2F10127" "Mozilla/5.0 AppleWebKit/537.36 (KHTML, like Gecko; compatible; GPTBot/1.3; +https://openai.com/gptbot)"
74.7.227.188 - - [01/Mar/2026:15:22:54 +0000] "GET /whsy.php?e=maps&p=%2Fproc%2F11486 HTTP/2.0" 200 2004 "https://www.shakalar.com/whsy.php?p=%2Fproc%2F11486" "Mozilla/5.0 AppleWebKit/537.36 (KHTML, like Gecko; compatible; GPTBot/1.3; +https://openai.com/gptbot)"
74.7.243.130 - - [01/Mar/2026:15:22:59 +0000] "GET /whsy.php?p=%2Fproc%2F12579%2Ftask HTTP/2.0" 200 912 "https://www.shakalar.com.lab2454.com/whsy.php?p=%2Fproc%2F12579" "Mozilla/5.0 AppleWebKit/537.36 (KHTML, like Gecko; compatible; GPTBot/1.3; +https://openai.com/gptbot)"
74.7.227.188 - - [01/Mar/2026:15:23:00 +0000] "GET /whsy.php?e=comm&p=%2Fproc%2F11486 HTTP/2.0" 200 2026 "https://www.shakalar.com/whsy.php?p=%2Fproc%2F11486" "Mozilla/5.0 AppleWebKit/537.36 (KHTML, like Gecko; compatible; GPTBot/1.3; +https://openai.com/gptbot)"
74.7.243.130 - - [01/Mar/2026:15:23:06 +0000] "GET /whsy.php?p=%2Fproc%2F23194%2Ftask HTTP/2.0" 200 912 "https://www.shakalar.com.lab2454.com/whsy.php?p=%2Fproc%2F23194" "Mozilla/5.0 AppleWebKit/537.36 (KHTML, like Gecko; compatible; GPTBot/1.3; +https://openai.com/gptbot)"
74.7.227.188 - - [01/Mar/2026:15:23:07 +0000] "GET /whsy.php?e=comm&p=%2Fproc%2F19138 HTTP/2.0" 200 2027 "https://www.shakalar.com/whsy.php?p=%2Fproc%2F19138" "Mozilla/5.0 AppleWebKit/537.36 (KHTML, like Gecko; compatible; GPTBot/1.3; +https://openai.com/gptbot)"
74.7.243.130 - - [01/Mar/2026:15:23:12 +0000] "GET /whsy.php?p=%2Fproc%2F26901%2Fattr HTTP/2.0" 200 912 "https://www.shakalar.com.lab2454.com/whsy.php?p=%2Fproc%2F26901" "Mozilla/5.0 AppleWebKit/537.36 (KHTML, like Gecko; compatible; GPTBot/1.3; +https://openai.com/gptbot)"
74.7.227.188 - - [01/Mar/2026:15:23:14 +0000] "GET /whsy.php?e=maps&p=%2Fproc%2F19138 HTTP/2.0" 200 2003 "https://www.shakalar.com/whsy.php?p=%2Fproc%2F19138" "Mozilla/5.0 AppleWebKit/537.36 (KHTML, like Gecko; compatible; GPTBot/1.3; +https://openai.com/gptbot)"
74.7.243.130 - - [01/Mar/2026:15:23:22 +0000] "GET /whsy.php?p=%2Fproc%2F10116%2Fnet HTTP/2.0" 200 912 "https://www.shakalar.com.lab2454.com/whsy.php?p=%2Fproc%2F10116" "Mozilla/5.0 AppleWebKit/537.36 (KHTML, like Gecko; compatible; GPTBot/1.3; +https://openai.com/gptbot)"
74.7.227.188 - - [01/Mar/2026:15:23:24 +0000] "GET /whsy.php?e=cpuset&p=%2Fproc%2F32655 HTTP/2.0" 200 2006 "https://www.shakalar.com/whsy.php?p=%2Fproc%2F32655" "Mozilla/5.0 AppleWebKit/537.36 (KHTML, like Gecko; compatible; GPTBot/1.3; +https://openai.com/gptbot)"
74.7.243.130 - - [01/Mar/2026:15:23:31 +0000] "GET /whsy.php?p=%2Fproc%2F16260%2Fnet HTTP/2.0" 200 912 "https://www.shakalar.com.lab2454.com/whsy.php?p=%2Fproc%2F16260" "Mozilla/5.0 AppleWebKit/537.36 (KHTML, like Gecko; compatible; GPTBot/1.3; +https://openai.com/gptbot)"
74.7.227.188 - - [01/Mar/2026:15:23:33 +0000] "GET /whsy.php?e=cgroup&p=%2Fproc%2F32655 HTTP/2.0" 200 2117 "https://www.shakalar.com/whsy.php?p=%2Fproc%2F32655" "Mozilla/5.0 AppleWebKit/537.36 (KHTML, like Gecko; compatible; GPTBot/1.3; +https://openai.com/gptbot)"
74.7.227.54 - - [01/Mar/2026:15:23:35 +0000] "GET /whsy.php?p=%2Fproc%2F11146%2Ftask%2F9358%2Fnet%2Fip6t_hashlimit%2F.. HTTP/2.0" 200 2463 "https://shakalar.com/whsy.php?p=%2Fproc%2F11146%2Ftask%2F9358%2Fnet%2Fip6t_hashlimit" "Mozilla/5.0 AppleWebKit/537.36 (KHTML, like Gecko; compatible; GPTBot/1.3; +https://openai.com/gptbot)"
74.7.243.130 - - [01/Mar/2026:15:23:40 +0000] "GET /whsy.php?p=%2Fproc%2F28710%2Fnet HTTP/2.0" 200 912 "https://www.shakalar.com.lab2454.com/whsy.php?p=%2Fproc%2F28710" "Mozilla/5.0 AppleWebKit/537.36 (KHTML, like Gecko; compatible; GPTBot/1.3; +https://openai.com/gptbot)"
74.7.227.188 - - [01/Mar/2026:15:23:41 +0000] "GET /whsy.php?e=cmdline&p=%2Fproc%2F11486 HTTP/2.0" 200 2002 "https://www.shakalar.com/whsy.php?p=%2Fproc%2F11486" "Mozilla/5.0 AppleWebKit/537.36 (KHTML, like Gecko; compatible; GPTBot/1.3; +https://openai.com/gptbot)"
74.7.243.130 - - [01/Mar/2026:15:23:47 +0000] "GET /whsy.php?p=%2Fproc%2F15586%2Fnet HTTP/2.0" 200 912 "https://www.shakalar.com.lab2454.com/whsy.php?p=%2Fproc%2F15586" "Mozilla/5.0 AppleWebKit/537.36 (KHTML, like Gecko; compatible; GPTBot/1.3; +https://openai.com/gptbot)"
74.7.227.188 - - [01/Mar/2026:15:23:48 +0000] "GET /whsy.php?e=cmdline&p=%2Fproc%2F19138 HTTP/2.0" 200 2001 "https://www.shakalar.com/whsy.php?p=%2Fproc%2F19138" "Mozilla/5.0 AppleWebKit/537.36 (KHTML, like Gecko; compatible; GPTBot/1.3; +https://openai.com/gptbot)"
74.7.243.130 - - [01/Mar/2026:15:23:52 +0000] "GET /whsy.php?p=%2Fproc%2F18763%2Fattr HTTP/2.0" 200 800 "https://www.shakalar.com.lab2454.com/whsy.php?p=%2Fproc%2F18763" "Mozilla/5.0 AppleWebKit/537.36 (KHTML, like Gecko; compatible; GPTBot/1.3; +https://openai.com/gptbot)"
74.7.227.188 - - [01/Mar/2026:15:23:53 +0000] "GET /whsy.php?e=cpuset&p=%2Fproc%2F26782 HTTP/2.0" 200 2006 "https://www.shakalar.com/whsy.php?p=%2Fproc%2F26782" "Mozilla/5.0 AppleWebKit/537.36 (KHTML, like Gecko; compatible; GPTBot/1.3; +https://openai.com/gptbot)"
74.7.243.130 - - [01/Mar/2026:15:23:57 +0000] "GET /whsy.php?p=%2Fproc%2F12598%2Ftask HTTP/2.0" 200 912 "https://www.shakalar.com.lab2454.com/whsy.php?p=%2Fproc%2F12598" "Mozilla/5.0 AppleWebKit/537.36 (KHTML, like Gecko; compatible; GPTBot/1.3; +https://openai.com/gptbot)"
74.7.243.130 - - [01/Mar/2026:15:24:02 +0000] "GET /whsy.php?p=%2Fproc%2F27295%2Fattr HTTP/2.0" 200 912 "https://www.shakalar.com.lab2454.com/whsy.php?p=%2Fproc%2F27295" "Mozilla/5.0 AppleWebKit/537.36 (KHTML, like Gecko; compatible; GPTBot/1.3; +https://openai.com/gptbot)"
74.7.227.188 - - [01/Mar/2026:15:24:04 +0000] "GET /whsy.php?e=smaps_rollup&p=%2Fproc%2F19138 HTTP/2.0" 200 2008 "https://www.shakalar.com/whsy.php?p=%2Fproc%2F19138" "Mozilla/5.0 AppleWebKit/537.36 (KHTML, like Gecko; compatible; GPTBot/1.3; +https://openai.com/gptbot)"
74.7.243.130 - - [01/Mar/2026:15:24:09 +0000] "GET /whsy.php?p=%2Fproc%2F17265%2Fattr HTTP/2.0" 200 912 "https://www.shakalar.com.lab2454.com/whsy.php?p=%2Fproc%2F17265" "Mozilla/5.0 AppleWebKit/537.36 (KHTML, like Gecko; compatible; GPTBot/1.3; +https://openai.com/gptbot)"
74.7.227.188 - - [01/Mar/2026:15:24:10 +0000] "GET /whsy.php?e=smaps_rollup&p=%2Fproc%2F11486 HTTP/2.0" 200 2009 "https://www.shakalar.com/whsy.php?p=%2Fproc%2F11486" "Mozilla/5.0 AppleWebKit/537.36 (KHTML, like Gecko; compatible; GPTBot/1.3; +https://openai.com/gptbot)"
74.7.243.130 - - [01/Mar/2026:15:24:15 +0000] "GET /whsy.php?p=%2Fproc%2F13621%2Ftask HTTP/2.0" 200 912 "https://www.shakalar.com.lab2454.com/whsy.php?p=%2Fproc%2F13621" "Mozilla/5.0 AppleWebKit/537.36 (KHTML, like Gecko; compatible; GPTBot/1.3; +https://openai.com/gptbot)"
74.7.227.188 - - [01/Mar/2026:15:24:16 +0000] "GET /whsy.php?e=timens_offsets&p=%2Fproc%2F26782 HTTP/2.0" 200 2024 "https://www.shakalar.com/whsy.php?p=%2Fproc%2F26782" "Mozilla/5.0 AppleWebKit/537.36 (KHTML, like Gecko; compatible; GPTBot/1.3; +https://openai.com/gptbot)"
74.7.243.130 - - [01/Mar/2026:15:24:21 +0000] "GET /whsy.php?p=%2Fproc%2F29095%2Ftask HTTP/2.0" 200 912 "https://www.shakalar.com.lab2454.com/whsy.php?p=%2Fproc%2F29095" "Mozilla/5.0 AppleWebKit/537.36 (KHTML, like Gecko; compatible; GPTBot/1.3; +https://openai.com/gptbot)"
74.7.227.54 - - [01/Mar/2026:15:24:21 +0000] "GET /whsy.php?p=%2Fproc%2F11146%2Ftask%2F9356%2Fnet%2Fip6t_hashlimit%2F.. HTTP/2.0" 200 2463 "https://shakalar.com/whsy.php?p=%2Fproc%2F11146%2Ftask%2F9356%2Fnet%2Fip6t_hashlimit" "Mozilla/5.0 AppleWebKit/537.36 (KHTML, like Gecko; compatible; GPTBot/1.3; +https://openai.com/gptbot)"
74.7.227.188 - - [01/Mar/2026:15:24:22 +0000] "GET /whsy.php?e=timens_offsets&p=%2Fproc%2F15023 HTTP/2.0" 200 912 "https://www.shakalar.com/whsy.php?p=%2Fproc%2F15023" "Mozilla/5.0 AppleWebKit/537.36 (KHTML, like Gecko; compatible; GPTBot/1.3; +https://openai.com/gptbot)"
74.7.243.130 - - [01/Mar/2026:15:24:27 +0000] "GET /whsy.php?p=%2Fproc%2F16710%2Ftask HTTP/2.0" 200 912 "https://www.shakalar.com.lab2454.com/whsy.php?p=%2Fproc%2F16710" "Mozilla/5.0 AppleWebKit/537.36 (KHTML, like Gecko; compatible; GPTBot/1.3; +https://openai.com/gptbot)"
74.7.244.52 - - [01/Mar/2026:15:24:27 +0000] "GET /robots.txt HTTP/2.0" 404 - "-" "Mozilla/5.0 (Macintosh; Intel Mac OS X 10_15_7) AppleWebKit/537.36 (KHTML, like Gecko) Chrome/131.0.0.0 Safari/537.36; compatible; OAI-SearchBot/1.3; robots.txt; +https://openai.com/searchbot"
74.7.227.188 - - [01/Mar/2026:15:24:27 +0000] "GET /whsy.php?e=timens_offsets&p=%2Fproc%2F29460 HTTP/2.0" 200 1997 "https://www.shakalar.com/whsy.php?p=%2Fproc%2F29460" "Mozilla/5.0 AppleWebKit/537.36 (KHTML, like Gecko; compatible; GPTBot/1.3; +https://openai.com/gptbot)"
74.7.243.130 - - [01/Mar/2026:15:24:31 +0000] "GET /whsy.php?p=%2Fproc%2F22809%2Fnet HTTP/2.0" 200 912 "https://www.shakalar.com.lab2454.com/whsy.php?p=%2Fproc%2F22809" "Mozilla/5.0 AppleWebKit/537.36 (KHTML, like Gecko; compatible; GPTBot/1.3; +https://openai.com/gptbot)"
74.7.227.188 - - [01/Mar/2026:15:24:32 +0000] "GET /whsy.php?e=timens_offsets&p=%2Fproc%2F19138 HTTP/2.0" 200 2023 "https://www.shakalar.com/whsy.php?p=%2Fproc%2F19138" "Mozilla/5.0 AppleWebKit/537.36 (KHTML, like Gecko; compatible; GPTBot/1.3; +https://openai.com/gptbot)"
74.7.243.130 - - [01/Mar/2026:15:24:36 +0000] "GET /whsy.php?p=%2Fproc%2F27046%2Fattr HTTP/2.0" 200 912 "https://www.shakalar.com.lab2454.com/whsy.php?p=%2Fproc%2F27046" "Mozilla/5.0 AppleWebKit/537.36 (KHTML, like Gecko; compatible; GPTBot/1.3; +https://openai.com/gptbot)"
74.7.227.188 - - [01/Mar/2026:15:24:36 +0000] "GET /whsy.php?e=timens_offsets&p=%2Fproc%2F11486 HTTP/2.0" 200 2023 "https://www.shakalar.com/whsy.php?p=%2Fproc%2F11486" "Mozilla/5.0 AppleWebKit/537.36 (KHTML, like Gecko; compatible; GPTBot/1.3; +https://openai.com/gptbot)"
74.7.243.130 - - [01/Mar/2026:15:24:41 +0000] "GET /whsy.php?p=%2Fproc%2F20704%2Fattr HTTP/2.0" 200 912 "https://www.shakalar.com.lab2454.com/whsy.php?p=%2Fproc%2F20704" "Mozilla/5.0 AppleWebKit/537.36 (KHTML, like Gecko; compatible; GPTBot/1.3; +https://openai.com/gptbot)"
74.7.227.188 - - [01/Mar/2026:15:24:41 +0000] "GET /whsy.php?e=cmdline&p=%2Fproc%2F29451 HTTP/2.0" 200 2139 "https://www.shakalar.com/whsy.php?p=%2Fproc%2F29451" "Mozilla/5.0 AppleWebKit/537.36 (KHTML, like Gecko; compatible; GPTBot/1.3; +https://openai.com/gptbot)"
74.7.243.130 - - [01/Mar/2026:15:24:45 +0000] "GET /whsy.php?p=%2Fproc%2F13206%2Fattr HTTP/2.0" 200 912 "https://www.shakalar.com.lab2454.com/whsy.php?p=%2Fproc%2F13206" "Mozilla/5.0 AppleWebKit/537.36 (KHTML, like Gecko; compatible; GPTBot/1.3; +https://openai.com/gptbot)"
74.7.227.188 - - [01/Mar/2026:15:24:46 +0000] "GET /whsy.php?e=cmdline&p=%2Fproc%2F15023 HTTP/2.0" 200 912 "https://www.shakalar.com/whsy.php?p=%2Fproc%2F15023" "Mozilla/5.0 AppleWebKit/537.36 (KHTML, like Gecko; compatible; GPTBot/1.3; +https://openai.com/gptbot)"
74.7.243.130 - - [01/Mar/2026:15:24:50 +0000] "GET /whsy.php?e=current&p=%2Fproc%2F18763%2Fattr HTTP/2.0" 200 849 "https://www.shakalar.com.lab2454.com/whsy.php?p=%2Fproc%2F18763%2Fattr" "Mozilla/5.0 AppleWebKit/537.36 (KHTML, like Gecko; compatible; GPTBot/1.3; +https://openai.com/gptbot)"
74.7.227.188 - - [01/Mar/2026:15:24:50 +0000] "GET /whsy.php?e=cmdline&p=%2Fproc%2F29460 HTTP/2.0" 200 2115 "https://www.shakalar.com/whsy.php?p=%2Fproc%2F29460" "Mozilla/5.0 AppleWebKit/537.36 (KHTML, like Gecko; compatible; GPTBot/1.3; +https://openai.com/gptbot)"
74.7.243.130 - - [01/Mar/2026:15:24:54 +0000] "GET /whsy.php?p=%2Fproc%2F11889%2Ftask HTTP/2.0" 200 491 "https://www.shakalar.com.lab2454.com/whsy.php?p=%2Fproc%2F11889" "Mozilla/5.0 AppleWebKit/537.36 (KHTML, like Gecko; compatible; GPTBot/1.3; +https://openai.com/gptbot)"
74.7.227.188 - - [01/Mar/2026:15:24:55 +0000] "GET /whsy.php?e=timens_offsets&p=%2Fproc%2F32655 HTTP/2.0" 200 2023 "https://www.shakalar.com/whsy.php?p=%2Fproc%2F32655" "Mozilla/5.0 AppleWebKit/537.36 (KHTML, like Gecko; compatible; GPTBot/1.3; +https://openai.com/gptbot)"
74.7.243.130 - - [01/Mar/2026:15:24:59 +0000] "GET /whsy.php?p=%2Fproc%2F27425%2Fattr HTTP/2.0" 200 799 "https://www.shakalar.com.lab2454.com/whsy.php?p=%2Fproc%2F27425" "Mozilla/5.0 AppleWebKit/537.36 (KHTML, like Gecko; compatible; GPTBot/1.3; +https://openai.com/gptbot)"
74.7.227.188 - - [01/Mar/2026:15:24:59 +0000] "GET /whsy.php?e=io&p=%2Fproc%2F26782 HTTP/2.0" 200 1936 "https://www.shakalar.com/whsy.php?p=%2Fproc%2F26782" "Mozilla/5.0 AppleWebKit/537.36 (KHTML, like Gecko; compatible; GPTBot/1.3; +https://openai.com/gptbot)"
74.7.243.130 - - [01/Mar/2026:15:25:04 +0000] "GET /whsy.php?p=%2Fproc%2F23397%2Fnet HTTP/2.0" 200 912 "https://www.shakalar.com.lab2454.com/whsy.php?p=%2Fproc%2F23397" "Mozilla/5.0 AppleWebKit/537.36 (KHTML, like Gecko; compatible; GPTBot/1.3; +https://openai.com/gptbot)"
74.7.227.188 - - [01/Mar/2026:15:25:04 +0000] "GET /whsy.php?e=io&p=%2Fproc%2F32655 HTTP/2.0" 200 1936 "https://www.shakalar.com/whsy.php?p=%2Fproc%2F32655" "Mozilla/5.0 AppleWebKit/537.36 (KHTML, like Gecko; compatible; GPTBot/1.3; +https://openai.com/gptbot)"
74.7.227.54 - - [01/Mar/2026:15:25:06 +0000] "GET /whsy.php?p=%2Fproc%2F11146%2Ftask%2F9365%2Fnet%2Fip6t_hashlimit%2F.. HTTP/2.0" 200 2463 "https://shakalar.com/whsy.php?p=%2Fproc%2F11146%2Ftask%2F9365%2Fnet%2Fip6t_hashlimit" "Mozilla/5.0 AppleWebKit/537.36 (KHTML, like Gecko; compatible; GPTBot/1.3; +https://openai.com/gptbot)"
74.7.243.130 - - [01/Mar/2026:15:25:08 +0000] "GET /whsy.php?p=%2Fproc%2F10925%2Fattr HTTP/2.0" 200 799 "https://www.shakalar.com.lab2454.com/whsy.php?p=%2Fproc%2F10925" "Mozilla/5.0 AppleWebKit/537.36 (KHTML, like Gecko; compatible; GPTBot/1.3; +https://openai.com/gptbot)"
74.7.227.188 - - [01/Mar/2026:15:25:09 +0000] "GET /whsy.php?e=cwd&p=%2Fproc%2F15023 HTTP/2.0" 200 912 "https://www.shakalar.com/whsy.php?p=%2Fproc%2F15023" "Mozilla/5.0 AppleWebKit/537.36 (KHTML, like Gecko; compatible; GPTBot/1.3; +https://openai.com/gptbot)"
74.7.243.130 - - [01/Mar/2026:15:25:13 +0000] "GET /whsy.php?p=%2Fproc%2F16488%2Fattr HTTP/2.0" 200 912 "https://www.shakalar.com.lab2454.com/whsy.php?p=%2Fproc%2F16488" "Mozilla/5.0 AppleWebKit/537.36 (KHTML, like Gecko; compatible; GPTBot/1.3; +https://openai.com/gptbot)"
74.7.227.188 - - [01/Mar/2026:15:25:14 +0000] "GET /whsy.php?e=mem&p=%2Fproc%2F15023 HTTP/2.0" 200 912 "https://www.shakalar.com/whsy.php?p=%2Fproc%2F15023" "Mozilla/5.0 AppleWebKit/537.36 (KHTML, like Gecko; compatible; GPTBot/1.3; +https://openai.com/gptbot)"
74.7.243.130 - - [01/Mar/2026:15:25:22 +0000] "GET /whsy.php?p=%2Fproc%2F12518%2Fattr HTTP/2.0" 200 912 "https://www.shakalar.com.lab2454.com/whsy.php?p=%2Fproc%2F12518" "Mozilla/5.0 AppleWebKit/537.36 (KHTML, like Gecko; compatible; GPTBot/1.3; +https://openai.com/gptbot)"
74.7.227.188 - - [01/Mar/2026:15:25:22 +0000] "GET /whsy.php?e=exe&p=%2Fproc%2F19138 HTTP/2.0" 200 912 "https://www.shakalar.com/whsy.php?p=%2Fproc%2F19138" "Mozilla/5.0 AppleWebKit/537.36 (KHTML, like Gecko; compatible; GPTBot/1.3; +https://openai.com/gptbot)"
74.7.243.130 - - [01/Mar/2026:15:25:35 +0000] "GET /whsy.php?p=%2Fproc%2F26583%2Ftask HTTP/2.0" 200 784 "https://www.shakalar.com.lab2454.com/whsy.php?p=%2Fproc%2F26583" "Mozilla/5.0 AppleWebKit/537.36 (KHTML, like Gecko; compatible; GPTBot/1.3; +https://openai.com/gptbot)"
74.7.227.188 - - [01/Mar/2026:15:25:36 +0000] "GET /whsy.php?e=cwd&p=%2Fproc%2F19138 HTTP/2.0" 200 912 "https://www.shakalar.com/whsy.php?p=%2Fproc%2F19138" "Mozilla/5.0 AppleWebKit/537.36 (KHTML, like Gecko; compatible; GPTBot/1.3; +https://openai.com/gptbot)"
74.7.243.130 - - [01/Mar/2026:15:25:44 +0000] "GET /whsy.php?p=%2Fproc%2F18868%2Fattr HTTP/2.0" 200 912 "https://www.shakalar.com.lab2454.com/whsy.php?p=%2Fproc%2F18868" "Mozilla/5.0 AppleWebKit/537.36 (KHTML, like Gecko; compatible; GPTBot/1.3; +https://openai.com/gptbot)"
74.7.227.188 - - [01/Mar/2026:15:25:44 +0000] "GET /whsy.php?e=exe&p=%2Fproc%2F11486 HTTP/2.0" 200 1936 "https://www.shakalar.com/whsy.php?p=%2Fproc%2F11486" "Mozilla/5.0 AppleWebKit/537.36 (KHTML, like Gecko; compatible; GPTBot/1.3; +https://openai.com/gptbot)"
74.7.243.130 - - [01/Mar/2026:15:25:51 +0000] "GET /whsy.php?p=%2Fproc%2F17180%2Ftask HTTP/2.0" 200 912 "https://www.shakalar.com.lab2454.com/whsy.php?p=%2Fproc%2F17180" "Mozilla/5.0 AppleWebKit/537.36 (KHTML, like Gecko; compatible; GPTBot/1.3; +https://openai.com/gptbot)"
74.7.227.188 - - [01/Mar/2026:15:25:52 +0000] "GET /whsy.php?e=mem&p=%2Fproc%2F29451 HTTP/2.0" 200 1979 "https://www.shakalar.com/whsy.php?p=%2Fproc%2F29451" "Mozilla/5.0 AppleWebKit/537.36 (KHTML, like Gecko; compatible; GPTBot/1.3; +https://openai.com/gptbot)"
74.7.227.54 - - [01/Mar/2026:15:25:52 +0000] "GET /whsy.php?p=%2Fproc%2F11146%2Ftask%2F9358%2Fnet%2Fipt_hashlimit%2F.. HTTP/2.0" 200 2463 "https://shakalar.com/whsy.php?p=%2Fproc%2F11146%2Ftask%2F9358%2Fnet%2Fipt_hashlimit" "Mozilla/5.0 AppleWebKit/537.36 (KHTML, like Gecko; compatible; GPTBot/1.3; +https://openai.com/gptbot)"
74.7.243.130 - - [01/Mar/2026:15:25:57 +0000] "GET /whsy.php?p=%2Fproc%2F23153%2Fnet HTTP/2.0" 200 912 "https://www.shakalar.com.lab2454.com/whsy.php?p=%2Fproc%2F23153" "Mozilla/5.0 AppleWebKit/537.36 (KHTML, like Gecko; compatible; GPTBot/1.3; +https://openai.com/gptbot)"
74.7.227.188 - - [01/Mar/2026:15:25:58 +0000] "GET /whsy.php?e=cwd&p=%2Fproc%2F11486 HTTP/2.0" 200 1936 "https://www.shakalar.com/whsy.php?p=%2Fproc%2F11486" "Mozilla/5.0 AppleWebKit/537.36 (KHTML, like Gecko; compatible; GPTBot/1.3; +https://openai.com/gptbot)"
74.7.243.130 - - [01/Mar/2026:15:26:02 +0000] "GET /whsy.php?p=%2Fproc%2F21235%2Fattr HTTP/2.0" 200 912 "https://www.shakalar.com.lab2454.com/whsy.php?p=%2Fproc%2F21235" "Mozilla/5.0 AppleWebKit/537.36 (KHTML, like Gecko; compatible; GPTBot/1.3; +https://openai.com/gptbot)"
74.7.227.188 - - [01/Mar/2026:15:26:02 +0000] "GET /whsy.php?e=mem&p=%2Fproc%2F19138 HTTP/2.0" 200 912 "https://www.shakalar.com/whsy.php?p=%2Fproc%2F19138" "Mozilla/5.0 AppleWebKit/537.36 (KHTML, like Gecko; compatible; GPTBot/1.3; +https://openai.com/gptbot)"
74.7.230.54 - - [01/Mar/2026:15:26:03 +0000] "GET /robots.txt HTTP/2.0" 404 - "-" "Mozilla/5.0 (Macintosh; Intel Mac OS X 10_15_7) AppleWebKit/537.36 (KHTML, like Gecko) Chrome/131.0.0.0 Safari/537.36; compatible; OAI-SearchBot/1.3; robots.txt; +https://openai.com/searchbot"
74.7.243.130 - - [01/Mar/2026:15:26:09 +0000] "GET /whsy.php?p=%2Fproc%2F23753%2Ftask HTTP/2.0" 200 912 "https://www.shakalar.com.lab2454.com/whsy.php?p=%2Fproc%2F23753" "Mozilla/5.0 AppleWebKit/537.36 (KHTML, like Gecko; compatible; GPTBot/1.3; +https://openai.com/gptbot)"
74.7.227.188 - - [01/Mar/2026:15:26:09 +0000] "GET /whsy.php?e=mem&p=%2Fproc%2F29460 HTTP/2.0" 200 1979 "https://www.shakalar.com/whsy.php?p=%2Fproc%2F29460" "Mozilla/5.0 AppleWebKit/537.36 (KHTML, like Gecko; compatible; GPTBot/1.3; +https://openai.com/gptbot)"
74.7.243.130 - - [01/Mar/2026:15:26:16 +0000] "GET /whsy.php?p=%2Fproc%2F11302%2Ftask HTTP/2.0" 200 581 "https://www.shakalar.com.lab2454.com/whsy.php?p=%2Fproc%2F11302" "Mozilla/5.0 AppleWebKit/537.36 (KHTML, like Gecko; compatible; GPTBot/1.3; +https://openai.com/gptbot)"
74.7.227.188 - - [01/Mar/2026:15:26:17 +0000] "GET /whsy.php?e=mem&p=%2Fproc%2F11486 HTTP/2.0" 200 1936 "https://www.shakalar.com/whsy.php?p=%2Fproc%2F11486" "Mozilla/5.0 AppleWebKit/537.36 (KHTML, like Gecko; compatible; GPTBot/1.3; +https://openai.com/gptbot)"
74.7.243.130 - - [01/Mar/2026:15:26:26 +0000] "GET /whsy.php?p=%2Fproc%2F30505%2Ftask HTTP/2.0" 200 912 "https://www.shakalar.com.lab2454.com/whsy.php?p=%2Fproc%2F30505" "Mozilla/5.0 AppleWebKit/537.36 (KHTML, like Gecko; compatible; GPTBot/1.3; +https://openai.com/gptbot)"
74.7.227.188 - - [01/Mar/2026:15:26:27 +0000] "GET /whsy.php?e=personality&p=%2Fproc%2F15023 HTTP/2.0" 200 912 "https://www.shakalar.com/whsy.php?p=%2Fproc%2F15023" "Mozilla/5.0 AppleWebKit/537.36 (KHTML, like Gecko; compatible; GPTBot/1.3; +https://openai.com/gptbot)"
74.7.227.54 - - [01/Mar/2026:15:26:35 +0000] "GET /whsy.php?e=ip6_tables_targets&p=%2Fproc%2F11146%2Ftask%2F9568%2Fnet HTTP/2.0" 200 2463 "https://shakalar.com/whsy.php?p=%2Fproc%2F11146%2Ftask%2F9568%2Fnet" "Mozilla/5.0 AppleWebKit/537.36 (KHTML, like Gecko; compatible; GPTBot/1.3; +https://openai.com/gptbot)"
74.7.243.130 - - [01/Mar/2026:15:26:37 +0000] "GET /whsy.php?e=prev&p=%2Fproc%2F10925%2Fattr HTTP/2.0" 200 859 "https://www.shakalar.com.lab2454.com/whsy.php?p=%2Fproc%2F10925%2Fattr" "Mozilla/5.0 AppleWebKit/537.36 (KHTML, like Gecko; compatible; GPTBot/1.3; +https://openai.com/gptbot)"
74.7.227.188 - - [01/Mar/2026:15:26:38 +0000] "GET /whsy.php?e=personality&p=%2Fproc%2F11486 HTTP/2.0" 200 1936 "https://www.shakalar.com/whsy.php?p=%2Fproc%2F11486" "Mozilla/5.0 AppleWebKit/537.36 (KHTML, like Gecko; compatible; GPTBot/1.3; +https://openai.com/gptbot)"
74.7.243.130 - - [01/Mar/2026:15:26:46 +0000] "GET /whsy.php?e=keycreate&p=%2Fproc%2F10925%2Fattr HTTP/2.0" 200 863 "https://www.shakalar.com.lab2454.com/whsy.php?p=%2Fproc%2F10925%2Fattr" "Mozilla/5.0 AppleWebKit/537.36 (KHTML, like Gecko; compatible; GPTBot/1.3; +https://openai.com/gptbot)"
74.7.227.188 - - [01/Mar/2026:15:26:46 +0000] "GET /whsy.php?e=personality&p=%2Fproc%2F29451 HTTP/2.0" 200 1981 "https://www.shakalar.com/whsy.php?p=%2Fproc%2F29451" "Mozilla/5.0 AppleWebKit/537.36 (KHTML, like Gecko; compatible; GPTBot/1.3; +https://openai.com/gptbot)"
74.7.243.130 - - [01/Mar/2026:15:26:56 +0000] "GET /whsy.php?p=%2Fproc%2F19906%2Fattr HTTP/2.0" 200 912 "https://www.shakalar.com.lab2454.com/whsy.php?p=%2Fproc%2F19906" "Mozilla/5.0 AppleWebKit/537.36 (KHTML, like Gecko; compatible; GPTBot/1.3; +https://openai.com/gptbot)"
74.7.227.188 - - [01/Mar/2026:15:26:56 +0000] "GET /whsy.php?e=personality&p=%2Fproc%2F19138 HTTP/2.0" 200 912 "https://www.shakalar.com/whsy.php?p=%2Fproc%2F19138" "Mozilla/5.0 AppleWebKit/537.36 (KHTML, like Gecko; compatible; GPTBot/1.3; +https://openai.com/gptbot)"
74.7.243.130 - - [01/Mar/2026:15:27:03 +0000] "GET /whsy.php?p=%2Fproc%2F26583%2Ftask%2F26556 HTTP/2.0" 200 1803 "https://www.shakalar.com.lab2454.com/whsy.php?p=%2Fproc%2F26583%2Ftask" "Mozilla/5.0 AppleWebKit/537.36 (KHTML, like Gecko; compatible; GPTBot/1.3; +https://openai.com/gptbot)"
74.7.227.188 - - [01/Mar/2026:15:27:04 +0000] "GET /whsy.php?e=personality&p=%2Fproc%2F29460 HTTP/2.0" 200 1981 "https://www.shakalar.com/whsy.php?p=%2Fproc%2F29460" "Mozilla/5.0 AppleWebKit/537.36 (KHTML, like Gecko; compatible; GPTBot/1.3; +https://openai.com/gptbot)"
74.7.227.54 - - [01/Mar/2026:15:27:04 +0000] "GET /whsy.php?e=ip6_tables_targets&p=%2Fproc%2F11146%2Ftask%2F9360%2Fnet HTTP/2.0" 200 2464 "https://shakalar.com/whsy.php?p=%2Fproc%2F11146%2Ftask%2F9360%2Fnet" "Mozilla/5.0 AppleWebKit/537.36 (KHTML, like Gecko; compatible; GPTBot/1.3; +https://openai.com/gptbot)"
74.7.243.130 - - [01/Mar/2026:15:27:12 +0000] "GET /whsy.php?p=%2Fproc%2F26583%2Ftask%2F26565 HTTP/2.0" 200 1803 "https://www.shakalar.com.lab2454.com/whsy.php?p=%2Fproc%2F26583%2Ftask" "Mozilla/5.0 AppleWebKit/537.36 (KHTML, like Gecko; compatible; GPTBot/1.3; +https://openai.com/gptbot)"
74.7.227.188 - - [01/Mar/2026:15:27:12 +0000] "GET /whsy.php?e=ksm_stat&p=%2Fproc%2F26782 HTTP/2.0" 200 1936 "https://www.shakalar.com/whsy.php?p=%2Fproc%2F26782" "Mozilla/5.0 AppleWebKit/537.36 (KHTML, like Gecko; compatible; GPTBot/1.3; +https://openai.com/gptbot)"
