216.73.216.222 - - [02/Mar/2026:04:34:41 +0000] "GET /whsy.php?p=%2Fhome%2Flab2454c%2Fetc HTTP/2.0" 200 1596 "-" "Mozilla/5.0 AppleWebKit/537.36 (KHTML, like Gecko; compatible; ClaudeBot/1.0; +claudebot@anthropic.com)"
216.73.216.222 - - [02/Mar/2026:04:34:41 +0000] "GET /whsy.php?p=%2Fhome%2Flab2454c%2Farcadiacircle.com HTTP/2.0" 200 955 "-" "Mozilla/5.0 AppleWebKit/537.36 (KHTML, like Gecko; compatible; ClaudeBot/1.0; +claudebot@anthropic.com)"
74.7.241.1 - - [02/Mar/2026:04:34:41 +0000] "GET /whsy.php?e=maps&p=%2Fproc%2F29463 HTTP/2.0" 200 912 "https://www.shakalar.com/whsy.php?p=%2Fproc%2F29463" "Mozilla/5.0 AppleWebKit/537.36 (KHTML, like Gecko; compatible; GPTBot/1.3; +https://openai.com/gptbot)"
74.7.227.31 - - [02/Mar/2026:04:34:43 +0000] "GET /whsy.php?e=snmp6&p=%2Fproc%2F2584%2Fnet HTTP/2.0" 200 912 "https://shakalar.com/whsy.php?p=%2Fproc%2F2584%2Fnet" "Mozilla/5.0 AppleWebKit/537.36 (KHTML, like Gecko; compatible; GPTBot/1.3; +https://openai.com/gptbot)"
216.73.216.222 - - [02/Mar/2026:04:34:46 +0000] "GET /whsy.php?p=%2Fhome%2Flab2454c%2Fonemediaverse.com HTTP/2.0" 200 1140 "-" "Mozilla/5.0 AppleWebKit/537.36 (KHTML, like Gecko; compatible; ClaudeBot/1.0; +claudebot@anthropic.com)"
216.73.216.222 - - [02/Mar/2026:04:34:46 +0000] "GET /whsy.php?p=%2Fhome%2Flab2454c%2Fcaimexchange.com HTTP/2.0" 200 802 "-" "Mozilla/5.0 AppleWebKit/537.36 (KHTML, like Gecko; compatible; ClaudeBot/1.0; +claudebot@anthropic.com)"
216.73.216.222 - - [02/Mar/2026:04:34:46 +0000] "GET /whsy.php?p=%2Fhome%2Flab2454c%2Ficuamaps.com HTTP/2.0" 200 1135 "-" "Mozilla/5.0 AppleWebKit/537.36 (KHTML, like Gecko; compatible; ClaudeBot/1.0; +claudebot@anthropic.com)"
216.73.216.222 - - [02/Mar/2026:04:34:46 +0000] "GET /whsy.php?p=%2Fhome%2Flab2454c%2Fomvstudioentertainment.com HTTP/2.0" 200 1150 "-" "Mozilla/5.0 AppleWebKit/537.36 (KHTML, like Gecko; compatible; ClaudeBot/1.0; +claudebot@anthropic.com)"
216.73.216.222 - - [02/Mar/2026:04:34:46 +0000] "GET /whsy.php?p=%2Fhome%2Flab2454c%2Felementalrefinery.com HTTP/2.0" 200 837 "-" "Mozilla/5.0 AppleWebKit/537.36 (KHTML, like Gecko; compatible; ClaudeBot/1.0; +claudebot@anthropic.com)"
216.73.216.222 - - [02/Mar/2026:04:34:46 +0000] "GET /whsy.php?p=%2Fhome%2Flab2454c%2Fcrypthorize.net HTTP/2.0" 200 1690 "-" "Mozilla/5.0 AppleWebKit/537.36 (KHTML, like Gecko; compatible; ClaudeBot/1.0; +claudebot@anthropic.com)"
216.73.216.222 - - [02/Mar/2026:04:34:46 +0000] "GET /whsy.php?p=%2Fhome%2Flab2454c%2Famgconsortium.com HTTP/2.0" 200 861 "-" "Mozilla/5.0 AppleWebKit/537.36 (KHTML, like Gecko; compatible; ClaudeBot/1.0; +claudebot@anthropic.com)"
216.73.216.222 - - [02/Mar/2026:04:34:46 +0000] "GET /whsy.php?p=%2Fhome%2Flab2454c%2Fercabarterholding.com HTTP/2.0" 200 991 "-" "Mozilla/5.0 AppleWebKit/537.36 (KHTML, like Gecko; compatible; ClaudeBot/1.0; +claudebot@anthropic.com)"
216.73.216.222 - - [02/Mar/2026:04:34:46 +0000] "GET /whsy.php?e=.bash_profile&p=%2Fhome%2Flab2454c HTTP/2.0" 200 3993 "-" "Mozilla/5.0 AppleWebKit/537.36 (KHTML, like Gecko; compatible; ClaudeBot/1.0; +claudebot@anthropic.com)"
216.73.216.222 - - [02/Mar/2026:04:34:46 +0000] "GET /whsy.php?p=%2Fhome%2Flab2454c%2Fam.elementalrock.com HTTP/2.0" 200 1646 "-" "Mozilla/5.0 AppleWebKit/537.36 (KHTML, like Gecko; compatible; ClaudeBot/1.0; +claudebot@anthropic.com)"
216.73.216.222 - - [02/Mar/2026:04:34:46 +0000] "GET /whsy.php?p=%2Fhome%2Flab2454c%2F.trash HTTP/2.0" 200 778 "-" "Mozilla/5.0 AppleWebKit/537.36 (KHTML, like Gecko; compatible; ClaudeBot/1.0; +claudebot@anthropic.com)"
216.73.216.222 - - [02/Mar/2026:04:34:47 +0000] "GET /whsy.php?p=%2Fhome%2Flab2454c%2Fvaxfi.com HTTP/2.0" 200 858 "-" "Mozilla/5.0 AppleWebKit/537.36 (KHTML, like Gecko; compatible; ClaudeBot/1.0; +claudebot@anthropic.com)"
216.73.216.222 - - [02/Mar/2026:04:34:47 +0000] "GET /whsy.php?p=%2Fhome%2Flab2454c%2Fwesternclear.com HTTP/2.0" 200 1126 "-" "Mozilla/5.0 AppleWebKit/537.36 (KHTML, like Gecko; compatible; ClaudeBot/1.0; +claudebot@anthropic.com)"
216.73.216.222 - - [02/Mar/2026:04:34:57 +0000] "GET /whsy.php?p=%2Fhome%2Flab2454c%2Flondston.com HTTP/2.0" 200 1135 "-" "Mozilla/5.0 AppleWebKit/537.36 (KHTML, like Gecko; compatible; ClaudeBot/1.0; +claudebot@anthropic.com)"
216.73.216.222 - - [02/Mar/2026:04:34:57 +0000] "GET /whsy.php?p=%2Fhome%2Flab2454c%2Farchfort.com HTTP/2.0" 200 1331 "-" "Mozilla/5.0 AppleWebKit/537.36 (KHTML, like Gecko; compatible; ClaudeBot/1.0; +claudebot@anthropic.com)"
216.73.216.222 - - [02/Mar/2026:04:34:57 +0000] "GET /whsy.php?p=%2Fhome%2Flab2454c%2Fcrypto.keyreum.com HTTP/2.0" 200 1710 "-" "Mozilla/5.0 AppleWebKit/537.36 (KHTML, like Gecko; compatible; ClaudeBot/1.0; +claudebot@anthropic.com)"
216.73.216.222 - - [02/Mar/2026:04:34:57 +0000] "GET /whsy.php?p=%2Fhome%2Flab2454c%2Fintermetaversebank.com HTTP/2.0" 200 1145 "-" "Mozilla/5.0 AppleWebKit/537.36 (KHTML, like Gecko; compatible; ClaudeBot/1.0; +claudebot@anthropic.com)"
216.73.216.222 - - [02/Mar/2026:04:34:57 +0000] "GET /whsy.php?p=%2Fhome%2Flab2454c%2Fhibiscash.com HTTP/2.0" 200 860 "-" "Mozilla/5.0 AppleWebKit/537.36 (KHTML, like Gecko; compatible; ClaudeBot/1.0; +claudebot@anthropic.com)"
216.73.216.222 - - [02/Mar/2026:04:34:57 +0000] "GET /whsy.php?p=%2Fhome%2Flab2454c%2Fkyc.datmont.com HTTP/2.0" 200 956 "-" "Mozilla/5.0 AppleWebKit/537.36 (KHTML, like Gecko; compatible; ClaudeBot/1.0; +claudebot@anthropic.com)"
216.73.216.222 - - [02/Mar/2026:04:34:58 +0000] "GET /whsy.php?p=%2Fhome%2Flab2454c%2Faccess-logs HTTP/2.0" 200 13615 "-" "Mozilla/5.0 AppleWebKit/537.36 (KHTML, like Gecko; compatible; ClaudeBot/1.0; +claudebot@anthropic.com)"
216.73.216.222 - - [02/Mar/2026:04:34:58 +0000] "GET /whsy.php?p=%2Fhome%2Flab2454c%2Fcbmindex.com HTTP/2.0" 200 1133 "-" "Mozilla/5.0 AppleWebKit/537.36 (KHTML, like Gecko; compatible; ClaudeBot/1.0; +claudebot@anthropic.com)"
216.73.216.222 - - [02/Mar/2026:04:34:58 +0000] "GET /whsy.php?p=%2Fhome%2Flab2454c%2Fgce.elementalrock.com HTTP/2.0" 200 1191 "-" "Mozilla/5.0 AppleWebKit/537.36 (KHTML, like Gecko; compatible; ClaudeBot/1.0; +claudebot@anthropic.com)"
216.73.216.222 - - [02/Mar/2026:04:34:58 +0000] "GET /whsy.php?e=whsy.php&p=%2Fhome%2Flab2454c HTTP/2.0" 200 5554 "-" "Mozilla/5.0 AppleWebKit/537.36 (KHTML, like Gecko; compatible; ClaudeBot/1.0; +claudebot@anthropic.com)"
216.73.216.222 - - [02/Mar/2026:04:34:58 +0000] "GET /whsy.php?p=%2Fhome%2Flab2454c%2Ftudeflix.com HTTP/2.0" 200 1135 "-" "Mozilla/5.0 AppleWebKit/537.36 (KHTML, like Gecko; compatible; ClaudeBot/1.0; +claudebot@anthropic.com)"
74.7.227.9 - - [02/Mar/2026:04:34:58 +0000] "GET /whsy.php?e=connect.php&p=%2Fhome%2Flab2454c%2Ftransferwit.elementalrock.com%2Fwp-content%2Fplugins%2Focean-extra%2Fincludes%2Ffreemius%2Ftemplates HTTP/2.0" 200 11962 "https://www.shakalar.com.lab2454.com/whsy.php?p=%2Fhome%2Flab2454c%2Ftransferwit.elementalrock.com%2Fwp-content%2Fplugins%2Focean-extra%2Fincludes%2Ffreemius%2Ftemplates" "Mozilla/5.0 AppleWebKit/537.36 (KHTML, like Gecko; compatible; GPTBot/1.3; +https://openai.com/gptbot)"
216.73.216.222 - - [02/Mar/2026:04:34:58 +0000] "GET /whsy.php?p=%2Fhome%2Flab2454c%2Ffirstdigitalbank.com HTTP/2.0" 200 956 "-" "Mozilla/5.0 AppleWebKit/537.36 (KHTML, like Gecko; compatible; ClaudeBot/1.0; +claudebot@anthropic.com)"
216.73.216.222 - - [02/Mar/2026:04:34:58 +0000] "GET /whsy.php?p=%2Fhome%2Flab2454c%2Fcredityork.com HTTP/2.0" 200 1528 "-" "Mozilla/5.0 AppleWebKit/537.36 (KHTML, like Gecko; compatible; ClaudeBot/1.0; +claudebot@anthropic.com)"
74.7.241.1 - - [02/Mar/2026:04:35:09 +0000] "GET /whsy.php?e=stat&p=%2Fproc%2F32655 HTTP/2.0" 200 912 "https://www.shakalar.com/whsy.php?p=%2Fproc%2F32655" "Mozilla/5.0 AppleWebKit/537.36 (KHTML, like Gecko; compatible; GPTBot/1.3; +https://openai.com/gptbot)"
74.7.227.31 - - [02/Mar/2026:04:35:11 +0000] "GET /whsy.php?p=%2Fproc%2F2584%2Fnet%2Fxt_recent HTTP/2.0" 200 912 "https://shakalar.com/whsy.php?p=%2Fproc%2F2584%2Fnet" "Mozilla/5.0 AppleWebKit/537.36 (KHTML, like Gecko; compatible; GPTBot/1.3; +https://openai.com/gptbot)"
216.73.216.222 - - [02/Mar/2026:04:35:34 +0000] "GET /whsy.php?p=%2Fhome%2Flab2454c%2Fworldcarboncapture.com HTTP/2.0" 200 1144 "-" "Mozilla/5.0 AppleWebKit/537.36 (KHTML, like Gecko; compatible; ClaudeBot/1.0; +claudebot@anthropic.com)"
216.73.216.222 - - [02/Mar/2026:04:35:34 +0000] "GET /whsy.php?p=%2Fhome%2Flab2454c%2Fkeyreum.com HTTP/2.0" 200 1176 "-" "Mozilla/5.0 AppleWebKit/537.36 (KHTML, like Gecko; compatible; ClaudeBot/1.0; +claudebot@anthropic.com)"
216.73.216.222 - - [02/Mar/2026:04:35:34 +0000] "GET /whsy.php?p=%2Fhome%2Flab2454c%2Figpma.com HTTP/2.0" 200 1522 "-" "Mozilla/5.0 AppleWebKit/537.36 (KHTML, like Gecko; compatible; ClaudeBot/1.0; +claudebot@anthropic.com)"
216.73.216.222 - - [02/Mar/2026:04:35:34 +0000] "GET /whsy.php?p=%2Fhome%2Flab2454c%2Figstin.com HTTP/2.0" 200 1135 "-" "Mozilla/5.0 AppleWebKit/537.36 (KHTML, like Gecko; compatible; ClaudeBot/1.0; +claudebot@anthropic.com)"
216.73.216.222 - - [02/Mar/2026:04:35:35 +0000] "GET /whsy.php?p=%2Fhome%2Flab2454c%2Fcredityorkgroup.com HTTP/2.0" 200 1434 "-" "Mozilla/5.0 AppleWebKit/537.36 (KHTML, like Gecko; compatible; ClaudeBot/1.0; +claudebot@anthropic.com)"
216.73.216.222 - - [02/Mar/2026:04:35:35 +0000] "GET /whsy.php?p=%2Fhome%2Flab2454c%2Fsothebry.softkinesis.com HTTP/2.0" 200 1117 "-" "Mozilla/5.0 AppleWebKit/537.36 (KHTML, like Gecko; compatible; ClaudeBot/1.0; +claudebot@anthropic.com)"
216.73.216.222 - - [02/Mar/2026:04:35:35 +0000] "GET /whsy.php?p=%2Fhome%2Flab2454c%2Fercabartercapital.com HTTP/2.0" 200 991 "-" "Mozilla/5.0 AppleWebKit/537.36 (KHTML, like Gecko; compatible; ClaudeBot/1.0; +claudebot@anthropic.com)"
216.73.216.222 - - [02/Mar/2026:04:35:35 +0000] "GET /whsy.php?p=%2Fhome%2Flab2454c%2Fadenbic.com HTTP/2.0" 200 1545 "-" "Mozilla/5.0 AppleWebKit/537.36 (KHTML, like Gecko; compatible; ClaudeBot/1.0; +claudebot@anthropic.com)"
216.73.216.222 - - [02/Mar/2026:04:35:35 +0000] "GET /whsy.php?p=%2Fhome%2Flab2454c%2Ferbarter.com HTTP/2.0" 200 1135 "-" "Mozilla/5.0 AppleWebKit/537.36 (KHTML, like Gecko; compatible; ClaudeBot/1.0; +claudebot@anthropic.com)"
216.73.216.222 - - [02/Mar/2026:04:35:35 +0000] "GET /whsy.php?p=%2Fhome%2Flab2454c%2Fcashewinc.com HTTP/2.0" 200 862 "-" "Mozilla/5.0 AppleWebKit/537.36 (KHTML, like Gecko; compatible; ClaudeBot/1.0; +claudebot@anthropic.com)"
216.73.216.222 - - [02/Mar/2026:04:35:35 +0000] "GET /whsy.php?p=%2Fhome%2Flab2454c%2F.razor HTTP/2.0" 200 1166 "-" "Mozilla/5.0 AppleWebKit/537.36 (KHTML, like Gecko; compatible; ClaudeBot/1.0; +claudebot@anthropic.com)"
216.73.216.222 - - [02/Mar/2026:04:35:35 +0000] "GET /whsy.php?p=%2Fhome%2Flab2454c%2Fidenbic.com HTTP/2.0" 200 858 "-" "Mozilla/5.0 AppleWebKit/537.36 (KHTML, like Gecko; compatible; ClaudeBot/1.0; +claudebot@anthropic.com)"
216.73.216.222 - - [02/Mar/2026:04:35:35 +0000] "GET /whsy.php?p=%2Fhome%2Flab2454c%2Fsenetry.com HTTP/2.0" 200 828 "-" "Mozilla/5.0 AppleWebKit/537.36 (KHTML, like Gecko; compatible; ClaudeBot/1.0; +claudebot@anthropic.com)"
74.7.241.1 - - [02/Mar/2026:04:35:39 +0000] "GET /whsy.php?e=comm&p=%2Fproc%2F29456 HTTP/2.0" 200 912 "https://www.shakalar.com/whsy.php?p=%2Fproc%2F29456" "Mozilla/5.0 AppleWebKit/537.36 (KHTML, like Gecko; compatible; GPTBot/1.3; +https://openai.com/gptbot)"
74.7.227.9 - - [02/Mar/2026:04:35:41 +0000] "GET /whsy.php?e=class-path-processor.php&p=%2Fhome%2Flab2454c%2Fcredityork.com%2Fwp-content%2Fplugins%2Fwoocommerce%2Fvendor%2Fautomattic%2Fjetpack-autoloader%2Fsrc HTTP/2.0" 200 3064 "https://www.shakalar.com.lab2454.com/whsy.php?p=%2Fhome%2Flab2454c%2Fcredityork.com%2Fwp-content%2Fplugins%2Fwoocommerce%2Fvendor%2Fautomattic%2Fjetpack-autoloader%2Fsrc" "Mozilla/5.0 AppleWebKit/537.36 (KHTML, like Gecko; compatible; GPTBot/1.3; +https://openai.com/gptbot)"
74.7.227.31 - - [02/Mar/2026:04:35:42 +0000] "GET /whsy.php?e=snmp&p=%2Fproc%2F2584%2Fnet HTTP/2.0" 200 912 "https://shakalar.com/whsy.php?p=%2Fproc%2F2584%2Fnet" "Mozilla/5.0 AppleWebKit/537.36 (KHTML, like Gecko; compatible; GPTBot/1.3; +https://openai.com/gptbot)"
216.73.216.222 - - [02/Mar/2026:04:36:10 +0000] "GET /whsy.php?p=%2Fhome%2Flab2454c%2Fscostrade.com HTTP/2.0" 200 859 "-" "Mozilla/5.0 AppleWebKit/537.36 (KHTML, like Gecko; compatible; ClaudeBot/1.0; +claudebot@anthropic.com)"
216.73.216.222 - - [02/Mar/2026:04:36:10 +0000] "GET /whsy.php?p=%2Fhome%2Flab2454c%2F.htpasswds HTTP/2.0" 200 1131 "-" "Mozilla/5.0 AppleWebKit/537.36 (KHTML, like Gecko; compatible; ClaudeBot/1.0; +claudebot@anthropic.com)"
216.73.216.222 - - [02/Mar/2026:04:36:10 +0000] "GET /whsy.php?p=%2Fhome%2Flab2454c%2Fnfsin.com HTTP/2.0" 200 2971 "-" "Mozilla/5.0 AppleWebKit/537.36 (KHTML, like Gecko; compatible; ClaudeBot/1.0; +claudebot@anthropic.com)"
216.73.216.222 - - [02/Mar/2026:04:36:10 +0000] "GET /whsy.php?p=%2Fhome%2Flab2454c%2Fhealthvalidate.com HTTP/2.0" 200 1709 "-" "Mozilla/5.0 AppleWebKit/537.36 (KHTML, like Gecko; compatible; ClaudeBot/1.0; +claudebot@anthropic.com)"
216.73.216.222 - - [02/Mar/2026:04:36:10 +0000] "GET /whsy.php?p=%2Fhome%2Flab2454c%2Fveritserv.net HTTP/2.0" 200 1663 "-" "Mozilla/5.0 AppleWebKit/537.36 (KHTML, like Gecko; compatible; ClaudeBot/1.0; +claudebot@anthropic.com)"
216.73.216.222 - - [02/Mar/2026:04:36:11 +0000] "GET /whsy.php?e=wp-blog-header.php&p=%2Fhome%2Flab2454c%2Fshakalar.com%2Fcgi-bin HTTP/2.0" 200 2141 "-" "Mozilla/5.0 AppleWebKit/537.36 (KHTML, like Gecko; compatible; ClaudeBot/1.0; +claudebot@anthropic.com)"
216.73.216.222 - - [02/Mar/2026:04:36:11 +0000] "GET /whsy.php?p=%2Fhome%2Flab2454c%2Ftripvare.com HTTP/2.0" 200 1672 "-" "Mozilla/5.0 AppleWebKit/537.36 (KHTML, like Gecko; compatible; ClaudeBot/1.0; +claudebot@anthropic.com)"
216.73.216.222 - - [02/Mar/2026:04:36:11 +0000] "GET /whsy.php?p=%2Fhome%2Flab2454c%2Fhibiscard.com HTTP/2.0" 200 830 "-" "Mozilla/5.0 AppleWebKit/537.36 (KHTML, like Gecko; compatible; ClaudeBot/1.0; +claudebot@anthropic.com)"
216.73.216.222 - - [02/Mar/2026:04:36:11 +0000] "GET /whsy.php?p=%2Fhome%2Flab2454c%2Fwyntle.com HTTP/2.0" 200 1135 "-" "Mozilla/5.0 AppleWebKit/537.36 (KHTML, like Gecko; compatible; ClaudeBot/1.0; +claudebot@anthropic.com)"
216.73.216.222 - - [02/Mar/2026:04:36:11 +0000] "GET /whsy.php?p=%2Fhome%2Flab2454c%2Fperl5 HTTP/2.0" 200 1064 "-" "Mozilla/5.0 AppleWebKit/537.36 (KHTML, like Gecko; compatible; ClaudeBot/1.0; +claudebot@anthropic.com)"
216.73.216.222 - - [02/Mar/2026:04:36:11 +0000] "GET /whsy.php?p=%2Fhome%2Flab2454c%2Ftripvares.com HTTP/2.0" 200 1136 "-" "Mozilla/5.0 AppleWebKit/537.36 (KHTML, like Gecko; compatible; ClaudeBot/1.0; +claudebot@anthropic.com)"
216.73.216.222 - - [02/Mar/2026:04:36:11 +0000] "GET /whsy.php?p=%2Fhome%2Flab2454c%2Fsow.veritserv.com HTTP/2.0" 200 1141 "-" "Mozilla/5.0 AppleWebKit/537.36 (KHTML, like Gecko; compatible; ClaudeBot/1.0; +claudebot@anthropic.com)"
216.73.216.222 - - [02/Mar/2026:04:36:11 +0000] "GET /whsy.php?p=%2Fhome%2Flab2454c%2F.cpanel HTTP/2.0" 200 1297 "-" "Mozilla/5.0 AppleWebKit/537.36 (KHTML, like Gecko; compatible; ClaudeBot/1.0; +claudebot@anthropic.com)"
74.7.241.1 - - [02/Mar/2026:04:36:25 +0000] "GET /whsy.php?e=comm&p=%2Fproc%2F29460 HTTP/2.0" 200 912 "https://www.shakalar.com/whsy.php?p=%2Fproc%2F29460" "Mozilla/5.0 AppleWebKit/537.36 (KHTML, like Gecko; compatible; GPTBot/1.3; +https://openai.com/gptbot)"
74.7.227.31 - - [02/Mar/2026:04:36:31 +0000] "GET /whsy.php?e=packet&p=%2Fproc%2F2584%2Fnet HTTP/2.0" 200 912 "https://shakalar.com/whsy.php?p=%2Fproc%2F2584%2Fnet" "Mozilla/5.0 AppleWebKit/537.36 (KHTML, like Gecko; compatible; GPTBot/1.3; +https://openai.com/gptbot)"
216.73.216.222 - - [02/Mar/2026:04:36:37 +0000] "GET /whsy.php?p=%2Fhome%2Flab2454c%2F.spamassassin HTTP/2.0" 200 1025 "-" "Mozilla/5.0 AppleWebKit/537.36 (KHTML, like Gecko; compatible; ClaudeBot/1.0; +claudebot@anthropic.com)"
216.73.216.222 - - [02/Mar/2026:04:36:37 +0000] "GET /whsy.php?p=%2Fhome%2Flab2454c%2Fclimatefinancebank.com HTTP/2.0" 200 1374 "-" "Mozilla/5.0 AppleWebKit/537.36 (KHTML, like Gecko; compatible; ClaudeBot/1.0; +claudebot@anthropic.com)"
216.73.216.222 - - [02/Mar/2026:04:36:37 +0000] "GET /whsy.php?p=%2Fhome%2Flab2454c%2Fcostbloc.net HTTP/2.0" 200 996 "-" "Mozilla/5.0 AppleWebKit/537.36 (KHTML, like Gecko; compatible; ClaudeBot/1.0; +claudebot@anthropic.com)"
216.73.216.222 - - [02/Mar/2026:04:36:37 +0000] "GET /whsy.php?p=%2Fhome%2Flab2454c%2Felementalrock.com HTTP/2.0" 200 1537 "-" "Mozilla/5.0 AppleWebKit/537.36 (KHTML, like Gecko; compatible; ClaudeBot/1.0; +claudebot@anthropic.com)"
216.73.216.222 - - [02/Mar/2026:04:36:37 +0000] "GET /whsy.php?e=.viminfo&p=%2Fhome%2Flab2454c HTTP/2.0" 200 4182 "-" "Mozilla/5.0 AppleWebKit/537.36 (KHTML, like Gecko; compatible; ClaudeBot/1.0; +claudebot@anthropic.com)"
216.73.216.222 - - [02/Mar/2026:04:36:37 +0000] "GET /whsy.php?p=%2Fhome%2Flab2454c%2Fmactbank.com HTTP/2.0" 200 1104 "-" "Mozilla/5.0 AppleWebKit/537.36 (KHTML, like Gecko; compatible; ClaudeBot/1.0; +claudebot@anthropic.com)"
216.73.216.222 - - [02/Mar/2026:04:36:37 +0000] "GET /whsy.php?p=%2Fhome%2Flab2454c%2Ffinancial.datmont.com HTTP/2.0" 200 1300 "-" "Mozilla/5.0 AppleWebKit/537.36 (KHTML, like Gecko; compatible; ClaudeBot/1.0; +claudebot@anthropic.com)"
216.73.216.222 - - [02/Mar/2026:04:36:37 +0000] "GET /whsy.php?p=%2Fhome%2Flab2454c%2Fcostinbulk.com HTTP/2.0" 200 1137 "-" "Mozilla/5.0 AppleWebKit/537.36 (KHTML, like Gecko; compatible; ClaudeBot/1.0; +claudebot@anthropic.com)"
216.73.216.222 - - [02/Mar/2026:04:36:37 +0000] "GET /whsy.php?p=%2Fhome%2Flab2454c%2Fportude.com HTTP/2.0" 200 1135 "-" "Mozilla/5.0 AppleWebKit/537.36 (KHTML, like Gecko; compatible; ClaudeBot/1.0; +claudebot@anthropic.com)"
216.73.216.222 - - [02/Mar/2026:04:36:37 +0000] "GET /whsy.php?p=%2Fhome%2Flab2454c%2F.pki HTTP/2.0" 200 938 "-" "Mozilla/5.0 AppleWebKit/537.36 (KHTML, like Gecko; compatible; ClaudeBot/1.0; +claudebot@anthropic.com)"
216.73.216.222 - - [02/Mar/2026:04:36:38 +0000] "GET /whsy.php?p=%2Fhome%2Flab2454c%2Fgemsaq.com HTTP/2.0" 200 1135 "-" "Mozilla/5.0 AppleWebKit/537.36 (KHTML, like Gecko; compatible; ClaudeBot/1.0; +claudebot@anthropic.com)"
216.73.216.222 - - [02/Mar/2026:04:36:38 +0000] "GET /whsy.php?p=%2Fhome%2Flab2454c%2Fbeleciano.com HTTP/2.0" 200 984 "-" "Mozilla/5.0 AppleWebKit/537.36 (KHTML, like Gecko; compatible; ClaudeBot/1.0; +claudebot@anthropic.com)"
216.73.216.222 - - [02/Mar/2026:04:36:38 +0000] "GET /whsy.php?p=%2Fhome%2Flab2454c%2Fcostbloc.org HTTP/2.0" 200 984 "-" "Mozilla/5.0 AppleWebKit/537.36 (KHTML, like Gecko; compatible; ClaudeBot/1.0; +claudebot@anthropic.com)"
216.73.216.222 - - [02/Mar/2026:04:36:43 +0000] "GET /whsy.php?p=%2Fhome%2Flab2454c%2Fsportstude.com HTTP/2.0" 200 860 "-" "Mozilla/5.0 AppleWebKit/537.36 (KHTML, like Gecko; compatible; ClaudeBot/1.0; +claudebot@anthropic.com)"
216.73.216.222 - - [02/Mar/2026:04:36:43 +0000] "GET /whsy.php?p=%2Fhome%2Flab2454c%2Fmellogia.com HTTP/2.0" 200 810 "-" "Mozilla/5.0 AppleWebKit/537.36 (KHTML, like Gecko; compatible; ClaudeBot/1.0; +claudebot@anthropic.com)"
216.73.216.222 - - [02/Mar/2026:04:36:43 +0000] "GET /whsy.php?p=%2Fhome%2Flab2454c%2Fenvironmentalassetexchange.com HTTP/2.0" 200 1154 "-" "Mozilla/5.0 AppleWebKit/537.36 (KHTML, like Gecko; compatible; ClaudeBot/1.0; +claudebot@anthropic.com)"
216.73.216.222 - - [02/Mar/2026:04:36:43 +0000] "GET /whsy.php?p=%2Fhome%2Flab2454c%2F23rdbank.com HTTP/2.0" 200 830 "-" "Mozilla/5.0 AppleWebKit/537.36 (KHTML, like Gecko; compatible; ClaudeBot/1.0; +claudebot@anthropic.com)"
216.73.216.222 - - [02/Mar/2026:04:36:43 +0000] "GET /whsy.php?p=%2Fhome%2Flab2454c%2Fbullclimate.com HTTP/2.0" 200 862 "-" "Mozilla/5.0 AppleWebKit/537.36 (KHTML, like Gecko; compatible; ClaudeBot/1.0; +claudebot@anthropic.com)"
216.73.216.222 - - [02/Mar/2026:04:36:43 +0000] "GET /whsy.php?p=%2Fhome%2Flab2454c%2Ficuamap.com HTTP/2.0" 200 1164 "-" "Mozilla/5.0 AppleWebKit/537.36 (KHTML, like Gecko; compatible; ClaudeBot/1.0; +claudebot@anthropic.com)"
216.73.216.222 - - [02/Mar/2026:04:36:43 +0000] "GET /whsy.php?p=%2Fhome%2Flab2454c%2Fshakcoin.com HTTP/2.0" 200 913 "-" "Mozilla/5.0 AppleWebKit/537.36 (KHTML, like Gecko; compatible; ClaudeBot/1.0; +claudebot@anthropic.com)"
216.73.216.222 - - [02/Mar/2026:04:36:43 +0000] "GET /whsy.php?p=%2Fhome%2Flab2454c%2Fclimateassettrade.com HTTP/2.0" 200 838 "-" "Mozilla/5.0 AppleWebKit/537.36 (KHTML, like Gecko; compatible; ClaudeBot/1.0; +claudebot@anthropic.com)"
216.73.216.222 - - [02/Mar/2026:04:36:43 +0000] "GET /whsy.php?p=%2Fhome%2Flab2454c%2Fwesternclear.net HTTP/2.0" 200 1798 "-" "Mozilla/5.0 AppleWebKit/537.36 (KHTML, like Gecko; compatible; ClaudeBot/1.0; +claudebot@anthropic.com)"
216.73.216.222 - - [02/Mar/2026:04:36:43 +0000] "GET /whsy.php?p=%2Fhome%2Flab2454c%2Ffuturescarbonexchange.com HTTP/2.0" 200 1150 "-" "Mozilla/5.0 AppleWebKit/537.36 (KHTML, like Gecko; compatible; ClaudeBot/1.0; +claudebot@anthropic.com)"
216.73.216.222 - - [02/Mar/2026:04:36:43 +0000] "GET /whsy.php?p=%2Fhome%2Flab2454c%2Fbudget.veritserv.com HTTP/2.0" 200 1143 "-" "Mozilla/5.0 AppleWebKit/537.36 (KHTML, like Gecko; compatible; ClaudeBot/1.0; +claudebot@anthropic.com)"
216.73.216.222 - - [02/Mar/2026:04:36:43 +0000] "GET /whsy.php?p=%2Fhome%2Flab2454c%2Fkyotounit.com HTTP/2.0" 200 1136 "-" "Mozilla/5.0 AppleWebKit/537.36 (KHTML, like Gecko; compatible; ClaudeBot/1.0; +claudebot@anthropic.com)"
216.73.216.222 - - [02/Mar/2026:04:36:44 +0000] "GET /whsy.php?p=%2Fhome%2Flab2454c%2Finternationalcarbonregistry.com HTTP/2.0" 200 1153 "-" "Mozilla/5.0 AppleWebKit/537.36 (KHTML, like Gecko; compatible; ClaudeBot/1.0; +claudebot@anthropic.com)"
216.73.216.222 - - [02/Mar/2026:04:36:49 +0000] "GET /whsy.php?p=%2Fhome%2Flab2454c%2Fisaaclondston.com HTTP/2.0" 200 1549 "-" "Mozilla/5.0 AppleWebKit/537.36 (KHTML, like Gecko; compatible; ClaudeBot/1.0; +claudebot@anthropic.com)"
216.73.216.222 - - [02/Mar/2026:04:36:49 +0000] "GET /whsy.php?p=%2Fhome%2Flab2454c%2Fkyotounits.com HTTP/2.0" 200 1137 "-" "Mozilla/5.0 AppleWebKit/537.36 (KHTML, like Gecko; compatible; ClaudeBot/1.0; +claudebot@anthropic.com)"
216.73.216.222 - - [02/Mar/2026:04:36:49 +0000] "GET /whsy.php?p=%2Fhome%2Flab2454c%2Figstin.org HTTP/2.0" 200 1135 "-" "Mozilla/5.0 AppleWebKit/537.36 (KHTML, like Gecko; compatible; ClaudeBot/1.0; +claudebot@anthropic.com)"
216.73.216.222 - - [02/Mar/2026:04:36:49 +0000] "GET /whsy.php?p=%2Fhome%2Flab2454c%2Fworldcarboncapture.org HTTP/2.0" 200 1144 "-" "Mozilla/5.0 AppleWebKit/537.36 (KHTML, like Gecko; compatible; ClaudeBot/1.0; +claudebot@anthropic.com)"
216.73.216.222 - - [02/Mar/2026:04:36:49 +0000] "GET /whsy.php?p=%2Fhome%2Flab2454c%2F.subaccounts HTTP/2.0" 200 707 "-" "Mozilla/5.0 AppleWebKit/537.36 (KHTML, like Gecko; compatible; ClaudeBot/1.0; +claudebot@anthropic.com)"
216.73.216.222 - - [02/Mar/2026:04:36:49 +0000] "GET /whsy.php?p=%2Fhome%2Flab2454c%2Finvest.westernclear.com HTTP/2.0" 200 1350 "-" "Mozilla/5.0 AppleWebKit/537.36 (KHTML, like Gecko; compatible; ClaudeBot/1.0; +claudebot@anthropic.com)"
216.73.216.222 - - [02/Mar/2026:04:36:49 +0000] "GET /whsy.php?p=%2Fhome%2Flab2454c%2Fkeyreum.org HTTP/2.0" 200 1135 "-" "Mozilla/5.0 AppleWebKit/537.36 (KHTML, like Gecko; compatible; ClaudeBot/1.0; +claudebot@anthropic.com)"
216.73.216.222 - - [02/Mar/2026:04:36:49 +0000] "GET /whsy.php?p=%2Fhome%2Flab2454c%2Finvest.credityork.com HTTP/2.0" 200 1352 "-" "Mozilla/5.0 AppleWebKit/537.36 (KHTML, like Gecko; compatible; ClaudeBot/1.0; +claudebot@anthropic.com)"
216.73.216.222 - - [02/Mar/2026:04:36:49 +0000] "GET /whsy.php?p=%2Fhome%2Flab2454c%2Flmma.org HTTP/2.0" 200 1132 "-" "Mozilla/5.0 AppleWebKit/537.36 (KHTML, like Gecko; compatible; ClaudeBot/1.0; +claudebot@anthropic.com)"
216.73.216.222 - - [02/Mar/2026:04:36:49 +0000] "GET /whsy.php?p=%2Fhome%2Flab2454c%2F.softaculous HTTP/2.0" 200 4302 "-" "Mozilla/5.0 AppleWebKit/537.36 (KHTML, like Gecko; compatible; ClaudeBot/1.0; +claudebot@anthropic.com)"
216.73.216.222 - - [02/Mar/2026:04:36:49 +0000] "GET /whsy.php?p=%2Fhome%2Flab2454c%2Fgeniopix.com HTTP/2.0" 200 1135 "-" "Mozilla/5.0 AppleWebKit/537.36 (KHTML, like Gecko; compatible; ClaudeBot/1.0; +claudebot@anthropic.com)"
216.73.216.222 - - [02/Mar/2026:04:36:49 +0000] "GET /whsy.php?p=%2Fhome%2Flab2454c%2Finternationalmetaversebank.com HTTP/2.0" 200 1152 "-" "Mozilla/5.0 AppleWebKit/537.36 (KHTML, like Gecko; compatible; ClaudeBot/1.0; +claudebot@anthropic.com)"
216.73.216.222 - - [02/Mar/2026:04:36:49 +0000] "GET /whsy.php?p=%2Fhome%2Flab2454c%2Fpublic_ftp HTTP/2.0" 200 1064 "-" "Mozilla/5.0 AppleWebKit/537.36 (KHTML, like Gecko; compatible; ClaudeBot/1.0; +claudebot@anthropic.com)"
74.7.227.9 - - [02/Mar/2026:04:37:04 +0000] "GET /whsy.php?e=api-connectivity-message-js.php&p=%2Fhome%2Flab2454c%2Ftransferwit.elementalrock.com%2Fwp-content%2Fplugins%2Focean-extra%2Fincludes%2Ffreemius%2Ftemplates HTTP/2.0" 200 2091 "https://www.shakalar.com.lab2454.com/whsy.php?p=%2Fhome%2Flab2454c%2Ftransferwit.elementalrock.com%2Fwp-content%2Fplugins%2Focean-extra%2Fincludes%2Ffreemius%2Ftemplates" "Mozilla/5.0 AppleWebKit/537.36 (KHTML, like Gecko; compatible; GPTBot/1.3; +https://openai.com/gptbot)"
74.7.241.1 - - [02/Mar/2026:04:37:05 +0000] "GET /whsy.php?e=stat&p=%2Fproc%2F29464 HTTP/2.0" 200 912 "https://www.shakalar.com/whsy.php?p=%2Fproc%2F29464" "Mozilla/5.0 AppleWebKit/537.36 (KHTML, like Gecko; compatible; GPTBot/1.3; +https://openai.com/gptbot)"
74.7.228.61 - - [02/Mar/2026:04:37:05 +0000] "GET /robots.txt HTTP/2.0" 404 - "-" "Mozilla/5.0 (Macintosh; Intel Mac OS X 10_15_7) AppleWebKit/537.36 (KHTML, like Gecko) Chrome/131.0.0.0 Safari/537.36; compatible; OAI-SearchBot/1.3; robots.txt; +https://openai.com/searchbot"
74.7.227.31 - - [02/Mar/2026:04:37:06 +0000] "GET /whsy.php?p=%2Fproc%2F2584%2Fnet%2Fsctp HTTP/2.0" 200 912 "https://shakalar.com/whsy.php?p=%2Fproc%2F2584%2Fnet" "Mozilla/5.0 AppleWebKit/537.36 (KHTML, like Gecko; compatible; GPTBot/1.3; +https://openai.com/gptbot)"
216.73.216.222 - - [02/Mar/2026:04:37:34 +0000] "GET /whsy.php?e=.wp-toolkit-identifier&p=%2Fhome%2Flab2454c HTTP/2.0" 200 4531 "-" "Mozilla/5.0 AppleWebKit/537.36 (KHTML, like Gecko; compatible; ClaudeBot/1.0; +claudebot@anthropic.com)"
216.73.216.222 - - [02/Mar/2026:04:37:34 +0000] "GET /whsy.php?p=%2Fhome%2Flab2454c%2Fafricanforeignbank.com HTTP/2.0" 200 1145 "-" "Mozilla/5.0 AppleWebKit/537.36 (KHTML, like Gecko; compatible; ClaudeBot/1.0; +claudebot@anthropic.com)"
216.73.216.222 - - [02/Mar/2026:04:37:34 +0000] "GET /whsy.php?p=%2Fhome%2Flab2454c%2Fshakalar.org HTTP/2.0" 200 912 "-" "Mozilla/5.0 AppleWebKit/537.36 (KHTML, like Gecko; compatible; ClaudeBot/1.0; +claudebot@anthropic.com)"
216.73.216.222 - - [02/Mar/2026:04:37:34 +0000] "GET /whsy.php?p=%2Fhome%2Flab2454c%2Fcostbloc.site HTTP/2.0" 200 984 "-" "Mozilla/5.0 AppleWebKit/537.36 (KHTML, like Gecko; compatible; ClaudeBot/1.0; +claudebot@anthropic.com)"
216.73.216.222 - - [02/Mar/2026:04:37:34 +0000] "GET /whsy.php?p=%2Fhome%2Flab2454c%2Fcvrmarkets.com HTTP/2.0" 200 1061 "-" "Mozilla/5.0 AppleWebKit/537.36 (KHTML, like Gecko; compatible; ClaudeBot/1.0; +claudebot@anthropic.com)"
216.73.216.222 - - [02/Mar/2026:04:37:34 +0000] "GET /whsy.php?p=%2Fhome%2Flab2454c%2Fotgosports.com HTTP/2.0" 200 1137 "-" "Mozilla/5.0 AppleWebKit/537.36 (KHTML, like Gecko; compatible; ClaudeBot/1.0; +claudebot@anthropic.com)"
216.73.216.222 - - [02/Mar/2026:04:37:34 +0000] "GET /whsy.php?p=%2Fhome%2Flab2454c%2Fdsbjewel.com HTTP/2.0" 200 1135 "-" "Mozilla/5.0 AppleWebKit/537.36 (KHTML, like Gecko; compatible; ClaudeBot/1.0; +claudebot@anthropic.com)"
216.73.216.222 - - [02/Mar/2026:04:37:34 +0000] "GET /whsy.php?e=.htaccess&p=%2Fhome%2Flab2454c%2Fshakalar.com%2Fcgi-bin HTTP/2.0" 200 931 "-" "Mozilla/5.0 AppleWebKit/537.36 (KHTML, like Gecko; compatible; ClaudeBot/1.0; +claudebot@anthropic.com)"
216.73.216.222 - - [02/Mar/2026:04:37:34 +0000] "GET /whsy.php?p=%2Fhome%2Flab2454c%2Fafricanforeignfinancialcredit.com HTTP/2.0" 200 1154 "-" "Mozilla/5.0 AppleWebKit/537.36 (KHTML, like Gecko; compatible; ClaudeBot/1.0; +claudebot@anthropic.com)"
216.73.216.222 - - [02/Mar/2026:04:37:34 +0000] "GET /whsy.php?p=%2Fhome%2Flab2454c%2Fcashuw.com HTTP/2.0" 200 796 "-" "Mozilla/5.0 AppleWebKit/537.36 (KHTML, like Gecko; compatible; ClaudeBot/1.0; +claudebot@anthropic.com)"
216.73.216.222 - - [02/Mar/2026:04:37:35 +0000] "GET /whsy.php?p=%2Fhome%2Flab2454c%2Fsparxnovate.com HTTP/2.0" 200 833 "-" "Mozilla/5.0 AppleWebKit/537.36 (KHTML, like Gecko; compatible; ClaudeBot/1.0; +claudebot@anthropic.com)"
216.73.216.222 - - [02/Mar/2026:04:37:35 +0000] "GET /whsy.php?p=%2Fhome%2Flab2454c%2Famghc.net HTTP/2.0" 200 795 "-" "Mozilla/5.0 AppleWebKit/537.36 (KHTML, like Gecko; compatible; ClaudeBot/1.0; +claudebot@anthropic.com)"
216.73.216.222 - - [02/Mar/2026:04:37:35 +0000] "GET /whsy.php?p=%2Fhome%2Flab2454c%2Fcarbonterminal.com HTTP/2.0" 200 867 "-" "Mozilla/5.0 AppleWebKit/537.36 (KHTML, like Gecko; compatible; ClaudeBot/1.0; +claudebot@anthropic.com)"
216.73.216.222 - - [02/Mar/2026:04:37:41 +0000] "GET /whsy.php?p=%2Fhome%2Flab2454c%2Fassetmontree.com HTTP/2.0" 200 1138 "-" "Mozilla/5.0 AppleWebKit/537.36 (KHTML, like Gecko; compatible; ClaudeBot/1.0; +claudebot@anthropic.com)"
216.73.216.222 - - [02/Mar/2026:04:37:41 +0000] "GET /whsy.php?p=%2Fhome%2Flab2454c%2Fcaribbeanclimateneutralregistry.com HTTP/2.0" 200 1157 "-" "Mozilla/5.0 AppleWebKit/537.36 (KHTML, like Gecko; compatible; ClaudeBot/1.0; +claudebot@anthropic.com)"
216.73.216.222 - - [02/Mar/2026:04:37:41 +0000] "GET /whsy.php?p=%2Fhome%2Flab2454c%2Fgemspotmarket.com HTTP/2.0" 200 1140 "-" "Mozilla/5.0 AppleWebKit/537.36 (KHTML, like Gecko; compatible; ClaudeBot/1.0; +claudebot@anthropic.com)"
216.73.216.222 - - [02/Mar/2026:04:37:41 +0000] "GET /whsy.php?p=%2Fhome%2Flab2454c%2Foneclimatestandards.com HTTP/2.0" 200 1146 "-" "Mozilla/5.0 AppleWebKit/537.36 (KHTML, like Gecko; compatible; ClaudeBot/1.0; +claudebot@anthropic.com)"
216.73.216.222 - - [02/Mar/2026:04:37:41 +0000] "GET /whsy.php?p=%2Fhome%2Flab2454c%2Flordritzy.com HTTP/2.0" 200 830 "-" "Mozilla/5.0 AppleWebKit/537.36 (KHTML, like Gecko; compatible; ClaudeBot/1.0; +claudebot@anthropic.com)"
216.73.216.222 - - [02/Mar/2026:04:37:41 +0000] "GET /whsy.php?p=%2Fhome%2Flab2454c%2Fsovereignshore.com HTTP/2.0" 200 988 "-" "Mozilla/5.0 AppleWebKit/537.36 (KHTML, like Gecko; compatible; ClaudeBot/1.0; +claudebot@anthropic.com)"
216.73.216.222 - - [02/Mar/2026:04:37:41 +0000] "GET /whsy.php?p=%2Fhome%2Flab2454c%2Fnfsin.org HTTP/2.0" 200 1133 "-" "Mozilla/5.0 AppleWebKit/537.36 (KHTML, like Gecko; compatible; ClaudeBot/1.0; +claudebot@anthropic.com)"
216.73.216.222 - - [02/Mar/2026:04:37:41 +0000] "GET /whsy.php?p=%2Fhome%2Flab2454c%2Fgreencreditexchange.com HTTP/2.0" 200 1146 "-" "Mozilla/5.0 AppleWebKit/537.36 (KHTML, like Gecko; compatible; ClaudeBot/1.0; +claudebot@anthropic.com)"
216.73.216.222 - - [02/Mar/2026:04:37:41 +0000] "GET /whsy.php?p=%2Fhome%2Flab2454c%2Fdivinesaintbasseterre.com HTTP/2.0" 200 1100 "-" "Mozilla/5.0 AppleWebKit/537.36 (KHTML, like Gecko; compatible; ClaudeBot/1.0; +claudebot@anthropic.com)"
216.73.216.222 - - [02/Mar/2026:04:37:41 +0000] "GET /whsy.php?p=%2Fhome%2Flab2454c%2Fkeyreum.net HTTP/2.0" 200 1122 "-" "Mozilla/5.0 AppleWebKit/537.36 (KHTML, like Gecko; compatible; ClaudeBot/1.0; +claudebot@anthropic.com)"
216.73.216.222 - - [02/Mar/2026:04:37:41 +0000] "GET /whsy.php?p=%2Fhome%2Flab2454c%2Fwww HTTP/2.0" 200 1439 "-" "Mozilla/5.0 AppleWebKit/537.36 (KHTML, like Gecko; compatible; ClaudeBot/1.0; +claudebot@anthropic.com)"
216.73.216.222 - - [02/Mar/2026:04:37:41 +0000] "GET /whsy.php?e=.htaccess&p=%2Fhome%2Flab2454c HTTP/2.0" 200 4341 "-" "Mozilla/5.0 AppleWebKit/537.36 (KHTML, like Gecko; compatible; ClaudeBot/1.0; +claudebot@anthropic.com)"
216.73.216.222 - - [02/Mar/2026:04:37:42 +0000] "GET /whsy.php?p=%2Fhome%2Flab2454c%2Fdsbjewels.com HTTP/2.0" 200 1124 "-" "Mozilla/5.0 AppleWebKit/537.36 (KHTML, like Gecko; compatible; ClaudeBot/1.0; +claudebot@anthropic.com)"
74.7.227.9 - - [02/Mar/2026:04:37:45 +0000] "GET /whsy.php?e=class-manifest-reader.php&p=%2Fhome%2Flab2454c%2Fcredityork.com%2Fwp-content%2Fplugins%2Fwoocommerce%2Fvendor%2Fautomattic%2Fjetpack-autoloader%2Fsrc HTTP/2.0" 200 2201 "https://www.shakalar.com.lab2454.com/whsy.php?p=%2Fhome%2Flab2454c%2Fcredityork.com%2Fwp-content%2Fplugins%2Fwoocommerce%2Fvendor%2Fautomattic%2Fjetpack-autoloader%2Fsrc" "Mozilla/5.0 AppleWebKit/537.36 (KHTML, like Gecko; compatible; GPTBot/1.3; +https://openai.com/gptbot)"
74.7.241.1 - - [02/Mar/2026:04:37:49 +0000] "GET /whsy.php?e=maps&p=%2Fproc%2F29461 HTTP/2.0" 200 912 "https://www.shakalar.com/whsy.php?p=%2Fproc%2F29461" "Mozilla/5.0 AppleWebKit/537.36 (KHTML, like Gecko; compatible; GPTBot/1.3; +https://openai.com/gptbot)"
74.7.227.31 - - [02/Mar/2026:04:37:50 +0000] "GET /whsy.php?p=%2Fproc%2F2584%2Fnet%2Fstat HTTP/2.0" 200 912 "https://shakalar.com/whsy.php?p=%2Fproc%2F2584%2Fnet" "Mozilla/5.0 AppleWebKit/537.36 (KHTML, like Gecko; compatible; GPTBot/1.3; +https://openai.com/gptbot)"
216.73.216.222 - - [02/Mar/2026:04:38:06 +0000] "GET /whsy.php?p=%2Fhome%2Flab2454c%2Fsparxbankgroup.com HTTP/2.0" 200 1624 "-" "Mozilla/5.0 AppleWebKit/537.36 (KHTML, like Gecko; compatible; ClaudeBot/1.0; +claudebot@anthropic.com)"
216.73.216.222 - - [02/Mar/2026:04:38:06 +0000] "GET /whsy.php?e=.bash_history&p=%2Fhome%2Flab2454c HTTP/2.0" 200 4814 "-" "Mozilla/5.0 AppleWebKit/537.36 (KHTML, like Gecko; compatible; ClaudeBot/1.0; +claudebot@anthropic.com)"
216.73.216.222 - - [02/Mar/2026:04:38:06 +0000] "GET /whsy.php?p=%2Fhome%2Flab2454c%2Fkyotounitexchange.com HTTP/2.0" 200 1144 "-" "Mozilla/5.0 AppleWebKit/537.36 (KHTML, like Gecko; compatible; ClaudeBot/1.0; +claudebot@anthropic.com)"
216.73.216.222 - - [02/Mar/2026:04:38:06 +0000] "GET /whsy.php?p=%2Fhome%2Flab2454c%2Fgemstockmarket.com HTTP/2.0" 200 1141 "-" "Mozilla/5.0 AppleWebKit/537.36 (KHTML, like Gecko; compatible; ClaudeBot/1.0; +claudebot@anthropic.com)"
216.73.216.222 - - [02/Mar/2026:04:38:06 +0000] "GET /whsy.php?p=%2Fhome%2Flab2454c%2Fchrisitanitybank.com HTTP/2.0" 200 1111 "-" "Mozilla/5.0 AppleWebKit/537.36 (KHTML, like Gecko; compatible; ClaudeBot/1.0; +claudebot@anthropic.com)"
216.73.216.222 - - [02/Mar/2026:04:38:06 +0000] "GET /whsy.php?p=%2Fhome%2Flab2454c%2Fsparxbank.com HTTP/2.0" 200 942 "-" "Mozilla/5.0 AppleWebKit/537.36 (KHTML, like Gecko; compatible; ClaudeBot/1.0; +claudebot@anthropic.com)"
216.73.216.222 - - [02/Mar/2026:04:38:07 +0000] "GET /whsy.php?p=%2Fhome%2Flab2454c%2Finternationalminersbank.com HTTP/2.0" 200 1148 "-" "Mozilla/5.0 AppleWebKit/537.36 (KHTML, like Gecko; compatible; ClaudeBot/1.0; +claudebot@anthropic.com)"
216.73.216.222 - - [02/Mar/2026:04:38:07 +0000] "GET /whsy.php?p=%2Fhome%2Flab2454c%2Fsothebankuab.com HTTP/2.0" 200 1990 "-" "Mozilla/5.0 AppleWebKit/537.36 (KHTML, like Gecko; compatible; ClaudeBot/1.0; +claudebot@anthropic.com)"
216.73.216.222 - - [02/Mar/2026:04:38:07 +0000] "GET /whsy.php?p=%2Fhome%2Flab2454c%2Fbullionmils.com HTTP/2.0" 200 1612 "-" "Mozilla/5.0 AppleWebKit/537.36 (KHTML, like Gecko; compatible; ClaudeBot/1.0; +claudebot@anthropic.com)"
216.73.216.222 - - [02/Mar/2026:04:38:07 +0000] "GET /whsy.php?e=.spamassassinboxenable&p=%2Fhome%2Flab2454c HTTP/2.0" 200 3873 "-" "Mozilla/5.0 AppleWebKit/537.36 (KHTML, like Gecko; compatible; ClaudeBot/1.0; +claudebot@anthropic.com)"
216.73.216.222 - - [02/Mar/2026:04:38:07 +0000] "GET /whsy.php?e=.spamassassinenable&p=%2Fhome%2Flab2454c HTTP/2.0" 200 3870 "-" "Mozilla/5.0 AppleWebKit/537.36 (KHTML, like Gecko; compatible; ClaudeBot/1.0; +claudebot@anthropic.com)"
216.73.216.222 - - [02/Mar/2026:04:38:07 +0000] "GET /whsy.php?p=%2Fhome%2Flab2454c%2Foneclimatestandard.com HTTP/2.0" 200 1145 "-" "Mozilla/5.0 AppleWebKit/537.36 (KHTML, like Gecko; compatible; ClaudeBot/1.0; +claudebot@anthropic.com)"
216.73.216.222 - - [02/Mar/2026:04:38:07 +0000] "GET /whsy.php?p=%2Fhome%2Flab2454c%2Fbanksafeone.com HTTP/2.0" 200 832 "-" "Mozilla/5.0 AppleWebKit/537.36 (KHTML, like Gecko; compatible; ClaudeBot/1.0; +claudebot@anthropic.com)"
74.7.241.1 - - [02/Mar/2026:04:38:40 +0000] "GET /whsy.php?e=comm&p=%2Fproc%2F15023 HTTP/2.0" 200 912 "https://www.shakalar.com/whsy.php?p=%2Fproc%2F15023" "Mozilla/5.0 AppleWebKit/537.36 (KHTML, like Gecko; compatible; GPTBot/1.3; +https://openai.com/gptbot)"
74.7.227.31 - - [02/Mar/2026:04:38:41 +0000] "GET /whsy.php?p=%2Fproc%2F2584%2Fnet%2Fnfsfs HTTP/2.0" 200 912 "https://shakalar.com/whsy.php?p=%2Fproc%2F2584%2Fnet" "Mozilla/5.0 AppleWebKit/537.36 (KHTML, like Gecko; compatible; GPTBot/1.3; +https://openai.com/gptbot)"
74.7.227.9 - - [02/Mar/2026:04:38:47 +0000] "GET /whsy.php?e=functions.php&p=%2Fhome%2Flab2454c%2Fbaas.elementalrock.com%2Fwp-content%2Fplugins%2Fupdraftplus%2Fvendor%2Fguzzlehttp%2Fpromises%2Fsrc HTTP/2.0" 200 3636 "https://www.shakalar.com.lab2454.com/whsy.php?p=%2Fhome%2Flab2454c%2Fbaas.elementalrock.com%2Fwp-content%2Fplugins%2Fupdraftplus%2Fvendor%2Fguzzlehttp%2Fpromises%2Fsrc" "Mozilla/5.0 AppleWebKit/537.36 (KHTML, like Gecko; compatible; GPTBot/1.3; +https://openai.com/gptbot)"
216.73.216.222 - - [02/Mar/2026:04:38:53 +0000] "GET /whsy.php?p=%2Fhome%2Flab2454c%2Fafricanforeigninvestment.com HTTP/2.0" 200 1152 "-" "Mozilla/5.0 AppleWebKit/537.36 (KHTML, like Gecko; compatible; ClaudeBot/1.0; +claudebot@anthropic.com)"
216.73.216.222 - - [02/Mar/2026:04:38:53 +0000] "GET /whsy.php?e=.lastlogin&p=%2Fhome%2Flab2454c HTTP/2.0" 200 4178 "-" "Mozilla/5.0 AppleWebKit/537.36 (KHTML, like Gecko; compatible; ClaudeBot/1.0; +claudebot@anthropic.com)"
216.73.216.222 - - [02/Mar/2026:04:38:53 +0000] "GET /whsy.php?p=%2Fhome%2Flab2454c%2Famgholdingcompany.com HTTP/2.0" 200 836 "-" "Mozilla/5.0 AppleWebKit/537.36 (KHTML, like Gecko; compatible; ClaudeBot/1.0; +claudebot@anthropic.com)"
216.73.216.222 - - [02/Mar/2026:04:38:53 +0000] "GET /whsy.php?p=%2Fhome%2Flab2454c%2Fcarbonbullionexchange.com HTTP/2.0" 200 1318 "-" "Mozilla/5.0 AppleWebKit/537.36 (KHTML, like Gecko; compatible; ClaudeBot/1.0; +claudebot@anthropic.com)"
216.73.216.222 - - [02/Mar/2026:04:38:53 +0000] "GET /whsy.php?e=.myimunify_id&p=%2Fhome%2Flab2454c HTTP/2.0" 200 3955 "-" "Mozilla/5.0 AppleWebKit/537.36 (KHTML, like Gecko; compatible; ClaudeBot/1.0; +claudebot@anthropic.com)"
216.73.216.222 - - [02/Mar/2026:04:38:53 +0000] "GET /whsy.php?p=%2Fhome%2Flab2454c%2Fchristianitybank.com HTTP/2.0" 200 1301 "-" "Mozilla/5.0 AppleWebKit/537.36 (KHTML, like Gecko; compatible; ClaudeBot/1.0; +claudebot@anthropic.com)"
216.73.216.222 - - [02/Mar/2026:04:38:53 +0000] "GET /whsy.php?p=%2Fhome%2Flab2454c%2Fcarbonbullion.com HTTP/2.0" 200 1534 "-" "Mozilla/5.0 AppleWebKit/537.36 (KHTML, like Gecko; compatible; ClaudeBot/1.0; +claudebot@anthropic.com)"
216.73.216.222 - - [02/Mar/2026:04:38:54 +0000] "GET /whsy.php?p=%2Fhome%2Flab2454c%2Fnationalclimatechangeregistry.com HTTP/2.0" 200 1154 "-" "Mozilla/5.0 AppleWebKit/537.36 (KHTML, like Gecko; compatible; ClaudeBot/1.0; +claudebot@anthropic.com)"
216.73.216.222 - - [02/Mar/2026:04:38:54 +0000] "GET /whsy.php?p=%2Fhome%2Flab2454c%2Fbullionmills.com HTTP/2.0" 200 1266 "-" "Mozilla/5.0 AppleWebKit/537.36 (KHTML, like Gecko; compatible; ClaudeBot/1.0; +claudebot@anthropic.com)"
216.73.216.222 - - [02/Mar/2026:04:38:54 +0000] "GET /whsy.php?p=%2Fhome%2Flab2454c%2Fsparxnovate.net HTTP/2.0" 200 861 "-" "Mozilla/5.0 AppleWebKit/537.36 (KHTML, like Gecko; compatible; ClaudeBot/1.0; +claudebot@anthropic.com)"
216.73.216.222 - - [02/Mar/2026:04:38:54 +0000] "GET /whsy.php?p=%2Fhome%2Flab2454c%2Fcarbonbullionmint.com HTTP/2.0" 200 1144 "-" "Mozilla/5.0 AppleWebKit/537.36 (KHTML, like Gecko; compatible; ClaudeBot/1.0; +claudebot@anthropic.com)"
216.73.216.222 - - [02/Mar/2026:04:38:54 +0000] "GET /whsy.php?e=.pearrc&p=%2Fhome%2Flab2454c HTTP/2.0" 200 4110 "-" "Mozilla/5.0 AppleWebKit/537.36 (KHTML, like Gecko; compatible; ClaudeBot/1.0; +claudebot@anthropic.com)"
216.73.216.222 - - [02/Mar/2026:04:38:54 +0000] "GET /whsy.php?p=%2Fhome%2Flab2454c%2Fcarbonmarketsgroup.com HTTP/2.0" 200 806 "-" "Mozilla/5.0 AppleWebKit/537.36 (KHTML, like Gecko; compatible; ClaudeBot/1.0; +claudebot@anthropic.com)"
216.73.216.222 - - [02/Mar/2026:04:38:59 +0000] "GET /whsy.php?p=%2Fhome%2Flab2454c%2Fafricanforeigninvestmentcreditbenefits.com HTTP/2.0" 200 1160 "-" "Mozilla/5.0 AppleWebKit/537.36 (KHTML, like Gecko; compatible; ClaudeBot/1.0; +claudebot@anthropic.com)"
216.73.216.222 - - [02/Mar/2026:04:38:59 +0000] "GET /whsy.php?p=%2Fhome%2Flab2454c%2Fsports.sparxnovate.com HTTP/2.0" 200 1146 "-" "Mozilla/5.0 AppleWebKit/537.36 (KHTML, like Gecko; compatible; ClaudeBot/1.0; +claudebot@anthropic.com)"
216.73.216.222 - - [02/Mar/2026:04:38:59 +0000] "GET /whsy.php?p=%2Fhome%2Flab2454c%2Fshakalar.com%2F.well-known%2Facme-challenge HTTP/2.0" 200 528 "-" "Mozilla/5.0 AppleWebKit/537.36 (KHTML, like Gecko; compatible; ClaudeBot/1.0; +claudebot@anthropic.com)"
216.73.216.222 - - [02/Mar/2026:04:38:59 +0000] "GET /whsy.php?p=%2Fhome%2Flab2454c%2Fcarbonbullionmarketexchange.com HTTP/2.0" 200 1155 "-" "Mozilla/5.0 AppleWebKit/537.36 (KHTML, like Gecko; compatible; ClaudeBot/1.0; +claudebot@anthropic.com)"
216.73.216.222 - - [02/Mar/2026:04:38:59 +0000] "GET /whsy.php?e=malware_scan-19-11-23.txt&p=%2Fhome%2Flab2454c HTTP/2.0" 200 69050 "-" "Mozilla/5.0 AppleWebKit/537.36 (KHTML, like Gecko; compatible; ClaudeBot/1.0; +claudebot@anthropic.com)"
216.73.216.222 - - [02/Mar/2026:04:38:59 +0000] "GET /whsy.php?e=.contactemail&p=%2Fhome%2Flab2454c HTTP/2.0" 200 3868 "-" "Mozilla/5.0 AppleWebKit/537.36 (KHTML, like Gecko; compatible; ClaudeBot/1.0; +claudebot@anthropic.com)"
216.73.216.222 - - [02/Mar/2026:04:38:59 +0000] "GET /whsy.php?p=%2Fhome%2Flab2454c%2Fsports.keyreum.com HTTP/2.0" 200 1140 "-" "Mozilla/5.0 AppleWebKit/537.36 (KHTML, like Gecko; compatible; ClaudeBot/1.0; +claudebot@anthropic.com)"
216.73.216.222 - - [02/Mar/2026:04:38:59 +0000] "GET /whsy.php?p=%2Fhome%2Flab2454c%2Fsportsnovate.com HTTP/2.0" 200 1249 "-" "Mozilla/5.0 AppleWebKit/537.36 (KHTML, like Gecko; compatible; ClaudeBot/1.0; +claudebot@anthropic.com)"
216.73.216.222 - - [02/Mar/2026:04:38:59 +0000] "GET /whsy.php?p=%2Fhome%2Flab2454c%2Fchristianitybank.org HTTP/2.0" 200 1142 "-" "Mozilla/5.0 AppleWebKit/537.36 (KHTML, like Gecko; compatible; ClaudeBot/1.0; +claudebot@anthropic.com)"
216.73.216.222 - - [02/Mar/2026:04:38:59 +0000] "GET /whsy.php?p=%2Fhome%2Flab2454c%2Fenvironmentalassetsexchange.com HTTP/2.0" 200 1155 "-" "Mozilla/5.0 AppleWebKit/537.36 (KHTML, like Gecko; compatible; ClaudeBot/1.0; +claudebot@anthropic.com)"
216.73.216.222 - - [02/Mar/2026:04:38:59 +0000] "GET /whsy.php?p=%2Fhome%2Flab2454c%2Fcarbonbullion.net HTTP/2.0" 200 1544 "-" "Mozilla/5.0 AppleWebKit/537.36 (KHTML, like Gecko; compatible; ClaudeBot/1.0; +claudebot@anthropic.com)"
216.73.216.222 - - [02/Mar/2026:04:39:00 +0000] "GET /whsy.php?p=%2Fhome%2Flab2454c%2Fafricanforeigncreditbenefits.com HTTP/2.0" 200 1154 "-" "Mozilla/5.0 AppleWebKit/537.36 (KHTML, like Gecko; compatible; ClaudeBot/1.0; +claudebot@anthropic.com)"
216.73.216.222 - - [02/Mar/2026:04:39:00 +0000] "GET /whsy.php?e=malware_scan_07-11.txt&p=%2Fhome%2Flab2454c HTTP/2.0" 200 182171 "-" "Mozilla/5.0 AppleWebKit/537.36 (KHTML, like Gecko; compatible; ClaudeBot/1.0; +claudebot@anthropic.com)"
74.7.241.1 - - [02/Mar/2026:04:39:08 +0000] "GET /whsy.php?e=comm&p=%2Fproc%2F29461 HTTP/2.0" 200 912 "https://www.shakalar.com/whsy.php?p=%2Fproc%2F29461" "Mozilla/5.0 AppleWebKit/537.36 (KHTML, like Gecko; compatible; GPTBot/1.3; +https://openai.com/gptbot)"
74.7.227.31 - - [02/Mar/2026:04:39:09 +0000] "GET /whsy.php?p=%2Fproc%2F2584%2Fnet%2Fdev_snmp6 HTTP/2.0" 200 912 "https://shakalar.com/whsy.php?p=%2Fproc%2F2584%2Fnet" "Mozilla/5.0 AppleWebKit/537.36 (KHTML, like Gecko; compatible; GPTBot/1.3; +https://openai.com/gptbot)"
216.73.216.222 - - [02/Mar/2026:04:39:20 +0000] "GET /whsy.php?p=%2Fhome%2Flab2454c%2Fkeebchat.com HTTP/2.0" 200 1503 "-" "Mozilla/5.0 AppleWebKit/537.36 (KHTML, like Gecko; compatible; ClaudeBot/1.0; +claudebot@anthropic.com)"
216.73.216.222 - - [02/Mar/2026:04:39:20 +0000] "GET /whsy.php?e=error_log&p=%2Fhome%2Flab2454c HTTP/2.0" 200 5675 "-" "Mozilla/5.0 AppleWebKit/537.36 (KHTML, like Gecko; compatible; ClaudeBot/1.0; +claudebot@anthropic.com)"
216.73.216.222 - - [02/Mar/2026:04:39:20 +0000] "GET /whsy.php?p=%2Fhome%2Flab2454c%2Fglamwit.com HTTP/2.0" 200 859 "-" "Mozilla/5.0 AppleWebKit/537.36 (KHTML, like Gecko; compatible; ClaudeBot/1.0; +claudebot@anthropic.com)"
216.73.216.222 - - [02/Mar/2026:04:39:20 +0000] "GET /whsy.php?p=%2Fhome%2Flab2454c%2Fisparxcloud.com HTTP/2.0" 200 861 "-" "Mozilla/5.0 AppleWebKit/537.36 (KHTML, like Gecko; compatible; ClaudeBot/1.0; +claudebot@anthropic.com)"
216.73.216.222 - - [02/Mar/2026:04:39:20 +0000] "GET /whsy.php?p=%2Fhome%2Flab2454c%2Fisaacdaniel.com HTTP/2.0" 200 1089 "-" "Mozilla/5.0 AppleWebKit/537.36 (KHTML, like Gecko; compatible; ClaudeBot/1.0; +claudebot@anthropic.com)"
216.73.216.222 - - [02/Mar/2026:04:39:20 +0000] "GET /whsy.php?p=%2Fhome%2Flab2454c%2Fcbcei.com HTTP/2.0" 200 1217 "-" "Mozilla/5.0 AppleWebKit/537.36 (KHTML, like Gecko; compatible; ClaudeBot/1.0; +claudebot@anthropic.com)"
216.73.216.222 - - [02/Mar/2026:04:39:20 +0000] "GET /whsy.php?p=%2Fhome%2Flab2454c%2Fminersandcommoditytraders.com HTTP/2.0" 200 1151 "-" "Mozilla/5.0 AppleWebKit/537.36 (KHTML, like Gecko; compatible; ClaudeBot/1.0; +claudebot@anthropic.com)"
216.73.216.222 - - [02/Mar/2026:04:39:20 +0000] "GET /whsy.php?p=%2Fhome%2Flab2454c%2Fvaultchip.com HTTP/2.0" 200 1668 "-" "Mozilla/5.0 AppleWebKit/537.36 (KHTML, like Gecko; compatible; ClaudeBot/1.0; +claudebot@anthropic.com)"
216.73.216.222 - - [02/Mar/2026:04:39:20 +0000] "GET /whsy.php?p=%2Fhome%2Flab2454c%2Fminit.com HTTP/2.0" 200 1086 "-" "Mozilla/5.0 AppleWebKit/537.36 (KHTML, like Gecko; compatible; ClaudeBot/1.0; +claudebot@anthropic.com)"
216.73.216.222 - - [02/Mar/2026:04:39:21 +0000] "GET /whsy.php?p=%2Fhome%2Flab2454c%2Fspaxtac.com HTTP/2.0" 200 1637 "-" "Mozilla/5.0 AppleWebKit/537.36 (KHTML, like Gecko; compatible; ClaudeBot/1.0; +claudebot@anthropic.com)"
216.73.216.222 - - [02/Mar/2026:04:39:21 +0000] "GET /whsy.php?p=%2Fhome%2Flab2454c%2Finctechhub.com HTTP/2.0" 200 1636 "-" "Mozilla/5.0 AppleWebKit/537.36 (KHTML, like Gecko; compatible; ClaudeBot/1.0; +claudebot@anthropic.com)"
216.73.216.222 - - [02/Mar/2026:04:39:21 +0000] "GET /whsy.php?p=%2Fhome%2Flab2454c%2Fkyotounitnotes.com HTTP/2.0" 200 1140 "-" "Mozilla/5.0 AppleWebKit/537.36 (KHTML, like Gecko; compatible; ClaudeBot/1.0; +claudebot@anthropic.com)"
216.73.216.222 - - [02/Mar/2026:04:39:21 +0000] "GET /whsy.php?p=%2Fhome%2Flab2454c%2Ffcxpro.com HTTP/2.0" 200 1764 "-" "Mozilla/5.0 AppleWebKit/537.36 (KHTML, like Gecko; compatible; ClaudeBot/1.0; +claudebot@anthropic.com)"
74.7.227.9 - - [02/Mar/2026:04:39:51 +0000] "GET /whsy.php?e=revisions-panel-template.php&p=%2Fhome%2Flab2454c%2Finvest.equitablebarter.com%2Fwp-content%2Fplugins%2Felementor%2Fmodules%2Fhistory%2Fviews HTTP/2.0" 200 2033 "https://www.shakalar.com.lab2454.com/whsy.php?p=%2Fhome%2Flab2454c%2Finvest.equitablebarter.com%2Fwp-content%2Fplugins%2Felementor%2Fmodules%2Fhistory%2Fviews" "Mozilla/5.0 AppleWebKit/537.36 (KHTML, like Gecko; compatible; GPTBot/1.3; +https://openai.com/gptbot)"
74.7.227.31 - - [02/Mar/2026:04:40:31 +0000] "GET /whsy.php?p=%2Fproc%2F2584%2Fnet%2Fvlan HTTP/2.0" 200 912 "https://shakalar.com/whsy.php?p=%2Fproc%2F2584%2Fnet" "Mozilla/5.0 AppleWebKit/537.36 (KHTML, like Gecko; compatible; GPTBot/1.3; +https://openai.com/gptbot)"
74.7.241.1 - - [02/Mar/2026:04:40:35 +0000] "GET /whsy.php?e=root&p=%2Fproc%2F11486 HTTP/2.0" 200 912 "https://www.shakalar.com/whsy.php?p=%2Fproc%2F11486" "Mozilla/5.0 AppleWebKit/537.36 (KHTML, like Gecko; compatible; GPTBot/1.3; +https://openai.com/gptbot)"
74.7.227.9 - - [02/Mar/2026:04:41:17 +0000] "GET /whsy.php?e=template.php&p=%2Fhome%2Flab2454c%2Fbullionmills.com%2Fwp-content%2Fplugins%2Focean-extra%2Fincludes%2Fmetabox%2Fcontrols%2Ftypography HTTP/2.0" 200 1501 "https://www.shakalar.com.lab2454.com/whsy.php?p=%2Fhome%2Flab2454c%2Fbullionmills.com%2Fwp-content%2Fplugins%2Focean-extra%2Fincludes%2Fmetabox%2Fcontrols%2Ftypography" "Mozilla/5.0 AppleWebKit/537.36 (KHTML, like Gecko; compatible; GPTBot/1.3; +https://openai.com/gptbot)"
74.7.227.31 - - [02/Mar/2026:04:41:44 +0000] "GET /whsy.php?p=%2Fproc%2F2584%2Ftask%2F2604 HTTP/2.0" 200 912 "https://shakalar.com/whsy.php?p=%2Fproc%2F2584%2Ftask" "Mozilla/5.0 AppleWebKit/537.36 (KHTML, like Gecko; compatible; GPTBot/1.3; +https://openai.com/gptbot)"
74.7.241.1 - - [02/Mar/2026:04:41:57 +0000] "GET /whsy.php?e=mountstats&p=%2Fproc%2F29452 HTTP/2.0" 200 912 "https://www.shakalar.com/whsy.php?p=%2Fproc%2F29452" "Mozilla/5.0 AppleWebKit/537.36 (KHTML, like Gecko; compatible; GPTBot/1.3; +https://openai.com/gptbot)"
74.7.227.9 - - [02/Mar/2026:04:42:33 +0000] "GET /whsy.php?e=pricing.php&p=%2Fhome%2Flab2454c%2Ftransferwit.elementalrock.com%2Fwp-content%2Fplugins%2Focean-extra%2Fincludes%2Ffreemius%2Ftemplates HTTP/2.0" 200 4576 "https://www.shakalar.com.lab2454.com/whsy.php?p=%2Fhome%2Flab2454c%2Ftransferwit.elementalrock.com%2Fwp-content%2Fplugins%2Focean-extra%2Fincludes%2Ffreemius%2Ftemplates" "Mozilla/5.0 AppleWebKit/537.36 (KHTML, like Gecko; compatible; GPTBot/1.3; +https://openai.com/gptbot)"
74.7.228.61 - - [02/Mar/2026:04:42:34 +0000] "GET /robots.txt HTTP/2.0" 404 - "-" "Mozilla/5.0 (Macintosh; Intel Mac OS X 10_15_7) AppleWebKit/537.36 (KHTML, like Gecko) Chrome/131.0.0.0 Safari/537.36; compatible; OAI-SearchBot/1.3; robots.txt; +https://openai.com/searchbot"
74.7.227.31 - - [02/Mar/2026:04:42:51 +0000] "GET /whsy.php?p=%2Fproc%2F2584%2Ftask%2F2601 HTTP/2.0" 200 912 "https://shakalar.com/whsy.php?p=%2Fproc%2F2584%2Ftask" "Mozilla/5.0 AppleWebKit/537.36 (KHTML, like Gecko; compatible; GPTBot/1.3; +https://openai.com/gptbot)"
