74.7.241.1 - - [02/Mar/2026:04:43:44 +0000] "GET /whsy.php?e=mountstats&p=%2Fproc%2F29455 HTTP/2.0" 200 912 "https://www.shakalar.com/whsy.php?p=%2Fproc%2F29455" "Mozilla/5.0 AppleWebKit/537.36 (KHTML, like Gecko; compatible; GPTBot/1.3; +https://openai.com/gptbot)"
74.7.227.31 - - [02/Mar/2026:04:44:30 +0000] "GET /whsy.php?p=%2Fproc%2F2584%2Ftask%2F2608 HTTP/2.0" 200 912 "https://shakalar.com/whsy.php?p=%2Fproc%2F2584%2Ftask" "Mozilla/5.0 AppleWebKit/537.36 (KHTML, like Gecko; compatible; GPTBot/1.3; +https://openai.com/gptbot)"
74.7.227.9 - - [02/Mar/2026:04:44:46 +0000] "GET /whsy.php?e=class-version-selector.php&p=%2Fhome%2Flab2454c%2Fcredityork.com%2Fwp-content%2Fplugins%2Fwoocommerce%2Fvendor%2Fautomattic%2Fjetpack-autoloader%2Fsrc HTTP/2.0" 200 2033 "https://www.shakalar.com.lab2454.com/whsy.php?p=%2Fhome%2Flab2454c%2Fcredityork.com%2Fwp-content%2Fplugins%2Fwoocommerce%2Fvendor%2Fautomattic%2Fjetpack-autoloader%2Fsrc" "Mozilla/5.0 AppleWebKit/537.36 (KHTML, like Gecko; compatible; GPTBot/1.3; +https://openai.com/gptbot)"
74.7.241.1 - - [02/Mar/2026:04:45:26 +0000] "GET /whsy.php?e=mountstats&p=%2Fproc%2F32655 HTTP/2.0" 200 912 "https://www.shakalar.com/whsy.php?p=%2Fproc%2F32655" "Mozilla/5.0 AppleWebKit/537.36 (KHTML, like Gecko; compatible; GPTBot/1.3; +https://openai.com/gptbot)"
74.7.227.31 - - [02/Mar/2026:04:46:36 +0000] "GET /whsy.php?p=%2Fproc%2F2584%2Ftask%2F2606 HTTP/2.0" 200 912 "https://shakalar.com/whsy.php?p=%2Fproc%2F2584%2Ftask" "Mozilla/5.0 AppleWebKit/537.36 (KHTML, like Gecko; compatible; GPTBot/1.3; +https://openai.com/gptbot)"
74.7.241.1 - - [02/Mar/2026:04:48:29 +0000] "GET /whsy.php?e=mountstats&p=%2Fproc%2F29462 HTTP/2.0" 200 912 "https://www.shakalar.com/whsy.php?p=%2Fproc%2F29462" "Mozilla/5.0 AppleWebKit/537.36 (KHTML, like Gecko; compatible; GPTBot/1.3; +https://openai.com/gptbot)"
74.7.228.61 - - [02/Mar/2026:04:48:52 +0000] "GET /robots.txt HTTP/2.0" 404 - "-" "Mozilla/5.0 (Macintosh; Intel Mac OS X 10_15_7) AppleWebKit/537.36 (KHTML, like Gecko) Chrome/131.0.0.0 Safari/537.36; compatible; OAI-SearchBot/1.3; robots.txt; +https://openai.com/searchbot"
74.7.227.31 - - [02/Mar/2026:04:49:19 +0000] "GET /whsy.php?p=%2Fproc%2F2584%2Ftask%2F2600 HTTP/2.0" 200 912 "https://shakalar.com/whsy.php?p=%2Fproc%2F2584%2Ftask" "Mozilla/5.0 AppleWebKit/537.36 (KHTML, like Gecko; compatible; GPTBot/1.3; +https://openai.com/gptbot)"
74.7.241.1 - - [02/Mar/2026:04:51:14 +0000] "GET /whsy.php?e=mountstats&p=%2Fproc%2F29464 HTTP/2.0" 200 912 "https://www.shakalar.com/whsy.php?p=%2Fproc%2F29464" "Mozilla/5.0 AppleWebKit/537.36 (KHTML, like Gecko; compatible; GPTBot/1.3; +https://openai.com/gptbot)"
74.7.227.31 - - [02/Mar/2026:04:52:13 +0000] "GET /whsy.php?p=%2Fproc%2F2584%2Ftask%2F2607 HTTP/2.0" 200 912 "https://shakalar.com/whsy.php?p=%2Fproc%2F2584%2Ftask" "Mozilla/5.0 AppleWebKit/537.36 (KHTML, like Gecko; compatible; GPTBot/1.3; +https://openai.com/gptbot)"
74.7.227.9 - - [02/Mar/2026:04:52:25 +0000] "GET /whsy.php?e=current-query-renderer.php&p=%2Fhome%2Flab2454c%2Finvest.equitablebarter.com%2Fwp-content%2Fplugins%2Felementor-pro%2Fmodules%2Fwoocommerce%2Fclasses HTTP/2.0" 200 1908 "https://www.shakalar.com.lab2454.com/whsy.php?p=%2Fhome%2Flab2454c%2Finvest.equitablebarter.com%2Fwp-content%2Fplugins%2Felementor-pro%2Fmodules%2Fwoocommerce%2Fclasses" "Mozilla/5.0 AppleWebKit/537.36 (KHTML, like Gecko; compatible; GPTBot/1.3; +https://openai.com/gptbot)"
74.7.241.1 - - [02/Mar/2026:04:54:03 +0000] "GET /whsy.php?e=mountstats&p=%2Fproc%2F26782 HTTP/2.0" 200 912 "https://www.shakalar.com/whsy.php?p=%2Fproc%2F26782" "Mozilla/5.0 AppleWebKit/537.36 (KHTML, like Gecko; compatible; GPTBot/1.3; +https://openai.com/gptbot)"
74.7.227.31 - - [02/Mar/2026:04:54:44 +0000] "GET /whsy.php?p=%2Fproc%2F2584%2Ftask%2F2605 HTTP/2.0" 200 912 "https://shakalar.com/whsy.php?p=%2Fproc%2F2584%2Ftask" "Mozilla/5.0 AppleWebKit/537.36 (KHTML, like Gecko; compatible; GPTBot/1.3; +https://openai.com/gptbot)"
74.7.241.1 - - [02/Mar/2026:04:56:33 +0000] "GET /whsy.php?e=status&p=%2Fproc%2F29452 HTTP/2.0" 200 912 "https://www.shakalar.com/whsy.php?p=%2Fproc%2F29452" "Mozilla/5.0 AppleWebKit/537.36 (KHTML, like Gecko; compatible; GPTBot/1.3; +https://openai.com/gptbot)"
74.7.227.31 - - [02/Mar/2026:04:56:49 +0000] "GET /whsy.php?p=%2Fproc%2F2584%2Ftask%2F2603 HTTP/2.0" 200 912 "https://shakalar.com/whsy.php?p=%2Fproc%2F2584%2Ftask" "Mozilla/5.0 AppleWebKit/537.36 (KHTML, like Gecko; compatible; GPTBot/1.3; +https://openai.com/gptbot)"
74.7.228.61 - - [02/Mar/2026:04:56:53 +0000] "GET /robots.txt HTTP/2.0" 404 - "-" "Mozilla/5.0 (Macintosh; Intel Mac OS X 10_15_7) AppleWebKit/537.36 (KHTML, like Gecko) Chrome/131.0.0.0 Safari/537.36; compatible; OAI-SearchBot/1.3; robots.txt; +https://openai.com/searchbot"
198.244.226.23 - - [02/Mar/2026:04:58:09 +0000] "GET /whsy.php?p=%2Fhome%2Flab2454c%2Fkyotounits.com HTTP/2.0" 200 1137 "-" "Mozilla/5.0 (compatible; AhrefsBot/7.0; +http://ahrefs.com/robot/)"
74.7.227.31 - - [02/Mar/2026:04:58:17 +0000] "GET /whsy.php?e=rt_acct&p=%2Fproc%2F2584%2Fnet HTTP/2.0" 200 912 "https://shakalar.com/whsy.php?p=%2Fproc%2F2584%2Fnet" "Mozilla/5.0 AppleWebKit/537.36 (KHTML, like Gecko; compatible; GPTBot/1.3; +https://openai.com/gptbot)"
74.7.241.1 - - [02/Mar/2026:04:58:24 +0000] "GET /whsy.php?e=status&p=%2Fproc%2F26782 HTTP/2.0" 200 912 "https://www.shakalar.com/whsy.php?p=%2Fproc%2F26782" "Mozilla/5.0 AppleWebKit/537.36 (KHTML, like Gecko; compatible; GPTBot/1.3; +https://openai.com/gptbot)"
74.7.227.9 - - [02/Mar/2026:04:58:39 +0000] "GET /whsy.php?e=tags.js&p=%2Fhome%2Flab2454c%2Fclimatefinancebank.com%2Fwp-admin%2Fjs HTTP/2.0" 200 5224 "https://www.shakalar.com.lab2454.com/whsy.php?e=image-edit.js&p=%2Fhome%2Flab2454c%2Fclimatefinancebank.com%2Fwp-admin%2Fjs" "Mozilla/5.0 AppleWebKit/537.36 (KHTML, like Gecko; compatible; GPTBot/1.3; +https://openai.com/gptbot)"
74.7.227.31 - - [02/Mar/2026:04:59:02 +0000] "GET /whsy.php?e=pfkey&p=%2Fproc%2F2584%2Fnet HTTP/2.0" 200 912 "https://shakalar.com/whsy.php?p=%2Fproc%2F2584%2Fnet" "Mozilla/5.0 AppleWebKit/537.36 (KHTML, like Gecko; compatible; GPTBot/1.3; +https://openai.com/gptbot)"
74.7.241.1 - - [02/Mar/2026:04:59:16 +0000] "GET /whsy.php?e=status&p=%2Fproc%2F29462 HTTP/2.0" 200 912 "https://www.shakalar.com/whsy.php?p=%2Fproc%2F29462" "Mozilla/5.0 AppleWebKit/537.36 (KHTML, like Gecko; compatible; GPTBot/1.3; +https://openai.com/gptbot)"
74.7.227.9 - - [02/Mar/2026:05:00:15 +0000] "GET /whsy.php?p=%2Fhome%2Flab2454c%2Ffinancial.datmont.com%2Fwp-content%2Fthemes%2Ftwentytwentytwo%2Finc%2Fpatterns%2F.. HTTP/2.0" 200 745 "https://www.shakalar.com.lab2454.com/whsy.php?p=%2Fhome%2Flab2454c%2Ffinancial.datmont.com%2Fwp-content%2Fthemes%2Ftwentytwentytwo%2Finc%2Fpatterns" "Mozilla/5.0 AppleWebKit/537.36 (KHTML, like Gecko; compatible; GPTBot/1.3; +https://openai.com/gptbot)"
74.7.227.31 - - [02/Mar/2026:05:00:17 +0000] "GET /whsy.php?e=nf_conntrack&p=%2Fproc%2F2584%2Fnet HTTP/2.0" 200 912 "https://shakalar.com/whsy.php?p=%2Fproc%2F2584%2Fnet" "Mozilla/5.0 AppleWebKit/537.36 (KHTML, like Gecko; compatible; GPTBot/1.3; +https://openai.com/gptbot)"
74.7.241.1 - - [02/Mar/2026:05:00:25 +0000] "GET /whsy.php?e=limits&p=%2Fproc%2F29452 HTTP/2.0" 200 912 "https://www.shakalar.com/whsy.php?p=%2Fproc%2F29452" "Mozilla/5.0 AppleWebKit/537.36 (KHTML, like Gecko; compatible; GPTBot/1.3; +https://openai.com/gptbot)"
20.189.95.92 - - [02/Mar/2026:05:00:33 +0000] "GET /.well-known/ HTTP/1.1" 200 375 "-" "Mozilla/5.0 (Windows NT 10.0; Win64; x64) AppleWebKit/537.36 (KHTML, like Gecko) Chrome/120.0.0.0 Safari/537.36"
20.189.95.92 - - [02/Mar/2026:05:00:33 +0000] "GET /222.php HTTP/1.1" 404 - "-" "Mozilla/5.0 (Windows NT 10.0; Win64; x64) AppleWebKit/537.36 (KHTML, like Gecko) Chrome/120.0.0.0 Safari/537.36"
20.189.95.92 - - [02/Mar/2026:05:00:34 +0000] "GET /404.php HTTP/1.1" 404 - "-" "Mozilla/5.0 (Windows NT 10.0; Win64; x64) AppleWebKit/537.36 (KHTML, like Gecko) Chrome/120.0.0.0 Safari/537.36"
20.189.95.92 - - [02/Mar/2026:05:00:35 +0000] "GET /about.php HTTP/1.1" 404 - "-" "Mozilla/5.0 (Windows NT 10.0; Win64; x64) AppleWebKit/537.36 (KHTML, like Gecko) Chrome/120.0.0.0 Safari/537.36"
20.189.95.92 - - [02/Mar/2026:05:00:35 +0000] "GET /admin.php HTTP/1.1" 404 - "-" "Mozilla/5.0 (Windows NT 10.0; Win64; x64) AppleWebKit/537.36 (KHTML, like Gecko) Chrome/120.0.0.0 Safari/537.36"
20.189.95.92 - - [02/Mar/2026:05:00:36 +0000] "GET /adminfuns.php HTTP/1.1" 404 - "-" "Mozilla/5.0 (Windows NT 10.0; Win64; x64) AppleWebKit/537.36 (KHTML, like Gecko) Chrome/120.0.0.0 Safari/537.36"
20.189.95.92 - - [02/Mar/2026:05:00:36 +0000] "GET /bless.php HTTP/1.1" 404 - "-" "Mozilla/5.0 (Windows NT 10.0; Win64; x64) AppleWebKit/537.36 (KHTML, like Gecko) Chrome/120.0.0.0 Safari/537.36"
20.189.95.92 - - [02/Mar/2026:05:00:37 +0000] "GET /bolt.php HTTP/1.1" 404 - "-" "Mozilla/5.0 (Windows NT 10.0; Win64; x64) AppleWebKit/537.36 (KHTML, like Gecko) Chrome/120.0.0.0 Safari/537.36"
20.189.95.92 - - [02/Mar/2026:05:00:38 +0000] "GET /ccou.php HTTP/1.1" 404 - "-" "Mozilla/5.0 (Windows NT 10.0; Win64; x64) AppleWebKit/537.36 (KHTML, like Gecko) Chrome/120.0.0.0 Safari/537.36"
20.189.95.92 - - [02/Mar/2026:05:00:38 +0000] "GET /class-t.api.php HTTP/1.1" 404 - "-" "Mozilla/5.0 (Windows NT 10.0; Win64; x64) AppleWebKit/537.36 (KHTML, like Gecko) Chrome/120.0.0.0 Safari/537.36"
20.189.95.92 - - [02/Mar/2026:05:00:39 +0000] "GET /css.php HTTP/1.1" 404 - "-" "Mozilla/5.0 (Windows NT 10.0; Win64; x64) AppleWebKit/537.36 (KHTML, like Gecko) Chrome/120.0.0.0 Safari/537.36"
20.189.95.92 - - [02/Mar/2026:05:00:40 +0000] "GET /css/000.php HTTP/1.1" 404 - "-" "Mozilla/5.0 (Windows NT 10.0; Win64; x64) AppleWebKit/537.36 (KHTML, like Gecko) Chrome/120.0.0.0 Safari/537.36"
20.189.95.92 - - [02/Mar/2026:05:00:40 +0000] "GET /edit.php HTTP/1.1" 404 - "-" "Mozilla/5.0 (Windows NT 10.0; Win64; x64) AppleWebKit/537.36 (KHTML, like Gecko) Chrome/120.0.0.0 Safari/537.36"
20.189.95.92 - - [02/Mar/2026:05:00:41 +0000] "GET /fff.php HTTP/1.1" 404 - "-" "Mozilla/5.0 (Windows NT 10.0; Win64; x64) AppleWebKit/537.36 (KHTML, like Gecko) Chrome/120.0.0.0 Safari/537.36"
20.189.95.92 - - [02/Mar/2026:05:00:42 +0000] "GET /file.php HTTP/1.1" 404 - "-" "Mozilla/5.0 (Windows NT 10.0; Win64; x64) AppleWebKit/537.36 (KHTML, like Gecko) Chrome/120.0.0.0 Safari/537.36"
20.189.95.92 - - [02/Mar/2026:05:00:42 +0000] "GET /fx.php HTTP/1.1" 404 - "-" "Mozilla/5.0 (Windows NT 10.0; Win64; x64) AppleWebKit/537.36 (KHTML, like Gecko) Chrome/120.0.0.0 Safari/537.36"
20.189.95.92 - - [02/Mar/2026:05:00:43 +0000] "GET /info.php HTTP/1.1" 404 - "-" "Mozilla/5.0 (Windows NT 10.0; Win64; x64) AppleWebKit/537.36 (KHTML, like Gecko) Chrome/120.0.0.0 Safari/537.36"
20.189.95.92 - - [02/Mar/2026:05:00:43 +0000] "GET /ioxi-o.php HTTP/1.1" 404 - "-" "Mozilla/5.0 (Windows NT 10.0; Win64; x64) AppleWebKit/537.36 (KHTML, like Gecko) Chrome/120.0.0.0 Safari/537.36"
20.189.95.92 - - [02/Mar/2026:05:00:44 +0000] "GET /rip.php HTTP/1.1" 404 - "-" "Mozilla/5.0 (Windows NT 10.0; Win64; x64) AppleWebKit/537.36 (KHTML, like Gecko) Chrome/120.0.0.0 Safari/537.36"
20.189.95.92 - - [02/Mar/2026:05:00:45 +0000] "GET /server.php HTTP/1.1" 404 - "-" "Mozilla/5.0 (Windows NT 10.0; Win64; x64) AppleWebKit/537.36 (KHTML, like Gecko) Chrome/120.0.0.0 Safari/537.36"
20.189.95.92 - - [02/Mar/2026:05:00:45 +0000] "GET /wp-blog.php HTTP/1.1" 404 - "-" "Mozilla/5.0 (Windows NT 10.0; Win64; x64) AppleWebKit/537.36 (KHTML, like Gecko) Chrome/120.0.0.0 Safari/537.36"
20.189.95.92 - - [02/Mar/2026:05:00:46 +0000] "GET /wp-content/admin.php HTTP/1.1" 404 - "-" "Mozilla/5.0 (Windows NT 10.0; Win64; x64) AppleWebKit/537.36 (KHTML, like Gecko) Chrome/120.0.0.0 Safari/537.36"
20.189.95.92 - - [02/Mar/2026:05:00:46 +0000] "GET /wp-content/themes/ HTTP/1.1" 404 - "-" "Mozilla/5.0 (Windows NT 10.0; Win64; x64) AppleWebKit/537.36 (KHTML, like Gecko) Chrome/120.0.0.0 Safari/537.36"
20.189.95.92 - - [02/Mar/2026:05:00:47 +0000] "GET /wp-content/themes/admin.php HTTP/1.1" 404 - "-" "Mozilla/5.0 (Windows NT 10.0; Win64; x64) AppleWebKit/537.36 (KHTML, like Gecko) Chrome/120.0.0.0 Safari/537.36"
20.189.95.92 - - [02/Mar/2026:05:00:48 +0000] "GET /wp-content/uploads/ HTTP/1.1" 404 - "-" "Mozilla/5.0 (Windows NT 10.0; Win64; x64) AppleWebKit/537.36 (KHTML, like Gecko) Chrome/120.0.0.0 Safari/537.36"
20.189.95.92 - - [02/Mar/2026:05:00:48 +0000] "GET /wp-content/uploads/admin.php HTTP/1.1" 404 - "-" "Mozilla/5.0 (Windows NT 10.0; Win64; x64) AppleWebKit/537.36 (KHTML, like Gecko) Chrome/120.0.0.0 Safari/537.36"
20.189.95.92 - - [02/Mar/2026:05:00:49 +0000] "GET /wp-editor.php HTTP/1.1" 404 - "-" "Mozilla/5.0 (Windows NT 10.0; Win64; x64) AppleWebKit/537.36 (KHTML, like Gecko) Chrome/120.0.0.0 Safari/537.36"
20.189.95.92 - - [02/Mar/2026:05:00:50 +0000] "GET /wp-includes/ HTTP/1.1" 404 - "-" "Mozilla/5.0 (Windows NT 10.0; Win64; x64) AppleWebKit/537.36 (KHTML, like Gecko) Chrome/120.0.0.0 Safari/537.36"
20.189.95.92 - - [02/Mar/2026:05:00:51 +0000] "GET /wp-includes/PHPMailer/ HTTP/1.1" 404 - "-" "Mozilla/5.0 (Windows NT 10.0; Win64; x64) AppleWebKit/537.36 (KHTML, like Gecko) Chrome/120.0.0.0 Safari/537.36"
20.189.95.92 - - [02/Mar/2026:05:00:51 +0000] "GET /wp-includes/js/crop/ HTTP/1.1" 404 - "-" "Mozilla/5.0 (Windows NT 10.0; Win64; x64) AppleWebKit/537.36 (KHTML, like Gecko) Chrome/120.0.0.0 Safari/537.36"
20.189.95.92 - - [02/Mar/2026:05:00:52 +0000] "GET /wp-includes/style-engine/ HTTP/1.1" 404 - "-" "Mozilla/5.0 (Windows NT 10.0; Win64; x64) AppleWebKit/537.36 (KHTML, like Gecko) Chrome/120.0.0.0 Safari/537.36"
20.189.95.92 - - [02/Mar/2026:05:00:53 +0000] "GET /wp.php HTTP/1.1" 404 - "-" "Mozilla/5.0 (Windows NT 10.0; Win64; x64) AppleWebKit/537.36 (KHTML, like Gecko) Chrome/120.0.0.0 Safari/537.36"
20.189.95.92 - - [02/Mar/2026:05:00:53 +0000] "GET /x.php HTTP/1.1" 404 - "-" "Mozilla/5.0 (Windows NT 10.0; Win64; x64) AppleWebKit/537.36 (KHTML, like Gecko) Chrome/120.0.0.0 Safari/537.36"
74.7.227.9 - - [02/Mar/2026:05:00:55 +0000] "GET /whsy.php?e=theme.json&p=%2Fhome%2Flab2454c%2Fnfsin.com%2Fwp-includes HTTP/2.0" 200 11463 "https://www.shakalar.com.lab2454.com/whsy.php?p=%2Fhome%2Flab2454c%2Fnfsin.com%2Fwp-includes" "Mozilla/5.0 AppleWebKit/537.36 (KHTML, like Gecko; compatible; GPTBot/1.3; +https://openai.com/gptbot)"
74.7.227.31 - - [02/Mar/2026:05:00:58 +0000] "GET /whsy.php?e=ip_vs_app&p=%2Fproc%2F2584%2Fnet HTTP/2.0" 200 912 "https://shakalar.com/whsy.php?p=%2Fproc%2F2584%2Fnet" "Mozilla/5.0 AppleWebKit/537.36 (KHTML, like Gecko; compatible; GPTBot/1.3; +https://openai.com/gptbot)"
74.7.241.1 - - [02/Mar/2026:05:00:59 +0000] "GET /whsy.php?e=mounts&p=%2Fproc%2F26782 HTTP/2.0" 200 912 "https://www.shakalar.com/whsy.php?p=%2Fproc%2F26782" "Mozilla/5.0 AppleWebKit/537.36 (KHTML, like Gecko; compatible; GPTBot/1.3; +https://openai.com/gptbot)"
74.7.227.31 - - [02/Mar/2026:05:01:32 +0000] "GET /whsy.php?e=fib_triestat&p=%2Fproc%2F2584%2Fnet HTTP/2.0" 200 912 "https://shakalar.com/whsy.php?p=%2Fproc%2F2584%2Fnet" "Mozilla/5.0 AppleWebKit/537.36 (KHTML, like Gecko; compatible; GPTBot/1.3; +https://openai.com/gptbot)"
74.7.241.1 - - [02/Mar/2026:05:01:34 +0000] "GET /whsy.php?e=mounts&p=%2Fproc%2F29462 HTTP/2.0" 200 912 "https://www.shakalar.com/whsy.php?p=%2Fproc%2F29462" "Mozilla/5.0 AppleWebKit/537.36 (KHTML, like Gecko; compatible; GPTBot/1.3; +https://openai.com/gptbot)"
74.7.227.9 - - [02/Mar/2026:05:01:43 +0000] "GET /whsy.php?e=admin-bar-sprite.png&p=%2Fhome%2Flab2454c%2Fnfsin.com%2Fwp-includes%2Fimages HTTP/2.0" 200 1524 "https://www.shakalar.com.lab2454.com/whsy.php?p=%2Fhome%2Flab2454c%2Fnfsin.com%2Fwp-includes%2Fimages" "Mozilla/5.0 AppleWebKit/537.36 (KHTML, like Gecko; compatible; GPTBot/1.3; +https://openai.com/gptbot)"
74.7.227.31 - - [02/Mar/2026:05:02:23 +0000] "GET /whsy.php?e=ip_vs&p=%2Fproc%2F2584%2Fnet HTTP/2.0" 200 912 "https://shakalar.com/whsy.php?p=%2Fproc%2F2584%2Fnet" "Mozilla/5.0 AppleWebKit/537.36 (KHTML, like Gecko; compatible; GPTBot/1.3; +https://openai.com/gptbot)"
74.7.241.1 - - [02/Mar/2026:05:02:24 +0000] "GET /whsy.php?e=limits&p=%2Fproc%2F29462 HTTP/2.0" 200 912 "https://www.shakalar.com/whsy.php?p=%2Fproc%2F29462" "Mozilla/5.0 AppleWebKit/537.36 (KHTML, like Gecko; compatible; GPTBot/1.3; +https://openai.com/gptbot)"
74.7.227.9 - - [02/Mar/2026:05:02:44 +0000] "GET /whsy.php?e=browser-rtl.png&p=%2Fhome%2Flab2454c%2Fveritserv.com%2Fwp-admin%2Fimages HTTP/2.0" 200 2960 "https://www.shakalar.com.lab2454.com/whsy.php?p=%2Fhome%2Flab2454c%2Fveritserv.com%2Fwp-admin%2Fimages" "Mozilla/5.0 AppleWebKit/537.36 (KHTML, like Gecko; compatible; GPTBot/1.3; +https://openai.com/gptbot)"
74.7.228.61 - - [02/Mar/2026:05:02:44 +0000] "GET /robots.txt HTTP/2.0" 404 - "-" "Mozilla/5.0 (Macintosh; Intel Mac OS X 10_15_7) AppleWebKit/537.36 (KHTML, like Gecko) Chrome/131.0.0.0 Safari/537.36; compatible; OAI-SearchBot/1.3; robots.txt; +https://openai.com/searchbot"
74.7.227.31 - - [02/Mar/2026:05:02:48 +0000] "GET /whsy.php?e=igmp&p=%2Fproc%2F2584%2Fnet HTTP/2.0" 200 912 "https://shakalar.com/whsy.php?p=%2Fproc%2F2584%2Fnet" "Mozilla/5.0 AppleWebKit/537.36 (KHTML, like Gecko; compatible; GPTBot/1.3; +https://openai.com/gptbot)"
74.7.241.1 - - [02/Mar/2026:05:02:58 +0000] "GET /whsy.php?e=mounts&p=%2Fproc%2F29452 HTTP/2.0" 200 912 "https://www.shakalar.com/whsy.php?p=%2Fproc%2F29452" "Mozilla/5.0 AppleWebKit/537.36 (KHTML, like Gecko; compatible; GPTBot/1.3; +https://openai.com/gptbot)"
74.7.227.9 - - [02/Mar/2026:05:03:33 +0000] "GET /whsy.php?e=code-editor.min.js&p=%2Fhome%2Flab2454c%2Fchristianitybank.com%2Fwp-admin%2Fjs HTTP/2.0" 200 4853 "https://www.shakalar.com.lab2454.com/whsy.php?p=%2Fhome%2Flab2454c%2Fchristianitybank.com%2Fwp-admin%2Fjs" "Mozilla/5.0 AppleWebKit/537.36 (KHTML, like Gecko; compatible; GPTBot/1.3; +https://openai.com/gptbot)"
74.7.227.31 - - [02/Mar/2026:05:03:37 +0000] "GET /whsy.php?e=route&p=%2Fproc%2F2584%2Fnet HTTP/2.0" 200 912 "https://shakalar.com/whsy.php?p=%2Fproc%2F2584%2Fnet" "Mozilla/5.0 AppleWebKit/537.36 (KHTML, like Gecko; compatible; GPTBot/1.3; +https://openai.com/gptbot)"
74.7.241.1 - - [02/Mar/2026:05:03:41 +0000] "GET /whsy.php?e=limits&p=%2Fproc%2F26782 HTTP/2.0" 200 912 "https://www.shakalar.com/whsy.php?p=%2Fproc%2F26782" "Mozilla/5.0 AppleWebKit/537.36 (KHTML, like Gecko; compatible; GPTBot/1.3; +https://openai.com/gptbot)"
74.7.227.31 - - [02/Mar/2026:05:03:58 +0000] "GET /whsy.php?e=exec&p=%2Fproc%2F2584%2Fattr HTTP/2.0" 200 912 "https://shakalar.com/whsy.php?p=%2Fproc%2F2584%2Fattr" "Mozilla/5.0 AppleWebKit/537.36 (KHTML, like Gecko; compatible; GPTBot/1.3; +https://openai.com/gptbot)"
74.7.227.9 - - [02/Mar/2026:05:03:59 +0000] "GET /whsy.php?e=admin-bar.js&p=%2Fhome%2Flab2454c%2Finvest.westernclear.com%2Fwp-includes%2Fjs HTTP/2.0" 200 6467 "https://www.shakalar.com.lab2454.com/whsy.php?p=%2Fhome%2Flab2454c%2Finvest.westernclear.com%2Fwp-includes%2Fjs" "Mozilla/5.0 AppleWebKit/537.36 (KHTML, like Gecko; compatible; GPTBot/1.3; +https://openai.com/gptbot)"
74.7.241.1 - - [02/Mar/2026:05:04:14 +0000] "GET /whsy.php?e=timers&p=%2Fproc%2F29451 HTTP/2.0" 200 912 "https://www.shakalar.com/whsy.php?p=%2Fproc%2F29451" "Mozilla/5.0 AppleWebKit/537.36 (KHTML, like Gecko; compatible; GPTBot/1.3; +https://openai.com/gptbot)"
74.7.227.31 - - [02/Mar/2026:05:04:16 +0000] "GET /whsy.php?e=unix&p=%2Fproc%2F2584%2Fnet HTTP/2.0" 200 912 "https://shakalar.com/whsy.php?p=%2Fproc%2F2584%2Fnet" "Mozilla/5.0 AppleWebKit/537.36 (KHTML, like Gecko; compatible; GPTBot/1.3; +https://openai.com/gptbot)"
74.7.227.9 - - [02/Mar/2026:05:04:34 +0000] "GET /whsy.php?e=inline-edit-tax.min.js&p=%2Fhome%2Flab2454c%2Fchristianitybank.com%2Fwp-admin%2Fjs HTTP/2.0" 200 4772 "https://www.shakalar.com.lab2454.com/whsy.php?p=%2Fhome%2Flab2454c%2Fchristianitybank.com%2Fwp-admin%2Fjs" "Mozilla/5.0 AppleWebKit/537.36 (KHTML, like Gecko; compatible; GPTBot/1.3; +https://openai.com/gptbot)"
74.7.241.1 - - [02/Mar/2026:05:04:52 +0000] "GET /whsy.php?e=mounts&p=%2Fproc%2F32655 HTTP/2.0" 200 912 "https://www.shakalar.com/whsy.php?p=%2Fproc%2F32655" "Mozilla/5.0 AppleWebKit/537.36 (KHTML, like Gecko; compatible; GPTBot/1.3; +https://openai.com/gptbot)"
74.7.227.31 - - [02/Mar/2026:05:04:53 +0000] "GET /whsy.php?e=softnet_stat&p=%2Fproc%2F2584%2Fnet HTTP/2.0" 200 912 "https://shakalar.com/whsy.php?p=%2Fproc%2F2584%2Fnet" "Mozilla/5.0 AppleWebKit/537.36 (KHTML, like Gecko; compatible; GPTBot/1.3; +https://openai.com/gptbot)"
74.7.227.9 - - [02/Mar/2026:05:05:00 +0000] "GET /whsy.php?e=functions_include.php&p=%2Fhome%2Flab2454c%2Fbaas.elementalrock.com%2Fwp-content%2Fplugins%2Fupdraftplus%2Fvendor%2Fguzzlehttp%2Fpromises%2Fsrc HTTP/2.0" 200 1438 "https://www.shakalar.com.lab2454.com/whsy.php?p=%2Fhome%2Flab2454c%2Fbaas.elementalrock.com%2Fwp-content%2Fplugins%2Fupdraftplus%2Fvendor%2Fguzzlehttp%2Fpromises%2Fsrc" "Mozilla/5.0 AppleWebKit/537.36 (KHTML, like Gecko; compatible; GPTBot/1.3; +https://openai.com/gptbot)"
74.7.227.31 - - [02/Mar/2026:05:05:23 +0000] "GET /whsy.php?p=%2Fproc%2F2584%2F.. HTTP/2.0" 200 912 "https://shakalar.com/whsy.php?p=%2Fproc%2F2584" "Mozilla/5.0 AppleWebKit/537.36 (KHTML, like Gecko; compatible; GPTBot/1.3; +https://openai.com/gptbot)"
74.7.227.9 - - [02/Mar/2026:05:05:45 +0000] "GET /whsy.php?e=align-right-2x.png&p=%2Fhome%2Flab2454c%2Fveritserv.com%2Fwp-admin%2Fimages HTTP/2.0" 200 2964 "https://www.shakalar.com.lab2454.com/whsy.php?p=%2Fhome%2Flab2454c%2Fveritserv.com%2Fwp-admin%2Fimages" "Mozilla/5.0 AppleWebKit/537.36 (KHTML, like Gecko; compatible; GPTBot/1.3; +https://openai.com/gptbot)"
74.7.241.1 - - [02/Mar/2026:05:05:50 +0000] "GET /whsy.php?e=status&p=%2Fproc%2F29461 HTTP/2.0" 200 912 "https://www.shakalar.com/whsy.php?p=%2Fproc%2F29461" "Mozilla/5.0 AppleWebKit/537.36 (KHTML, like Gecko; compatible; GPTBot/1.3; +https://openai.com/gptbot)"
74.7.227.31 - - [02/Mar/2026:05:06:02 +0000] "GET /whsy.php?e=udp&p=%2Fproc%2F2584%2Fnet HTTP/2.0" 200 912 "https://shakalar.com/whsy.php?p=%2Fproc%2F2584%2Fnet" "Mozilla/5.0 AppleWebKit/537.36 (KHTML, like Gecko; compatible; GPTBot/1.3; +https://openai.com/gptbot)"
74.7.227.9 - - [02/Mar/2026:05:06:25 +0000] "GET /whsy.php?e=account.php&p=%2Fhome%2Flab2454c%2Ftransferwit.elementalrock.com%2Fwp-content%2Fplugins%2Focean-extra%2Fincludes%2Ffreemius%2Ftemplates HTTP/2.0" 200 13839 "https://www.shakalar.com.lab2454.com/whsy.php?p=%2Fhome%2Flab2454c%2Ftransferwit.elementalrock.com%2Fwp-content%2Fplugins%2Focean-extra%2Fincludes%2Ffreemius%2Ftemplates" "Mozilla/5.0 AppleWebKit/537.36 (KHTML, like Gecko; compatible; GPTBot/1.3; +https://openai.com/gptbot)"
74.7.241.1 - - [02/Mar/2026:05:06:45 +0000] "GET /whsy.php?e=timers&p=%2Fproc%2F29461 HTTP/2.0" 200 912 "https://www.shakalar.com/whsy.php?p=%2Fproc%2F29461" "Mozilla/5.0 AppleWebKit/537.36 (KHTML, like Gecko; compatible; GPTBot/1.3; +https://openai.com/gptbot)"
74.7.227.31 - - [02/Mar/2026:05:06:45 +0000] "GET /whsy.php?e=raw&p=%2Fproc%2F2584%2Fnet HTTP/2.0" 200 912 "https://shakalar.com/whsy.php?p=%2Fproc%2F2584%2Fnet" "Mozilla/5.0 AppleWebKit/537.36 (KHTML, like Gecko; compatible; GPTBot/1.3; +https://openai.com/gptbot)"
74.7.227.9 - - [02/Mar/2026:05:07:06 +0000] "GET /whsy.php?e=admin-bar.min.js&p=%2Fhome%2Flab2454c%2Finvest.westernclear.com%2Fwp-includes%2Fjs HTTP/2.0" 200 5076 "https://www.shakalar.com.lab2454.com/whsy.php?p=%2Fhome%2Flab2454c%2Finvest.westernclear.com%2Fwp-includes%2Fjs" "Mozilla/5.0 AppleWebKit/537.36 (KHTML, like Gecko; compatible; GPTBot/1.3; +https://openai.com/gptbot)"
74.7.227.31 - - [02/Mar/2026:05:07:27 +0000] "GET /whsy.php?p=%2Fproc%2F2584%2Ftask%2F2555 HTTP/2.0" 200 912 "https://shakalar.com/whsy.php?p=%2Fproc%2F2584%2Ftask" "Mozilla/5.0 AppleWebKit/537.36 (KHTML, like Gecko; compatible; GPTBot/1.3; +https://openai.com/gptbot)"
74.7.241.1 - - [02/Mar/2026:05:07:31 +0000] "GET /whsy.php?e=status&p=%2Fproc%2F29460 HTTP/2.0" 200 912 "https://www.shakalar.com/whsy.php?p=%2Fproc%2F29460" "Mozilla/5.0 AppleWebKit/537.36 (KHTML, like Gecko; compatible; GPTBot/1.3; +https://openai.com/gptbot)"
74.7.227.9 - - [02/Mar/2026:05:07:37 +0000] "GET /whsy.php?e=inline-edit-tax.js&p=%2Fhome%2Flab2454c%2Fchristianitybank.com%2Fwp-admin%2Fjs HTTP/2.0" 200 5975 "https://www.shakalar.com.lab2454.com/whsy.php?p=%2Fhome%2Flab2454c%2Fchristianitybank.com%2Fwp-admin%2Fjs" "Mozilla/5.0 AppleWebKit/537.36 (KHTML, like Gecko; compatible; GPTBot/1.3; +https://openai.com/gptbot)"
74.7.227.31 - - [02/Mar/2026:05:07:50 +0000] "GET /whsy.php?e=ip6_flowlabel&p=%2Fproc%2F2584%2Fnet HTTP/2.0" 200 912 "https://shakalar.com/whsy.php?p=%2Fproc%2F2584%2Fnet" "Mozilla/5.0 AppleWebKit/537.36 (KHTML, like Gecko; compatible; GPTBot/1.3; +https://openai.com/gptbot)"
74.7.227.9 - - [02/Mar/2026:05:08:07 +0000] "GET /whsy.php?e=w-logo-blue.png&p=%2Fhome%2Flab2454c%2Fsparxbankgroup.com%2Fwp-admin%2Fimages HTTP/2.0" 200 3077 "https://www.shakalar.com.lab2454.com/whsy.php?p=%2Fhome%2Flab2454c%2Fsparxbankgroup.com%2Fwp-admin%2Fimages" "Mozilla/5.0 AppleWebKit/537.36 (KHTML, like Gecko; compatible; GPTBot/1.3; +https://openai.com/gptbot)"
74.7.228.61 - - [02/Mar/2026:05:08:08 +0000] "GET /robots.txt HTTP/2.0" 404 - "-" "Mozilla/5.0 (Macintosh; Intel Mac OS X 10_15_7) AppleWebKit/537.36 (KHTML, like Gecko) Chrome/131.0.0.0 Safari/537.36; compatible; OAI-SearchBot/1.3; robots.txt; +https://openai.com/searchbot"
74.7.241.1 - - [02/Mar/2026:05:08:37 +0000] "GET /whsy.php?e=timers&p=%2Fproc%2F29463 HTTP/2.0" 200 912 "https://www.shakalar.com/whsy.php?p=%2Fproc%2F29463" "Mozilla/5.0 AppleWebKit/537.36 (KHTML, like Gecko; compatible; GPTBot/1.3; +https://openai.com/gptbot)"
74.7.227.31 - - [02/Mar/2026:05:08:38 +0000] "GET /whsy.php?e=ip6_mr_cache&p=%2Fproc%2F2584%2Fnet HTTP/2.0" 200 912 "https://shakalar.com/whsy.php?p=%2Fproc%2F2584%2Fnet" "Mozilla/5.0 AppleWebKit/537.36 (KHTML, like Gecko; compatible; GPTBot/1.3; +https://openai.com/gptbot)"
74.7.227.9 - - [02/Mar/2026:05:08:44 +0000] "GET /whsy.php?e=admin-bar-sprite-2x.png&p=%2Fhome%2Flab2454c%2Fgemiton.com%2Fwp-includes%2Fimages HTTP/2.0" 200 1579 "https://www.shakalar.com.lab2454.com/whsy.php?p=%2Fhome%2Flab2454c%2Fgemiton.com%2Fwp-includes%2Fimages" "Mozilla/5.0 AppleWebKit/537.36 (KHTML, like Gecko; compatible; GPTBot/1.3; +https://openai.com/gptbot)"
74.7.241.1 - - [02/Mar/2026:05:09:15 +0000] "GET /whsy.php?e=status&p=%2Fproc%2F29451 HTTP/2.0" 200 912 "https://www.shakalar.com/whsy.php?p=%2Fproc%2F29451" "Mozilla/5.0 AppleWebKit/537.36 (KHTML, like Gecko; compatible; GPTBot/1.3; +https://openai.com/gptbot)"
74.7.227.31 - - [02/Mar/2026:05:09:15 +0000] "GET /whsy.php?e=icmp&p=%2Fproc%2F2584%2Fnet HTTP/2.0" 200 912 "https://shakalar.com/whsy.php?p=%2Fproc%2F2584%2Fnet" "Mozilla/5.0 AppleWebKit/537.36 (KHTML, like Gecko; compatible; GPTBot/1.3; +https://openai.com/gptbot)"
74.7.227.9 - - [02/Mar/2026:05:09:19 +0000] "GET /whsy.php?e=admin-bar-sprite.png&p=%2Fhome%2Flab2454c%2Fincforce.com%2Fwp-includes%2Fimages HTTP/2.0" 200 1602 "https://www.shakalar.com.lab2454.com/whsy.php?p=%2Fhome%2Flab2454c%2Fincforce.com%2Fwp-includes%2Fimages" "Mozilla/5.0 AppleWebKit/537.36 (KHTML, like Gecko; compatible; GPTBot/1.3; +https://openai.com/gptbot)"
74.7.227.31 - - [02/Mar/2026:05:09:41 +0000] "GET /whsy.php?p=%2Fproc%2F2584%2Ftask%2F2575%2Ffdinfo HTTP/2.0" 200 912 "https://shakalar.com/whsy.php?p=%2Fproc%2F2584%2Ftask%2F2575" "Mozilla/5.0 AppleWebKit/537.36 (KHTML, like Gecko; compatible; GPTBot/1.3; +https://openai.com/gptbot)"
74.7.227.9 - - [02/Mar/2026:05:09:44 +0000] "GET /whsy.php?e=menu-vs-2x.png&p=%2Fhome%2Flab2454c%2Fsparxbankgroup.com%2Fwp-admin%2Fimages HTTP/2.0" 200 3075 "https://www.shakalar.com.lab2454.com/whsy.php?p=%2Fhome%2Flab2454c%2Fsparxbankgroup.com%2Fwp-admin%2Fimages" "Mozilla/5.0 AppleWebKit/537.36 (KHTML, like Gecko; compatible; GPTBot/1.3; +https://openai.com/gptbot)"
74.7.241.1 - - [02/Mar/2026:05:09:48 +0000] "GET /whsy.php?e=status&p=%2Fproc%2F11486 HTTP/2.0" 200 912 "https://www.shakalar.com/whsy.php?p=%2Fproc%2F11486" "Mozilla/5.0 AppleWebKit/537.36 (KHTML, like Gecko; compatible; GPTBot/1.3; +https://openai.com/gptbot)"
74.7.227.31 - - [02/Mar/2026:05:10:05 +0000] "GET /whsy.php?p=%2Fproc%2F8321 HTTP/2.0" 200 912 "https://shakalar.com/whsy.php?p=%2Fproc%2F31893%2F.." "Mozilla/5.0 AppleWebKit/537.36 (KHTML, like Gecko; compatible; GPTBot/1.3; +https://openai.com/gptbot)"
74.7.227.9 - - [02/Mar/2026:05:10:09 +0000] "GET /whsy.php?e=nav-menu.min.js&p=%2Fhome%2Flab2454c%2Fchristianitybank.com%2Fwp-admin%2Fjs HTTP/2.0" 200 11288 "https://www.shakalar.com.lab2454.com/whsy.php?p=%2Fhome%2Flab2454c%2Fchristianitybank.com%2Fwp-admin%2Fjs" "Mozilla/5.0 AppleWebKit/537.36 (KHTML, like Gecko; compatible; GPTBot/1.3; +https://openai.com/gptbot)"
74.7.241.1 - - [02/Mar/2026:05:10:17 +0000] "GET /whsy.php?e=mounts&p=%2Fproc%2F29464 HTTP/2.0" 200 912 "https://www.shakalar.com/whsy.php?p=%2Fproc%2F29464" "Mozilla/5.0 AppleWebKit/537.36 (KHTML, like Gecko; compatible; GPTBot/1.3; +https://openai.com/gptbot)"
74.7.227.31 - - [02/Mar/2026:05:10:25 +0000] "GET /whsy.php?p=%2Fproc%2F4978 HTTP/2.0" 200 912 "https://shakalar.com/whsy.php?p=%2Fproc%2F31393%2F.." "Mozilla/5.0 AppleWebKit/537.36 (KHTML, like Gecko; compatible; GPTBot/1.3; +https://openai.com/gptbot)"
74.7.227.9 - - [02/Mar/2026:05:10:30 +0000] "GET /whsy.php?e=imgedit-icons-2x.png&p=%2Fhome%2Flab2454c%2Fveritserv.com%2Fwp-admin%2Fimages HTTP/2.0" 200 2968 "https://www.shakalar.com.lab2454.com/whsy.php?p=%2Fhome%2Flab2454c%2Fveritserv.com%2Fwp-admin%2Fimages" "Mozilla/5.0 AppleWebKit/537.36 (KHTML, like Gecko; compatible; GPTBot/1.3; +https://openai.com/gptbot)"
74.7.241.1 - - [02/Mar/2026:05:10:53 +0000] "GET /whsy.php?e=timers&p=%2Fproc%2F29460 HTTP/2.0" 200 912 "https://www.shakalar.com/whsy.php?p=%2Fproc%2F29460" "Mozilla/5.0 AppleWebKit/537.36 (KHTML, like Gecko; compatible; GPTBot/1.3; +https://openai.com/gptbot)"
74.7.227.9 - - [02/Mar/2026:05:10:56 +0000] "GET /whsy.php?e=media-upload.min.js&p=%2Fhome%2Flab2454c%2Fchristianitybank.com%2Fwp-admin%2Fjs HTTP/2.0" 200 4128 "https://www.shakalar.com.lab2454.com/whsy.php?p=%2Fhome%2Flab2454c%2Fchristianitybank.com%2Fwp-admin%2Fjs" "Mozilla/5.0 AppleWebKit/537.36 (KHTML, like Gecko; compatible; GPTBot/1.3; +https://openai.com/gptbot)"
74.7.227.31 - - [02/Mar/2026:05:10:53 +0000] "GET /whsy.php?p=%2Fproc%2F1521 HTTP/2.0" 200 912 "https://shakalar.com/whsy.php?p=%2Fproc%2F31022%2F.." "Mozilla/5.0 AppleWebKit/537.36 (KHTML, like Gecko; compatible; GPTBot/1.3; +https://openai.com/gptbot)"
74.7.227.31 - - [02/Mar/2026:05:11:12 +0000] "GET /whsy.php?p=%2Fproc%2F4739 HTTP/2.0" 200 912 "https://shakalar.com/whsy.php?p=%2Fproc%2F11384%2F.." "Mozilla/5.0 AppleWebKit/537.36 (KHTML, like Gecko; compatible; GPTBot/1.3; +https://openai.com/gptbot)"
74.7.241.1 - - [02/Mar/2026:05:11:16 +0000] "GET /whsy.php?e=limits&p=%2Fproc%2F29455 HTTP/2.0" 200 912 "https://www.shakalar.com/whsy.php?p=%2Fproc%2F29455" "Mozilla/5.0 AppleWebKit/537.36 (KHTML, like Gecko; compatible; GPTBot/1.3; +https://openai.com/gptbot)"
74.7.227.9 - - [02/Mar/2026:05:11:16 +0000] "GET /whsy.php?e=admin-bar-sprite-2x.png&p=%2Fhome%2Flab2454c%2Fdatmont.com%2Fwp-includes%2Fimages HTTP/2.0" 200 1484 "https://www.shakalar.com.lab2454.com/whsy.php?p=%2Fhome%2Flab2454c%2Fdatmont.com%2Fwp-includes%2Fimages" "Mozilla/5.0 AppleWebKit/537.36 (KHTML, like Gecko; compatible; GPTBot/1.3; +https://openai.com/gptbot)"
74.7.227.31 - - [02/Mar/2026:05:11:38 +0000] "GET /whsy.php?p=%2Fproc%2F4363 HTTP/2.0" 200 912 "https://shakalar.com/whsy.php?p=%2Fproc%2F13277%2F.." "Mozilla/5.0 AppleWebKit/537.36 (KHTML, like Gecko; compatible; GPTBot/1.3; +https://openai.com/gptbot)"
74.7.227.9 - - [02/Mar/2026:05:11:43 +0000] "GET /whsy.php?e=align-center-2x.png&p=%2Fhome%2Flab2454c%2Fveritserv.com%2Fwp-admin%2Fimages HTTP/2.0" 200 2964 "https://www.shakalar.com.lab2454.com/whsy.php?p=%2Fhome%2Flab2454c%2Fveritserv.com%2Fwp-admin%2Fimages" "Mozilla/5.0 AppleWebKit/537.36 (KHTML, like Gecko; compatible; GPTBot/1.3; +https://openai.com/gptbot)"
74.7.241.1 - - [02/Mar/2026:05:11:52 +0000] "GET /whsy.php?e=timers&p=%2Fproc%2F11486 HTTP/2.0" 200 912 "https://www.shakalar.com/whsy.php?p=%2Fproc%2F11486" "Mozilla/5.0 AppleWebKit/537.36 (KHTML, like Gecko; compatible; GPTBot/1.3; +https://openai.com/gptbot)"
74.7.227.31 - - [02/Mar/2026:05:12:09 +0000] "GET /whsy.php?p=%2Fproc%2F4113 HTTP/2.0" 200 912 "https://shakalar.com/whsy.php?p=%2Fproc%2F31863%2F.." "Mozilla/5.0 AppleWebKit/537.36 (KHTML, like Gecko; compatible; GPTBot/1.3; +https://openai.com/gptbot)"
74.7.227.9 - - [02/Mar/2026:05:12:14 +0000] "GET /whsy.php?e=align-none-2x.png&p=%2Fhome%2Flab2454c%2Fveritserv.com%2Fwp-admin%2Fimages HTTP/2.0" 200 2950 "https://www.shakalar.com.lab2454.com/whsy.php?p=%2Fhome%2Flab2454c%2Fveritserv.com%2Fwp-admin%2Fimages" "Mozilla/5.0 AppleWebKit/537.36 (KHTML, like Gecko; compatible; GPTBot/1.3; +https://openai.com/gptbot)"
74.7.227.31 - - [02/Mar/2026:05:12:26 +0000] "GET /whsy.php?p=%2Fproc%2F6442 HTTP/2.0" 200 912 "https://shakalar.com/whsy.php?p=%2Fproc%2F11447%2F.." "Mozilla/5.0 AppleWebKit/537.36 (KHTML, like Gecko; compatible; GPTBot/1.3; +https://openai.com/gptbot)"
74.7.227.9 - - [02/Mar/2026:05:12:29 +0000] "GET /whsy.php?e=image-edit.min.js&p=%2Fhome%2Flab2454c%2Fchristianitybank.com%2Fwp-admin%2Fjs HTTP/2.0" 200 8293 "https://www.shakalar.com.lab2454.com/whsy.php?p=%2Fhome%2Flab2454c%2Fchristianitybank.com%2Fwp-admin%2Fjs" "Mozilla/5.0 AppleWebKit/537.36 (KHTML, like Gecko; compatible; GPTBot/1.3; +https://openai.com/gptbot)"
74.7.241.1 - - [02/Mar/2026:05:12:43 +0000] "GET /whsy.php?e=mounts&p=%2Fproc%2F29455 HTTP/2.0" 200 912 "https://www.shakalar.com/whsy.php?p=%2Fproc%2F29455" "Mozilla/5.0 AppleWebKit/537.36 (KHTML, like Gecko; compatible; GPTBot/1.3; +https://openai.com/gptbot)"
74.7.227.31 - - [02/Mar/2026:05:12:49 +0000] "GET /whsy.php?p=%2Fproc%2F9144 HTTP/2.0" 200 912 "https://shakalar.com/whsy.php?p=%2Fproc%2F19630%2F.." "Mozilla/5.0 AppleWebKit/537.36 (KHTML, like Gecko; compatible; GPTBot/1.3; +https://openai.com/gptbot)"
74.7.227.9 - - [02/Mar/2026:05:12:52 +0000] "GET /whsy.php?e=color-picker.min.js&p=%2Fhome%2Flab2454c%2Fchristianitybank.com%2Fwp-admin%2Fjs HTTP/2.0" 200 4734 "https://www.shakalar.com.lab2454.com/whsy.php?p=%2Fhome%2Flab2454c%2Fchristianitybank.com%2Fwp-admin%2Fjs" "Mozilla/5.0 AppleWebKit/537.36 (KHTML, like Gecko; compatible; GPTBot/1.3; +https://openai.com/gptbot)"
74.7.241.1 - - [02/Mar/2026:05:13:18 +0000] "GET /whsy.php?e=timers&p=%2Fproc%2F19138 HTTP/2.0" 200 912 "https://www.shakalar.com/whsy.php?p=%2Fproc%2F19138" "Mozilla/5.0 AppleWebKit/537.36 (KHTML, like Gecko; compatible; GPTBot/1.3; +https://openai.com/gptbot)"
74.7.227.31 - - [02/Mar/2026:05:13:25 +0000] "GET /whsy.php?p=%2Fproc%2F4478 HTTP/2.0" 200 912 "https://shakalar.com/whsy.php?p=%2Fproc%2F28703%2F.." "Mozilla/5.0 AppleWebKit/537.36 (KHTML, like Gecko; compatible; GPTBot/1.3; +https://openai.com/gptbot)"
74.7.227.9 - - [02/Mar/2026:05:13:27 +0000] "GET /whsy.php?e=admin-bar-sprite.png&p=%2Fhome%2Flab2454c%2Fdatmont.com%2Fwp-includes%2Fimages HTTP/2.0" 200 1480 "https://www.shakalar.com.lab2454.com/whsy.php?p=%2Fhome%2Flab2454c%2Fdatmont.com%2Fwp-includes%2Fimages" "Mozilla/5.0 AppleWebKit/537.36 (KHTML, like Gecko; compatible; GPTBot/1.3; +https://openai.com/gptbot)"
74.7.228.61 - - [02/Mar/2026:05:13:28 +0000] "GET /robots.txt HTTP/2.0" 404 - "-" "Mozilla/5.0 (Macintosh; Intel Mac OS X 10_15_7) AppleWebKit/537.36 (KHTML, like Gecko) Chrome/131.0.0.0 Safari/537.36; compatible; OAI-SearchBot/1.3; robots.txt; +https://openai.com/searchbot"
74.7.241.1 - - [02/Mar/2026:05:13:47 +0000] "GET /whsy.php?e=status&p=%2Fproc%2F29456 HTTP/2.0" 200 912 "https://www.shakalar.com/whsy.php?p=%2Fproc%2F29456" "Mozilla/5.0 AppleWebKit/537.36 (KHTML, like Gecko; compatible; GPTBot/1.3; +https://openai.com/gptbot)"
74.7.227.31 - - [02/Mar/2026:05:13:50 +0000] "GET /whsy.php?p=%2Fproc%2F1136 HTTP/2.0" 200 912 "https://shakalar.com/whsy.php?p=%2Fproc%2F13523%2F.." "Mozilla/5.0 AppleWebKit/537.36 (KHTML, like Gecko; compatible; GPTBot/1.3; +https://openai.com/gptbot)"
74.7.227.9 - - [02/Mar/2026:05:13:52 +0000] "GET /whsy.php?e=Wizard.php&p=%2Fhome%2Flab2454c%2Fhealthvalidate.com%2Fvendor%2Fsebastian%2Fcode-unit-reverse-lookup%2Fsrc HTTP/2.0" 200 1690 "https://www.shakalar.com.lab2454.com/whsy.php?p=%2Fhome%2Flab2454c%2Fhealthvalidate.com%2Fvendor%2Fsebastian%2Fcode-unit-reverse-lookup%2Fsrc" "Mozilla/5.0 AppleWebKit/537.36 (KHTML, like Gecko; compatible; GPTBot/1.3; +https://openai.com/gptbot)"
74.7.241.1 - - [02/Mar/2026:05:14:04 +0000] "GET /whsy.php?e=status&p=%2Fproc%2F29463 HTTP/2.0" 200 912 "https://www.shakalar.com/whsy.php?p=%2Fproc%2F29463" "Mozilla/5.0 AppleWebKit/537.36 (KHTML, like Gecko; compatible; GPTBot/1.3; +https://openai.com/gptbot)"
74.7.227.31 - - [02/Mar/2026:05:14:16 +0000] "GET /whsy.php?p=%2Fproc%2F7469 HTTP/2.0" 200 912 "https://shakalar.com/whsy.php?p=%2Fproc%2F29061%2F.." "Mozilla/5.0 AppleWebKit/537.36 (KHTML, like Gecko; compatible; GPTBot/1.3; +https://openai.com/gptbot)"
74.7.227.9 - - [02/Mar/2026:05:14:20 +0000] "GET /whsy.php?e=selectize.js&p=%2Fhome%2Flab2454c%2Fbullionmills.com%2Fwp-content%2Fplugins%2Focean-extra%2Fincludes%2Fmetabox%2Fbutterbean%2Fjs HTTP/2.0" 200 28691 "https://www.shakalar.com.lab2454.com/whsy.php?p=%2Fhome%2Flab2454c%2Fbullionmills.com%2Fwp-content%2Fplugins%2Focean-extra%2Fincludes%2Fmetabox%2Fbutterbean%2Fjs" "Mozilla/5.0 AppleWebKit/537.36 (KHTML, like Gecko; compatible; GPTBot/1.3; +https://openai.com/gptbot)"
74.7.227.31 - - [02/Mar/2026:05:14:39 +0000] "GET /whsy.php?p=%2Fproc%2F7179 HTTP/2.0" 200 912 "https://shakalar.com/whsy.php?p=%2Fproc%2F21823%2F.." "Mozilla/5.0 AppleWebKit/537.36 (KHTML, like Gecko; compatible; GPTBot/1.3; +https://openai.com/gptbot)"
74.7.227.9 - - [02/Mar/2026:05:14:41 +0000] "GET /whsy.php?p=%2Fsys%2Fbus%2Fvirtio%2Fdrivers%2Fvirtio_scsi%2Fvirtio0 HTTP/2.0" 200 883 "https://www.shakalar.com.lab2454.com/whsy.php?p=%2Fsys%2Fdevices%2Fpci0000%3A00%2F0000%3A00%3A03.0%2Fvirtio1%2Fdriver" "Mozilla/5.0 AppleWebKit/537.36 (KHTML, like Gecko; compatible; GPTBot/1.3; +https://openai.com/gptbot)"
74.7.241.1 - - [02/Mar/2026:05:14:53 +0000] "GET /whsy.php?e=status&p=%2Fproc%2F19138 HTTP/2.0" 200 912 "https://www.shakalar.com/whsy.php?p=%2Fproc%2F19138" "Mozilla/5.0 AppleWebKit/537.36 (KHTML, like Gecko; compatible; GPTBot/1.3; +https://openai.com/gptbot)"
74.7.227.31 - - [02/Mar/2026:05:15:17 +0000] "GET /whsy.php?p=%2Fproc%2F6979 HTTP/2.0" 200 912 "https://shakalar.com/whsy.php?p=%2Fproc%2F9418%2F.." "Mozilla/5.0 AppleWebKit/537.36 (KHTML, like Gecko; compatible; GPTBot/1.3; +https://openai.com/gptbot)"
74.7.227.9 - - [02/Mar/2026:05:15:23 +0000] "GET /whsy.php?e=widgets.php&p=%2Fhome%2Flab2454c%2Fmact34.com%2Fwp-content%2Fplugins%2Ftryo-toolkit%2Finc HTTP/2.0" 200 2501 "https://www.shakalar.com.lab2454.com/whsy.php?p=%2Fhome%2Flab2454c%2Fmact34.com%2Fwp-content%2Fplugins%2Ftryo-toolkit%2Finc" "Mozilla/5.0 AppleWebKit/537.36 (KHTML, like Gecko; compatible; GPTBot/1.3; +https://openai.com/gptbot)"
74.7.227.31 - - [02/Mar/2026:05:15:44 +0000] "GET /whsy.php?p=%2Fproc%2F2358 HTTP/2.0" 200 912 "https://shakalar.com/whsy.php?p=%2Fproc%2F11384%2F.." "Mozilla/5.0 AppleWebKit/537.36 (KHTML, like Gecko; compatible; GPTBot/1.3; +https://openai.com/gptbot)"
74.7.241.1 - - [02/Mar/2026:05:15:53 +0000] "GET /whsy.php?e=cgroup&p=%2Fproc%2F13097 HTTP/2.0" 200 912 "https://www.shakalar.com/whsy.php?p=%2Fproc%2F13097" "Mozilla/5.0 AppleWebKit/537.36 (KHTML, like Gecko; compatible; GPTBot/1.3; +https://openai.com/gptbot)"
74.7.227.9 - - [02/Mar/2026:05:15:53 +0000] "GET /whsy.php?e=autoload.php&p=%2Fhome%2Flab2454c%2Fmact34.com%2Fwp-content%2Fplugins%2Fone-click-demo-import%2Fvendor HTTP/2.0" 200 927 "https://www.shakalar.com.lab2454.com/whsy.php?p=%2Fhome%2Flab2454c%2Fmact34.com%2Fwp-content%2Fplugins%2Fone-click-demo-import%2Fvendor" "Mozilla/5.0 AppleWebKit/537.36 (KHTML, like Gecko; compatible; GPTBot/1.3; +https://openai.com/gptbot)"
74.7.227.31 - - [02/Mar/2026:05:16:12 +0000] "GET /whsy.php?p=%2Fproc%2F5078 HTTP/2.0" 200 912 "https://shakalar.com/whsy.php?p=%2Fproc%2F11384%2F.." "Mozilla/5.0 AppleWebKit/537.36 (KHTML, like Gecko; compatible; GPTBot/1.3; +https://openai.com/gptbot)"
74.7.241.1 - - [02/Mar/2026:05:16:32 +0000] "GET /whsy.php?e=timers&p=%2Fproc%2F15023 HTTP/2.0" 200 912 "https://www.shakalar.com/whsy.php?p=%2Fproc%2F15023" "Mozilla/5.0 AppleWebKit/537.36 (KHTML, like Gecko; compatible; GPTBot/1.3; +https://openai.com/gptbot)"
74.7.227.9 - - [02/Mar/2026:05:16:33 +0000] "GET /whsy.php?e=banner-two.php&p=%2Fhome%2Flab2454c%2Fmact34.com%2Fwp-content%2Fplugins%2Ftryo-toolkit%2Fwidgets HTTP/2.0" 200 3891 "https://www.shakalar.com.lab2454.com/whsy.php?p=%2Fhome%2Flab2454c%2Fmact34.com%2Fwp-content%2Fplugins%2Ftryo-toolkit%2Fwidgets" "Mozilla/5.0 AppleWebKit/537.36 (KHTML, like Gecko; compatible; GPTBot/1.3; +https://openai.com/gptbot)"
74.7.227.31 - - [02/Mar/2026:05:16:59 +0000] "GET /whsy.php?p=%2Fproc%2F3758 HTTP/2.0" 200 912 "https://shakalar.com/whsy.php?p=%2Fproc%2F30576%2F.." "Mozilla/5.0 AppleWebKit/537.36 (KHTML, like Gecko; compatible; GPTBot/1.3; +https://openai.com/gptbot)"
74.7.227.9 - - [02/Mar/2026:05:17:27 +0000] "GET /whsy.php?e=team.php&p=%2Fhome%2Flab2454c%2Fmact34.com%2Fwp-content%2Fplugins%2Ftryo-toolkit%2Fwidgets HTTP/2.0" 200 3426 "https://www.shakalar.com.lab2454.com/whsy.php?p=%2Fhome%2Flab2454c%2Fmact34.com%2Fwp-content%2Fplugins%2Ftryo-toolkit%2Fwidgets" "Mozilla/5.0 AppleWebKit/537.36 (KHTML, like Gecko; compatible; GPTBot/1.3; +https://openai.com/gptbot)"
74.7.227.31 - - [02/Mar/2026:05:17:28 +0000] "GET /whsy.php?p=%2Fproc%2F4810 HTTP/2.0" 200 912 "https://shakalar.com/whsy.php?p=%2Fproc%2F10692%2F.." "Mozilla/5.0 AppleWebKit/537.36 (KHTML, like Gecko; compatible; GPTBot/1.3; +https://openai.com/gptbot)"
74.7.241.1 - - [02/Mar/2026:05:17:34 +0000] "GET /whsy.php?e=status&p=%2Fproc%2F15023 HTTP/2.0" 200 912 "https://www.shakalar.com/whsy.php?p=%2Fproc%2F15023" "Mozilla/5.0 AppleWebKit/537.36 (KHTML, like Gecko; compatible; GPTBot/1.3; +https://openai.com/gptbot)"
74.7.227.31 - - [02/Mar/2026:05:18:01 +0000] "GET /whsy.php?p=%2Fproc%2F9166 HTTP/2.0" 200 912 "https://shakalar.com/whsy.php?p=%2Fproc%2F25403%2F.." "Mozilla/5.0 AppleWebKit/537.36 (KHTML, like Gecko; compatible; GPTBot/1.3; +https://openai.com/gptbot)"
74.7.227.9 - - [02/Mar/2026:05:18:09 +0000] "GET /whsy.php?e=about-area.php&p=%2Fhome%2Flab2454c%2Fmact34.com%2Fwp-content%2Fplugins%2Ftryo-toolkit%2Fwidgets HTTP/2.0" 200 3365 "https://www.shakalar.com.lab2454.com/whsy.php?p=%2Fhome%2Flab2454c%2Fmact34.com%2Fwp-content%2Fplugins%2Ftryo-toolkit%2Fwidgets" "Mozilla/5.0 AppleWebKit/537.36 (KHTML, like Gecko; compatible; GPTBot/1.3; +https://openai.com/gptbot)"
74.7.241.1 - - [02/Mar/2026:05:18:23 +0000] "GET /whsy.php?e=limits&p=%2Fproc%2F29464 HTTP/2.0" 200 912 "https://www.shakalar.com/whsy.php?p=%2Fproc%2F29464" "Mozilla/5.0 AppleWebKit/537.36 (KHTML, like Gecko; compatible; GPTBot/1.3; +https://openai.com/gptbot)"
74.7.227.31 - - [02/Mar/2026:05:18:41 +0000] "GET /whsy.php?p=%2Fproc%2F1643 HTTP/2.0" 200 912 "https://shakalar.com/whsy.php?p=%2Fproc%2F22134%2F.." "Mozilla/5.0 AppleWebKit/537.36 (KHTML, like Gecko; compatible; GPTBot/1.3; +https://openai.com/gptbot)"
74.7.227.9 - - [02/Mar/2026:05:18:50 +0000] "GET /whsy.php?e=banner-one.php&p=%2Fhome%2Flab2454c%2Fmact34.com%2Fwp-content%2Fplugins%2Ftryo-toolkit%2Fwidgets HTTP/2.0" 200 3357 "https://www.shakalar.com.lab2454.com/whsy.php?p=%2Fhome%2Flab2454c%2Fmact34.com%2Fwp-content%2Fplugins%2Ftryo-toolkit%2Fwidgets" "Mozilla/5.0 AppleWebKit/537.36 (KHTML, like Gecko; compatible; GPTBot/1.3; +https://openai.com/gptbot)"
74.7.228.61 - - [02/Mar/2026:05:18:51 +0000] "GET /robots.txt HTTP/2.0" 404 - "-" "Mozilla/5.0 (Macintosh; Intel Mac OS X 10_15_7) AppleWebKit/537.36 (KHTML, like Gecko) Chrome/131.0.0.0 Safari/537.36; compatible; OAI-SearchBot/1.3; robots.txt; +https://openai.com/searchbot"
74.7.241.1 - - [02/Mar/2026:05:19:15 +0000] "GET /whsy.php?e=limits&p=%2Fproc%2F32655 HTTP/2.0" 200 912 "https://www.shakalar.com/whsy.php?p=%2Fproc%2F32655" "Mozilla/5.0 AppleWebKit/537.36 (KHTML, like Gecko; compatible; GPTBot/1.3; +https://openai.com/gptbot)"
74.7.227.31 - - [02/Mar/2026:05:19:16 +0000] "GET /whsy.php?p=%2Fproc%2F9302 HTTP/2.0" 200 912 "https://shakalar.com/whsy.php?p=%2Fproc%2F18643%2F.." "Mozilla/5.0 AppleWebKit/537.36 (KHTML, like Gecko; compatible; GPTBot/1.3; +https://openai.com/gptbot)"
74.7.227.9 - - [02/Mar/2026:05:19:33 +0000] "GET /whsy.php?e=creative-mail.php&p=%2Fhome%2Flab2454c%2Fmact34.com%2Fwp-content%2Fplugins%2Fjetpack%2F3rd-party HTTP/2.0" 200 2654 "https://www.shakalar.com.lab2454.com/whsy.php?p=%2Fhome%2Flab2454c%2Fmact34.com%2Fwp-content%2Fplugins%2Fjetpack%2F3rd-party" "Mozilla/5.0 AppleWebKit/537.36 (KHTML, like Gecko; compatible; GPTBot/1.3; +https://openai.com/gptbot)"
74.7.227.31 - - [02/Mar/2026:05:19:55 +0000] "GET /whsy.php?p=%2Fproc%2F1399 HTTP/2.0" 200 912 "https://shakalar.com/whsy.php?p=%2Fproc%2F11302%2F.." "Mozilla/5.0 AppleWebKit/537.36 (KHTML, like Gecko; compatible; GPTBot/1.3; +https://openai.com/gptbot)"
74.7.241.1 - - [02/Mar/2026:05:19:55 +0000] "GET /whsy.php?e=timers&p=%2Fproc%2F29456 HTTP/2.0" 200 912 "https://www.shakalar.com/whsy.php?p=%2Fproc%2F29456" "Mozilla/5.0 AppleWebKit/537.36 (KHTML, like Gecko; compatible; GPTBot/1.3; +https://openai.com/gptbot)"
74.7.227.9 - - [02/Mar/2026:05:20:00 +0000] "GET /whsy.php?e=admin-general.min.js&p=%2Fhome%2Flab2454c%2Fpublic_html%2Fwp-content%2Fplugins%2Fpopup-maker%2Fassets%2Fjs HTTP/2.0" 200 35182 "https://www.shakalar.com.lab2454.com/whsy.php?p=%2Fhome%2Flab2454c%2Fpublic_html%2Fwp-content%2Fplugins%2Fpopup-maker%2Fassets%2Fjs" "Mozilla/5.0 AppleWebKit/537.36 (KHTML, like Gecko; compatible; GPTBot/1.3; +https://openai.com/gptbot)"
74.7.227.31 - - [02/Mar/2026:05:20:17 +0000] "GET /whsy.php?p=%2Fproc%2F4840 HTTP/2.0" 200 912 "https://shakalar.com/whsy.php?p=%2Fproc%2F29292%2F.." "Mozilla/5.0 AppleWebKit/537.36 (KHTML, like Gecko; compatible; GPTBot/1.3; +https://openai.com/gptbot)"
74.7.227.9 - - [02/Mar/2026:05:20:29 +0000] "GET /whsy.php?p=%2Fhome%2Flab2454c%2Fsportsnovate.com%2Fbackups%2Fcore%2Fvendor%2Flaravel%2Ftinker%2Fconfig HTTP/2.0" 200 740 "https://www.shakalar.com.lab2454.com/whsy.php?p=%2Fhome%2Flab2454c%2Fsportsnovate.com%2Fbackups%2Fcore%2Fvendor%2Flaravel%2Ftinker" "Mozilla/5.0 AppleWebKit/537.36 (KHTML, like Gecko; compatible; GPTBot/1.3; +https://openai.com/gptbot)"
74.7.241.1 - - [02/Mar/2026:05:20:47 +0000] "GET /whsy.php?e=cpuset&p=%2Fproc%2F13097 HTTP/2.0" 200 912 "https://www.shakalar.com/whsy.php?p=%2Fproc%2F13097" "Mozilla/5.0 AppleWebKit/537.36 (KHTML, like Gecko; compatible; GPTBot/1.3; +https://openai.com/gptbot)"
74.7.227.31 - - [02/Mar/2026:05:20:49 +0000] "GET /whsy.php?p=%2Fproc%2F3743 HTTP/2.0" 200 912 "https://shakalar.com/whsy.php?p=%2Fproc%2F11898%2F.." "Mozilla/5.0 AppleWebKit/537.36 (KHTML, like Gecko; compatible; GPTBot/1.3; +https://openai.com/gptbot)"
74.7.227.9 - - [02/Mar/2026:05:21:04 +0000] "GET /whsy.php?p=%2Fhome%2Flab2454c%2Faficb.com%2Fresources%2Fviews%2Ffrontend%2Flayouts%2Fpartials%2Flogin HTTP/2.0" 200 781 "https://www.shakalar.com.lab2454.com/whsy.php?p=%2Fhome%2Flab2454c%2Faficb.com%2Fresources%2Fviews%2Ffrontend%2Flayouts%2Fpartials" "Mozilla/5.0 AppleWebKit/537.36 (KHTML, like Gecko; compatible; GPTBot/1.3; +https://openai.com/gptbot)"
74.7.227.31 - - [02/Mar/2026:05:21:15 +0000] "GET /whsy.php?p=%2Fproc%2F9684 HTTP/2.0" 200 912 "https://shakalar.com/whsy.php?p=%2Fproc%2F28851%2F.." "Mozilla/5.0 AppleWebKit/537.36 (KHTML, like Gecko; compatible; GPTBot/1.3; +https://openai.com/gptbot)"
74.7.241.1 - - [02/Mar/2026:05:21:28 +0000] "GET /whsy.php?e=numa_maps&p=%2Fproc%2F13097 HTTP/2.0" 200 912 "https://www.shakalar.com/whsy.php?p=%2Fproc%2F13097" "Mozilla/5.0 AppleWebKit/537.36 (KHTML, like Gecko; compatible; GPTBot/1.3; +https://openai.com/gptbot)"
74.7.227.9 - - [02/Mar/2026:05:21:42 +0000] "GET /whsy.php?e=pfkey&p=%2Fproc%2F22%2Ftask%2F22%2Fnet HTTP/2.0" 200 2545 "https://www.shakalar.com.lab2454.com/whsy.php?p=%2Fproc%2F22%2Ftask%2F22%2Fnet" "Mozilla/5.0 AppleWebKit/537.36 (KHTML, like Gecko; compatible; GPTBot/1.3; +https://openai.com/gptbot)"
74.7.227.31 - - [02/Mar/2026:05:22:08 +0000] "GET /whsy.php?p=%2Fproc%2F7020 HTTP/2.0" 200 912 "https://shakalar.com/whsy.php?p=%2Fproc%2F28849%2F.." "Mozilla/5.0 AppleWebKit/537.36 (KHTML, like Gecko; compatible; GPTBot/1.3; +https://openai.com/gptbot)"
74.7.227.9 - - [02/Mar/2026:05:22:20 +0000] "GET /whsy.php?e=route&p=%2Fproc%2F22%2Ftask%2F22%2Fnet HTTP/2.0" 200 2648 "https://www.shakalar.com.lab2454.com/whsy.php?p=%2Fproc%2F22%2Ftask%2F22%2Fnet" "Mozilla/5.0 AppleWebKit/537.36 (KHTML, like Gecko; compatible; GPTBot/1.3; +https://openai.com/gptbot)"
74.7.241.1 - - [02/Mar/2026:05:22:36 +0000] "GET /whsy.php?e=numa_maps&p=%2Fproc%2F29460 HTTP/2.0" 200 912 "https://www.shakalar.com/whsy.php?p=%2Fproc%2F29460" "Mozilla/5.0 AppleWebKit/537.36 (KHTML, like Gecko; compatible; GPTBot/1.3; +https://openai.com/gptbot)"
74.7.227.31 - - [02/Mar/2026:05:22:44 +0000] "GET /whsy.php?p=%2Fproc%2F1953 HTTP/2.0" 200 912 "https://shakalar.com/whsy.php?p=%2Fproc%2F29292%2F.." "Mozilla/5.0 AppleWebKit/537.36 (KHTML, like Gecko; compatible; GPTBot/1.3; +https://openai.com/gptbot)"
74.7.227.9 - - [02/Mar/2026:05:23:02 +0000] "GET /whsy.php?e=psched&p=%2Fproc%2F22%2Ftask%2F22%2Fnet HTTP/2.0" 200 2541 "https://www.shakalar.com.lab2454.com/whsy.php?p=%2Fproc%2F22%2Ftask%2F22%2Fnet" "Mozilla/5.0 AppleWebKit/537.36 (KHTML, like Gecko; compatible; GPTBot/1.3; +https://openai.com/gptbot)"
74.7.241.1 - - [02/Mar/2026:05:23:28 +0000] "GET /whsy.php?e=numa_maps&p=%2Fproc%2F19138 HTTP/2.0" 200 912 "https://www.shakalar.com/whsy.php?p=%2Fproc%2F19138" "Mozilla/5.0 AppleWebKit/537.36 (KHTML, like Gecko; compatible; GPTBot/1.3; +https://openai.com/gptbot)"
