74.7.230.1 - - [01/Mar/2026:14:46:16 +0000] "GET /robots.txt HTTP/2.0" 404 - "-" "Mozilla/5.0 (Macintosh; Intel Mac OS X 10_15_7) AppleWebKit/537.36 (KHTML, like Gecko) Chrome/131.0.0.0 Safari/537.36; compatible; OAI-SearchBot/1.3; robots.txt; +https://openai.com/searchbot"
74.7.243.130 - - [01/Mar/2026:14:46:19 +0000] "GET /whsy.php?p=%2Fproc%2F10213%2Fnet HTTP/2.0" 200 912 "https://www.shakalar.com.lab2454.com/whsy.php?p=%2Fproc%2F10213" "Mozilla/5.0 AppleWebKit/537.36 (KHTML, like Gecko; compatible; GPTBot/1.3; +https://openai.com/gptbot)"
74.7.227.188 - - [01/Mar/2026:14:46:26 +0000] "GET /whsy.php?e=fscreate&p=%2Fproc%2F2471%2Fattr HTTP/2.0" 200 857 "https://www.shakalar.com/whsy.php?p=%2Fproc%2F2471%2Fattr" "Mozilla/5.0 AppleWebKit/537.36 (KHTML, like Gecko; compatible; GPTBot/1.3; +https://openai.com/gptbot)"
74.7.243.130 - - [01/Mar/2026:14:46:30 +0000] "GET /whsy.php?p=%2Fproc%2F18823%2Fnet HTTP/2.0" 200 912 "https://www.shakalar.com.lab2454.com/whsy.php?p=%2Fproc%2F18823" "Mozilla/5.0 AppleWebKit/537.36 (KHTML, like Gecko; compatible; GPTBot/1.3; +https://openai.com/gptbot)"
74.7.227.188 - - [01/Mar/2026:14:46:39 +0000] "GET /whsy.php?e=pagemap&p=%2Fproc%2F2471 HTTP/2.0" 200 1934 "https://www.shakalar.com/whsy.php?p=%2Fproc%2F2471" "Mozilla/5.0 AppleWebKit/537.36 (KHTML, like Gecko; compatible; GPTBot/1.3; +https://openai.com/gptbot)"
74.7.243.130 - - [01/Mar/2026:14:46:41 +0000] "GET /whsy.php?p=%2Fproc%2F16952%2Ftask HTTP/2.0" 200 912 "https://www.shakalar.com.lab2454.com/whsy.php?p=%2Fproc%2F16952" "Mozilla/5.0 AppleWebKit/537.36 (KHTML, like Gecko; compatible; GPTBot/1.3; +https://openai.com/gptbot)"
74.7.227.54 - - [01/Mar/2026:14:46:27 +0000] "GET /whsy.php?p=%2Fproc%2F11146%2Ftask%2F9360%2Ffd HTTP/2.0" 200 464894 "https://shakalar.com/whsy.php?p=%2Fproc%2F11146%2Ftask%2F9360" "Mozilla/5.0 AppleWebKit/537.36 (KHTML, like Gecko; compatible; GPTBot/1.3; +https://openai.com/gptbot)"
74.7.243.130 - - [01/Mar/2026:14:46:57 +0000] "GET /whsy.php?p=%2Fproc%2F24814%2Fattr HTTP/2.0" 200 912 "https://www.shakalar.com.lab2454.com/whsy.php?p=%2Fproc%2F24814" "Mozilla/5.0 AppleWebKit/537.36 (KHTML, like Gecko; compatible; GPTBot/1.3; +https://openai.com/gptbot)"
74.7.227.188 - - [01/Mar/2026:14:47:01 +0000] "GET /whsy.php?e=prev&p=%2Fproc%2F2471%2Fattr HTTP/2.0" 200 857 "https://www.shakalar.com/whsy.php?p=%2Fproc%2F2471%2Fattr" "Mozilla/5.0 AppleWebKit/537.36 (KHTML, like Gecko; compatible; GPTBot/1.3; +https://openai.com/gptbot)"
74.7.243.130 - - [01/Mar/2026:14:47:10 +0000] "GET /whsy.php?p=%2Fproc%2F29531%2Fnet HTTP/2.0" 200 912 "https://www.shakalar.com.lab2454.com/whsy.php?p=%2Fproc%2F29531" "Mozilla/5.0 AppleWebKit/537.36 (KHTML, like Gecko; compatible; GPTBot/1.3; +https://openai.com/gptbot)"
74.7.227.188 - - [01/Mar/2026:14:47:15 +0000] "GET /whsy.php?e=clear_refs&p=%2Fproc%2F2471 HTTP/2.0" 200 1934 "https://www.shakalar.com/whsy.php?p=%2Fproc%2F2471" "Mozilla/5.0 AppleWebKit/537.36 (KHTML, like Gecko; compatible; GPTBot/1.3; +https://openai.com/gptbot)"
74.7.243.130 - - [01/Mar/2026:14:47:22 +0000] "GET /whsy.php?p=%2Fproc%2F27173%2Fattr HTTP/2.0" 200 912 "https://www.shakalar.com.lab2454.com/whsy.php?p=%2Fproc%2F27173" "Mozilla/5.0 AppleWebKit/537.36 (KHTML, like Gecko; compatible; GPTBot/1.3; +https://openai.com/gptbot)"
74.7.227.188 - - [01/Mar/2026:14:47:29 +0000] "GET /whsy.php?e=cmdline&p=%2Fproc%2F2471 HTTP/2.0" 200 2021 "https://www.shakalar.com/whsy.php?p=%2Fproc%2F2471" "Mozilla/5.0 AppleWebKit/537.36 (KHTML, like Gecko; compatible; GPTBot/1.3; +https://openai.com/gptbot)"
74.7.243.130 - - [01/Mar/2026:14:47:43 +0000] "GET /whsy.php?p=%2Fproc%2F22859%2Fattr HTTP/2.0" 200 912 "https://www.shakalar.com.lab2454.com/whsy.php?p=%2Fproc%2F22859" "Mozilla/5.0 AppleWebKit/537.36 (KHTML, like Gecko; compatible; GPTBot/1.3; +https://openai.com/gptbot)"
74.7.227.188 - - [01/Mar/2026:14:47:48 +0000] "GET /whsy.php?e=arch_status&p=%2Fproc%2F2471 HTTP/2.0" 200 2003 "https://www.shakalar.com/whsy.php?p=%2Fproc%2F2471" "Mozilla/5.0 AppleWebKit/537.36 (KHTML, like Gecko; compatible; GPTBot/1.3; +https://openai.com/gptbot)"
74.7.243.130 - - [01/Mar/2026:14:47:53 +0000] "GET /whsy.php?p=%2Fproc%2F20915%2Ftask HTTP/2.0" 200 912 "https://www.shakalar.com.lab2454.com/whsy.php?p=%2Fproc%2F20915" "Mozilla/5.0 AppleWebKit/537.36 (KHTML, like Gecko; compatible; GPTBot/1.3; +https://openai.com/gptbot)"
74.7.227.188 - - [01/Mar/2026:14:47:56 +0000] "GET /whsy.php?e=environ&p=%2Fproc%2F2471 HTTP/2.0" 200 1934 "https://www.shakalar.com/whsy.php?p=%2Fproc%2F2471" "Mozilla/5.0 AppleWebKit/537.36 (KHTML, like Gecko; compatible; GPTBot/1.3; +https://openai.com/gptbot)"
74.7.243.130 - - [01/Mar/2026:14:48:02 +0000] "GET /whsy.php?p=%2Fproc%2F25075%2Ftask HTTP/2.0" 200 912 "https://www.shakalar.com.lab2454.com/whsy.php?p=%2Fproc%2F25075" "Mozilla/5.0 AppleWebKit/537.36 (KHTML, like Gecko; compatible; GPTBot/1.3; +https://openai.com/gptbot)"
74.7.227.54 - - [01/Mar/2026:14:47:36 +0000] "GET /whsy.php?p=%2Fproc%2F11146%2Ftask%2F9568%2Ffd HTTP/2.0" 200 479681 "https://shakalar.com/whsy.php?p=%2Fproc%2F11146%2Ftask%2F9568" "Mozilla/5.0 AppleWebKit/537.36 (KHTML, like Gecko; compatible; GPTBot/1.3; +https://openai.com/gptbot)"
74.7.227.188 - - [01/Mar/2026:14:48:07 +0000] "GET /whsy.php?p=%2Fproc%2F2471%2Ftask%2F11998 HTTP/2.0" 200 1800 "https://www.shakalar.com/whsy.php?p=%2Fproc%2F2471%2Ftask" "Mozilla/5.0 AppleWebKit/537.36 (KHTML, like Gecko; compatible; GPTBot/1.3; +https://openai.com/gptbot)"
74.7.243.130 - - [01/Mar/2026:14:48:12 +0000] "GET /whsy.php?p=%2Fproc%2F13501%2Fnet HTTP/2.0" 200 2441 "https://www.shakalar.com.lab2454.com/whsy.php?p=%2Fproc%2F13501" "Mozilla/5.0 AppleWebKit/537.36 (KHTML, like Gecko; compatible; GPTBot/1.3; +https://openai.com/gptbot)"
74.7.227.188 - - [01/Mar/2026:14:48:20 +0000] "GET /whsy.php?e=tcp6&p=%2Fproc%2F2471%2Fnet HTTP/2.0" 200 3900 "https://www.shakalar.com/whsy.php?p=%2Fproc%2F2471%2Fnet" "Mozilla/5.0 AppleWebKit/537.36 (KHTML, like Gecko; compatible; GPTBot/1.3; +https://openai.com/gptbot)"
74.7.243.130 - - [01/Mar/2026:14:48:29 +0000] "GET /whsy.php?p=%2Fproc%2F28840%2Fattr HTTP/2.0" 200 912 "https://www.shakalar.com.lab2454.com/whsy.php?p=%2Fproc%2F28840" "Mozilla/5.0 AppleWebKit/537.36 (KHTML, like Gecko; compatible; GPTBot/1.3; +https://openai.com/gptbot)"
74.7.227.188 - - [01/Mar/2026:14:48:34 +0000] "GET /whsy.php?e=icmp6&p=%2Fproc%2F2471%2Fnet HTTP/2.0" 200 2583 "https://www.shakalar.com/whsy.php?p=%2Fproc%2F2471%2Fnet" "Mozilla/5.0 AppleWebKit/537.36 (KHTML, like Gecko; compatible; GPTBot/1.3; +https://openai.com/gptbot)"
176.31.139.16 - - [01/Mar/2026:14:48:36 +0000] "GET /robots.txt HTTP/2.0" 404 - "-" "Mozilla/5.0 (compatible; AhrefsBot/7.0; +http://ahrefs.com/robot/)"
51.195.183.8 - - [01/Mar/2026:14:48:39 +0000] "GET /whsy.php?p=%2Fhome%2Flab2454c%2Fhealthvalidate.com HTTP/2.0" 200 1709 "-" "Mozilla/5.0 (compatible; AhrefsBot/7.0; +http://ahrefs.com/robot/)"
74.7.243.130 - - [01/Mar/2026:14:48:40 +0000] "GET /whsy.php?p=%2Fproc%2F26456%2Ftask HTTP/2.0" 200 912 "https://www.shakalar.com.lab2454.com/whsy.php?p=%2Fproc%2F26456" "Mozilla/5.0 AppleWebKit/537.36 (KHTML, like Gecko; compatible; GPTBot/1.3; +https://openai.com/gptbot)"
74.7.227.188 - - [01/Mar/2026:14:48:44 +0000] "GET /whsy.php?e=connector&p=%2Fproc%2F2471%2Fnet HTTP/2.0" 200 2522 "https://www.shakalar.com/whsy.php?p=%2Fproc%2F2471%2Fnet" "Mozilla/5.0 AppleWebKit/537.36 (KHTML, like Gecko; compatible; GPTBot/1.3; +https://openai.com/gptbot)"
74.7.243.130 - - [01/Mar/2026:14:48:48 +0000] "GET /whsy.php?p=%2Fproc%2F11927%2Fattr HTTP/2.0" 200 912 "https://www.shakalar.com.lab2454.com/whsy.php?p=%2Fproc%2F11927" "Mozilla/5.0 AppleWebKit/537.36 (KHTML, like Gecko; compatible; GPTBot/1.3; +https://openai.com/gptbot)"
74.7.227.188 - - [01/Mar/2026:14:48:52 +0000] "GET /whsy.php?e=udp6&p=%2Fproc%2F2471%2Fnet HTTP/2.0" 200 2681 "https://www.shakalar.com/whsy.php?p=%2Fproc%2F2471%2Fnet" "Mozilla/5.0 AppleWebKit/537.36 (KHTML, like Gecko; compatible; GPTBot/1.3; +https://openai.com/gptbot)"
74.7.243.130 - - [01/Mar/2026:14:48:55 +0000] "GET /whsy.php?p=%2Fproc%2F24504%2Fnet HTTP/2.0" 200 912 "https://www.shakalar.com.lab2454.com/whsy.php?p=%2Fproc%2F24504" "Mozilla/5.0 AppleWebKit/537.36 (KHTML, like Gecko; compatible; GPTBot/1.3; +https://openai.com/gptbot)"
74.7.244.52 - - [01/Mar/2026:14:48:56 +0000] "GET /robots.txt HTTP/2.0" 404 - "-" "Mozilla/5.0 (Macintosh; Intel Mac OS X 10_15_7) AppleWebKit/537.36 (KHTML, like Gecko) Chrome/131.0.0.0 Safari/537.36; compatible; OAI-SearchBot/1.3; robots.txt; +https://openai.com/searchbot"
74.7.227.188 - - [01/Mar/2026:14:48:59 +0000] "GET /whsy.php?e=raw6&p=%2Fproc%2F2471%2Fnet HTTP/2.0" 200 2582 "https://www.shakalar.com/whsy.php?p=%2Fproc%2F2471%2Fnet" "Mozilla/5.0 AppleWebKit/537.36 (KHTML, like Gecko; compatible; GPTBot/1.3; +https://openai.com/gptbot)"
74.7.227.54 - - [01/Mar/2026:14:48:33 +0000] "GET /whsy.php?p=%2Fproc%2F11146%2Ftask%2F9356%2Ffd HTTP/2.0" 200 584039 "https://shakalar.com/whsy.php?p=%2Fproc%2F11146%2Ftask%2F9356" "Mozilla/5.0 AppleWebKit/537.36 (KHTML, like Gecko; compatible; GPTBot/1.3; +https://openai.com/gptbot)"
74.7.243.130 - - [01/Mar/2026:14:49:03 +0000] "GET /whsy.php?p=%2Fproc%2F30982%2Fnet HTTP/2.0" 200 912 "https://www.shakalar.com.lab2454.com/whsy.php?p=%2Fproc%2F30982" "Mozilla/5.0 AppleWebKit/537.36 (KHTML, like Gecko; compatible; GPTBot/1.3; +https://openai.com/gptbot)"
74.7.227.188 - - [01/Mar/2026:14:49:07 +0000] "GET /whsy.php?e=igmp6&p=%2Fproc%2F2471%2Fnet HTTP/2.0" 200 2721 "https://www.shakalar.com/whsy.php?p=%2Fproc%2F2471%2Fnet" "Mozilla/5.0 AppleWebKit/537.36 (KHTML, like Gecko; compatible; GPTBot/1.3; +https://openai.com/gptbot)"
74.7.243.130 - - [01/Mar/2026:14:49:11 +0000] "GET /whsy.php?p=%2Fproc%2F24829%2Fattr HTTP/2.0" 200 912 "https://www.shakalar.com.lab2454.com/whsy.php?p=%2Fproc%2F24829" "Mozilla/5.0 AppleWebKit/537.36 (KHTML, like Gecko; compatible; GPTBot/1.3; +https://openai.com/gptbot)"
74.7.227.188 - - [01/Mar/2026:14:49:15 +0000] "GET /whsy.php?e=mcfilter&p=%2Fproc%2F2471%2Fnet HTTP/2.0" 200 2537 "https://www.shakalar.com/whsy.php?p=%2Fproc%2F2471%2Fnet" "Mozilla/5.0 AppleWebKit/537.36 (KHTML, like Gecko; compatible; GPTBot/1.3; +https://openai.com/gptbot)"
74.7.243.130 - - [01/Mar/2026:14:49:19 +0000] "GET /whsy.php?p=%2Fproc%2F31022%2Fattr HTTP/2.0" 200 799 "https://www.shakalar.com.lab2454.com/whsy.php?p=%2Fproc%2F31022" "Mozilla/5.0 AppleWebKit/537.36 (KHTML, like Gecko; compatible; GPTBot/1.3; +https://openai.com/gptbot)"
74.7.227.188 - - [01/Mar/2026:14:49:22 +0000] "GET /whsy.php?e=dev_mcast&p=%2Fproc%2F2471%2Fnet HTTP/2.0" 200 2576 "https://www.shakalar.com/whsy.php?p=%2Fproc%2F2471%2Fnet" "Mozilla/5.0 AppleWebKit/537.36 (KHTML, like Gecko; compatible; GPTBot/1.3; +https://openai.com/gptbot)"
74.7.243.130 - - [01/Mar/2026:14:49:26 +0000] "GET /whsy.php?p=%2Fproc%2F26859%2Ftask HTTP/2.0" 200 912 "https://www.shakalar.com.lab2454.com/whsy.php?p=%2Fproc%2F26859" "Mozilla/5.0 AppleWebKit/537.36 (KHTML, like Gecko; compatible; GPTBot/1.3; +https://openai.com/gptbot)"
74.7.227.188 - - [01/Mar/2026:14:49:28 +0000] "GET /whsy.php?e=xfrm_stat&p=%2Fproc%2F2471%2Fnet HTTP/2.0" 200 2714 "https://www.shakalar.com/whsy.php?p=%2Fproc%2F2471%2Fnet" "Mozilla/5.0 AppleWebKit/537.36 (KHTML, like Gecko; compatible; GPTBot/1.3; +https://openai.com/gptbot)"
74.7.243.130 - - [01/Mar/2026:14:49:31 +0000] "GET /whsy.php?p=%2Fproc%2F20840%2Fattr HTTP/2.0" 200 912 "https://www.shakalar.com.lab2454.com/whsy.php?p=%2Fproc%2F20840" "Mozilla/5.0 AppleWebKit/537.36 (KHTML, like Gecko; compatible; GPTBot/1.3; +https://openai.com/gptbot)"
74.7.227.188 - - [01/Mar/2026:14:49:33 +0000] "GET /whsy.php?e=fib_trie&p=%2Fproc%2F2471%2Fnet HTTP/2.0" 200 2693 "https://www.shakalar.com/whsy.php?p=%2Fproc%2F2471%2Fnet" "Mozilla/5.0 AppleWebKit/537.36 (KHTML, like Gecko; compatible; GPTBot/1.3; +https://openai.com/gptbot)"
74.7.243.130 - - [01/Mar/2026:14:49:35 +0000] "GET /whsy.php?p=%2Fproc%2F29138%2Fnet HTTP/2.0" 200 912 "https://www.shakalar.com.lab2454.com/whsy.php?p=%2Fproc%2F29138" "Mozilla/5.0 AppleWebKit/537.36 (KHTML, like Gecko; compatible; GPTBot/1.3; +https://openai.com/gptbot)"
74.7.227.188 - - [01/Mar/2026:14:49:37 +0000] "GET /whsy.php?e=udplite6&p=%2Fproc%2F2471%2Fnet HTTP/2.0" 200 2585 "https://www.shakalar.com/whsy.php?p=%2Fproc%2F2471%2Fnet" "Mozilla/5.0 AppleWebKit/537.36 (KHTML, like Gecko; compatible; GPTBot/1.3; +https://openai.com/gptbot)"
74.7.243.130 - - [01/Mar/2026:14:49:39 +0000] "GET /whsy.php?p=%2Fproc%2F13501%2Fnet%2Fip6t_hashlimit HTTP/2.0" 200 501 "https://www.shakalar.com.lab2454.com/whsy.php?p=%2Fproc%2F13501%2Fnet" "Mozilla/5.0 AppleWebKit/537.36 (KHTML, like Gecko; compatible; GPTBot/1.3; +https://openai.com/gptbot)"
74.7.227.188 - - [01/Mar/2026:14:49:41 +0000] "GET /whsy.php?e=ptype&p=%2Fproc%2F2471%2Fnet HTTP/2.0" 200 2616 "https://www.shakalar.com/whsy.php?p=%2Fproc%2F2471%2Fnet" "Mozilla/5.0 AppleWebKit/537.36 (KHTML, like Gecko; compatible; GPTBot/1.3; +https://openai.com/gptbot)"
74.7.243.130 - - [01/Mar/2026:14:49:44 +0000] "GET /whsy.php?e=netlink&p=%2Fproc%2F13501%2Fnet HTTP/2.0" 200 2812 "https://www.shakalar.com.lab2454.com/whsy.php?p=%2Fproc%2F13501%2Fnet" "Mozilla/5.0 AppleWebKit/537.36 (KHTML, like Gecko; compatible; GPTBot/1.3; +https://openai.com/gptbot)"
74.7.227.188 - - [01/Mar/2026:14:49:45 +0000] "GET /whsy.php?e=mcfilter6&p=%2Fproc%2F2471%2Fnet HTTP/2.0" 200 2553 "https://www.shakalar.com/whsy.php?p=%2Fproc%2F2471%2Fnet" "Mozilla/5.0 AppleWebKit/537.36 (KHTML, like Gecko; compatible; GPTBot/1.3; +https://openai.com/gptbot)"
74.7.243.130 - - [01/Mar/2026:14:49:48 +0000] "GET /whsy.php?e=tls_stat&p=%2Fproc%2F13501%2Fnet HTTP/2.0" 200 2601 "https://www.shakalar.com.lab2454.com/whsy.php?p=%2Fproc%2F13501%2Fnet" "Mozilla/5.0 AppleWebKit/537.36 (KHTML, like Gecko; compatible; GPTBot/1.3; +https://openai.com/gptbot)"
74.7.227.188 - - [01/Mar/2026:14:49:50 +0000] "GET /whsy.php?e=pppoe&p=%2Fproc%2F2471%2Fnet HTTP/2.0" 200 2523 "https://www.shakalar.com/whsy.php?p=%2Fproc%2F2471%2Fnet" "Mozilla/5.0 AppleWebKit/537.36 (KHTML, like Gecko; compatible; GPTBot/1.3; +https://openai.com/gptbot)"
74.7.243.130 - - [01/Mar/2026:14:49:52 +0000] "GET /whsy.php?p=%2Fproc%2F29825%2Ftask HTTP/2.0" 200 912 "https://www.shakalar.com.lab2454.com/whsy.php?p=%2Fproc%2F29825" "Mozilla/5.0 AppleWebKit/537.36 (KHTML, like Gecko; compatible; GPTBot/1.3; +https://openai.com/gptbot)"
74.7.227.188 - - [01/Mar/2026:14:49:54 +0000] "GET /whsy.php?e=sockstat&p=%2Fproc%2F2471%2Fnet HTTP/2.0" 200 2605 "https://www.shakalar.com/whsy.php?p=%2Fproc%2F2471%2Fnet" "Mozilla/5.0 AppleWebKit/537.36 (KHTML, like Gecko; compatible; GPTBot/1.3; +https://openai.com/gptbot)"
74.7.243.130 - - [01/Mar/2026:14:49:56 +0000] "GET /whsy.php?p=%2Fproc%2F27486%2Fnet HTTP/2.0" 200 912 "https://www.shakalar.com.lab2454.com/whsy.php?p=%2Fproc%2F27486" "Mozilla/5.0 AppleWebKit/537.36 (KHTML, like Gecko; compatible; GPTBot/1.3; +https://openai.com/gptbot)"
74.7.227.54 - - [01/Mar/2026:14:49:29 +0000] "GET /whsy.php?p=%2Fproc%2F11146%2Ftask%2F10925%2Ffd HTTP/2.0" 200 763781 "https://shakalar.com/whsy.php?p=%2Fproc%2F11146%2Ftask%2F10925" "Mozilla/5.0 AppleWebKit/537.36 (KHTML, like Gecko; compatible; GPTBot/1.3; +https://openai.com/gptbot)"
74.7.243.130 - - [01/Mar/2026:14:50:02 +0000] "GET /whsy.php?p=%2Fproc%2F11893%2Fnet HTTP/2.0" 200 2441 "https://www.shakalar.com.lab2454.com/whsy.php?p=%2Fproc%2F11893" "Mozilla/5.0 AppleWebKit/537.36 (KHTML, like Gecko; compatible; GPTBot/1.3; +https://openai.com/gptbot)"
74.7.227.188 - - [01/Mar/2026:14:50:04 +0000] "GET /whsy.php?e=udplite&p=%2Fproc%2F2471%2Fnet HTTP/2.0" 200 2583 "https://www.shakalar.com/whsy.php?p=%2Fproc%2F2471%2Fnet" "Mozilla/5.0 AppleWebKit/537.36 (KHTML, like Gecko; compatible; GPTBot/1.3; +https://openai.com/gptbot)"
74.7.230.54 - - [01/Mar/2026:14:50:04 +0000] "GET /robots.txt HTTP/2.0" 404 - "-" "Mozilla/5.0 (Macintosh; Intel Mac OS X 10_15_7) AppleWebKit/537.36 (KHTML, like Gecko) Chrome/131.0.0.0 Safari/537.36; compatible; OAI-SearchBot/1.3; robots.txt; +https://openai.com/searchbot"
74.7.243.130 - - [01/Mar/2026:14:50:06 +0000] "GET /whsy.php?p=%2Fproc%2F19726%2Fnet HTTP/2.0" 200 912 "https://www.shakalar.com.lab2454.com/whsy.php?p=%2Fproc%2F19726" "Mozilla/5.0 AppleWebKit/537.36 (KHTML, like Gecko; compatible; GPTBot/1.3; +https://openai.com/gptbot)"
74.7.227.188 - - [01/Mar/2026:14:50:08 +0000] "GET /whsy.php?p=%2Fproc%2F2471%2Fnet%2Fnetfilter HTTP/2.0" 200 731 "https://www.shakalar.com/whsy.php?p=%2Fproc%2F2471%2Fnet" "Mozilla/5.0 AppleWebKit/537.36 (KHTML, like Gecko; compatible; GPTBot/1.3; +https://openai.com/gptbot)"
74.7.227.188 - - [01/Mar/2026:14:50:17 +0000] "GET /whsy.php?e=tls_stat&p=%2Fproc%2F2471%2Fnet HTTP/2.0" 200 2600 "https://www.shakalar.com/whsy.php?p=%2Fproc%2F2471%2Fnet" "Mozilla/5.0 AppleWebKit/537.36 (KHTML, like Gecko; compatible; GPTBot/1.3; +https://openai.com/gptbot)"
74.7.243.130 - - [01/Mar/2026:14:50:26 +0000] "GET /whsy.php?p=%2Fproc%2F20134%2Fattr HTTP/2.0" 200 912 "https://www.shakalar.com.lab2454.com/whsy.php?p=%2Fproc%2F20134" "Mozilla/5.0 AppleWebKit/537.36 (KHTML, like Gecko; compatible; GPTBot/1.3; +https://openai.com/gptbot)"
74.7.227.188 - - [01/Mar/2026:14:50:34 +0000] "GET /whsy.php?e=ip_mr_vif&p=%2Fproc%2F2471%2Fnet HTTP/2.0" 200 2551 "https://www.shakalar.com/whsy.php?p=%2Fproc%2F2471%2Fnet" "Mozilla/5.0 AppleWebKit/537.36 (KHTML, like Gecko; compatible; GPTBot/1.3; +https://openai.com/gptbot)"
74.7.243.130 - - [01/Mar/2026:14:50:41 +0000] "GET /whsy.php?p=%2Fproc%2F16510%2Fattr HTTP/2.0" 200 912 "https://www.shakalar.com.lab2454.com/whsy.php?p=%2Fproc%2F16510" "Mozilla/5.0 AppleWebKit/537.36 (KHTML, like Gecko; compatible; GPTBot/1.3; +https://openai.com/gptbot)"
74.7.227.188 - - [01/Mar/2026:14:50:49 +0000] "GET /whsy.php?e=psched&p=%2Fproc%2F2471%2Fnet HTTP/2.0" 200 2531 "https://www.shakalar.com/whsy.php?p=%2Fproc%2F2471%2Fnet" "Mozilla/5.0 AppleWebKit/537.36 (KHTML, like Gecko; compatible; GPTBot/1.3; +https://openai.com/gptbot)"
74.7.243.130 - - [01/Mar/2026:14:50:58 +0000] "GET /whsy.php?p=%2Fproc%2F30311%2Ftask HTTP/2.0" 200 912 "https://www.shakalar.com.lab2454.com/whsy.php?p=%2Fproc%2F30311" "Mozilla/5.0 AppleWebKit/537.36 (KHTML, like Gecko; compatible; GPTBot/1.3; +https://openai.com/gptbot)"
74.7.227.188 - - [01/Mar/2026:14:51:04 +0000] "GET /whsy.php?p=%2Fproc%2F2471%2Fnet%2Frpc HTTP/2.0" 200 859 "https://www.shakalar.com/whsy.php?p=%2Fproc%2F2471%2Fnet" "Mozilla/5.0 AppleWebKit/537.36 (KHTML, like Gecko; compatible; GPTBot/1.3; +https://openai.com/gptbot)"
74.7.227.54 - - [01/Mar/2026:14:50:41 +0000] "GET /whsy.php?p=%2Fproc%2F11146%2Ftask%2F9572%2Ffd HTTP/2.0" 200 290318 "https://shakalar.com/whsy.php?p=%2Fproc%2F11146%2Ftask%2F9572" "Mozilla/5.0 AppleWebKit/537.36 (KHTML, like Gecko; compatible; GPTBot/1.3; +https://openai.com/gptbot)"
74.7.243.130 - - [01/Mar/2026:14:51:11 +0000] "GET /whsy.php?p=%2Fproc%2F25134%2Fattr HTTP/2.0" 200 912 "https://www.shakalar.com.lab2454.com/whsy.php?p=%2Fproc%2F25134" "Mozilla/5.0 AppleWebKit/537.36 (KHTML, like Gecko; compatible; GPTBot/1.3; +https://openai.com/gptbot)"
74.7.227.188 - - [01/Mar/2026:14:51:15 +0000] "GET /whsy.php?e=if_inet6&p=%2Fproc%2F2471%2Fnet HTTP/2.0" 200 2569 "https://www.shakalar.com/whsy.php?p=%2Fproc%2F2471%2Fnet" "Mozilla/5.0 AppleWebKit/537.36 (KHTML, like Gecko; compatible; GPTBot/1.3; +https://openai.com/gptbot)"
74.7.243.130 - - [01/Mar/2026:14:51:21 +0000] "GET /whsy.php?p=%2Fproc%2F12673%2Ftask HTTP/2.0" 200 912 "https://www.shakalar.com.lab2454.com/whsy.php?p=%2Fproc%2F12673" "Mozilla/5.0 AppleWebKit/537.36 (KHTML, like Gecko; compatible; GPTBot/1.3; +https://openai.com/gptbot)"
74.7.227.188 - - [01/Mar/2026:14:51:26 +0000] "GET /whsy.php?p=%2Fproc%2F2471%2Fnet%2Fipt_hashlimit HTTP/2.0" 200 499 "https://www.shakalar.com/whsy.php?p=%2Fproc%2F2471%2Fnet" "Mozilla/5.0 AppleWebKit/537.36 (KHTML, like Gecko; compatible; GPTBot/1.3; +https://openai.com/gptbot)"
74.7.243.130 - - [01/Mar/2026:14:51:31 +0000] "GET /whsy.php?p=%2Fproc%2F25373%2Fattr HTTP/2.0" 200 912 "https://www.shakalar.com.lab2454.com/whsy.php?p=%2Fproc%2F25373" "Mozilla/5.0 AppleWebKit/537.36 (KHTML, like Gecko; compatible; GPTBot/1.3; +https://openai.com/gptbot)"
74.7.227.188 - - [01/Mar/2026:14:51:36 +0000] "GET /whsy.php?e=rt_cache&p=%2Fproc%2F2471%2Fnet HTTP/2.0" 200 2597 "https://www.shakalar.com/whsy.php?p=%2Fproc%2F2471%2Fnet" "Mozilla/5.0 AppleWebKit/537.36 (KHTML, like Gecko; compatible; GPTBot/1.3; +https://openai.com/gptbot)"
74.7.243.130 - - [01/Mar/2026:14:51:42 +0000] "GET /whsy.php?p=%2Fproc%2F25403%2Ftask HTTP/2.0" 200 912 "https://www.shakalar.com.lab2454.com/whsy.php?p=%2Fproc%2F25403" "Mozilla/5.0 AppleWebKit/537.36 (KHTML, like Gecko; compatible; GPTBot/1.3; +https://openai.com/gptbot)"
74.7.227.188 - - [01/Mar/2026:14:51:47 +0000] "GET /whsy.php?e=sockstat6&p=%2Fproc%2F2471%2Fnet HTTP/2.0" 200 2561 "https://www.shakalar.com/whsy.php?p=%2Fproc%2F2471%2Fnet" "Mozilla/5.0 AppleWebKit/537.36 (KHTML, like Gecko; compatible; GPTBot/1.3; +https://openai.com/gptbot)"
74.7.243.130 - - [01/Mar/2026:14:51:51 +0000] "GET /whsy.php?p=%2Fproc%2F29593%2Fnet HTTP/2.0" 200 912 "https://www.shakalar.com.lab2454.com/whsy.php?p=%2Fproc%2F29593" "Mozilla/5.0 AppleWebKit/537.36 (KHTML, like Gecko; compatible; GPTBot/1.3; +https://openai.com/gptbot)"
74.7.227.188 - - [01/Mar/2026:14:51:55 +0000] "GET /whsy.php?e=anycast6&p=%2Fproc%2F2471%2Fnet HTTP/2.0" 200 2506 "https://www.shakalar.com/whsy.php?p=%2Fproc%2F2471%2Fnet" "Mozilla/5.0 AppleWebKit/537.36 (KHTML, like Gecko; compatible; GPTBot/1.3; +https://openai.com/gptbot)"
74.7.243.130 - - [01/Mar/2026:14:51:59 +0000] "GET /whsy.php?p=%2Fproc%2F11893%2Fnet%2Fip6t_hashlimit HTTP/2.0" 200 502 "https://www.shakalar.com.lab2454.com/whsy.php?p=%2Fproc%2F11893%2Fnet" "Mozilla/5.0 AppleWebKit/537.36 (KHTML, like Gecko; compatible; GPTBot/1.3; +https://openai.com/gptbot)"
74.7.227.188 - - [01/Mar/2026:14:52:03 +0000] "GET /whsy.php?e=rt6_stats&p=%2Fproc%2F2471%2Fnet HTTP/2.0" 200 2529 "https://www.shakalar.com/whsy.php?p=%2Fproc%2F2471%2Fnet" "Mozilla/5.0 AppleWebKit/537.36 (KHTML, like Gecko; compatible; GPTBot/1.3; +https://openai.com/gptbot)"
74.7.243.130 - - [01/Mar/2026:14:52:07 +0000] "GET /whsy.php?e=tls_stat&p=%2Fproc%2F11893%2Fnet HTTP/2.0" 200 2601 "https://www.shakalar.com.lab2454.com/whsy.php?p=%2Fproc%2F11893%2Fnet" "Mozilla/5.0 AppleWebKit/537.36 (KHTML, like Gecko; compatible; GPTBot/1.3; +https://openai.com/gptbot)"
74.7.227.54 - - [01/Mar/2026:14:51:41 +0000] "GET /whsy.php?p=%2Fproc%2F11146%2Ftask%2F9358%2Fns HTTP/2.0" 200 339665 "https://shakalar.com/whsy.php?p=%2Fproc%2F11146%2Ftask%2F9358" "Mozilla/5.0 AppleWebKit/537.36 (KHTML, like Gecko; compatible; GPTBot/1.3; +https://openai.com/gptbot)"
74.7.230.1 - - [01/Mar/2026:14:52:11 +0000] "GET /robots.txt HTTP/2.0" 404 - "-" "Mozilla/5.0 (Macintosh; Intel Mac OS X 10_15_7) AppleWebKit/537.36 (KHTML, like Gecko) Chrome/131.0.0.0 Safari/537.36; compatible; OAI-SearchBot/1.3; robots.txt; +https://openai.com/searchbot"
74.7.227.188 - - [01/Mar/2026:14:52:11 +0000] "GET /whsy.php?p=%2Fproc%2F2471%2Fnet%2Fip6t_hashlimit HTTP/2.0" 200 500 "https://www.shakalar.com/whsy.php?p=%2Fproc%2F2471%2Fnet" "Mozilla/5.0 AppleWebKit/537.36 (KHTML, like Gecko; compatible; GPTBot/1.3; +https://openai.com/gptbot)"
74.7.243.130 - - [01/Mar/2026:14:52:15 +0000] "GET /whsy.php?e=netlink&p=%2Fproc%2F11893%2Fnet HTTP/2.0" 200 2812 "https://www.shakalar.com.lab2454.com/whsy.php?p=%2Fproc%2F11893%2Fnet" "Mozilla/5.0 AppleWebKit/537.36 (KHTML, like Gecko; compatible; GPTBot/1.3; +https://openai.com/gptbot)"
74.7.227.188 - - [01/Mar/2026:14:52:20 +0000] "GET /whsy.php?e=netstat&p=%2Fproc%2F2471%2Fnet HTTP/2.0" 200 4237 "https://www.shakalar.com/whsy.php?p=%2Fproc%2F2471%2Fnet" "Mozilla/5.0 AppleWebKit/537.36 (KHTML, like Gecko; compatible; GPTBot/1.3; +https://openai.com/gptbot)"
74.7.243.130 - - [01/Mar/2026:14:52:23 +0000] "GET /whsy.php?p=%2Fproc%2F13493%2Fnet HTTP/2.0" 200 912 "https://www.shakalar.com.lab2454.com/whsy.php?p=%2Fproc%2F13493" "Mozilla/5.0 AppleWebKit/537.36 (KHTML, like Gecko; compatible; GPTBot/1.3; +https://openai.com/gptbot)"
74.7.227.188 - - [01/Mar/2026:14:52:28 +0000] "GET /whsy.php?e=protocols&p=%2Fproc%2F2471%2Fnet HTTP/2.0" 200 2955 "https://www.shakalar.com/whsy.php?p=%2Fproc%2F2471%2Fnet" "Mozilla/5.0 AppleWebKit/537.36 (KHTML, like Gecko; compatible; GPTBot/1.3; +https://openai.com/gptbot)"
74.7.243.130 - - [01/Mar/2026:14:52:32 +0000] "GET /whsy.php?p=%2Fproc%2F26410%2Ftask HTTP/2.0" 200 912 "https://www.shakalar.com.lab2454.com/whsy.php?p=%2Fproc%2F26410" "Mozilla/5.0 AppleWebKit/537.36 (KHTML, like Gecko; compatible; GPTBot/1.3; +https://openai.com/gptbot)"
74.7.227.188 - - [01/Mar/2026:14:52:36 +0000] "GET /whsy.php?e=arp&p=%2Fproc%2F2471%2Fnet HTTP/2.0" 200 2578 "https://www.shakalar.com/whsy.php?p=%2Fproc%2F2471%2Fnet" "Mozilla/5.0 AppleWebKit/537.36 (KHTML, like Gecko; compatible; GPTBot/1.3; +https://openai.com/gptbot)"
74.7.243.130 - - [01/Mar/2026:14:52:40 +0000] "GET /whsy.php?p=%2Fproc%2F28321%2Fattr HTTP/2.0" 200 912 "https://www.shakalar.com.lab2454.com/whsy.php?p=%2Fproc%2F28321" "Mozilla/5.0 AppleWebKit/537.36 (KHTML, like Gecko; compatible; GPTBot/1.3; +https://openai.com/gptbot)"
74.7.227.188 - - [01/Mar/2026:14:52:43 +0000] "GET /whsy.php?e=nfs&p=%2Fproc%2F2471%2Fnet%2Frpc HTTP/2.0" 200 952 "https://www.shakalar.com/whsy.php?p=%2Fproc%2F2471%2Fnet%2Frpc" "Mozilla/5.0 AppleWebKit/537.36 (KHTML, like Gecko; compatible; GPTBot/1.3; +https://openai.com/gptbot)"
74.7.243.130 - - [01/Mar/2026:14:52:47 +0000] "GET /whsy.php?p=%2Fproc%2F10991%2Ftask HTTP/2.0" 200 912 "https://www.shakalar.com.lab2454.com/whsy.php?p=%2Fproc%2F10991" "Mozilla/5.0 AppleWebKit/537.36 (KHTML, like Gecko; compatible; GPTBot/1.3; +https://openai.com/gptbot)"
74.7.227.188 - - [01/Mar/2026:14:52:51 +0000] "GET /whsy.php?p=%2Fproc%2F2471%2Fnet%2Frpc%2Fauth.unix.gid HTTP/2.0" 200 744 "https://www.shakalar.com/whsy.php?p=%2Fproc%2F2471%2Fnet%2Frpc" "Mozilla/5.0 AppleWebKit/537.36 (KHTML, like Gecko; compatible; GPTBot/1.3; +https://openai.com/gptbot)"
74.7.243.130 - - [01/Mar/2026:14:52:55 +0000] "GET /whsy.php?p=%2Fproc%2F18985%2Fattr HTTP/2.0" 200 912 "https://www.shakalar.com.lab2454.com/whsy.php?p=%2Fproc%2F18985" "Mozilla/5.0 AppleWebKit/537.36 (KHTML, like Gecko; compatible; GPTBot/1.3; +https://openai.com/gptbot)"
74.7.227.188 - - [01/Mar/2026:14:52:59 +0000] "GET /whsy.php?p=%2Fproc%2F2471%2Fnet%2Frpc%2Fauth.rpcsec.init HTTP/2.0" 200 714 "https://www.shakalar.com/whsy.php?p=%2Fproc%2F2471%2Fnet%2Frpc" "Mozilla/5.0 AppleWebKit/537.36 (KHTML, like Gecko; compatible; GPTBot/1.3; +https://openai.com/gptbot)"
74.7.243.130 - - [01/Mar/2026:14:53:04 +0000] "GET /whsy.php?p=%2Fproc%2F23820%2Ftask HTTP/2.0" 200 912 "https://www.shakalar.com.lab2454.com/whsy.php?p=%2Fproc%2F23820" "Mozilla/5.0 AppleWebKit/537.36 (KHTML, like Gecko; compatible; GPTBot/1.3; +https://openai.com/gptbot)"
74.7.227.188 - - [01/Mar/2026:14:53:09 +0000] "GET /whsy.php?e=tcp&p=%2Fproc%2F2471%2Fnet HTTP/2.0" 200 10967 "https://www.shakalar.com/whsy.php?p=%2Fproc%2F2471%2Fnet" "Mozilla/5.0 AppleWebKit/537.36 (KHTML, like Gecko; compatible; GPTBot/1.3; +https://openai.com/gptbot)"
74.7.227.54 - - [01/Mar/2026:14:52:41 +0000] "GET /whsy.php?p=%2Fproc%2F11146%2Ftask%2F9357%2Fns HTTP/2.0" 200 352679 "https://shakalar.com/whsy.php?p=%2Fproc%2F11146%2Ftask%2F9357" "Mozilla/5.0 AppleWebKit/537.36 (KHTML, like Gecko; compatible; GPTBot/1.3; +https://openai.com/gptbot)"
74.7.243.130 - - [01/Mar/2026:14:53:14 +0000] "GET /whsy.php?p=%2Fproc%2F27352%2Ftask HTTP/2.0" 200 912 "https://www.shakalar.com.lab2454.com/whsy.php?p=%2Fproc%2F27352" "Mozilla/5.0 AppleWebKit/537.36 (KHTML, like Gecko; compatible; GPTBot/1.3; +https://openai.com/gptbot)"
74.7.227.188 - - [01/Mar/2026:14:53:18 +0000] "GET /whsy.php?p=%2Fproc%2F2471%2Ftask%2F11998%2Fattr HTTP/2.0" 200 817 "https://www.shakalar.com/whsy.php?p=%2Fproc%2F2471%2Ftask%2F11998" "Mozilla/5.0 AppleWebKit/537.36 (KHTML, like Gecko; compatible; GPTBot/1.3; +https://openai.com/gptbot)"
74.7.243.130 - - [01/Mar/2026:14:53:23 +0000] "GET /whsy.php?p=%2Fproc%2F25097%2Fattr HTTP/2.0" 200 912 "https://www.shakalar.com.lab2454.com/whsy.php?p=%2Fproc%2F25097" "Mozilla/5.0 AppleWebKit/537.36 (KHTML, like Gecko; compatible; GPTBot/1.3; +https://openai.com/gptbot)"
74.7.227.188 - - [01/Mar/2026:14:53:27 +0000] "GET /whsy.php?e=snmp6&p=%2Fproc%2F2471%2Fnet HTTP/2.0" 200 3361 "https://www.shakalar.com/whsy.php?p=%2Fproc%2F2471%2Fnet" "Mozilla/5.0 AppleWebKit/537.36 (KHTML, like Gecko; compatible; GPTBot/1.3; +https://openai.com/gptbot)"
74.7.243.130 - - [01/Mar/2026:14:53:33 +0000] "GET /whsy.php?p=%2Fproc%2F29235%2Fnet HTTP/2.0" 200 912 "https://www.shakalar.com.lab2454.com/whsy.php?p=%2Fproc%2F29235" "Mozilla/5.0 AppleWebKit/537.36 (KHTML, like Gecko; compatible; GPTBot/1.3; +https://openai.com/gptbot)"
74.7.227.188 - - [01/Mar/2026:14:53:38 +0000] "GET /whsy.php?p=%2Fproc%2F2471%2Fnet%2Frpc%2Fnfs4.idtoname HTTP/2.0" 200 742 "https://www.shakalar.com/whsy.php?p=%2Fproc%2F2471%2Fnet%2Frpc" "Mozilla/5.0 AppleWebKit/537.36 (KHTML, like Gecko; compatible; GPTBot/1.3; +https://openai.com/gptbot)"
74.7.243.130 - - [01/Mar/2026:14:53:43 +0000] "GET /whsy.php?p=%2Fproc%2F26861%2Fattr HTTP/2.0" 200 912 "https://www.shakalar.com.lab2454.com/whsy.php?p=%2Fproc%2F26861" "Mozilla/5.0 AppleWebKit/537.36 (KHTML, like Gecko; compatible; GPTBot/1.3; +https://openai.com/gptbot)"
74.7.227.188 - - [01/Mar/2026:14:53:47 +0000] "GET /whsy.php?p=%2Fproc%2F2471%2Fnet%2Frpc%2Fnfs4.nametoid HTTP/2.0" 200 742 "https://www.shakalar.com/whsy.php?p=%2Fproc%2F2471%2Fnet%2Frpc" "Mozilla/5.0 AppleWebKit/537.36 (KHTML, like Gecko; compatible; GPTBot/1.3; +https://openai.com/gptbot)"
74.7.243.130 - - [01/Mar/2026:14:53:53 +0000] "GET /whsy.php?p=%2Fproc%2F31892%2Ftask HTTP/2.0" 200 912 "https://www.shakalar.com.lab2454.com/whsy.php?p=%2Fproc%2F31892" "Mozilla/5.0 AppleWebKit/537.36 (KHTML, like Gecko; compatible; GPTBot/1.3; +https://openai.com/gptbot)"
74.7.227.188 - - [01/Mar/2026:14:53:57 +0000] "GET /whsy.php?p=%2Fproc%2F2471%2Fnet%2Fxt_recent HTTP/2.0" 200 496 "https://www.shakalar.com/whsy.php?p=%2Fproc%2F2471%2Fnet" "Mozilla/5.0 AppleWebKit/537.36 (KHTML, like Gecko; compatible; GPTBot/1.3; +https://openai.com/gptbot)"
74.7.243.130 - - [01/Mar/2026:14:54:02 +0000] "GET /whsy.php?p=%2Fproc%2F17056%2Fattr HTTP/2.0" 200 912 "https://www.shakalar.com.lab2454.com/whsy.php?p=%2Fproc%2F17056" "Mozilla/5.0 AppleWebKit/537.36 (KHTML, like Gecko; compatible; GPTBot/1.3; +https://openai.com/gptbot)"
74.7.244.52 - - [01/Mar/2026:14:54:03 +0000] "GET /robots.txt HTTP/2.0" 404 - "-" "Mozilla/5.0 (Macintosh; Intel Mac OS X 10_15_7) AppleWebKit/537.36 (KHTML, like Gecko) Chrome/131.0.0.0 Safari/537.36; compatible; OAI-SearchBot/1.3; robots.txt; +https://openai.com/searchbot"
74.7.227.54 - - [01/Mar/2026:14:53:48 +0000] "GET /whsy.php?p=%2Fproc%2F11146%2Ftask%2F9360%2Fns HTTP/2.0" 200 339242 "https://shakalar.com/whsy.php?p=%2Fproc%2F11146%2Ftask%2F9360" "Mozilla/5.0 AppleWebKit/537.36 (KHTML, like Gecko; compatible; GPTBot/1.3; +https://openai.com/gptbot)"
74.7.243.130 - - [01/Mar/2026:14:54:18 +0000] "GET /whsy.php?p=%2Fproc%2F25494%2Fattr HTTP/2.0" 200 912 "https://www.shakalar.com.lab2454.com/whsy.php?p=%2Fproc%2F25494" "Mozilla/5.0 AppleWebKit/537.36 (KHTML, like Gecko; compatible; GPTBot/1.3; +https://openai.com/gptbot)"
74.7.243.130 - - [01/Mar/2026:14:54:30 +0000] "GET /whsy.php?p=%2Fproc%2F27973%2Ftask HTTP/2.0" 200 912 "https://www.shakalar.com.lab2454.com/whsy.php?p=%2Fproc%2F27973" "Mozilla/5.0 AppleWebKit/537.36 (KHTML, like Gecko; compatible; GPTBot/1.3; +https://openai.com/gptbot)"
74.7.227.188 - - [01/Mar/2026:14:54:06 +0000] "GET /whsy.php?p=%2Fproc%2F2471%2Ftask%2F11998%2Ffd HTTP/2.0" 200 524803 "https://www.shakalar.com/whsy.php?p=%2Fproc%2F2471%2Ftask%2F11998" "Mozilla/5.0 AppleWebKit/537.36 (KHTML, like Gecko; compatible; GPTBot/1.3; +https://openai.com/gptbot)"
74.7.243.130 - - [01/Mar/2026:14:54:40 +0000] "GET /whsy.php?p=%2Fproc%2F32145%2Fattr HTTP/2.0" 200 912 "https://www.shakalar.com.lab2454.com/whsy.php?p=%2Fproc%2F32145" "Mozilla/5.0 AppleWebKit/537.36 (KHTML, like Gecko; compatible; GPTBot/1.3; +https://openai.com/gptbot)"
74.7.227.188 - - [01/Mar/2026:14:54:45 +0000] "GET /whsy.php?p=%2Fproc%2F2471%2Fnet%2Frpc%2Fauth.rpcsec.context HTTP/2.0" 200 717 "https://www.shakalar.com/whsy.php?p=%2Fproc%2F2471%2Fnet%2Frpc" "Mozilla/5.0 AppleWebKit/537.36 (KHTML, like Gecko; compatible; GPTBot/1.3; +https://openai.com/gptbot)"
74.7.243.130 - - [01/Mar/2026:14:54:50 +0000] "GET /whsy.php?p=%2Fproc%2F31021%2Fnet HTTP/2.0" 200 2441 "https://www.shakalar.com.lab2454.com/whsy.php?p=%2Fproc%2F31021" "Mozilla/5.0 AppleWebKit/537.36 (KHTML, like Gecko; compatible; GPTBot/1.3; +https://openai.com/gptbot)"
74.7.243.130 - - [01/Mar/2026:14:55:02 +0000] "GET /whsy.php?p=%2Fproc%2F23591%2Fnet HTTP/2.0" 200 912 "https://www.shakalar.com.lab2454.com/whsy.php?p=%2Fproc%2F23591" "Mozilla/5.0 AppleWebKit/537.36 (KHTML, like Gecko; compatible; GPTBot/1.3; +https://openai.com/gptbot)"
74.7.243.130 - - [01/Mar/2026:14:55:11 +0000] "GET /whsy.php?p=%2Fproc%2F29570%2Ftask HTTP/2.0" 200 912 "https://www.shakalar.com.lab2454.com/whsy.php?p=%2Fproc%2F29570" "Mozilla/5.0 AppleWebKit/537.36 (KHTML, like Gecko; compatible; GPTBot/1.3; +https://openai.com/gptbot)"
74.7.243.130 - - [01/Mar/2026:14:55:20 +0000] "GET /whsy.php?p=%2Fproc%2F19821%2Fnet HTTP/2.0" 200 912 "https://www.shakalar.com.lab2454.com/whsy.php?p=%2Fproc%2F19821" "Mozilla/5.0 AppleWebKit/537.36 (KHTML, like Gecko; compatible; GPTBot/1.3; +https://openai.com/gptbot)"
74.7.227.54 - - [01/Mar/2026:14:54:55 +0000] "GET /whsy.php?p=%2Fproc%2F11146%2Ftask%2F9568%2Fns HTTP/2.0" 200 485174 "https://shakalar.com/whsy.php?p=%2Fproc%2F11146%2Ftask%2F9568" "Mozilla/5.0 AppleWebKit/537.36 (KHTML, like Gecko; compatible; GPTBot/1.3; +https://openai.com/gptbot)"
74.7.227.188 - - [01/Mar/2026:14:54:55 +0000] "GET /whsy.php?p=%2Fproc%2F2471%2Ftask%2F11998%2Fns HTTP/2.0" 200 488553 "https://www.shakalar.com/whsy.php?p=%2Fproc%2F2471%2Ftask%2F11998" "Mozilla/5.0 AppleWebKit/537.36 (KHTML, like Gecko; compatible; GPTBot/1.3; +https://openai.com/gptbot)"
74.7.230.54 - - [01/Mar/2026:14:55:25 +0000] "GET /robots.txt HTTP/2.0" 404 - "-" "Mozilla/5.0 (Macintosh; Intel Mac OS X 10_15_7) AppleWebKit/537.36 (KHTML, like Gecko) Chrome/131.0.0.0 Safari/537.36; compatible; OAI-SearchBot/1.3; robots.txt; +https://openai.com/searchbot"
74.7.243.130 - - [01/Mar/2026:14:55:28 +0000] "GET /whsy.php?p=%2Fproc%2F31028%2Ftask HTTP/2.0" 200 489 "https://www.shakalar.com.lab2454.com/whsy.php?p=%2Fproc%2F31028" "Mozilla/5.0 AppleWebKit/537.36 (KHTML, like Gecko; compatible; GPTBot/1.3; +https://openai.com/gptbot)"
74.7.227.188 - - [01/Mar/2026:14:55:34 +0000] "GET /whsy.php?e=snmp&p=%2Fproc%2F2471%2Fnet HTTP/2.0" 200 3229 "https://www.shakalar.com/whsy.php?p=%2Fproc%2F2471%2Fnet" "Mozilla/5.0 AppleWebKit/537.36 (KHTML, like Gecko; compatible; GPTBot/1.3; +https://openai.com/gptbot)"
74.7.243.130 - - [01/Mar/2026:14:55:38 +0000] "GET /whsy.php?p=%2Fproc%2F29118%2Fattr HTTP/2.0" 200 912 "https://www.shakalar.com.lab2454.com/whsy.php?p=%2Fproc%2F29118" "Mozilla/5.0 AppleWebKit/537.36 (KHTML, like Gecko; compatible; GPTBot/1.3; +https://openai.com/gptbot)"
74.7.243.130 - - [01/Mar/2026:14:55:46 +0000] "GET /whsy.php?p=%2Fproc%2F31819%2Fnet HTTP/2.0" 200 912 "https://www.shakalar.com.lab2454.com/whsy.php?p=%2Fproc%2F31819" "Mozilla/5.0 AppleWebKit/537.36 (KHTML, like Gecko; compatible; GPTBot/1.3; +https://openai.com/gptbot)"
74.7.243.130 - - [01/Mar/2026:14:55:55 +0000] "GET /whsy.php?p=%2Fproc%2F18084%2Fnet HTTP/2.0" 200 912 "https://www.shakalar.com.lab2454.com/whsy.php?p=%2Fproc%2F18084" "Mozilla/5.0 AppleWebKit/537.36 (KHTML, like Gecko; compatible; GPTBot/1.3; +https://openai.com/gptbot)"
74.7.243.130 - - [01/Mar/2026:14:56:02 +0000] "GET /whsy.php?p=%2Fproc%2F10213%2Fattr HTTP/2.0" 200 912 "https://www.shakalar.com.lab2454.com/whsy.php?p=%2Fproc%2F10213" "Mozilla/5.0 AppleWebKit/537.36 (KHTML, like Gecko; compatible; GPTBot/1.3; +https://openai.com/gptbot)"
74.7.243.130 - - [01/Mar/2026:14:56:08 +0000] "GET /whsy.php?p=%2Fproc%2F24829%2Fnet HTTP/2.0" 200 912 "https://www.shakalar.com.lab2454.com/whsy.php?p=%2Fproc%2F24829" "Mozilla/5.0 AppleWebKit/537.36 (KHTML, like Gecko; compatible; GPTBot/1.3; +https://openai.com/gptbot)"
74.7.227.188 - - [01/Mar/2026:14:55:43 +0000] "GET /whsy.php?p=%2Fproc%2F2471%2Ftask%2F11998%2Ffdinfo HTTP/2.0" 200 625149 "https://www.shakalar.com/whsy.php?p=%2Fproc%2F2471%2Ftask%2F11998" "Mozilla/5.0 AppleWebKit/537.36 (KHTML, like Gecko; compatible; GPTBot/1.3; +https://openai.com/gptbot)"
74.7.243.130 - - [01/Mar/2026:14:56:15 +0000] "GET /whsy.php?p=%2Fproc%2F21672%2Ftask HTTP/2.0" 200 912 "https://www.shakalar.com.lab2454.com/whsy.php?p=%2Fproc%2F21672" "Mozilla/5.0 AppleWebKit/537.36 (KHTML, like Gecko; compatible; GPTBot/1.3; +https://openai.com/gptbot)"
74.7.227.188 - - [01/Mar/2026:14:56:20 +0000] "GET /whsy.php?p=%2Fproc%2F2471%2Fnet%2Frpc%2Fnfsd.export HTTP/2.0" 200 741 "https://www.shakalar.com/whsy.php?p=%2Fproc%2F2471%2Fnet%2Frpc" "Mozilla/5.0 AppleWebKit/537.36 (KHTML, like Gecko; compatible; GPTBot/1.3; +https://openai.com/gptbot)"
74.7.243.130 - - [01/Mar/2026:14:56:22 +0000] "GET /whsy.php?e=raw6&p=%2Fproc%2F31021%2Fnet HTTP/2.0" 200 2582 "https://www.shakalar.com.lab2454.com/whsy.php?p=%2Fproc%2F31021%2Fnet" "Mozilla/5.0 AppleWebKit/537.36 (KHTML, like Gecko; compatible; GPTBot/1.3; +https://openai.com/gptbot)"
74.7.227.54 - - [01/Mar/2026:14:55:58 +0000] "GET /whsy.php?p=%2Fproc%2F11146%2Ftask%2F9365%2Fns HTTP/2.0" 200 656371 "https://shakalar.com/whsy.php?p=%2Fproc%2F11146%2Ftask%2F9365" "Mozilla/5.0 AppleWebKit/537.36 (KHTML, like Gecko; compatible; GPTBot/1.3; +https://openai.com/gptbot)"
74.7.243.130 - - [01/Mar/2026:14:56:34 +0000] "GET /whsy.php?e=udp6&p=%2Fproc%2F31021%2Fnet HTTP/2.0" 200 2681 "https://www.shakalar.com.lab2454.com/whsy.php?p=%2Fproc%2F31021%2Fnet" "Mozilla/5.0 AppleWebKit/537.36 (KHTML, like Gecko; compatible; GPTBot/1.3; +https://openai.com/gptbot)"
74.7.227.188 - - [01/Mar/2026:14:56:40 +0000] "GET /whsy.php?p=%2Fproc%2F2471%2Fnet%2Frpc%2Fauth.unix.ip HTTP/2.0" 200 743 "https://www.shakalar.com/whsy.php?p=%2Fproc%2F2471%2Fnet%2Frpc" "Mozilla/5.0 AppleWebKit/537.36 (KHTML, like Gecko; compatible; GPTBot/1.3; +https://openai.com/gptbot)"
74.7.243.130 - - [01/Mar/2026:14:56:52 +0000] "GET /whsy.php?e=route&p=%2Fproc%2F31021%2Fnet HTTP/2.0" 200 2637 "https://www.shakalar.com.lab2454.com/whsy.php?p=%2Fproc%2F31021%2Fnet" "Mozilla/5.0 AppleWebKit/537.36 (KHTML, like Gecko; compatible; GPTBot/1.3; +https://openai.com/gptbot)"
74.7.227.188 - - [01/Mar/2026:14:56:55 +0000] "GET /whsy.php?e=packet&p=%2Fproc%2F2471%2Fnet HTTP/2.0" 200 2572 "https://www.shakalar.com/whsy.php?p=%2Fproc%2F2471%2Fnet" "Mozilla/5.0 AppleWebKit/537.36 (KHTML, like Gecko; compatible; GPTBot/1.3; +https://openai.com/gptbot)"
74.7.243.130 - - [01/Mar/2026:14:57:02 +0000] "GET /whsy.php?e=pfkey&p=%2Fproc%2F31021%2Fnet HTTP/2.0" 200 2534 "https://www.shakalar.com.lab2454.com/whsy.php?p=%2Fproc%2F31021%2Fnet" "Mozilla/5.0 AppleWebKit/537.36 (KHTML, like Gecko; compatible; GPTBot/1.3; +https://openai.com/gptbot)"
74.7.227.188 - - [01/Mar/2026:14:57:05 +0000] "GET /whsy.php?p=%2Fproc%2F2471%2Fnet%2Frpc%2Fnfsd.fh HTTP/2.0" 200 738 "https://www.shakalar.com/whsy.php?p=%2Fproc%2F2471%2Fnet%2Frpc" "Mozilla/5.0 AppleWebKit/537.36 (KHTML, like Gecko; compatible; GPTBot/1.3; +https://openai.com/gptbot)"
74.7.243.130 - - [01/Mar/2026:14:57:12 +0000] "GET /whsy.php?e=ip_tables_targets&p=%2Fproc%2F31021%2Fnet HTTP/2.0" 200 2441 "https://www.shakalar.com.lab2454.com/whsy.php?p=%2Fproc%2F31021%2Fnet" "Mozilla/5.0 AppleWebKit/537.36 (KHTML, like Gecko; compatible; GPTBot/1.3; +https://openai.com/gptbot)"
74.7.227.188 - - [01/Mar/2026:14:57:14 +0000] "GET /whsy.php?p=%2Fproc%2F2471%2Fnet%2Fsctp HTTP/2.0" 200 751 "https://www.shakalar.com/whsy.php?p=%2Fproc%2F2471%2Fnet" "Mozilla/5.0 AppleWebKit/537.36 (KHTML, like Gecko; compatible; GPTBot/1.3; +https://openai.com/gptbot)"
74.7.243.130 - - [01/Mar/2026:14:57:20 +0000] "GET /whsy.php?e=ip_tables_matches&p=%2Fproc%2F31021%2Fnet HTTP/2.0" 200 2441 "https://www.shakalar.com.lab2454.com/whsy.php?p=%2Fproc%2F31021%2Fnet" "Mozilla/5.0 AppleWebKit/537.36 (KHTML, like Gecko; compatible; GPTBot/1.3; +https://openai.com/gptbot)"
74.7.227.188 - - [01/Mar/2026:14:57:22 +0000] "GET /whsy.php?p=%2Fproc%2F2471%2Fnet%2Fstat HTTP/2.0" 200 819 "https://www.shakalar.com/whsy.php?p=%2Fproc%2F2471%2Fnet" "Mozilla/5.0 AppleWebKit/537.36 (KHTML, like Gecko; compatible; GPTBot/1.3; +https://openai.com/gptbot)"
74.7.243.130 - - [01/Mar/2026:14:57:28 +0000] "GET /whsy.php?e=icmp&p=%2Fproc%2F31021%2Fnet HTTP/2.0" 200 2579 "https://www.shakalar.com.lab2454.com/whsy.php?p=%2Fproc%2F31021%2Fnet" "Mozilla/5.0 AppleWebKit/537.36 (KHTML, like Gecko; compatible; GPTBot/1.3; +https://openai.com/gptbot)"
74.7.227.188 - - [01/Mar/2026:14:57:29 +0000] "GET /whsy.php?p=%2Fproc%2F2471%2Fnet%2Fnfsfs HTTP/2.0" 200 699 "https://www.shakalar.com/whsy.php?p=%2Fproc%2F2471%2Fnet" "Mozilla/5.0 AppleWebKit/537.36 (KHTML, like Gecko; compatible; GPTBot/1.3; +https://openai.com/gptbot)"
74.7.243.130 - - [01/Mar/2026:14:57:34 +0000] "GET /whsy.php?e=fib_trie&p=%2Fproc%2F31021%2Fnet HTTP/2.0" 200 2693 "https://www.shakalar.com.lab2454.com/whsy.php?p=%2Fproc%2F31021%2Fnet" "Mozilla/5.0 AppleWebKit/537.36 (KHTML, like Gecko; compatible; GPTBot/1.3; +https://openai.com/gptbot)"
74.7.227.54 - - [01/Mar/2026:14:57:05 +0000] "GET /whsy.php?p=%2Fproc%2F11146%2Ftask%2F9356%2Fns HTTP/2.0" 200 657216 "https://shakalar.com/whsy.php?p=%2Fproc%2F11146%2Ftask%2F9356" "Mozilla/5.0 AppleWebKit/537.36 (KHTML, like Gecko; compatible; GPTBot/1.3; +https://openai.com/gptbot)"
74.7.230.1 - - [01/Mar/2026:14:57:35 +0000] "GET /robots.txt HTTP/2.0" 404 - "-" "Mozilla/5.0 (Macintosh; Intel Mac OS X 10_15_7) AppleWebKit/537.36 (KHTML, like Gecko) Chrome/131.0.0.0 Safari/537.36; compatible; OAI-SearchBot/1.3; robots.txt; +https://openai.com/searchbot"
74.7.227.188 - - [01/Mar/2026:14:57:36 +0000] "GET /whsy.php?p=%2Fproc%2F2471%2Fnet%2Frpc%2Fauth.rpcsec.context%2F.. HTTP/2.0" 200 859 "https://www.shakalar.com/whsy.php?p=%2Fproc%2F2471%2Fnet%2Frpc%2Fauth.rpcsec.context" "Mozilla/5.0 AppleWebKit/537.36 (KHTML, like Gecko; compatible; GPTBot/1.3; +https://openai.com/gptbot)"
74.7.243.130 - - [01/Mar/2026:14:57:40 +0000] "GET /whsy.php?e=mcfilter&p=%2Fproc%2F31021%2Fnet HTTP/2.0" 200 2537 "https://www.shakalar.com.lab2454.com/whsy.php?p=%2Fproc%2F31021%2Fnet" "Mozilla/5.0 AppleWebKit/537.36 (KHTML, like Gecko; compatible; GPTBot/1.3; +https://openai.com/gptbot)"
74.7.227.188 - - [01/Mar/2026:14:57:41 +0000] "GET /whsy.php?p=%2Fproc%2F2471%2Fnet%2Fdev_snmp6 HTTP/2.0" 200 980 "https://www.shakalar.com/whsy.php?p=%2Fproc%2F2471%2Fnet" "Mozilla/5.0 AppleWebKit/537.36 (KHTML, like Gecko; compatible; GPTBot/1.3; +https://openai.com/gptbot)"
74.7.243.130 - - [01/Mar/2026:14:57:46 +0000] "GET /whsy.php?p=%2Fproc%2F29628%2Fnet HTTP/2.0" 200 912 "https://www.shakalar.com.lab2454.com/whsy.php?p=%2Fproc%2F29628" "Mozilla/5.0 AppleWebKit/537.36 (KHTML, like Gecko; compatible; GPTBot/1.3; +https://openai.com/gptbot)"
74.7.227.188 - - [01/Mar/2026:14:57:48 +0000] "GET /whsy.php?p=%2Fproc%2F2471%2Fnet%2Fvlan HTTP/2.0" 200 661 "https://www.shakalar.com/whsy.php?p=%2Fproc%2F2471%2Fnet" "Mozilla/5.0 AppleWebKit/537.36 (KHTML, like Gecko; compatible; GPTBot/1.3; +https://openai.com/gptbot)"
74.7.243.130 - - [01/Mar/2026:14:57:53 +0000] "GET /whsy.php?p=%2Fproc%2F31863%2Fnet HTTP/2.0" 200 912 "https://www.shakalar.com.lab2454.com/whsy.php?p=%2Fproc%2F31863" "Mozilla/5.0 AppleWebKit/537.36 (KHTML, like Gecko; compatible; GPTBot/1.3; +https://openai.com/gptbot)"
74.7.227.188 - - [01/Mar/2026:14:57:55 +0000] "GET /whsy.php?p=%2Fproc%2F2471%2Ftask%2F11998%2Fnet HTTP/2.0" 200 2464 "https://www.shakalar.com/whsy.php?p=%2Fproc%2F2471%2Ftask%2F11998" "Mozilla/5.0 AppleWebKit/537.36 (KHTML, like Gecko; compatible; GPTBot/1.3; +https://openai.com/gptbot)"
74.7.243.130 - - [01/Mar/2026:14:58:00 +0000] "GET /whsy.php?p=%2Fproc%2F31253%2Fnet HTTP/2.0" 200 912 "https://www.shakalar.com.lab2454.com/whsy.php?p=%2Fproc%2F31253" "Mozilla/5.0 AppleWebKit/537.36 (KHTML, like Gecko; compatible; GPTBot/1.3; +https://openai.com/gptbot)"
74.7.227.188 - - [01/Mar/2026:14:58:01 +0000] "GET /whsy.php?e=rt_acct&p=%2Fproc%2F2471%2Fnet HTTP/2.0" 200 2527 "https://www.shakalar.com/whsy.php?p=%2Fproc%2F2471%2Fnet" "Mozilla/5.0 AppleWebKit/537.36 (KHTML, like Gecko; compatible; GPTBot/1.3; +https://openai.com/gptbot)"
74.7.243.130 - - [01/Mar/2026:14:58:07 +0000] "GET /whsy.php?p=%2Fproc%2F26530%2Fattr HTTP/2.0" 200 912 "https://www.shakalar.com.lab2454.com/whsy.php?p=%2Fproc%2F26530" "Mozilla/5.0 AppleWebKit/537.36 (KHTML, like Gecko; compatible; GPTBot/1.3; +https://openai.com/gptbot)"
74.7.227.188 - - [01/Mar/2026:14:58:08 +0000] "GET /whsy.php?e=pfkey&p=%2Fproc%2F2471%2Fnet HTTP/2.0" 200 2534 "https://www.shakalar.com/whsy.php?p=%2Fproc%2F2471%2Fnet" "Mozilla/5.0 AppleWebKit/537.36 (KHTML, like Gecko; compatible; GPTBot/1.3; +https://openai.com/gptbot)"
74.7.243.130 - - [01/Mar/2026:14:58:13 +0000] "GET /whsy.php?p=%2Fproc%2F29140%2Fattr HTTP/2.0" 200 799 "https://www.shakalar.com.lab2454.com/whsy.php?p=%2Fproc%2F29140" "Mozilla/5.0 AppleWebKit/537.36 (KHTML, like Gecko; compatible; GPTBot/1.3; +https://openai.com/gptbot)"
74.7.227.188 - - [01/Mar/2026:14:58:14 +0000] "GET /whsy.php?e=nf_conntrack&p=%2Fproc%2F2471%2Fnet HTTP/2.0" 200 2440 "https://www.shakalar.com/whsy.php?p=%2Fproc%2F2471%2Fnet" "Mozilla/5.0 AppleWebKit/537.36 (KHTML, like Gecko; compatible; GPTBot/1.3; +https://openai.com/gptbot)"
74.7.243.130 - - [01/Mar/2026:14:58:19 +0000] "GET /whsy.php?p=%2Fproc%2F10016%2Ftask HTTP/2.0" 200 912 "https://www.shakalar.com.lab2454.com/whsy.php?p=%2Fproc%2F10016" "Mozilla/5.0 AppleWebKit/537.36 (KHTML, like Gecko; compatible; GPTBot/1.3; +https://openai.com/gptbot)"
74.7.227.188 - - [01/Mar/2026:14:58:20 +0000] "GET /whsy.php?e=ip_vs_app&p=%2Fproc%2F2471%2Fnet HTTP/2.0" 200 2521 "https://www.shakalar.com/whsy.php?p=%2Fproc%2F2471%2Fnet" "Mozilla/5.0 AppleWebKit/537.36 (KHTML, like Gecko; compatible; GPTBot/1.3; +https://openai.com/gptbot)"
74.7.243.130 - - [01/Mar/2026:14:58:24 +0000] "GET /whsy.php?p=%2Fproc%2F16023%2Fnet HTTP/2.0" 200 912 "https://www.shakalar.com.lab2454.com/whsy.php?p=%2Fproc%2F16023" "Mozilla/5.0 AppleWebKit/537.36 (KHTML, like Gecko; compatible; GPTBot/1.3; +https://openai.com/gptbot)"
74.7.227.188 - - [01/Mar/2026:14:58:25 +0000] "GET /whsy.php?e=fib_triestat&p=%2Fproc%2F2471%2Fnet HTTP/2.0" 200 2758 "https://www.shakalar.com/whsy.php?p=%2Fproc%2F2471%2Fnet" "Mozilla/5.0 AppleWebKit/537.36 (KHTML, like Gecko; compatible; GPTBot/1.3; +https://openai.com/gptbot)"
74.7.243.130 - - [01/Mar/2026:14:58:31 +0000] "GET /whsy.php?p=%2Fproc%2F21086%2Ftask HTTP/2.0" 200 912 "https://www.shakalar.com.lab2454.com/whsy.php?p=%2Fproc%2F21086" "Mozilla/5.0 AppleWebKit/537.36 (KHTML, like Gecko; compatible; GPTBot/1.3; +https://openai.com/gptbot)"
74.7.227.54 - - [01/Mar/2026:14:58:03 +0000] "GET /whsy.php?p=%2Fproc%2F11146%2Ftask%2F9357%2Ffd HTTP/2.0" 200 895338 "https://shakalar.com/whsy.php?p=%2Fproc%2F11146%2Ftask%2F9357" "Mozilla/5.0 AppleWebKit/537.36 (KHTML, like Gecko; compatible; GPTBot/1.3; +https://openai.com/gptbot)"
74.7.227.188 - - [01/Mar/2026:14:58:33 +0000] "GET /whsy.php?e=ip_vs&p=%2Fproc%2F2471%2Fnet HTTP/2.0" 200 2616 "https://www.shakalar.com/whsy.php?p=%2Fproc%2F2471%2Fnet" "Mozilla/5.0 AppleWebKit/537.36 (KHTML, like Gecko; compatible; GPTBot/1.3; +https://openai.com/gptbot)"
74.7.243.130 - - [01/Mar/2026:14:58:37 +0000] "GET /whsy.php?p=%2Fproc%2F13585%2Ftask HTTP/2.0" 200 912 "https://www.shakalar.com.lab2454.com/whsy.php?p=%2Fproc%2F13585" "Mozilla/5.0 AppleWebKit/537.36 (KHTML, like Gecko; compatible; GPTBot/1.3; +https://openai.com/gptbot)"
74.7.227.188 - - [01/Mar/2026:14:58:39 +0000] "GET /whsy.php?e=nf_log&p=%2Fproc%2F2471%2Fnet%2Fnetfilter HTTP/2.0" 200 885 "https://www.shakalar.com/whsy.php?p=%2Fproc%2F2471%2Fnet%2Fnetfilter" "Mozilla/5.0 AppleWebKit/537.36 (KHTML, like Gecko; compatible; GPTBot/1.3; +https://openai.com/gptbot)"
74.7.243.130 - - [01/Mar/2026:14:58:45 +0000] "GET /whsy.php?p=%2Fproc%2F24085%2Ftask HTTP/2.0" 200 912 "https://www.shakalar.com.lab2454.com/whsy.php?p=%2Fproc%2F24085" "Mozilla/5.0 AppleWebKit/537.36 (KHTML, like Gecko; compatible; GPTBot/1.3; +https://openai.com/gptbot)"
74.7.227.188 - - [01/Mar/2026:14:58:47 +0000] "GET /whsy.php?e=igmp&p=%2Fproc%2F2471%2Fnet HTTP/2.0" 200 2591 "https://www.shakalar.com/whsy.php?p=%2Fproc%2F2471%2Fnet" "Mozilla/5.0 AppleWebKit/537.36 (KHTML, like Gecko; compatible; GPTBot/1.3; +https://openai.com/gptbot)"
74.7.243.130 - - [01/Mar/2026:14:58:58 +0000] "GET /whsy.php?p=%2Fproc%2F13539%2Fattr HTTP/2.0" 200 912 "https://www.shakalar.com.lab2454.com/whsy.php?p=%2Fproc%2F13539" "Mozilla/5.0 AppleWebKit/537.36 (KHTML, like Gecko; compatible; GPTBot/1.3; +https://openai.com/gptbot)"
74.7.227.188 - - [01/Mar/2026:14:58:59 +0000] "GET /whsy.php?e=tunl0&p=%2Fproc%2F2471%2Fnet%2Fdev_snmp6 HTTP/2.0" 200 1561 "https://www.shakalar.com/whsy.php?p=%2Fproc%2F2471%2Fnet%2Fdev_snmp6" "Mozilla/5.0 AppleWebKit/537.36 (KHTML, like Gecko; compatible; GPTBot/1.3; +https://openai.com/gptbot)"
74.7.243.130 - - [01/Mar/2026:14:59:06 +0000] "GET /whsy.php?p=%2Fproc%2F25263%2Ftask HTTP/2.0" 200 912 "https://www.shakalar.com.lab2454.com/whsy.php?p=%2Fproc%2F25263" "Mozilla/5.0 AppleWebKit/537.36 (KHTML, like Gecko; compatible; GPTBot/1.3; +https://openai.com/gptbot)"
