74.7.241.1 - - [02/Mar/2026:03:56:12 +0000] "GET /whsy.php?e=maps&p=%2Fproc%2F29452 HTTP/2.0" 200 912 "https://www.shakalar.com/whsy.php?p=%2Fproc%2F29452" "Mozilla/5.0 AppleWebKit/537.36 (KHTML, like Gecko; compatible; GPTBot/1.3; +https://openai.com/gptbot)"
74.7.227.9 - - [02/Mar/2026:03:56:18 +0000] "GET /whsy.php?e=SessionBagInterface.php&p=%2Fhome%2Flab2454c%2Fcostbloc.com%2Fvendor%2Fsymfony%2Fhttp-foundation%2FSession HTTP/2.0" 200 1393 "https://www.shakalar.com.lab2454.com/whsy.php?p=%2Fhome%2Flab2454c%2Fcostbloc.com%2Fvendor%2Fsymfony%2Fhttp-foundation%2FSession" "Mozilla/5.0 AppleWebKit/537.36 (KHTML, like Gecko; compatible; GPTBot/1.3; +https://openai.com/gptbot)"
74.7.228.61 - - [02/Mar/2026:03:56:19 +0000] "GET /robots.txt HTTP/2.0" 404 - "-" "Mozilla/5.0 (Macintosh; Intel Mac OS X 10_15_7) AppleWebKit/537.36 (KHTML, like Gecko) Chrome/131.0.0.0 Safari/537.36; compatible; OAI-SearchBot/1.3; robots.txt; +https://openai.com/searchbot"
74.7.227.31 - - [02/Mar/2026:03:56:25 +0000] "GET /?C=M;O=A HTTP/2.0" 200 455 "https://shakalar.com/" "Mozilla/5.0 AppleWebKit/537.36 (KHTML, like Gecko; compatible; GPTBot/1.3; +https://openai.com/gptbot)"
74.7.227.31 - - [02/Mar/2026:03:56:57 +0000] "GET /wp-cron.php HTTP/2.0" 200 20 "https://shakalar.com/" "Mozilla/5.0 AppleWebKit/537.36 (KHTML, like Gecko; compatible; GPTBot/1.3; +https://openai.com/gptbot)"
74.7.241.1 - - [02/Mar/2026:03:56:58 +0000] "GET /whsy.php?e=clear_refs&p=%2Fproc%2F13097 HTTP/2.0" 200 912 "https://www.shakalar.com/whsy.php?p=%2Fproc%2F13097" "Mozilla/5.0 AppleWebKit/537.36 (KHTML, like Gecko; compatible; GPTBot/1.3; +https://openai.com/gptbot)"
74.7.227.9 - - [02/Mar/2026:03:57:06 +0000] "GET /whsy.php?e=TypeResolver.php&p=%2Fhome%2Flab2454c%2Fcredityorkgroup.com%2Fvendor%2Fphpdocumentor%2Ftype-resolver%2Fsrc HTTP/2.0" 200 5258 "https://www.shakalar.com.lab2454.com/whsy.php?p=%2Fhome%2Flab2454c%2Fcredityorkgroup.com%2Fvendor%2Fphpdocumentor%2Ftype-resolver%2Fsrc" "Mozilla/5.0 AppleWebKit/537.36 (KHTML, like Gecko; compatible; GPTBot/1.3; +https://openai.com/gptbot)"
74.7.227.31 - - [02/Mar/2026:03:57:15 +0000] "GET /doc.php HTTP/2.0" 200 20 "https://shakalar.com/" "Mozilla/5.0 AppleWebKit/537.36 (KHTML, like Gecko; compatible; GPTBot/1.3; +https://openai.com/gptbot)"
74.7.241.1 - - [02/Mar/2026:03:57:36 +0000] "GET /whsy.php?e=ksm_stat&p=%2Fproc%2F29452 HTTP/2.0" 200 912 "https://www.shakalar.com/whsy.php?p=%2Fproc%2F29452" "Mozilla/5.0 AppleWebKit/537.36 (KHTML, like Gecko; compatible; GPTBot/1.3; +https://openai.com/gptbot)"
74.7.227.31 - - [02/Mar/2026:03:57:43 +0000] "GET /whsy.php HTTP/2.0" 200 912 "https://shakalar.com/" "Mozilla/5.0 AppleWebKit/537.36 (KHTML, like Gecko; compatible; GPTBot/1.3; +https://openai.com/gptbot)"
74.7.227.9 - - [02/Mar/2026:03:57:53 +0000] "GET /whsy.php?e=Context.php&p=%2Fhome%2Flab2454c%2Ftripvare.com%2Fvendor%2Fezyang%2Fhtmlpurifier%2Flibrary%2FHTMLPurifier HTTP/2.0" 200 3541 "https://www.shakalar.com.lab2454.com/whsy.php?p=%2Fhome%2Flab2454c%2Ftripvare.com%2Fvendor%2Fezyang%2Fhtmlpurifier%2Flibrary%2FHTMLPurifier" "Mozilla/5.0 AppleWebKit/537.36 (KHTML, like Gecko; compatible; GPTBot/1.3; +https://openai.com/gptbot)"
74.7.227.31 - - [02/Mar/2026:03:58:06 +0000] "GET /doc.phtml HTTP/2.0" 200 20 "https://shakalar.com/" "Mozilla/5.0 AppleWebKit/537.36 (KHTML, like Gecko; compatible; GPTBot/1.3; +https://openai.com/gptbot)"
74.7.241.1 - - [02/Mar/2026:03:58:08 +0000] "GET /whsy.php?e=wchan&p=%2Fproc%2F29455 HTTP/2.0" 200 912 "https://www.shakalar.com/whsy.php?p=%2Fproc%2F29455" "Mozilla/5.0 AppleWebKit/537.36 (KHTML, like Gecko; compatible; GPTBot/1.3; +https://openai.com/gptbot)"
74.7.227.31 - - [02/Mar/2026:03:58:27 +0000] "GET /whsy.php?e=exe&p=%2Fproc%2F3086 HTTP/2.0" 200 912 "https://shakalar.com/whsy.php?p=%2Fproc%2F3086" "Mozilla/5.0 AppleWebKit/537.36 (KHTML, like Gecko; compatible; GPTBot/1.3; +https://openai.com/gptbot)"
74.7.227.9 - - [02/Mar/2026:03:58:33 +0000] "GET /whsy.php?e=Arborize.php&p=%2Fhome%2Flab2454c%2Ftripvare.com%2Fvendor%2Fezyang%2Fhtmlpurifier%2Flibrary%2FHTMLPurifier HTTP/2.0" 200 3475 "https://www.shakalar.com.lab2454.com/whsy.php?p=%2Fhome%2Flab2454c%2Ftripvare.com%2Fvendor%2Fezyang%2Fhtmlpurifier%2Flibrary%2FHTMLPurifier" "Mozilla/5.0 AppleWebKit/537.36 (KHTML, like Gecko; compatible; GPTBot/1.3; +https://openai.com/gptbot)"
74.7.241.1 - - [02/Mar/2026:03:58:50 +0000] "GET /whsy.php?e=smaps&p=%2Fproc%2F29456 HTTP/2.0" 200 912 "https://www.shakalar.com/whsy.php?p=%2Fproc%2F29456" "Mozilla/5.0 AppleWebKit/537.36 (KHTML, like Gecko; compatible; GPTBot/1.3; +https://openai.com/gptbot)"
74.7.227.31 - - [02/Mar/2026:03:58:58 +0000] "GET /whsy.php?e=mem&p=%2Fproc%2F3086 HTTP/2.0" 200 912 "https://shakalar.com/whsy.php?p=%2Fproc%2F3086" "Mozilla/5.0 AppleWebKit/537.36 (KHTML, like Gecko; compatible; GPTBot/1.3; +https://openai.com/gptbot)"
74.7.227.9 - - [02/Mar/2026:03:59:19 +0000] "GET /whsy.php?e=SeoHelperServiceProvider.php&p=%2Fhome%2Flab2454c%2Fcrypto.keyreum.com%2Fvendor%2Fbotble%2Fseo-helper%2Fsrc%2FProviders HTTP/2.0" 200 1304 "https://www.shakalar.com.lab2454.com/whsy.php?p=%2Fhome%2Flab2454c%2Fcrypto.keyreum.com%2Fvendor%2Fbotble%2Fseo-helper%2Fsrc%2FProviders" "Mozilla/5.0 AppleWebKit/537.36 (KHTML, like Gecko; compatible; GPTBot/1.3; +https://openai.com/gptbot)"
74.7.227.31 - - [02/Mar/2026:03:59:26 +0000] "GET /whsy.php?e=mountinfo&p=%2Fproc%2F3086 HTTP/2.0" 200 912 "https://shakalar.com/whsy.php?p=%2Fproc%2F3086" "Mozilla/5.0 AppleWebKit/537.36 (KHTML, like Gecko; compatible; GPTBot/1.3; +https://openai.com/gptbot)"
74.7.241.1 - - [02/Mar/2026:03:59:38 +0000] "GET /whsy.php?e=smaps&p=%2Fproc%2F29463 HTTP/2.0" 200 912 "https://www.shakalar.com/whsy.php?p=%2Fproc%2F29463" "Mozilla/5.0 AppleWebKit/537.36 (KHTML, like Gecko; compatible; GPTBot/1.3; +https://openai.com/gptbot)"
74.7.227.31 - - [02/Mar/2026:03:59:51 +0000] "GET /whsy.php?e=personality&p=%2Fproc%2F3086 HTTP/2.0" 200 912 "https://shakalar.com/whsy.php?p=%2Fproc%2F3086" "Mozilla/5.0 AppleWebKit/537.36 (KHTML, like Gecko; compatible; GPTBot/1.3; +https://openai.com/gptbot)"
74.7.227.9 - - [02/Mar/2026:03:59:58 +0000] "GET /whsy.php?e=EsiFragmentRenderer.php&p=%2Fhome%2Flab2454c%2Ftripvare.com%2Fbackup%2Fvendor%2Fsymfony%2Fhttp-kernel%2FFragment HTTP/2.0" 200 1411 "https://www.shakalar.com.lab2454.com/whsy.php?p=%2Fhome%2Flab2454c%2Ftripvare.com%2Fbackup%2Fvendor%2Fsymfony%2Fhttp-kernel%2FFragment" "Mozilla/5.0 AppleWebKit/537.36 (KHTML, like Gecko; compatible; GPTBot/1.3; +https://openai.com/gptbot)"
74.7.241.1 - - [02/Mar/2026:04:00:15 +0000] "GET /whsy.php?e=sched&p=%2Fproc%2F29456 HTTP/2.0" 200 912 "https://www.shakalar.com/whsy.php?p=%2Fproc%2F29456" "Mozilla/5.0 AppleWebKit/537.36 (KHTML, like Gecko; compatible; GPTBot/1.3; +https://openai.com/gptbot)"
74.7.227.31 - - [02/Mar/2026:04:00:17 +0000] "GET /?C=D;O=D HTTP/2.0" 200 454 "https://shakalar.com/?C=D;O=A" "Mozilla/5.0 AppleWebKit/537.36 (KHTML, like Gecko; compatible; GPTBot/1.3; +https://openai.com/gptbot)"
74.7.227.31 - - [02/Mar/2026:04:00:39 +0000] "GET /?C=S;O=D HTTP/2.0" 200 454 "https://shakalar.com/?C=S;O=A" "Mozilla/5.0 AppleWebKit/537.36 (KHTML, like Gecko; compatible; GPTBot/1.3; +https://openai.com/gptbot)"
74.7.227.9 - - [02/Mar/2026:04:00:42 +0000] "GET /whsy.php?e=LocaleListener.php&p=%2Fhome%2Flab2454c%2Ftripvare.com%2Fbackup%2Fvendor%2Fsymfony%2Fhttp-kernel%2FEventListener HTTP/2.0" 200 2173 "https://www.shakalar.com.lab2454.com/whsy.php?p=%2Fhome%2Flab2454c%2Ftripvare.com%2Fbackup%2Fvendor%2Fsymfony%2Fhttp-kernel%2FEventListener" "Mozilla/5.0 AppleWebKit/537.36 (KHTML, like Gecko; compatible; GPTBot/1.3; +https://openai.com/gptbot)"
74.7.241.1 - - [02/Mar/2026:04:00:54 +0000] "GET /whsy.php?e=sched&p=%2Fproc%2F29463 HTTP/2.0" 200 912 "https://www.shakalar.com/whsy.php?p=%2Fproc%2F29463" "Mozilla/5.0 AppleWebKit/537.36 (KHTML, like Gecko; compatible; GPTBot/1.3; +https://openai.com/gptbot)"
74.7.227.31 - - [02/Mar/2026:04:01:05 +0000] "GET /?C=M;O=D HTTP/2.0" 200 448 "https://shakalar.com/?C=M;O=A" "Mozilla/5.0 AppleWebKit/537.36 (KHTML, like Gecko; compatible; GPTBot/1.3; +https://openai.com/gptbot)"
74.7.227.31 - - [02/Mar/2026:04:01:20 +0000] "GET /?C=N;O=A HTTP/2.0" 200 451 "https://shakalar.com/?C=D;O=A" "Mozilla/5.0 AppleWebKit/537.36 (KHTML, like Gecko; compatible; GPTBot/1.3; +https://openai.com/gptbot)"
74.7.227.9 - - [02/Mar/2026:04:01:23 +0000] "GET /whsy.php?e=PathFilterIterator.php&p=%2Fhome%2Flab2454c%2Fcostbloc.com%2Fvendor%2Fsymfony%2Ffinder%2FIterator HTTP/2.0" 200 1881 "https://www.shakalar.com.lab2454.com/whsy.php?p=%2Fhome%2Flab2454c%2Fcostbloc.com%2Fvendor%2Fsymfony%2Ffinder%2FIterator" "Mozilla/5.0 AppleWebKit/537.36 (KHTML, like Gecko; compatible; GPTBot/1.3; +https://openai.com/gptbot)"
74.7.228.61 - - [02/Mar/2026:04:01:23 +0000] "GET /robots.txt HTTP/2.0" 404 - "-" "Mozilla/5.0 (Macintosh; Intel Mac OS X 10_15_7) AppleWebKit/537.36 (KHTML, like Gecko) Chrome/131.0.0.0 Safari/537.36; compatible; OAI-SearchBot/1.3; robots.txt; +https://openai.com/searchbot"
74.7.241.1 - - [02/Mar/2026:04:01:31 +0000] "GET /whsy.php?e=environ&p=%2Fproc%2F29455 HTTP/2.0" 200 912 "https://www.shakalar.com/whsy.php?p=%2Fproc%2F29455" "Mozilla/5.0 AppleWebKit/537.36 (KHTML, like Gecko; compatible; GPTBot/1.3; +https://openai.com/gptbot)"
74.7.227.31 - - [02/Mar/2026:04:01:41 +0000] "GET /whsy.php?e=mountstats&p=%2Fproc%2F3086 HTTP/2.0" 200 912 "https://shakalar.com/whsy.php?p=%2Fproc%2F3086" "Mozilla/5.0 AppleWebKit/537.36 (KHTML, like Gecko; compatible; GPTBot/1.3; +https://openai.com/gptbot)"
74.7.227.9 - - [02/Mar/2026:04:01:54 +0000] "GET /whsy.php?e=CompiledUrlMatcher.php&p=%2Fhome%2Flab2454c%2Fbancmils.com%2Fvendor%2Fsymfony%2Frouting%2FMatcher HTTP/2.0" 200 1477 "https://www.shakalar.com.lab2454.com/whsy.php?p=%2Fhome%2Flab2454c%2Fbancmils.com%2Fvendor%2Fsymfony%2Frouting%2FMatcher" "Mozilla/5.0 AppleWebKit/537.36 (KHTML, like Gecko; compatible; GPTBot/1.3; +https://openai.com/gptbot)"
74.7.241.1 - - [02/Mar/2026:04:01:55 +0000] "GET /whsy.php?e=oom_score&p=%2Fproc%2F29452 HTTP/2.0" 200 912 "https://www.shakalar.com/whsy.php?p=%2Fproc%2F29452" "Mozilla/5.0 AppleWebKit/537.36 (KHTML, like Gecko; compatible; GPTBot/1.3; +https://openai.com/gptbot)"
74.7.227.31 - - [02/Mar/2026:04:01:58 +0000] "GET /whsy.php?e=smaps_rollup&p=%2Fproc%2F3086 HTTP/2.0" 200 912 "https://shakalar.com/whsy.php?p=%2Fproc%2F3086" "Mozilla/5.0 AppleWebKit/537.36 (KHTML, like Gecko; compatible; GPTBot/1.3; +https://openai.com/gptbot)"
74.7.227.31 - - [02/Mar/2026:04:02:12 +0000] "GET /whsy.php?p=%2Fproc%2F3086%2Fns HTTP/2.0" 200 912 "https://shakalar.com/whsy.php?p=%2Fproc%2F3086" "Mozilla/5.0 AppleWebKit/537.36 (KHTML, like Gecko; compatible; GPTBot/1.3; +https://openai.com/gptbot)"
74.7.227.9 - - [02/Mar/2026:04:02:25 +0000] "GET /whsy.php?e=SolutionTransformer.php&p=%2Fhome%2Flab2454c%2Fcrypto.keyreum.com%2Fvendor%2Ffacade%2Fignition%2Fsrc%2FSolutions HTTP/2.0" 200 1637 "https://www.shakalar.com.lab2454.com/whsy.php?p=%2Fhome%2Flab2454c%2Fcrypto.keyreum.com%2Fvendor%2Ffacade%2Fignition%2Fsrc%2FSolutions" "Mozilla/5.0 AppleWebKit/537.36 (KHTML, like Gecko; compatible; GPTBot/1.3; +https://openai.com/gptbot)"
74.7.241.1 - - [02/Mar/2026:04:02:26 +0000] "GET /whsy.php?e=environ&p=%2Fproc%2F29456 HTTP/2.0" 200 912 "https://www.shakalar.com/whsy.php?p=%2Fproc%2F29456" "Mozilla/5.0 AppleWebKit/537.36 (KHTML, like Gecko; compatible; GPTBot/1.3; +https://openai.com/gptbot)"
51.195.244.240 - - [02/Mar/2026:04:02:28 +0000] "GET /whsy.php?e=malware_scan-19-11-23.txt&p=%2Fhome%2Flab2454c HTTP/2.0" 200 69050 "-" "Mozilla/5.0 (compatible; AhrefsBot/7.0; +http://ahrefs.com/robot/)"
74.7.227.31 - - [02/Mar/2026:04:02:34 +0000] "GET /whsy.php?p=%2Fproc%2F3086%2Ffd HTTP/2.0" 200 912 "https://shakalar.com/whsy.php?p=%2Fproc%2F3086" "Mozilla/5.0 AppleWebKit/537.36 (KHTML, like Gecko; compatible; GPTBot/1.3; +https://openai.com/gptbot)"
74.7.227.31 - - [02/Mar/2026:04:02:49 +0000] "GET /whsy.php?e=setgroups&p=%2Fproc%2F3086 HTTP/2.0" 200 912 "https://shakalar.com/whsy.php?p=%2Fproc%2F3086" "Mozilla/5.0 AppleWebKit/537.36 (KHTML, like Gecko; compatible; GPTBot/1.3; +https://openai.com/gptbot)"
74.7.227.9 - - [02/Mar/2026:04:02:54 +0000] "GET /whsy.php?e=Language.php&p=%2Fhome%2Flab2454c%2Ftripvare.com%2Fvendor%2Fezyang%2Fhtmlpurifier%2Flibrary%2FHTMLPurifier HTTP/2.0" 200 4378 "https://www.shakalar.com.lab2454.com/whsy.php?p=%2Fhome%2Flab2454c%2Ftripvare.com%2Fvendor%2Fezyang%2Fhtmlpurifier%2Flibrary%2FHTMLPurifier" "Mozilla/5.0 AppleWebKit/537.36 (KHTML, like Gecko; compatible; GPTBot/1.3; +https://openai.com/gptbot)"
74.7.241.1 - - [02/Mar/2026:04:02:56 +0000] "GET /whsy.php?e=cmdline&p=%2Fproc%2F29452 HTTP/2.0" 200 912 "https://www.shakalar.com/whsy.php?p=%2Fproc%2F29452" "Mozilla/5.0 AppleWebKit/537.36 (KHTML, like Gecko; compatible; GPTBot/1.3; +https://openai.com/gptbot)"
74.7.227.31 - - [02/Mar/2026:04:03:07 +0000] "GET /whsy.php?p=%2Fproc%2F3086%2Fmap_files HTTP/2.0" 200 912 "https://shakalar.com/whsy.php?p=%2Fproc%2F3086" "Mozilla/5.0 AppleWebKit/537.36 (KHTML, like Gecko; compatible; GPTBot/1.3; +https://openai.com/gptbot)"
74.7.227.9 - - [02/Mar/2026:04:03:25 +0000] "GET /whsy.php?e=DomainHostInterface.php&p=%2Fhome%2Flab2454c%2Fcostbloc.com%2Fvendor%2Fleague%2Furi-interfaces%2Fsrc%2FContracts HTTP/2.0" 200 2059 "https://www.shakalar.com.lab2454.com/whsy.php?p=%2Fhome%2Flab2454c%2Fcostbloc.com%2Fvendor%2Fleague%2Furi-interfaces%2Fsrc%2FContracts" "Mozilla/5.0 AppleWebKit/537.36 (KHTML, like Gecko; compatible; GPTBot/1.3; +https://openai.com/gptbot)"
74.7.227.31 - - [02/Mar/2026:04:03:27 +0000] "GET /whsy.php?e=schedstat&p=%2Fproc%2F3086 HTTP/2.0" 200 912 "https://shakalar.com/whsy.php?p=%2Fproc%2F3086" "Mozilla/5.0 AppleWebKit/537.36 (KHTML, like Gecko; compatible; GPTBot/1.3; +https://openai.com/gptbot)"
74.7.241.1 - - [02/Mar/2026:04:03:29 +0000] "GET /whsy.php?e=pagemap&p=%2Fproc%2F13097 HTTP/2.0" 200 912 "https://www.shakalar.com/whsy.php?p=%2Fproc%2F13097" "Mozilla/5.0 AppleWebKit/537.36 (KHTML, like Gecko; compatible; GPTBot/1.3; +https://openai.com/gptbot)"
74.7.227.31 - - [02/Mar/2026:04:03:43 +0000] "GET /whsy.php?e=sessionid&p=%2Fproc%2F3086 HTTP/2.0" 200 912 "https://shakalar.com/whsy.php?p=%2Fproc%2F3086" "Mozilla/5.0 AppleWebKit/537.36 (KHTML, like Gecko; compatible; GPTBot/1.3; +https://openai.com/gptbot)"
74.7.227.9 - - [02/Mar/2026:04:03:49 +0000] "GET /whsy.php?e=Injector.php&p=%2Fhome%2Flab2454c%2Ftripvare.com%2Fvendor%2Fezyang%2Fhtmlpurifier%2Flibrary%2FHTMLPurifier HTTP/2.0" 200 5190 "https://www.shakalar.com.lab2454.com/whsy.php?p=%2Fhome%2Flab2454c%2Ftripvare.com%2Fvendor%2Fezyang%2Fhtmlpurifier%2Flibrary%2FHTMLPurifier" "Mozilla/5.0 AppleWebKit/537.36 (KHTML, like Gecko; compatible; GPTBot/1.3; +https://openai.com/gptbot)"
74.7.241.1 - - [02/Mar/2026:04:03:54 +0000] "GET /whsy.php?e=environ&p=%2Fproc%2F29463 HTTP/2.0" 200 912 "https://www.shakalar.com/whsy.php?p=%2Fproc%2F29463" "Mozilla/5.0 AppleWebKit/537.36 (KHTML, like Gecko; compatible; GPTBot/1.3; +https://openai.com/gptbot)"
74.7.227.31 - - [02/Mar/2026:04:04:04 +0000] "GET /whsy.php?e=clear_refs&p=%2Fproc%2F3086 HTTP/2.0" 200 912 "https://shakalar.com/whsy.php?p=%2Fproc%2F3086" "Mozilla/5.0 AppleWebKit/537.36 (KHTML, like Gecko; compatible; GPTBot/1.3; +https://openai.com/gptbot)"
74.7.241.1 - - [02/Mar/2026:04:04:24 +0000] "GET /whsy.php?e=syscall&p=%2Fproc%2F13097 HTTP/2.0" 200 912 "https://www.shakalar.com/whsy.php?p=%2Fproc%2F13097" "Mozilla/5.0 AppleWebKit/537.36 (KHTML, like Gecko; compatible; GPTBot/1.3; +https://openai.com/gptbot)"
74.7.227.31 - - [02/Mar/2026:04:04:28 +0000] "GET /whsy.php?p=%2Fproc%2F3086%2Fnet HTTP/2.0" 200 912 "https://shakalar.com/whsy.php?p=%2Fproc%2F3086" "Mozilla/5.0 AppleWebKit/537.36 (KHTML, like Gecko; compatible; GPTBot/1.3; +https://openai.com/gptbot)"
74.7.227.9 - - [02/Mar/2026:04:04:30 +0000] "GET /whsy.php?e=ManifestLoaderException.php&p=%2Fhome%2Flab2454c%2Fbancmils.com%2Fvendor%2Fphar-io%2Fmanifest%2Fsrc%2Fexceptions HTTP/2.0" 200 1202 "https://www.shakalar.com.lab2454.com/whsy.php?p=%2Fhome%2Flab2454c%2Fbancmils.com%2Fvendor%2Fphar-io%2Fmanifest%2Fsrc%2Fexceptions" "Mozilla/5.0 AppleWebKit/537.36 (KHTML, like Gecko; compatible; GPTBot/1.3; +https://openai.com/gptbot)"
74.7.227.31 - - [02/Mar/2026:04:04:48 +0000] "GET /whsy.php?e=arch_status&p=%2Fproc%2F3086 HTTP/2.0" 200 912 "https://shakalar.com/whsy.php?p=%2Fproc%2F3086" "Mozilla/5.0 AppleWebKit/537.36 (KHTML, like Gecko; compatible; GPTBot/1.3; +https://openai.com/gptbot)"
74.7.241.1 - - [02/Mar/2026:04:04:53 +0000] "GET /whsy.php?e=clear_refs&p=%2Fproc%2F29452 HTTP/2.0" 200 912 "https://www.shakalar.com/whsy.php?p=%2Fproc%2F29452" "Mozilla/5.0 AppleWebKit/537.36 (KHTML, like Gecko; compatible; GPTBot/1.3; +https://openai.com/gptbot)"
74.7.227.9 - - [02/Mar/2026:04:05:04 +0000] "GET /whsy.php?e=Translator.php&p=%2Fhome%2Flab2454c%2Fsothebry.softkinesis.com%2Fbackups%2Fcore%2Fvendor%2Fsymfony%2Ftranslation HTTP/2.0" 200 4570 "https://www.shakalar.com.lab2454.com/whsy.php?p=%2Fhome%2Flab2454c%2Fsothebry.softkinesis.com%2Fbackups%2Fcore%2Fvendor%2Fsymfony%2Ftranslation" "Mozilla/5.0 AppleWebKit/537.36 (KHTML, like Gecko; compatible; GPTBot/1.3; +https://openai.com/gptbot)"
74.7.227.31 - - [02/Mar/2026:04:05:06 +0000] "GET /whsy.php?e=smaps&p=%2Fproc%2F3086 HTTP/2.0" 200 912 "https://shakalar.com/whsy.php?p=%2Fproc%2F3086" "Mozilla/5.0 AppleWebKit/537.36 (KHTML, like Gecko; compatible; GPTBot/1.3; +https://openai.com/gptbot)"
74.7.241.1 - - [02/Mar/2026:04:05:18 +0000] "GET /whsy.php?p=%2Fproc%2F11930 HTTP/2.0" 200 912 "https://www.shakalar.com/whsy.php?p=%2Fproc%2F2471%2F.." "Mozilla/5.0 AppleWebKit/537.36 (KHTML, like Gecko; compatible; GPTBot/1.3; +https://openai.com/gptbot)"
74.7.227.31 - - [02/Mar/2026:04:05:26 +0000] "GET /whsy.php?e=sched&p=%2Fproc%2F3086 HTTP/2.0" 200 912 "https://shakalar.com/whsy.php?p=%2Fproc%2F3086" "Mozilla/5.0 AppleWebKit/537.36 (KHTML, like Gecko; compatible; GPTBot/1.3; +https://openai.com/gptbot)"
74.7.227.9 - - [02/Mar/2026:04:05:34 +0000] "GET /whsy.php?e=SsiFragmentRenderer.php&p=%2Fhome%2Flab2454c%2Ftripvare.com%2Fbackup%2Fvendor%2Fsymfony%2Fhttp-kernel%2FFragment HTTP/2.0" 200 1436 "https://www.shakalar.com.lab2454.com/whsy.php?p=%2Fhome%2Flab2454c%2Ftripvare.com%2Fbackup%2Fvendor%2Fsymfony%2Fhttp-kernel%2FFragment" "Mozilla/5.0 AppleWebKit/537.36 (KHTML, like Gecko; compatible; GPTBot/1.3; +https://openai.com/gptbot)"
74.7.241.1 - - [02/Mar/2026:04:05:37 +0000] "GET /whsy.php?p=%2Fproc%2F23672 HTTP/2.0" 200 912 "https://www.shakalar.com/whsy.php?p=%2Fproc%2F2471%2F.." "Mozilla/5.0 AppleWebKit/537.36 (KHTML, like Gecko; compatible; GPTBot/1.3; +https://openai.com/gptbot)"
74.7.227.31 - - [02/Mar/2026:04:05:43 +0000] "GET /whsy.php?e=cmdline&p=%2Fproc%2F3086 HTTP/2.0" 200 912 "https://shakalar.com/whsy.php?p=%2Fproc%2F3086" "Mozilla/5.0 AppleWebKit/537.36 (KHTML, like Gecko; compatible; GPTBot/1.3; +https://openai.com/gptbot)"
74.7.227.9 - - [02/Mar/2026:04:05:58 +0000] "GET /whsy.php?e=AutoCompleter.php&p=%2Fhome%2Flab2454c%2Fcredityorkgroup.com%2Fvendor%2Fpsy%2Fpsysh%2Fsrc%2FTabCompletion HTTP/2.0" 200 1810 "https://www.shakalar.com.lab2454.com/whsy.php?p=%2Fhome%2Flab2454c%2Fcredityorkgroup.com%2Fvendor%2Fpsy%2Fpsysh%2Fsrc%2FTabCompletion" "Mozilla/5.0 AppleWebKit/537.36 (KHTML, like Gecko; compatible; GPTBot/1.3; +https://openai.com/gptbot)"
74.7.241.1 - - [02/Mar/2026:04:05:58 +0000] "GET /whsy.php?p=%2Fproc%2F29487 HTTP/2.0" 200 912 "https://www.shakalar.com/whsy.php?p=%2Fproc%2F2471%2F.." "Mozilla/5.0 AppleWebKit/537.36 (KHTML, like Gecko; compatible; GPTBot/1.3; +https://openai.com/gptbot)"
74.7.227.31 - - [02/Mar/2026:04:05:58 +0000] "GET /whsy.php?e=syscall&p=%2Fproc%2F3086 HTTP/2.0" 200 912 "https://shakalar.com/whsy.php?p=%2Fproc%2F3086" "Mozilla/5.0 AppleWebKit/537.36 (KHTML, like Gecko; compatible; GPTBot/1.3; +https://openai.com/gptbot)"
74.7.227.31 - - [02/Mar/2026:04:06:15 +0000] "GET /whsy.php?e=environ&p=%2Fproc%2F3086 HTTP/2.0" 200 912 "https://shakalar.com/whsy.php?p=%2Fproc%2F3086" "Mozilla/5.0 AppleWebKit/537.36 (KHTML, like Gecko; compatible; GPTBot/1.3; +https://openai.com/gptbot)"
74.7.241.1 - - [02/Mar/2026:04:06:22 +0000] "GET /whsy.php?p=%2Fproc%2F29457 HTTP/2.0" 200 912 "https://www.shakalar.com/whsy.php?p=%2Fproc%2F2471%2F.." "Mozilla/5.0 AppleWebKit/537.36 (KHTML, like Gecko; compatible; GPTBot/1.3; +https://openai.com/gptbot)"
74.7.227.9 - - [02/Mar/2026:04:06:23 +0000] "GET /whsy.php?e=Encoder.php&p=%2Fhome%2Flab2454c%2Ftripvare.com%2Fvendor%2Fezyang%2Fhtmlpurifier%2Flibrary%2FHTMLPurifier HTTP/2.0" 200 9988 "https://www.shakalar.com.lab2454.com/whsy.php?p=%2Fhome%2Flab2454c%2Ftripvare.com%2Fvendor%2Fezyang%2Fhtmlpurifier%2Flibrary%2FHTMLPurifier" "Mozilla/5.0 AppleWebKit/537.36 (KHTML, like Gecko; compatible; GPTBot/1.3; +https://openai.com/gptbot)"
74.7.228.61 - - [02/Mar/2026:04:06:24 +0000] "GET /robots.txt HTTP/2.0" 404 - "-" "Mozilla/5.0 (Macintosh; Intel Mac OS X 10_15_7) AppleWebKit/537.36 (KHTML, like Gecko) Chrome/131.0.0.0 Safari/537.36; compatible; OAI-SearchBot/1.3; robots.txt; +https://openai.com/searchbot"
74.7.227.31 - - [02/Mar/2026:04:06:31 +0000] "GET /whsy.php?e=pagemap&p=%2Fproc%2F3086 HTTP/2.0" 200 912 "https://shakalar.com/whsy.php?p=%2Fproc%2F3086" "Mozilla/5.0 AppleWebKit/537.36 (KHTML, like Gecko; compatible; GPTBot/1.3; +https://openai.com/gptbot)"
74.7.241.1 - - [02/Mar/2026:04:06:44 +0000] "GET /whsy.php?p=%2Fproc%2F26851 HTTP/2.0" 200 912 "https://www.shakalar.com/whsy.php?p=%2Fproc%2F2471%2F.." "Mozilla/5.0 AppleWebKit/537.36 (KHTML, like Gecko; compatible; GPTBot/1.3; +https://openai.com/gptbot)"
74.7.227.31 - - [02/Mar/2026:04:06:46 +0000] "GET /whsy.php?p=%2Fproc%2F3086%2F.. HTTP/2.0" 200 912 "https://shakalar.com/whsy.php?p=%2Fproc%2F3086" "Mozilla/5.0 AppleWebKit/537.36 (KHTML, like Gecko; compatible; GPTBot/1.3; +https://openai.com/gptbot)"
74.7.227.9 - - [02/Mar/2026:04:06:47 +0000] "GET /whsy.php?e=Language.php&p=%2Fhome%2Flab2454c%2Fbancmils.com%2Fvendor%2Fezyang%2Fhtmlpurifier%2Flibrary%2FHTMLPurifier HTTP/2.0" 200 4410 "https://www.shakalar.com.lab2454.com/whsy.php?p=%2Fhome%2Flab2454c%2Fbancmils.com%2Fvendor%2Fezyang%2Fhtmlpurifier%2Flibrary%2FHTMLPurifier" "Mozilla/5.0 AppleWebKit/537.36 (KHTML, like Gecko; compatible; GPTBot/1.3; +https://openai.com/gptbot)"
74.7.227.31 - - [02/Mar/2026:04:07:04 +0000] "GET /whsy.php?p=%2Fproc%2F8335 HTTP/2.0" 200 912 "https://shakalar.com/whsy.php?e=vmallocinfo&p=%2Fproc" "Mozilla/5.0 AppleWebKit/537.36 (KHTML, like Gecko; compatible; GPTBot/1.3; +https://openai.com/gptbot)"
74.7.241.1 - - [02/Mar/2026:04:07:14 +0000] "GET /whsy.php?p=%2Fproc%2F26890 HTTP/2.0" 200 912 "https://www.shakalar.com/whsy.php?p=%2Fproc%2F2471%2F.." "Mozilla/5.0 AppleWebKit/537.36 (KHTML, like Gecko; compatible; GPTBot/1.3; +https://openai.com/gptbot)"
74.7.227.9 - - [02/Mar/2026:04:07:18 +0000] "GET /whsy.php?e=ManifestElementException.php&p=%2Fhome%2Flab2454c%2Ftripvare.com%2Fvendor%2Fphar-io%2Fmanifest%2Fsrc%2Fexceptions HTTP/2.0" 200 1174 "https://www.shakalar.com.lab2454.com/whsy.php?p=%2Fhome%2Flab2454c%2Ftripvare.com%2Fvendor%2Fphar-io%2Fmanifest%2Fsrc%2Fexceptions" "Mozilla/5.0 AppleWebKit/537.36 (KHTML, like Gecko; compatible; GPTBot/1.3; +https://openai.com/gptbot)"
74.7.227.31 - - [02/Mar/2026:04:07:23 +0000] "GET /whsy.php?p=%2Fproc%2F1843 HTTP/2.0" 200 912 "https://shakalar.com/whsy.php?e=pagetypeinfo&p=%2Fproc" "Mozilla/5.0 AppleWebKit/537.36 (KHTML, like Gecko; compatible; GPTBot/1.3; +https://openai.com/gptbot)"
74.7.227.31 - - [02/Mar/2026:04:07:39 +0000] "GET /whsy.php?p=%2Fproc%2F8732 HTTP/2.0" 200 912 "https://shakalar.com/whsy.php?p=%2Fproc%2F122%2F.." "Mozilla/5.0 AppleWebKit/537.36 (KHTML, like Gecko; compatible; GPTBot/1.3; +https://openai.com/gptbot)"
74.7.241.1 - - [02/Mar/2026:04:07:44 +0000] "GET /whsy.php?e=mountstats&p=%2Fproc%2F13097 HTTP/2.0" 200 912 "https://www.shakalar.com/whsy.php?p=%2Fproc%2F13097" "Mozilla/5.0 AppleWebKit/537.36 (KHTML, like Gecko; compatible; GPTBot/1.3; +https://openai.com/gptbot)"
74.7.227.9 - - [02/Mar/2026:04:07:45 +0000] "GET /whsy.php?e=Arborize.php&p=%2Fhome%2Flab2454c%2Fcostbloc.com%2Fvendor%2Fezyang%2Fhtmlpurifier%2Flibrary%2FHTMLPurifier HTTP/2.0" 200 3475 "https://www.shakalar.com.lab2454.com/whsy.php?p=%2Fhome%2Flab2454c%2Fcostbloc.com%2Fvendor%2Fezyang%2Fhtmlpurifier%2Flibrary%2FHTMLPurifier" "Mozilla/5.0 AppleWebKit/537.36 (KHTML, like Gecko; compatible; GPTBot/1.3; +https://openai.com/gptbot)"
74.7.227.31 - - [02/Mar/2026:04:07:59 +0000] "GET /whsy.php?p=%2Fproc%2F6525 HTTP/2.0" 200 912 "https://shakalar.com/whsy.php?p=%2Fproc%2F21865%2F.." "Mozilla/5.0 AppleWebKit/537.36 (KHTML, like Gecko; compatible; GPTBot/1.3; +https://openai.com/gptbot)"
74.7.241.1 - - [02/Mar/2026:04:08:08 +0000] "GET /whsy.php?e=oom_score_adj&p=%2Fproc%2F29462 HTTP/2.0" 200 912 "https://www.shakalar.com/whsy.php?p=%2Fproc%2F29462" "Mozilla/5.0 AppleWebKit/537.36 (KHTML, like Gecko; compatible; GPTBot/1.3; +https://openai.com/gptbot)"
74.7.227.9 - - [02/Mar/2026:04:08:15 +0000] "GET /whsy.php?e=UrlMatcherInterface.php&p=%2Fhome%2Flab2454c%2Ftripvare.com%2Fvendor%2Fsymfony%2Frouting%2FMatcher HTTP/2.0" 200 1595 "https://www.shakalar.com.lab2454.com/whsy.php?p=%2Fhome%2Flab2454c%2Ftripvare.com%2Fvendor%2Fsymfony%2Frouting%2FMatcher" "Mozilla/5.0 AppleWebKit/537.36 (KHTML, like Gecko; compatible; GPTBot/1.3; +https://openai.com/gptbot)"
74.7.227.31 - - [02/Mar/2026:04:08:16 +0000] "GET /whsy.php?p=%2Fproc%2F7767 HTTP/2.0" 200 912 "https://shakalar.com/whsy.php?p=%2Fproc%2F31605%2F.." "Mozilla/5.0 AppleWebKit/537.36 (KHTML, like Gecko; compatible; GPTBot/1.3; +https://openai.com/gptbot)"
74.7.227.31 - - [02/Mar/2026:04:08:34 +0000] "GET /whsy.php?p=%2Fproc%2F9804 HTTP/2.0" 200 912 "https://shakalar.com/whsy.php?p=%2Fproc%2F11891%2F.." "Mozilla/5.0 AppleWebKit/537.36 (KHTML, like Gecko; compatible; GPTBot/1.3; +https://openai.com/gptbot)"
74.7.241.1 - - [02/Mar/2026:04:08:38 +0000] "GET /whsy.php?e=oom_score_adj&p=%2Fproc%2F29452 HTTP/2.0" 200 912 "https://www.shakalar.com/whsy.php?p=%2Fproc%2F29452" "Mozilla/5.0 AppleWebKit/537.36 (KHTML, like Gecko; compatible; GPTBot/1.3; +https://openai.com/gptbot)"
74.7.227.9 - - [02/Mar/2026:04:08:41 +0000] "GET /whsy.php?e=DashboardWidgetSetting.php&p=%2Fhome%2Flab2454c%2Fcrypto.keyreum.com%2Fplatform%2Fcore%2Fdashboard%2Fsrc%2FModels HTTP/2.0" 200 1124 "https://www.shakalar.com.lab2454.com/whsy.php?p=%2Fhome%2Flab2454c%2Fcrypto.keyreum.com%2Fplatform%2Fcore%2Fdashboard%2Fsrc%2FModels" "Mozilla/5.0 AppleWebKit/537.36 (KHTML, like Gecko; compatible; GPTBot/1.3; +https://openai.com/gptbot)"
74.7.227.31 - - [02/Mar/2026:04:08:51 +0000] "GET /whsy.php?p=%2Fproc%2F1896 HTTP/2.0" 200 912 "https://shakalar.com/whsy.php?p=%2Fproc%2F14587%2F.." "Mozilla/5.0 AppleWebKit/537.36 (KHTML, like Gecko; compatible; GPTBot/1.3; +https://openai.com/gptbot)"
74.7.241.1 - - [02/Mar/2026:04:09:01 +0000] "GET /whsy.php?e=oom_score_adj&p=%2Fproc%2F26782 HTTP/2.0" 200 912 "https://www.shakalar.com/whsy.php?p=%2Fproc%2F26782" "Mozilla/5.0 AppleWebKit/537.36 (KHTML, like Gecko; compatible; GPTBot/1.3; +https://openai.com/gptbot)"
74.7.227.9 - - [02/Mar/2026:04:09:06 +0000] "GET /whsy.php?e=autoload.php&p=%2Fhome%2Flab2454c%2Finternationalminersbank.com%2Fbackup%2Fvendor%2Ffakerphp%2Ffaker%2Fsrc HTTP/2.0" 200 1217 "https://www.shakalar.com.lab2454.com/whsy.php?p=%2Fhome%2Flab2454c%2Finternationalminersbank.com%2Fbackup%2Fvendor%2Ffakerphp%2Ffaker%2Fsrc" "Mozilla/5.0 AppleWebKit/537.36 (KHTML, like Gecko; compatible; GPTBot/1.3; +https://openai.com/gptbot)"
74.7.227.31 - - [02/Mar/2026:04:09:08 +0000] "GET /whsy.php?p=%2Fproc%2F4759 HTTP/2.0" 200 912 "https://shakalar.com/whsy.php?p=%2Fproc%2F31028%2F.." "Mozilla/5.0 AppleWebKit/537.36 (KHTML, like Gecko; compatible; GPTBot/1.3; +https://openai.com/gptbot)"
74.7.241.1 - - [02/Mar/2026:04:09:25 +0000] "GET /whsy.php?e=smaps_rollup&p=%2Fproc%2F26782 HTTP/2.0" 200 912 "https://www.shakalar.com/whsy.php?p=%2Fproc%2F26782" "Mozilla/5.0 AppleWebKit/537.36 (KHTML, like Gecko; compatible; GPTBot/1.3; +https://openai.com/gptbot)"
74.7.227.31 - - [02/Mar/2026:04:09:29 +0000] "GET /whsy.php?p=%2Fproc%2F2536 HTTP/2.0" 200 912 "https://shakalar.com/whsy.php?e=schedstat&p=%2Fproc" "Mozilla/5.0 AppleWebKit/537.36 (KHTML, like Gecko; compatible; GPTBot/1.3; +https://openai.com/gptbot)"
74.7.227.9 - - [02/Mar/2026:04:09:29 +0000] "GET /whsy.php?e=TraceableUrlMatcher.php&p=%2Fhome%2Flab2454c%2Ftripvare.com%2Fvendor%2Fsymfony%2Frouting%2FMatcher HTTP/2.0" 200 2861 "https://www.shakalar.com.lab2454.com/whsy.php?p=%2Fhome%2Flab2454c%2Ftripvare.com%2Fvendor%2Fsymfony%2Frouting%2FMatcher" "Mozilla/5.0 AppleWebKit/537.36 (KHTML, like Gecko; compatible; GPTBot/1.3; +https://openai.com/gptbot)"
74.7.227.31 - - [02/Mar/2026:04:09:46 +0000] "GET /whsy.php?p=%2Fproc%2F5236 HTTP/2.0" 200 912 "https://shakalar.com/whsy.php?p=%2Fproc%2F18328%2F.." "Mozilla/5.0 AppleWebKit/537.36 (KHTML, like Gecko; compatible; GPTBot/1.3; +https://openai.com/gptbot)"
74.7.241.1 - - [02/Mar/2026:04:09:49 +0000] "GET /whsy.php?e=smaps_rollup&p=%2Fproc%2F29452 HTTP/2.0" 200 912 "https://www.shakalar.com/whsy.php?p=%2Fproc%2F29452" "Mozilla/5.0 AppleWebKit/537.36 (KHTML, like Gecko; compatible; GPTBot/1.3; +https://openai.com/gptbot)"
74.7.227.9 - - [02/Mar/2026:04:09:54 +0000] "GET /whsy.php?e=Printer.php&p=%2Fhome%2Flab2454c%2Ftripvare.com%2Fvendor%2Fezyang%2Fhtmlpurifier%2Flibrary%2FHTMLPurifier HTTP/2.0" 200 4264 "https://www.shakalar.com.lab2454.com/whsy.php?p=%2Fhome%2Flab2454c%2Ftripvare.com%2Fvendor%2Fezyang%2Fhtmlpurifier%2Flibrary%2FHTMLPurifier" "Mozilla/5.0 AppleWebKit/537.36 (KHTML, like Gecko; compatible; GPTBot/1.3; +https://openai.com/gptbot)"
74.7.227.31 - - [02/Mar/2026:04:10:01 +0000] "GET /whsy.php?p=%2Fproc%2F4844 HTTP/2.0" 200 912 "https://shakalar.com/whsy.php?p=%2Fproc%2F9418%2F.." "Mozilla/5.0 AppleWebKit/537.36 (KHTML, like Gecko; compatible; GPTBot/1.3; +https://openai.com/gptbot)"
74.7.241.1 - - [02/Mar/2026:04:10:08 +0000] "GET /whsy.php?e=smaps_rollup&p=%2Fproc%2F29462 HTTP/2.0" 200 912 "https://www.shakalar.com/whsy.php?p=%2Fproc%2F29462" "Mozilla/5.0 AppleWebKit/537.36 (KHTML, like Gecko; compatible; GPTBot/1.3; +https://openai.com/gptbot)"
74.7.227.9 - - [02/Mar/2026:04:10:13 +0000] "GET /whsy.php?e=ManifestElementException.php&p=%2Fhome%2Flab2454c%2Fbancmils.com%2Fvendor%2Fphar-io%2Fmanifest%2Fsrc%2Fexceptions HTTP/2.0" 200 1205 "https://www.shakalar.com.lab2454.com/whsy.php?p=%2Fhome%2Flab2454c%2Fbancmils.com%2Fvendor%2Fphar-io%2Fmanifest%2Fsrc%2Fexceptions" "Mozilla/5.0 AppleWebKit/537.36 (KHTML, like Gecko; compatible; GPTBot/1.3; +https://openai.com/gptbot)"
74.7.227.31 - - [02/Mar/2026:04:10:18 +0000] "GET /whsy.php?p=%2Fproc%2F7654 HTTP/2.0" 200 912 "https://shakalar.com/whsy.php?p=%2Fproc%2F24839%2F.." "Mozilla/5.0 AppleWebKit/537.36 (KHTML, like Gecko; compatible; GPTBot/1.3; +https://openai.com/gptbot)"
74.7.241.1 - - [02/Mar/2026:04:10:25 +0000] "GET /whsy.php?e=loginuid&p=%2Fproc%2F29456 HTTP/2.0" 200 912 "https://www.shakalar.com/whsy.php?p=%2Fproc%2F29456" "Mozilla/5.0 AppleWebKit/537.36 (KHTML, like Gecko; compatible; GPTBot/1.3; +https://openai.com/gptbot)"
74.7.227.31 - - [02/Mar/2026:04:10:32 +0000] "GET /whsy.php?p=%2Fproc%2F1704 HTTP/2.0" 200 912 "https://shakalar.com/whsy.php?p=%2Fproc%2F23874%2F.." "Mozilla/5.0 AppleWebKit/537.36 (KHTML, like Gecko; compatible; GPTBot/1.3; +https://openai.com/gptbot)"
74.7.227.9 - - [02/Mar/2026:04:10:37 +0000] "GET /whsy.php?e=Encoder.php&p=%2Fhome%2Flab2454c%2Fcostbloc.com%2Fvendor%2Fezyang%2Fhtmlpurifier%2Flibrary%2FHTMLPurifier HTTP/2.0" 200 10014 "https://www.shakalar.com.lab2454.com/whsy.php?p=%2Fhome%2Flab2454c%2Fcostbloc.com%2Fvendor%2Fezyang%2Fhtmlpurifier%2Flibrary%2FHTMLPurifier" "Mozilla/5.0 AppleWebKit/537.36 (KHTML, like Gecko; compatible; GPTBot/1.3; +https://openai.com/gptbot)"
74.7.241.1 - - [02/Mar/2026:04:10:44 +0000] "GET /whsy.php?e=loginuid&p=%2Fproc%2F19138 HTTP/2.0" 200 912 "https://www.shakalar.com/whsy.php?p=%2Fproc%2F19138" "Mozilla/5.0 AppleWebKit/537.36 (KHTML, like Gecko; compatible; GPTBot/1.3; +https://openai.com/gptbot)"
74.7.227.31 - - [02/Mar/2026:04:10:45 +0000] "GET /whsy.php?p=%2Fproc%2F2584 HTTP/2.0" 200 1935 "https://shakalar.com/whsy.php?p=%2Fproc%2F30370%2F.." "Mozilla/5.0 AppleWebKit/537.36 (KHTML, like Gecko; compatible; GPTBot/1.3; +https://openai.com/gptbot)"
74.7.227.9 - - [02/Mar/2026:04:10:54 +0000] "GET /whsy.php?e=Doctype.php&p=%2Fhome%2Flab2454c%2Fcostbloc.com%2Fvendor%2Fezyang%2Fhtmlpurifier%2Flibrary%2FHTMLPurifier HTTP/2.0" 200 3232 "https://www.shakalar.com.lab2454.com/whsy.php?p=%2Fhome%2Flab2454c%2Fcostbloc.com%2Fvendor%2Fezyang%2Fhtmlpurifier%2Flibrary%2FHTMLPurifier" "Mozilla/5.0 AppleWebKit/537.36 (KHTML, like Gecko; compatible; GPTBot/1.3; +https://openai.com/gptbot)"
74.7.227.31 - - [02/Mar/2026:04:10:57 +0000] "GET /whsy.php?p=%2Fproc%2F8049 HTTP/2.0" 200 912 "https://shakalar.com/whsy.php?p=%2Fproc%2F28849%2F.." "Mozilla/5.0 AppleWebKit/537.36 (KHTML, like Gecko; compatible; GPTBot/1.3; +https://openai.com/gptbot)"
74.7.241.1 - - [02/Mar/2026:04:10:58 +0000] "GET /whsy.php?e=loginuid&p=%2Fproc%2F29460 HTTP/2.0" 200 912 "https://www.shakalar.com/whsy.php?p=%2Fproc%2F29460" "Mozilla/5.0 AppleWebKit/537.36 (KHTML, like Gecko; compatible; GPTBot/1.3; +https://openai.com/gptbot)"
74.7.227.9 - - [02/Mar/2026:04:11:04 +0000] "GET /whsy.php?e=CachingIterator.php&p=%2Fhome%2Flab2454c%2Fcredityorkgroup.com%2Fvendor%2Fnette%2Futils%2Fsrc%2FIterators HTTP/2.0" 200 1820 "https://www.shakalar.com.lab2454.com/whsy.php?p=%2Fhome%2Flab2454c%2Fcredityorkgroup.com%2Fvendor%2Fnette%2Futils%2Fsrc%2FIterators" "Mozilla/5.0 AppleWebKit/537.36 (KHTML, like Gecko; compatible; GPTBot/1.3; +https://openai.com/gptbot)"
74.7.227.31 - - [02/Mar/2026:04:11:06 +0000] "GET /whsy.php?p=%2Fproc%2F9845 HTTP/2.0" 200 912 "https://shakalar.com/whsy.php?p=%2Fproc%2F13648%2F.." "Mozilla/5.0 AppleWebKit/537.36 (KHTML, like Gecko; compatible; GPTBot/1.3; +https://openai.com/gptbot)"
74.7.241.1 - - [02/Mar/2026:04:11:06 +0000] "GET /whsy.php?e=loginuid&p=%2Fproc%2F29463 HTTP/2.0" 200 912 "https://www.shakalar.com/whsy.php?p=%2Fproc%2F29463" "Mozilla/5.0 AppleWebKit/537.36 (KHTML, like Gecko; compatible; GPTBot/1.3; +https://openai.com/gptbot)"
74.7.227.9 - - [02/Mar/2026:04:11:17 +0000] "GET /whsy.php?e=HtmlRenderer.php&p=%2Fhome%2Flab2454c%2Fhealthvalidate.com%2Fvendor%2Fleague%2Fcommonmark%2Fsrc%2FRenderer HTTP/2.0" 200 1876 "https://www.shakalar.com.lab2454.com/whsy.php?p=%2Fhome%2Flab2454c%2Fhealthvalidate.com%2Fvendor%2Fleague%2Fcommonmark%2Fsrc%2FRenderer" "Mozilla/5.0 AppleWebKit/537.36 (KHTML, like Gecko; compatible; GPTBot/1.3; +https://openai.com/gptbot)"
74.7.227.31 - - [02/Mar/2026:04:11:20 +0000] "GET /whsy.php?p=%2Fproc%2F4278 HTTP/2.0" 200 912 "https://shakalar.com/whsy.php?e=vmallocinfo&p=%2Fproc" "Mozilla/5.0 AppleWebKit/537.36 (KHTML, like Gecko; compatible; GPTBot/1.3; +https://openai.com/gptbot)"
74.7.241.1 - - [02/Mar/2026:04:11:22 +0000] "GET /whsy.php?e=loginuid&p=%2Fproc%2F11486 HTTP/2.0" 200 912 "https://www.shakalar.com/whsy.php?p=%2Fproc%2F11486" "Mozilla/5.0 AppleWebKit/537.36 (KHTML, like Gecko; compatible; GPTBot/1.3; +https://openai.com/gptbot)"
74.7.227.9 - - [02/Mar/2026:04:11:26 +0000] "GET /whsy.php?e=ChildDef.php&p=%2Fhome%2Flab2454c%2Ftripvare.com%2Fvendor%2Fezyang%2Fhtmlpurifier%2Flibrary%2FHTMLPurifier HTTP/2.0" 200 3291 "https://www.shakalar.com.lab2454.com/whsy.php?p=%2Fhome%2Flab2454c%2Ftripvare.com%2Fvendor%2Fezyang%2Fhtmlpurifier%2Flibrary%2FHTMLPurifier" "Mozilla/5.0 AppleWebKit/537.36 (KHTML, like Gecko; compatible; GPTBot/1.3; +https://openai.com/gptbot)"
74.7.228.61 - - [02/Mar/2026:04:11:27 +0000] "GET /robots.txt HTTP/2.0" 404 - "-" "Mozilla/5.0 (Macintosh; Intel Mac OS X 10_15_7) AppleWebKit/537.36 (KHTML, like Gecko) Chrome/131.0.0.0 Safari/537.36; compatible; OAI-SearchBot/1.3; robots.txt; +https://openai.com/searchbot"
74.7.227.31 - - [02/Mar/2026:04:11:29 +0000] "GET /whsy.php?p=%2Fproc%2F8442 HTTP/2.0" 200 912 "https://shakalar.com/whsy.php?p=%2Fproc%2F25102%2F.." "Mozilla/5.0 AppleWebKit/537.36 (KHTML, like Gecko; compatible; GPTBot/1.3; +https://openai.com/gptbot)"
74.7.241.1 - - [02/Mar/2026:04:11:32 +0000] "GET /whsy.php?e=loginuid&p=%2Fproc%2F15023 HTTP/2.0" 200 912 "https://www.shakalar.com/whsy.php?p=%2Fproc%2F15023" "Mozilla/5.0 AppleWebKit/537.36 (KHTML, like Gecko; compatible; GPTBot/1.3; +https://openai.com/gptbot)"
74.7.227.9 - - [02/Mar/2026:04:11:36 +0000] "GET /whsy.php?e=FileProfilerStorage.php&p=%2Fhome%2Flab2454c%2Ftripvare.com%2Fbackup%2Fvendor%2Fsymfony%2Fhttp-kernel%2FProfiler HTTP/2.0" 200 3548 "https://www.shakalar.com.lab2454.com/whsy.php?e=ProfilerStorageInterface.php&p=%2Fhome%2Flab2454c%2Ftripvare.com%2Fbackup%2Fvendor%2Fsymfony%2Fhttp-kernel%2FProfiler" "Mozilla/5.0 AppleWebKit/537.36 (KHTML, like Gecko; compatible; GPTBot/1.3; +https://openai.com/gptbot)"
74.7.227.31 - - [02/Mar/2026:04:11:39 +0000] "GET /whsy.php?p=%2Fproc%2F8905 HTTP/2.0" 200 912 "https://shakalar.com/whsy.php?p=%2Fproc%2F24839%2F.." "Mozilla/5.0 AppleWebKit/537.36 (KHTML, like Gecko; compatible; GPTBot/1.3; +https://openai.com/gptbot)"
74.7.241.1 - - [02/Mar/2026:04:11:42 +0000] "GET /whsy.php?e=loginuid&p=%2Fproc%2F13097 HTTP/2.0" 200 912 "https://www.shakalar.com/whsy.php?p=%2Fproc%2F13097" "Mozilla/5.0 AppleWebKit/537.36 (KHTML, like Gecko; compatible; GPTBot/1.3; +https://openai.com/gptbot)"
74.7.227.9 - - [02/Mar/2026:04:11:47 +0000] "GET /whsy.php?e=AttrDef.php&p=%2Fhome%2Flab2454c%2Ftripvare.com%2Fvendor%2Fezyang%2Fhtmlpurifier%2Flibrary%2FHTMLPurifier HTTP/2.0" 200 4563 "https://www.shakalar.com.lab2454.com/whsy.php?p=%2Fhome%2Flab2454c%2Ftripvare.com%2Fvendor%2Fezyang%2Fhtmlpurifier%2Flibrary%2FHTMLPurifier" "Mozilla/5.0 AppleWebKit/537.36 (KHTML, like Gecko; compatible; GPTBot/1.3; +https://openai.com/gptbot)"
74.7.227.31 - - [02/Mar/2026:04:11:47 +0000] "GET /whsy.php?p=%2Fproc%2F3400 HTTP/2.0" 200 912 "https://shakalar.com/whsy.php?p=%2Fproc%2F22134%2F.." "Mozilla/5.0 AppleWebKit/537.36 (KHTML, like Gecko; compatible; GPTBot/1.3; +https://openai.com/gptbot)"
74.7.241.1 - - [02/Mar/2026:04:11:50 +0000] "GET /whsy.php?e=loginuid&p=%2Fproc%2F29451 HTTP/2.0" 200 912 "https://www.shakalar.com/whsy.php?p=%2Fproc%2F29451" "Mozilla/5.0 AppleWebKit/537.36 (KHTML, like Gecko; compatible; GPTBot/1.3; +https://openai.com/gptbot)"
74.7.227.31 - - [02/Mar/2026:04:11:55 +0000] "GET /whsy.php?p=%2Fproc%2F2915 HTTP/2.0" 200 912 "https://shakalar.com/whsy.php?p=%2Fproc%2F1011%2F.." "Mozilla/5.0 AppleWebKit/537.36 (KHTML, like Gecko; compatible; GPTBot/1.3; +https://openai.com/gptbot)"
74.7.227.9 - - [02/Mar/2026:04:11:56 +0000] "GET /whsy.php?e=PathFilterIterator.php&p=%2Fhome%2Flab2454c%2Ftripvare.com%2Fvendor%2Fsymfony%2Ffinder%2FIterator HTTP/2.0" 200 1884 "https://www.shakalar.com.lab2454.com/whsy.php?p=%2Fhome%2Flab2454c%2Ftripvare.com%2Fvendor%2Fsymfony%2Ffinder%2FIterator" "Mozilla/5.0 AppleWebKit/537.36 (KHTML, like Gecko; compatible; GPTBot/1.3; +https://openai.com/gptbot)"
74.7.241.1 - - [02/Mar/2026:04:11:57 +0000] "GET /whsy.php?e=loginuid&p=%2Fproc%2F29461 HTTP/2.0" 200 912 "https://www.shakalar.com/whsy.php?p=%2Fproc%2F29461" "Mozilla/5.0 AppleWebKit/537.36 (KHTML, like Gecko; compatible; GPTBot/1.3; +https://openai.com/gptbot)"
74.7.227.31 - - [02/Mar/2026:04:12:02 +0000] "GET /whsy.php?p=%2Fproc%2F7548 HTTP/2.0" 200 912 "https://shakalar.com/whsy.php?p=%2Fproc%2F31029%2F.." "Mozilla/5.0 AppleWebKit/537.36 (KHTML, like Gecko; compatible; GPTBot/1.3; +https://openai.com/gptbot)"
74.7.227.9 - - [02/Mar/2026:04:12:02 +0000] "GET /whsy.php?e=Doctype.php&p=%2Fhome%2Flab2454c%2Ftripvare.com%2Fvendor%2Fezyang%2Fhtmlpurifier%2Flibrary%2FHTMLPurifier HTTP/2.0" 200 3232 "https://www.shakalar.com.lab2454.com/whsy.php?p=%2Fhome%2Flab2454c%2Ftripvare.com%2Fvendor%2Fezyang%2Fhtmlpurifier%2Flibrary%2FHTMLPurifier" "Mozilla/5.0 AppleWebKit/537.36 (KHTML, like Gecko; compatible; GPTBot/1.3; +https://openai.com/gptbot)"
74.7.241.1 - - [02/Mar/2026:04:12:04 +0000] "GET /whsy.php?e=mountstats&p=%2Fproc%2F15023 HTTP/2.0" 200 912 "https://www.shakalar.com/whsy.php?p=%2Fproc%2F15023" "Mozilla/5.0 AppleWebKit/537.36 (KHTML, like Gecko; compatible; GPTBot/1.3; +https://openai.com/gptbot)"
74.7.227.31 - - [02/Mar/2026:04:12:09 +0000] "GET /whsy.php?p=%2Fproc%2F3612 HTTP/2.0" 200 912 "https://shakalar.com/whsy.php?e=kallsyms&p=%2Fproc" "Mozilla/5.0 AppleWebKit/537.36 (KHTML, like Gecko; compatible; GPTBot/1.3; +https://openai.com/gptbot)"
74.7.227.9 - - [02/Mar/2026:04:12:10 +0000] "GET /whsy.php?e=SessionListener.php&p=%2Fhome%2Flab2454c%2Ftripvare.com%2Fbackup%2Fvendor%2Fsymfony%2Fhttp-kernel%2FEventListener HTTP/2.0" 200 2054 "https://www.shakalar.com.lab2454.com/whsy.php?p=%2Fhome%2Flab2454c%2Ftripvare.com%2Fbackup%2Fvendor%2Fsymfony%2Fhttp-kernel%2FEventListener" "Mozilla/5.0 AppleWebKit/537.36 (KHTML, like Gecko; compatible; GPTBot/1.3; +https://openai.com/gptbot)"
74.7.241.1 - - [02/Mar/2026:04:12:12 +0000] "GET /whsy.php?e=mountstats&p=%2Fproc%2F19138 HTTP/2.0" 200 912 "https://www.shakalar.com/whsy.php?p=%2Fproc%2F19138" "Mozilla/5.0 AppleWebKit/537.36 (KHTML, like Gecko; compatible; GPTBot/1.3; +https://openai.com/gptbot)"
74.7.227.31 - - [02/Mar/2026:04:12:20 +0000] "GET /whsy.php?p=%2Fproc%2F8372 HTTP/2.0" 200 912 "https://shakalar.com/whsy.php?p=%2Fproc%2F11218%2F.." "Mozilla/5.0 AppleWebKit/537.36 (KHTML, like Gecko; compatible; GPTBot/1.3; +https://openai.com/gptbot)"
74.7.227.9 - - [02/Mar/2026:04:12:21 +0000] "GET /whsy.php?e=ManifestLoaderException.php&p=%2Fhome%2Flab2454c%2Ftripvare.com%2Fvendor%2Fphar-io%2Fmanifest%2Fsrc%2Fexceptions HTTP/2.0" 200 1171 "https://www.shakalar.com.lab2454.com/whsy.php?p=%2Fhome%2Flab2454c%2Ftripvare.com%2Fvendor%2Fphar-io%2Fmanifest%2Fsrc%2Fexceptions" "Mozilla/5.0 AppleWebKit/537.36 (KHTML, like Gecko; compatible; GPTBot/1.3; +https://openai.com/gptbot)"
74.7.241.1 - - [02/Mar/2026:04:12:23 +0000] "GET /whsy.php?e=mountstats&p=%2Fproc%2F29463 HTTP/2.0" 200 912 "https://www.shakalar.com/whsy.php?p=%2Fproc%2F29463" "Mozilla/5.0 AppleWebKit/537.36 (KHTML, like Gecko; compatible; GPTBot/1.3; +https://openai.com/gptbot)"
74.7.227.31 - - [02/Mar/2026:04:12:31 +0000] "GET /whsy.php?e=gid_map&p=%2Fproc%2F2584 HTTP/2.0" 200 2023 "https://shakalar.com/whsy.php?p=%2Fproc%2F2584" "Mozilla/5.0 AppleWebKit/537.36 (KHTML, like Gecko; compatible; GPTBot/1.3; +https://openai.com/gptbot)"
74.7.227.9 - - [02/Mar/2026:04:12:31 +0000] "GET /whsy.php?e=UrlMatcherInterface.php&p=%2Fhome%2Flab2454c%2Fbancmils.com%2Fvendor%2Fsymfony%2Frouting%2FMatcher HTTP/2.0" 200 1617 "https://www.shakalar.com.lab2454.com/whsy.php?p=%2Fhome%2Flab2454c%2Fbancmils.com%2Fvendor%2Fsymfony%2Frouting%2FMatcher" "Mozilla/5.0 AppleWebKit/537.36 (KHTML, like Gecko; compatible; GPTBot/1.3; +https://openai.com/gptbot)"
74.7.241.1 - - [02/Mar/2026:04:12:35 +0000] "GET /whsy.php?e=mountstats&p=%2Fproc%2F11486 HTTP/2.0" 200 912 "https://www.shakalar.com/whsy.php?p=%2Fproc%2F11486" "Mozilla/5.0 AppleWebKit/537.36 (KHTML, like Gecko; compatible; GPTBot/1.3; +https://openai.com/gptbot)"
74.7.227.31 - - [02/Mar/2026:04:12:41 +0000] "GET /whsy.php?e=uid_map&p=%2Fproc%2F2584 HTTP/2.0" 200 2020 "https://shakalar.com/whsy.php?p=%2Fproc%2F2584" "Mozilla/5.0 AppleWebKit/537.36 (KHTML, like Gecko; compatible; GPTBot/1.3; +https://openai.com/gptbot)"
74.7.227.9 - - [02/Mar/2026:04:12:42 +0000] "GET /whsy.php?e=Encoder.php&p=%2Fhome%2Flab2454c%2Fbancmils.com%2Fvendor%2Fezyang%2Fhtmlpurifier%2Flibrary%2FHTMLPurifier HTTP/2.0" 200 10018 "https://www.shakalar.com.lab2454.com/whsy.php?p=%2Fhome%2Flab2454c%2Fbancmils.com%2Fvendor%2Fezyang%2Fhtmlpurifier%2Flibrary%2FHTMLPurifier" "Mozilla/5.0 AppleWebKit/537.36 (KHTML, like Gecko; compatible; GPTBot/1.3; +https://openai.com/gptbot)"
74.7.241.1 - - [02/Mar/2026:04:12:48 +0000] "GET /whsy.php?e=mountstats&p=%2Fproc%2F29460 HTTP/2.0" 200 912 "https://www.shakalar.com/whsy.php?p=%2Fproc%2F29460" "Mozilla/5.0 AppleWebKit/537.36 (KHTML, like Gecko; compatible; GPTBot/1.3; +https://openai.com/gptbot)"
74.7.227.31 - - [02/Mar/2026:04:12:53 +0000] "GET /whsy.php?e=oom_adj&p=%2Fproc%2F2584 HTTP/2.0" 200 2005 "https://shakalar.com/whsy.php?p=%2Fproc%2F2584" "Mozilla/5.0 AppleWebKit/537.36 (KHTML, like Gecko; compatible; GPTBot/1.3; +https://openai.com/gptbot)"
74.7.227.9 - - [02/Mar/2026:04:12:54 +0000] "GET /whsy.php?e=Printer.php&p=%2Fhome%2Flab2454c%2Fcostbloc.com%2Fvendor%2Fezyang%2Fhtmlpurifier%2Flibrary%2FHTMLPurifier HTTP/2.0" 200 4264 "https://www.shakalar.com.lab2454.com/whsy.php?p=%2Fhome%2Flab2454c%2Fcostbloc.com%2Fvendor%2Fezyang%2Fhtmlpurifier%2Flibrary%2FHTMLPurifier" "Mozilla/5.0 AppleWebKit/537.36 (KHTML, like Gecko; compatible; GPTBot/1.3; +https://openai.com/gptbot)"
74.7.241.1 - - [02/Mar/2026:04:12:59 +0000] "GET /whsy.php?e=mountstats&p=%2Fproc%2F29461 HTTP/2.0" 200 912 "https://www.shakalar.com/whsy.php?p=%2Fproc%2F29461" "Mozilla/5.0 AppleWebKit/537.36 (KHTML, like Gecko; compatible; GPTBot/1.3; +https://openai.com/gptbot)"
74.7.227.31 - - [02/Mar/2026:04:13:01 +0000] "GET /whsy.php?e=auxv&p=%2Fproc%2F2584 HTTP/2.0" 200 1935 "https://shakalar.com/whsy.php?p=%2Fproc%2F2584" "Mozilla/5.0 AppleWebKit/537.36 (KHTML, like Gecko; compatible; GPTBot/1.3; +https://openai.com/gptbot)"
74.7.227.9 - - [02/Mar/2026:04:13:10 +0000] "GET /whsy.php?e=hourly_usage_202202.png&p=%2Fhome%2Flab2454c%2Ftmp%2Fwebalizer%2Ftransferwit.elementalrock.com HTTP/2.0" 200 3915 "https://www.shakalar.com.lab2454.com/whsy.php?p=%2Fhome%2Flab2454c%2Ftmp%2Fwebalizer%2Ftransferwit.elementalrock.com" "Mozilla/5.0 AppleWebKit/537.36 (KHTML, like Gecko; compatible; GPTBot/1.3; +https://openai.com/gptbot)"
74.7.241.1 - - [02/Mar/2026:04:13:15 +0000] "GET /whsy.php?e=mountstats&p=%2Fproc%2F29451 HTTP/2.0" 200 912 "https://www.shakalar.com/whsy.php?p=%2Fproc%2F29451" "Mozilla/5.0 AppleWebKit/537.36 (KHTML, like Gecko; compatible; GPTBot/1.3; +https://openai.com/gptbot)"
74.7.227.31 - - [02/Mar/2026:04:13:17 +0000] "GET /whsy.php?e=oom_score_adj&p=%2Fproc%2F2584 HTTP/2.0" 200 2006 "https://shakalar.com/whsy.php?p=%2Fproc%2F2584" "Mozilla/5.0 AppleWebKit/537.36 (KHTML, like Gecko; compatible; GPTBot/1.3; +https://openai.com/gptbot)"
74.7.227.9 - - [02/Mar/2026:04:13:25 +0000] "GET /whsy.php?e=utf8.php&p=%2Fhome%2Flab2454c%2Fdatmont.com%2Fwp-includes HTTP/2.0" 200 11391 "https://www.shakalar.com.lab2454.com/whsy.php?p=%2Fhome%2Flab2454c%2Fdatmont.com%2Fwp-includes" "Mozilla/5.0 AppleWebKit/537.36 (KHTML, like Gecko; compatible; GPTBot/1.3; +https://openai.com/gptbot)"
74.7.227.31 - - [02/Mar/2026:04:13:32 +0000] "GET /whsy.php?e=maps&p=%2Fproc%2F2584 HTTP/2.0" 200 2115 "https://shakalar.com/whsy.php?p=%2Fproc%2F2584" "Mozilla/5.0 AppleWebKit/537.36 (KHTML, like Gecko; compatible; GPTBot/1.3; +https://openai.com/gptbot)"
74.7.241.1 - - [02/Mar/2026:04:13:34 +0000] "GET /whsy.php?e=mountstats&p=%2Fproc%2F29456 HTTP/2.0" 200 912 "https://www.shakalar.com/whsy.php?p=%2Fproc%2F29456" "Mozilla/5.0 AppleWebKit/537.36 (KHTML, like Gecko; compatible; GPTBot/1.3; +https://openai.com/gptbot)"
74.7.227.9 - - [02/Mar/2026:04:13:47 +0000] "GET /whsy.php?e=tasks&p=%2Fsys%2Ffs%2Fcgroup%2Fpids HTTP/2.0" 200 2616 "https://www.shakalar.com.lab2454.com/whsy.php?p=%2Fsys%2Ffs%2Fcgroup%2Fpids" "Mozilla/5.0 AppleWebKit/537.36 (KHTML, like Gecko; compatible; GPTBot/1.3; +https://openai.com/gptbot)"
74.7.227.31 - - [02/Mar/2026:04:13:56 +0000] "GET /whsy.php?e=root&p=%2Fproc%2F2584 HTTP/2.0" 200 1935 "https://shakalar.com/whsy.php?p=%2Fproc%2F2584" "Mozilla/5.0 AppleWebKit/537.36 (KHTML, like Gecko; compatible; GPTBot/1.3; +https://openai.com/gptbot)"
74.7.241.1 - - [02/Mar/2026:04:14:00 +0000] "GET /whsy.php?e=personality&p=%2Fproc%2F29462 HTTP/2.0" 200 912 "https://www.shakalar.com/whsy.php?p=%2Fproc%2F29462" "Mozilla/5.0 AppleWebKit/537.36 (KHTML, like Gecko; compatible; GPTBot/1.3; +https://openai.com/gptbot)"
74.7.227.9 - - [02/Mar/2026:04:14:03 +0000] "GET /whsy.php?e=sessionid&p=%2Fproc%2F2%2Ftask%2F2 HTTP/2.0" 200 1869 "https://www.shakalar.com.lab2454.com/whsy.php?p=%2Fproc%2F2%2Ftask%2F2" "Mozilla/5.0 AppleWebKit/537.36 (KHTML, like Gecko; compatible; GPTBot/1.3; +https://openai.com/gptbot)"
74.7.227.31 - - [02/Mar/2026:04:14:15 +0000] "GET /whsy.php?e=comm&p=%2Fproc%2F2584 HTTP/2.0" 200 2005 "https://shakalar.com/whsy.php?p=%2Fproc%2F2584" "Mozilla/5.0 AppleWebKit/537.36 (KHTML, like Gecko; compatible; GPTBot/1.3; +https://openai.com/gptbot)"
74.7.241.1 - - [02/Mar/2026:04:14:22 +0000] "GET /whsy.php?e=personality&p=%2Fproc%2F26782 HTTP/2.0" 200 912 "https://www.shakalar.com/whsy.php?p=%2Fproc%2F26782" "Mozilla/5.0 AppleWebKit/537.36 (KHTML, like Gecko; compatible; GPTBot/1.3; +https://openai.com/gptbot)"
74.7.227.9 - - [02/Mar/2026:04:14:24 +0000] "GET /whsy.php?e=clear_refs&p=%2Fproc%2F2%2Ftask%2F2 HTTP/2.0" 200 1788 "https://www.shakalar.com.lab2454.com/whsy.php?p=%2Fproc%2F2%2Ftask%2F2" "Mozilla/5.0 AppleWebKit/537.36 (KHTML, like Gecko; compatible; GPTBot/1.3; +https://openai.com/gptbot)"
74.7.227.31 - - [02/Mar/2026:04:14:34 +0000] "GET /whsy.php?e=io&p=%2Fproc%2F2584 HTTP/2.0" 200 1935 "https://shakalar.com/whsy.php?p=%2Fproc%2F2584" "Mozilla/5.0 AppleWebKit/537.36 (KHTML, like Gecko; compatible; GPTBot/1.3; +https://openai.com/gptbot)"
74.7.227.9 - - [02/Mar/2026:04:14:42 +0000] "GET /whsy.php?e=cpuacct.usage&p=%2Fsys%2Ffs%2Fcgroup%2Fcpu%2Ccpuacct%2Fbitninja_main HTTP/2.0" 200 1345 "https://www.shakalar.com.lab2454.com/whsy.php?p=%2Fsys%2Ffs%2Fcgroup%2Fcpu%2Ccpuacct%2Fbitninja_main" "Mozilla/5.0 AppleWebKit/537.36 (KHTML, like Gecko; compatible; GPTBot/1.3; +https://openai.com/gptbot)"
74.7.241.1 - - [02/Mar/2026:04:14:47 +0000] "GET /whsy.php?e=personality&p=%2Fproc%2F29452 HTTP/2.0" 200 912 "https://www.shakalar.com/whsy.php?p=%2Fproc%2F29452" "Mozilla/5.0 AppleWebKit/537.36 (KHTML, like Gecko; compatible; GPTBot/1.3; +https://openai.com/gptbot)"
